--
--


-- Started on 2018-10-04 16:00:59

SELECT pg_catalog.set_config('search_path', '', false);

--
-- TOC entry 1 (class 3079 OID 12387)
-- Name: plpgsql; Type: EXTENSION; Schema: -; Owner: 
--

CREATE EXTENSION IF NOT EXISTS plpgsql WITH SCHEMA pg_catalog;


--
-- TOC entry 2467 (class 0 OID 0)
-- Dependencies: 1
-- Name: EXTENSION plpgsql; Type: COMMENT; Schema: -; Owner: 
--

COMMENT ON EXTENSION plpgsql IS 'PL/pgSQL procedural language';




--
-- TOC entry 185 (class 1259 OID 17153)
-- Name: area; Type: TABLE; Schema: public; Owner: postgres
--

CREATE TABLE public.area (
    id integer NOT NULL,
    country_id integer NOT NULL,
    region_id integer NOT NULL,
    name character varying(255) NOT NULL,
    remark character varying(255),
    deleted_at timestamp(0) without time zone,
    created_at timestamp(0) without time zone,
    updated_at timestamp(0) without time zone,
    uuid uuid
);


ALTER TABLE public.area OWNER TO postgres;

--
-- TOC entry 186 (class 1259 OID 17159)
-- Name: area_id_seq; Type: SEQUENCE; Schema: public; Owner: postgres
--

CREATE SEQUENCE public.area_id_seq
    START WITH 1
    INCREMENT BY 1
    NO MINVALUE
    NO MAXVALUE
    CACHE 1;


ALTER TABLE public.area_id_seq OWNER TO postgres;

--
-- TOC entry 2468 (class 0 OID 0)
-- Dependencies: 186
-- Name: area_id_seq; Type: SEQUENCE OWNED BY; Schema: public; Owner: postgres
--

ALTER SEQUENCE public.area_id_seq OWNED BY public.area.id;


--
-- TOC entry 187 (class 1259 OID 17161)
-- Name: check; Type: TABLE; Schema: public; Owner: postgres
--

CREATE TABLE public."check" (
    id integer NOT NULL,
    p_id integer NOT NULL,
    unit_id integer NOT NULL,
    create_user_id integer NOT NULL,
    finish_user_id integer NOT NULL,
    examine_user_id integer,
    score double precision,
    remark character varying(255),
    is_draft integer NOT NULL,
    is_examine integer NOT NULL,
    created_at timestamp(0) without time zone,
    updated_at timestamp(0) without time zone,
    examine_date timestamp(0) without time zone,
    deleted_at timestamp(0) without time zone,
    uuid uuid
);


ALTER TABLE public."check" OWNER TO postgres;

--
-- TOC entry 188 (class 1259 OID 17164)
-- Name: check_bank; Type: TABLE; Schema: public; Owner: postgres
--

CREATE TABLE public.check_bank (
    id integer NOT NULL,
    content character varying(255) NOT NULL,
    remark character varying(255),
    project_created integer,
    sequence integer,
    deleted_at timestamp(0) without time zone,
    created_at timestamp(0) without time zone,
    updated_at timestamp(0) without time zone,
    uuid uuid,
    weight double precision
);


ALTER TABLE public.check_bank OWNER TO postgres;

--
-- TOC entry 189 (class 1259 OID 17170)
-- Name: check_bank_id_seq; Type: SEQUENCE; Schema: public; Owner: postgres
--

CREATE SEQUENCE public.check_bank_id_seq
    START WITH 1
    INCREMENT BY 1
    NO MINVALUE
    NO MAXVALUE
    CACHE 1;


ALTER TABLE public.check_bank_id_seq OWNER TO postgres;

--
-- TOC entry 2469 (class 0 OID 0)
-- Dependencies: 189
-- Name: check_bank_id_seq; Type: SEQUENCE OWNED BY; Schema: public; Owner: postgres
--

ALTER SEQUENCE public.check_bank_id_seq OWNED BY public.check_bank.id;


--
-- TOC entry 190 (class 1259 OID 17172)
-- Name: check_category_id_seq; Type: SEQUENCE; Schema: public; Owner: postgres
--

CREATE SEQUENCE public.check_category_id_seq
    START WITH 1
    INCREMENT BY 1
    NO MINVALUE
    NO MAXVALUE
    CACHE 1;


ALTER TABLE public.check_category_id_seq OWNER TO postgres;

--
-- TOC entry 191 (class 1259 OID 17174)
-- Name: check_category; Type: TABLE; Schema: public; Owner: postgres
--

CREATE TABLE public.check_category (
    id integer DEFAULT nextval('public.check_category_id_seq'::regclass) NOT NULL,
    content character varying(255) NOT NULL,
    sequence integer NOT NULL,
    deleted_at timestamp(0) without time zone,
    created_at timestamp(0) without time zone,
    updated_at timestamp(0) without time zone,
    weight double precision
);


ALTER TABLE public.check_category OWNER TO postgres;

--
-- TOC entry 192 (class 1259 OID 17178)
-- Name: check_file; Type: TABLE; Schema: public; Owner: postgres
--

CREATE TABLE public.check_file (
    id integer NOT NULL,
    check_id integer NOT NULL,
    standard_id character varying(255),
    file_name character varying(255)
);


ALTER TABLE public.check_file OWNER TO postgres;

--
-- TOC entry 193 (class 1259 OID 17184)
-- Name: check_file_id_seq; Type: SEQUENCE; Schema: public; Owner: postgres
--

CREATE SEQUENCE public.check_file_id_seq
    START WITH 1
    INCREMENT BY 1
    NO MINVALUE
    NO MAXVALUE
    CACHE 1;


ALTER TABLE public.check_file_id_seq OWNER TO postgres;

--
-- TOC entry 2470 (class 0 OID 0)
-- Dependencies: 193
-- Name: check_file_id_seq; Type: SEQUENCE OWNED BY; Schema: public; Owner: postgres
--

ALTER SEQUENCE public.check_file_id_seq OWNED BY public.check_file.id;


--
-- TOC entry 194 (class 1259 OID 17186)
-- Name: check_id_seq; Type: SEQUENCE; Schema: public; Owner: postgres
--

CREATE SEQUENCE public.check_id_seq
    START WITH 1
    INCREMENT BY 1
    MINVALUE 0
    NO MAXVALUE
    CACHE 1;


ALTER TABLE public.check_id_seq OWNER TO postgres;

--
-- TOC entry 2471 (class 0 OID 0)
-- Dependencies: 194
-- Name: check_id_seq; Type: SEQUENCE OWNED BY; Schema: public; Owner: postgres
--

ALTER SEQUENCE public.check_id_seq OWNED BY public."check".id;


--
-- TOC entry 195 (class 1259 OID 17188)
-- Name: check_item_id_seq; Type: SEQUENCE; Schema: public; Owner: postgres
--

CREATE SEQUENCE public.check_item_id_seq
    START WITH 1
    INCREMENT BY 1
    NO MINVALUE
    NO MAXVALUE
    CACHE 1;


ALTER TABLE public.check_item_id_seq OWNER TO postgres;

--
-- TOC entry 196 (class 1259 OID 17190)
-- Name: check_item; Type: TABLE; Schema: public; Owner: postgres
--

CREATE TABLE public.check_item (
    id integer DEFAULT nextval('public.check_item_id_seq'::regclass) NOT NULL,
    content character varying(255) NOT NULL,
    sequence integer NOT NULL,
    deleted_at timestamp(0) without time zone,
    created_at timestamp(0) without time zone,
    updated_at timestamp(0) without time zone,
    weight double precision
);


ALTER TABLE public.check_item OWNER TO postgres;

--
-- TOC entry 197 (class 1259 OID 17194)
-- Name: check_point; Type: TABLE; Schema: public; Owner: postgres
--

CREATE TABLE public.check_point (
    id integer NOT NULL,
    content character varying(255) NOT NULL,
    sequence integer,
    deleted_at timestamp(0) without time zone,
    created_at timestamp(0) without time zone,
    updated_at timestamp(0) without time zone,
    uuid uuid
);


ALTER TABLE public.check_point OWNER TO postgres;

--
-- TOC entry 198 (class 1259 OID 17197)
-- Name: check_point_id_seq; Type: SEQUENCE; Schema: public; Owner: postgres
--

CREATE SEQUENCE public.check_point_id_seq
    START WITH 1
    INCREMENT BY 1
    NO MINVALUE
    NO MAXVALUE
    CACHE 1;


ALTER TABLE public.check_point_id_seq OWNER TO postgres;

--
-- TOC entry 2472 (class 0 OID 0)
-- Dependencies: 198
-- Name: check_point_id_seq; Type: SEQUENCE OWNED BY; Schema: public; Owner: postgres
--

ALTER SEQUENCE public.check_point_id_seq OWNED BY public.check_point.id;


--
-- TOC entry 199 (class 1259 OID 17199)
-- Name: check_record; Type: TABLE; Schema: public; Owner: postgres
--

CREATE TABLE public.check_record (
    id integer NOT NULL,
    check_id integer NOT NULL,
    check_bank_id integer NOT NULL,
    check_point_id integer,
    check_standard_id integer NOT NULL,
    check_status_id integer,
    remark character varying(255),
    check_bank_content character varying(255),
    check_point_content character varying(255),
    check_standard_content text,
    check_status_content character varying(255),
    check_status_score double precision,
    update_of_times integer,
    image text,
    image2 text,
    image3 text,
    uuid uuid,
    check_category_id integer,
    check_item_id integer,
    class integer,
    check_category_content character varying(255),
    check_item_content character varying(255),
    check_bank_weight double precision,
    check_category_weight double precision,
    check_item_weight double precision
);


ALTER TABLE public.check_record OWNER TO postgres;

--
-- TOC entry 200 (class 1259 OID 17205)
-- Name: check_record_id_seq; Type: SEQUENCE; Schema: public; Owner: postgres
--

CREATE SEQUENCE public.check_record_id_seq
    START WITH 1
    INCREMENT BY 1
    MINVALUE 0
    NO MAXVALUE
    CACHE 1;


ALTER TABLE public.check_record_id_seq OWNER TO postgres;

--
-- TOC entry 2473 (class 0 OID 0)
-- Dependencies: 200
-- Name: check_record_id_seq; Type: SEQUENCE OWNED BY; Schema: public; Owner: postgres
--

ALTER SEQUENCE public.check_record_id_seq OWNED BY public.check_record.id;


--
-- TOC entry 201 (class 1259 OID 17207)
-- Name: check_standard; Type: TABLE; Schema: public; Owner: postgres
--

CREATE TABLE public.check_standard (
    id integer NOT NULL,
    content text NOT NULL,
    sequence integer NOT NULL,
    check_bank_id integer NOT NULL,
    check_point_id integer,
    conform_score double precision NOT NULL,
    part_score double precision,
    deleted_at timestamp(0) without time zone,
    created_at timestamp(0) without time zone,
    updated_at timestamp(0) without time zone,
    uuid uuid,
    check_category_id integer,
    check_item_id integer,
    class integer
);


ALTER TABLE public.check_standard OWNER TO postgres;

--
-- TOC entry 202 (class 1259 OID 17213)
-- Name: check_standard_id_seq; Type: SEQUENCE; Schema: public; Owner: postgres
--

CREATE SEQUENCE public.check_standard_id_seq
    START WITH 1
    INCREMENT BY 1
    NO MINVALUE
    NO MAXVALUE
    CACHE 1;


ALTER TABLE public.check_standard_id_seq OWNER TO postgres;

--
-- TOC entry 2474 (class 0 OID 0)
-- Dependencies: 202
-- Name: check_standard_id_seq; Type: SEQUENCE OWNED BY; Schema: public; Owner: postgres
--

ALTER SEQUENCE public.check_standard_id_seq OWNED BY public.check_standard.id;


--
-- TOC entry 203 (class 1259 OID 17215)
-- Name: check_status; Type: TABLE; Schema: public; Owner: postgres
--

CREATE TABLE public.check_status (
    id integer NOT NULL,
    content character varying(255) NOT NULL
);


ALTER TABLE public.check_status OWNER TO postgres;

--
-- TOC entry 204 (class 1259 OID 17218)
-- Name: check_status_id_seq; Type: SEQUENCE; Schema: public; Owner: postgres
--

CREATE SEQUENCE public.check_status_id_seq
    START WITH 1
    INCREMENT BY 1
    NO MINVALUE
    NO MAXVALUE
    CACHE 1;


ALTER TABLE public.check_status_id_seq OWNER TO postgres;

--
-- TOC entry 2475 (class 0 OID 0)
-- Dependencies: 204
-- Name: check_status_id_seq; Type: SEQUENCE OWNED BY; Schema: public; Owner: postgres
--

ALTER SEQUENCE public.check_status_id_seq OWNED BY public.check_status.id;


--
-- TOC entry 205 (class 1259 OID 17220)
-- Name: company; Type: TABLE; Schema: public; Owner: postgres
--

CREATE TABLE public.company (
    id integer NOT NULL,
    country_id integer NOT NULL,
    region_id integer NOT NULL,
    area_id integer NOT NULL,
    name character varying(255) NOT NULL,
    alias character varying(255),
    remark character varying(255),
    deleted_at timestamp(0) without time zone,
    created_at timestamp(0) without time zone,
    updated_at timestamp(0) without time zone,
    uuid uuid
);


ALTER TABLE public.company OWNER TO postgres;

--
-- TOC entry 206 (class 1259 OID 17226)
-- Name: company_id_seq; Type: SEQUENCE; Schema: public; Owner: postgres
--

CREATE SEQUENCE public.company_id_seq
    START WITH 1
    INCREMENT BY 1
    NO MINVALUE
    NO MAXVALUE
    CACHE 1;


ALTER TABLE public.company_id_seq OWNER TO postgres;

--
-- TOC entry 2476 (class 0 OID 0)
-- Dependencies: 206
-- Name: company_id_seq; Type: SEQUENCE OWNED BY; Schema: public; Owner: postgres
--

ALTER SEQUENCE public.company_id_seq OWNED BY public.company.id;


--
-- TOC entry 207 (class 1259 OID 17228)
-- Name: country; Type: TABLE; Schema: public; Owner: postgres
--

CREATE TABLE public.country (
    id integer NOT NULL,
    name character varying(255) NOT NULL,
    remark character varying(255),
    deleted_at timestamp(0) without time zone,
    created_at timestamp(0) without time zone,
    updated_at timestamp(0) without time zone,
    uuid uuid
);


ALTER TABLE public.country OWNER TO postgres;

--
-- TOC entry 208 (class 1259 OID 17234)
-- Name: country_id_seq; Type: SEQUENCE; Schema: public; Owner: postgres
--

CREATE SEQUENCE public.country_id_seq
    START WITH 1
    INCREMENT BY 1
    NO MINVALUE
    NO MAXVALUE
    CACHE 1;


ALTER TABLE public.country_id_seq OWNER TO postgres;

--
-- TOC entry 2477 (class 0 OID 0)
-- Dependencies: 208
-- Name: country_id_seq; Type: SEQUENCE OWNED BY; Schema: public; Owner: postgres
--

ALTER SEQUENCE public.country_id_seq OWNED BY public.country.id;


--
-- TOC entry 209 (class 1259 OID 17236)
-- Name: examine_record; Type: TABLE; Schema: public; Owner: postgres
--

CREATE TABLE public.examine_record (
    id integer NOT NULL,
    check_id integer NOT NULL,
    check_bank_id integer NOT NULL,
    check_point_id integer,
    check_standard_id integer NOT NULL,
    check_status_id integer NOT NULL,
    remark character varying(255),
    check_bank_content character varying(255) NOT NULL,
    check_point_content character varying(255) NOT NULL,
    check_standard_content text NOT NULL,
    check_status_content character varying(255) NOT NULL,
    check_status_score integer NOT NULL,
    image text,
    image2 text,
    image3 text,
    examine_user_id integer NOT NULL,
    update_date timestamp(0) without time zone NOT NULL,
    check_category_id integer,
    check_item_id integer,
    check_category_content character varying(255),
    check_item_content character varying(255)
);


ALTER TABLE public.examine_record OWNER TO postgres;

--
-- TOC entry 210 (class 1259 OID 17242)
-- Name: examine_record_id_seq; Type: SEQUENCE; Schema: public; Owner: postgres
--

CREATE SEQUENCE public.examine_record_id_seq
    START WITH 1
    INCREMENT BY 1
    NO MINVALUE
    NO MAXVALUE
    CACHE 1;


ALTER TABLE public.examine_record_id_seq OWNER TO postgres;

--
-- TOC entry 2478 (class 0 OID 0)
-- Dependencies: 210
-- Name: examine_record_id_seq; Type: SEQUENCE OWNED BY; Schema: public; Owner: postgres
--

ALTER SEQUENCE public.examine_record_id_seq OWNED BY public.examine_record.id;


--
-- TOC entry 211 (class 1259 OID 17244)
-- Name: migrations; Type: TABLE; Schema: public; Owner: postgres
--

CREATE TABLE public.migrations (
    id integer NOT NULL,
    migration character varying(255) NOT NULL,
    batch integer NOT NULL
);


ALTER TABLE public.migrations OWNER TO postgres;

--
-- TOC entry 212 (class 1259 OID 17247)
-- Name: migrations_id_seq; Type: SEQUENCE; Schema: public; Owner: postgres
--

CREATE SEQUENCE public.migrations_id_seq
    START WITH 1
    INCREMENT BY 1
    NO MINVALUE
    NO MAXVALUE
    CACHE 1;


ALTER TABLE public.migrations_id_seq OWNER TO postgres;

--
-- TOC entry 2479 (class 0 OID 0)
-- Dependencies: 212
-- Name: migrations_id_seq; Type: SEQUENCE OWNED BY; Schema: public; Owner: postgres
--

ALTER SEQUENCE public.migrations_id_seq OWNED BY public.migrations.id;


--
-- TOC entry 213 (class 1259 OID 17249)
-- Name: oauth_access_tokens; Type: TABLE; Schema: public; Owner: postgres
--

CREATE TABLE public.oauth_access_tokens (
    id character varying(100) NOT NULL,
    user_id integer,
    client_id integer NOT NULL,
    name character varying(255),
    scopes text,
    revoked boolean NOT NULL,
    created_at timestamp(0) without time zone,
    updated_at timestamp(0) without time zone,
    expires_at timestamp(0) without time zone
);


ALTER TABLE public.oauth_access_tokens OWNER TO postgres;

--
-- TOC entry 214 (class 1259 OID 17255)
-- Name: oauth_auth_codes; Type: TABLE; Schema: public; Owner: postgres
--

CREATE TABLE public.oauth_auth_codes (
    id character varying(100) NOT NULL,
    user_id integer NOT NULL,
    client_id integer NOT NULL,
    scopes text,
    revoked boolean NOT NULL,
    expires_at timestamp(0) without time zone
);


ALTER TABLE public.oauth_auth_codes OWNER TO postgres;

--
-- TOC entry 215 (class 1259 OID 17261)
-- Name: oauth_clients; Type: TABLE; Schema: public; Owner: postgres
--

CREATE TABLE public.oauth_clients (
    id integer NOT NULL,
    user_id integer,
    name character varying(255) NOT NULL,
    secret character varying(100) NOT NULL,
    redirect text NOT NULL,
    personal_access_client boolean NOT NULL,
    password_client boolean NOT NULL,
    revoked boolean NOT NULL,
    created_at timestamp(0) without time zone,
    updated_at timestamp(0) without time zone
);


ALTER TABLE public.oauth_clients OWNER TO postgres;

--
-- TOC entry 216 (class 1259 OID 17267)
-- Name: oauth_clients_id_seq; Type: SEQUENCE; Schema: public; Owner: postgres
--

CREATE SEQUENCE public.oauth_clients_id_seq
    START WITH 1
    INCREMENT BY 1
    NO MINVALUE
    NO MAXVALUE
    CACHE 1;


ALTER TABLE public.oauth_clients_id_seq OWNER TO postgres;

--
-- TOC entry 2480 (class 0 OID 0)
-- Dependencies: 216
-- Name: oauth_clients_id_seq; Type: SEQUENCE OWNED BY; Schema: public; Owner: postgres
--

ALTER SEQUENCE public.oauth_clients_id_seq OWNED BY public.oauth_clients.id;


--
-- TOC entry 217 (class 1259 OID 17269)
-- Name: oauth_personal_access_clients; Type: TABLE; Schema: public; Owner: postgres
--

CREATE TABLE public.oauth_personal_access_clients (
    id integer NOT NULL,
    client_id integer NOT NULL,
    created_at timestamp(0) without time zone,
    updated_at timestamp(0) without time zone
);


ALTER TABLE public.oauth_personal_access_clients OWNER TO postgres;

--
-- TOC entry 218 (class 1259 OID 17272)
-- Name: oauth_personal_access_clients_id_seq; Type: SEQUENCE; Schema: public; Owner: postgres
--

CREATE SEQUENCE public.oauth_personal_access_clients_id_seq
    START WITH 1
    INCREMENT BY 1
    NO MINVALUE
    NO MAXVALUE
    CACHE 1;


ALTER TABLE public.oauth_personal_access_clients_id_seq OWNER TO postgres;

--
-- TOC entry 2481 (class 0 OID 0)
-- Dependencies: 218
-- Name: oauth_personal_access_clients_id_seq; Type: SEQUENCE OWNED BY; Schema: public; Owner: postgres
--

ALTER SEQUENCE public.oauth_personal_access_clients_id_seq OWNED BY public.oauth_personal_access_clients.id;


--
-- TOC entry 219 (class 1259 OID 17274)
-- Name: oauth_refresh_tokens; Type: TABLE; Schema: public; Owner: postgres
--

CREATE TABLE public.oauth_refresh_tokens (
    id character varying(100) NOT NULL,
    access_token_id character varying(100) NOT NULL,
    revoked boolean NOT NULL,
    expires_at timestamp(0) without time zone
);


ALTER TABLE public.oauth_refresh_tokens OWNER TO postgres;

--
-- TOC entry 220 (class 1259 OID 17277)
-- Name: password_resets; Type: TABLE; Schema: public; Owner: postgres
--

CREATE TABLE public.password_resets (
    email character varying(255) NOT NULL,
    token character varying(255) NOT NULL,
    created_at timestamp(0) without time zone
);


ALTER TABLE public.password_resets OWNER TO postgres;

--
-- TOC entry 221 (class 1259 OID 17283)
-- Name: permissions; Type: TABLE; Schema: public; Owner: postgres
--

CREATE TABLE public.permissions (
    id character varying(255) NOT NULL,
    name character varying(255)
);


ALTER TABLE public.permissions OWNER TO postgres;

--
-- TOC entry 222 (class 1259 OID 17289)
-- Name: project; Type: TABLE; Schema: public; Owner: postgres
--

CREATE TABLE public.project (
    id integer NOT NULL,
    parent_id integer NOT NULL,
    index integer NOT NULL,
    name character varying(255) NOT NULL,
    status integer NOT NULL,
    bank_id character varying(255),
    owner character varying(255),
    start_date character varying(255),
    end_date character varying(255),
    remark character varying(255),
    deleted_at timestamp(0) without time zone,
    created_at timestamp(0) without time zone,
    updated_at timestamp(0) without time zone
);


ALTER TABLE public.project OWNER TO postgres;

--
-- TOC entry 223 (class 1259 OID 17295)
-- Name: project_id_seq; Type: SEQUENCE; Schema: public; Owner: postgres
--

CREATE SEQUENCE public.project_id_seq
    START WITH 1
    INCREMENT BY 1
    NO MINVALUE
    NO MAXVALUE
    CACHE 1;


ALTER TABLE public.project_id_seq OWNER TO postgres;

--
-- TOC entry 2482 (class 0 OID 0)
-- Dependencies: 223
-- Name: project_id_seq; Type: SEQUENCE OWNED BY; Schema: public; Owner: postgres
--

ALTER SEQUENCE public.project_id_seq OWNED BY public.project.id;


--
-- TOC entry 224 (class 1259 OID 17297)
-- Name: project_record; Type: TABLE; Schema: public; Owner: postgres
--

CREATE TABLE public.project_record (
    id integer NOT NULL,
    p_id integer NOT NULL,
    unit_id integer NOT NULL,
    bank_id character varying(255) NOT NULL
);


ALTER TABLE public.project_record OWNER TO postgres;

--
-- TOC entry 225 (class 1259 OID 17300)
-- Name: project_record_id_seq; Type: SEQUENCE; Schema: public; Owner: postgres
--

CREATE SEQUENCE public.project_record_id_seq
    START WITH 1
    INCREMENT BY 1
    NO MINVALUE
    NO MAXVALUE
    CACHE 1;


ALTER TABLE public.project_record_id_seq OWNER TO postgres;

--
-- TOC entry 2483 (class 0 OID 0)
-- Dependencies: 225
-- Name: project_record_id_seq; Type: SEQUENCE OWNED BY; Schema: public; Owner: postgres
--

ALTER SEQUENCE public.project_record_id_seq OWNED BY public.project_record.id;


--
-- TOC entry 226 (class 1259 OID 17302)
-- Name: region; Type: TABLE; Schema: public; Owner: postgres
--

CREATE TABLE public.region (
    id integer NOT NULL,
    country_id integer NOT NULL,
    name character varying(255) NOT NULL,
    remark character varying(255),
    deleted_at timestamp(0) without time zone,
    created_at timestamp(0) without time zone,
    updated_at timestamp(0) without time zone,
    uuid uuid
);


ALTER TABLE public.region OWNER TO postgres;

--
-- TOC entry 227 (class 1259 OID 17308)
-- Name: region_id_seq; Type: SEQUENCE; Schema: public; Owner: postgres
--

CREATE SEQUENCE public.region_id_seq
    START WITH 1
    INCREMENT BY 1
    NO MINVALUE
    NO MAXVALUE
    CACHE 1;


ALTER TABLE public.region_id_seq OWNER TO postgres;

--
-- TOC entry 2484 (class 0 OID 0)
-- Dependencies: 227
-- Name: region_id_seq; Type: SEQUENCE OWNED BY; Schema: public; Owner: postgres
--

ALTER SEQUENCE public.region_id_seq OWNED BY public.region.id;


--
-- TOC entry 228 (class 1259 OID 17310)
-- Name: roles; Type: TABLE; Schema: public; Owner: postgres
--

CREATE TABLE public.roles (
    id character varying(255) NOT NULL,
    name character varying(255),
    permission_id text
);


ALTER TABLE public.roles OWNER TO postgres;

--
-- TOC entry 229 (class 1259 OID 17316)
-- Name: roles_permissions; Type: TABLE; Schema: public; Owner: postgres
--

CREATE TABLE public.roles_permissions (
    role_id character varying(255) NOT NULL,
    permission_id character varying(255)
);


ALTER TABLE public.roles_permissions OWNER TO postgres;

--
-- TOC entry 230 (class 1259 OID 17322)
-- Name: unit; Type: TABLE; Schema: public; Owner: postgres
--

CREATE TABLE public.unit (
    id integer NOT NULL,
    country_id integer NOT NULL,
    region_id integer NOT NULL,
    area_id integer NOT NULL,
    company_id integer NOT NULL,
    type_id integer NOT NULL,
    name character varying(255) NOT NULL,
    alias character varying(255),
    business character varying(255),
    floor character varying(255),
    location character varying(255),
    contact character varying(255),
    bank_id text,
    owner text,
    remark character varying(255),
    deleted_at timestamp(0) without time zone,
    created_at timestamp(0) without time zone,
    updated_at timestamp(0) without time zone,
    uuid uuid
);


ALTER TABLE public.unit OWNER TO postgres;

--
-- TOC entry 231 (class 1259 OID 17328)
-- Name: unit_id_seq; Type: SEQUENCE; Schema: public; Owner: postgres
--

CREATE SEQUENCE public.unit_id_seq
    START WITH 1
    INCREMENT BY 1
    NO MINVALUE
    NO MAXVALUE
    CACHE 1;


ALTER TABLE public.unit_id_seq OWNER TO postgres;

--
-- TOC entry 2485 (class 0 OID 0)
-- Dependencies: 231
-- Name: unit_id_seq; Type: SEQUENCE OWNED BY; Schema: public; Owner: postgres
--

ALTER SEQUENCE public.unit_id_seq OWNED BY public.unit.id;


--
-- TOC entry 232 (class 1259 OID 17330)
-- Name: unit_type; Type: TABLE; Schema: public; Owner: postgres
--

CREATE TABLE public.unit_type (
    id integer NOT NULL,
    name character varying(255) NOT NULL,
    autofill character varying(255),
    deleted_at timestamp(0) without time zone
);


ALTER TABLE public.unit_type OWNER TO postgres;

--
-- TOC entry 233 (class 1259 OID 17336)
-- Name: unit_type_id_seq; Type: SEQUENCE; Schema: public; Owner: postgres
--

CREATE SEQUENCE public.unit_type_id_seq
    START WITH 1
    INCREMENT BY 1
    NO MINVALUE
    NO MAXVALUE
    CACHE 1;


ALTER TABLE public.unit_type_id_seq OWNER TO postgres;

--
-- TOC entry 2486 (class 0 OID 0)
-- Dependencies: 233
-- Name: unit_type_id_seq; Type: SEQUENCE OWNED BY; Schema: public; Owner: postgres
--

ALTER SEQUENCE public.unit_type_id_seq OWNED BY public.unit_type.id;


--
-- TOC entry 234 (class 1259 OID 17338)
-- Name: users; Type: TABLE; Schema: public; Owner: postgres
--

CREATE TABLE public.users (
    id integer NOT NULL,
    account character varying(255) NOT NULL,
    name character varying(255),
    email character varying(255),
    password text NOT NULL,
    role text NOT NULL,
    login_attempt smallint,
    remember_token character varying(100),
    created_at timestamp(0) without time zone,
    updated_at timestamp(0) without time zone,
    deleted_at timestamp(0) without time zone
);


ALTER TABLE public.users OWNER TO postgres;

--
-- TOC entry 235 (class 1259 OID 17345)
-- Name: users_id_seq; Type: SEQUENCE; Schema: public; Owner: postgres
--

CREATE SEQUENCE public.users_id_seq
    START WITH 1
    INCREMENT BY 1
    NO MINVALUE
    NO MAXVALUE
    CACHE 1;


ALTER TABLE public.users_id_seq OWNER TO postgres;

--
-- TOC entry 2487 (class 0 OID 0)
-- Dependencies: 235
-- Name: users_id_seq; Type: SEQUENCE OWNED BY; Schema: public; Owner: postgres
--

ALTER SEQUENCE public.users_id_seq OWNED BY public.users.id;


--
-- TOC entry 236 (class 1259 OID 17347)
-- Name: work_point; Type: TABLE; Schema: public; Owner: postgres
--

CREATE TABLE public.work_point (
    id integer NOT NULL,
    p_id integer NOT NULL,
    sequence integer NOT NULL,
    event character varying(255) NOT NULL,
    charge_unit character varying(255) NOT NULL,
    remark character varying(255),
    created_at timestamp(0) without time zone,
    updated_at timestamp(0) without time zone
);


ALTER TABLE public.work_point OWNER TO postgres;

--
-- TOC entry 237 (class 1259 OID 17353)
-- Name: work_point_id_seq; Type: SEQUENCE; Schema: public; Owner: postgres
--

CREATE SEQUENCE public.work_point_id_seq
    START WITH 1
    INCREMENT BY 1
    NO MINVALUE
    NO MAXVALUE
    CACHE 1;


ALTER TABLE public.work_point_id_seq OWNER TO postgres;

--
-- TOC entry 2488 (class 0 OID 0)
-- Dependencies: 237
-- Name: work_point_id_seq; Type: SEQUENCE OWNED BY; Schema: public; Owner: postgres
--

ALTER SEQUENCE public.work_point_id_seq OWNED BY public.work_point.id;


--
-- TOC entry 2182 (class 2604 OID 17355)
-- Name: area id; Type: DEFAULT; Schema: public; Owner: postgres
--

ALTER TABLE ONLY public.area ALTER COLUMN id SET DEFAULT nextval('public.area_id_seq'::regclass);


--
-- TOC entry 2183 (class 2604 OID 17356)
-- Name: check id; Type: DEFAULT; Schema: public; Owner: postgres
--

ALTER TABLE ONLY public."check" ALTER COLUMN id SET DEFAULT nextval('public.check_id_seq'::regclass);


--
-- TOC entry 2184 (class 2604 OID 17357)
-- Name: check_bank id; Type: DEFAULT; Schema: public; Owner: postgres
--

ALTER TABLE ONLY public.check_bank ALTER COLUMN id SET DEFAULT nextval('public.check_bank_id_seq'::regclass);


--
-- TOC entry 2186 (class 2604 OID 17358)
-- Name: check_file id; Type: DEFAULT; Schema: public; Owner: postgres
--

ALTER TABLE ONLY public.check_file ALTER COLUMN id SET DEFAULT nextval('public.check_file_id_seq'::regclass);


--
-- TOC entry 2188 (class 2604 OID 17359)
-- Name: check_point id; Type: DEFAULT; Schema: public; Owner: postgres
--

ALTER TABLE ONLY public.check_point ALTER COLUMN id SET DEFAULT nextval('public.check_point_id_seq'::regclass);


--
-- TOC entry 2189 (class 2604 OID 17360)
-- Name: check_record id; Type: DEFAULT; Schema: public; Owner: postgres
--

ALTER TABLE ONLY public.check_record ALTER COLUMN id SET DEFAULT nextval('public.check_record_id_seq'::regclass);


--
-- TOC entry 2190 (class 2604 OID 17361)
-- Name: check_standard id; Type: DEFAULT; Schema: public; Owner: postgres
--

ALTER TABLE ONLY public.check_standard ALTER COLUMN id SET DEFAULT nextval('public.check_standard_id_seq'::regclass);


--
-- TOC entry 2191 (class 2604 OID 17362)
-- Name: check_status id; Type: DEFAULT; Schema: public; Owner: postgres
--

ALTER TABLE ONLY public.check_status ALTER COLUMN id SET DEFAULT nextval('public.check_status_id_seq'::regclass);


--
-- TOC entry 2192 (class 2604 OID 17363)
-- Name: company id; Type: DEFAULT; Schema: public; Owner: postgres
--

ALTER TABLE ONLY public.company ALTER COLUMN id SET DEFAULT nextval('public.company_id_seq'::regclass);


--
-- TOC entry 2193 (class 2604 OID 17364)
-- Name: country id; Type: DEFAULT; Schema: public; Owner: postgres
--

ALTER TABLE ONLY public.country ALTER COLUMN id SET DEFAULT nextval('public.country_id_seq'::regclass);


--
-- TOC entry 2194 (class 2604 OID 17365)
-- Name: examine_record id; Type: DEFAULT; Schema: public; Owner: postgres
--

ALTER TABLE ONLY public.examine_record ALTER COLUMN id SET DEFAULT nextval('public.examine_record_id_seq'::regclass);


--
-- TOC entry 2195 (class 2604 OID 17366)
-- Name: migrations id; Type: DEFAULT; Schema: public; Owner: postgres
--

ALTER TABLE ONLY public.migrations ALTER COLUMN id SET DEFAULT nextval('public.migrations_id_seq'::regclass);


--
-- TOC entry 2196 (class 2604 OID 17367)
-- Name: oauth_clients id; Type: DEFAULT; Schema: public; Owner: postgres
--

ALTER TABLE ONLY public.oauth_clients ALTER COLUMN id SET DEFAULT nextval('public.oauth_clients_id_seq'::regclass);


--
-- TOC entry 2197 (class 2604 OID 17368)
-- Name: oauth_personal_access_clients id; Type: DEFAULT; Schema: public; Owner: postgres
--

ALTER TABLE ONLY public.oauth_personal_access_clients ALTER COLUMN id SET DEFAULT nextval('public.oauth_personal_access_clients_id_seq'::regclass);


--
-- TOC entry 2198 (class 2604 OID 17369)
-- Name: project id; Type: DEFAULT; Schema: public; Owner: postgres
--

ALTER TABLE ONLY public.project ALTER COLUMN id SET DEFAULT nextval('public.project_id_seq'::regclass);


--
-- TOC entry 2199 (class 2604 OID 17370)
-- Name: project_record id; Type: DEFAULT; Schema: public; Owner: postgres
--

ALTER TABLE ONLY public.project_record ALTER COLUMN id SET DEFAULT nextval('public.project_record_id_seq'::regclass);


--
-- TOC entry 2200 (class 2604 OID 17371)
-- Name: region id; Type: DEFAULT; Schema: public; Owner: postgres
--

ALTER TABLE ONLY public.region ALTER COLUMN id SET DEFAULT nextval('public.region_id_seq'::regclass);


--
-- TOC entry 2201 (class 2604 OID 17372)
-- Name: unit id; Type: DEFAULT; Schema: public; Owner: postgres
--

ALTER TABLE ONLY public.unit ALTER COLUMN id SET DEFAULT nextval('public.unit_id_seq'::regclass);


--
-- TOC entry 2202 (class 2604 OID 17373)
-- Name: unit_type id; Type: DEFAULT; Schema: public; Owner: postgres
--

ALTER TABLE ONLY public.unit_type ALTER COLUMN id SET DEFAULT nextval('public.unit_type_id_seq'::regclass);


--
-- TOC entry 2203 (class 2604 OID 17374)
-- Name: users id; Type: DEFAULT; Schema: public; Owner: postgres
--

ALTER TABLE ONLY public.users ALTER COLUMN id SET DEFAULT nextval('public.users_id_seq'::regclass);


--
-- TOC entry 2204 (class 2604 OID 17375)
-- Name: work_point id; Type: DEFAULT; Schema: public; Owner: postgres
--

ALTER TABLE ONLY public.work_point ALTER COLUMN id SET DEFAULT nextval('public.work_point_id_seq'::regclass);


--
-- TOC entry 2407 (class 0 OID 17153)
-- Dependencies: 185
-- Data for Name: area; Type: TABLE DATA; Schema: public; Owner: postgres
--

COPY public.area (id, country_id, region_id, name, remark, deleted_at, created_at, updated_at, uuid) FROM stdin;
1	1	1	虎躍廠	Hu-Yao Factory	\N	2018-03-01 16:42:18	2018-03-01 16:42:18	\N
2	1	1	中山二廠	Zhong-Shan 2nd Factory	\N	2018-03-01 16:47:06	2018-03-01 16:47:06	\N
3	1	1	民生廠	Min-Sheng Factory	\N	2018-03-01 16:48:05	2018-03-01 16:48:05	\N
4	1	1	中山廠	Zhong-Shan Factory	\N	2018-03-01 16:49:00	2018-03-01 16:49:00	\N
5	1	1	頂埔廠	Ding-Pu Factory	\N	2018-03-01 16:49:59	2018-03-01 16:49:59	\N
\.


--
-- TOC entry 2489 (class 0 OID 0)
-- Dependencies: 186
-- Name: area_id_seq; Type: SEQUENCE SET; Schema: public; Owner: postgres
--

SELECT pg_catalog.setval('public.area_id_seq', 1, false);


--
-- TOC entry 2409 (class 0 OID 17161)
-- Dependencies: 187
-- Data for Name: check; Type: TABLE DATA; Schema: public; Owner: postgres
--

COPY public."check" (id, p_id, unit_id, create_user_id, finish_user_id, examine_user_id, score, remark, is_draft, is_examine, created_at, updated_at, examine_date, deleted_at, uuid) FROM stdin;
7	4	107	5	5	6	79	PU723-2-2樓實驗室與辦公室-check	0	1	2017-09-19 11:43:33	2017-09-24 09:52:28	2017-12-23 18:12:32	\N	dda3e62e-d30c-5132-8abe-028f1e255853
1	1	16	2	2	6	80	AC168-T&A THERMAL實驗室-check	0	1	2017-01-20 10:36:04	2017-01-22 09:58:21	2017-05-19 10:36:04	\N	8f43efec-1da8-56ab-890b-5031cb08580a
2	1	17	2	3	6	85	AC168-TEC SW實驗室-check	0	1	2017-02-12 12:49:32	2017-03-02 18:23:39	2017-06-10 19:21:32	\N	bde484d7-22e1-5f06-86cc-d0685e050745
3	1	18	3	3	7	83	AC168-AC POWER實驗室-check	0	1	2017-05-28 15:25:16	2017-07-01 20:21:47	2017-07-20 12:19:25	\N	2473bd31-5665-5083-910a-640d91a0a0ab
4	3	46	2	2	7	82	PU723-1-化學實驗室-check	0	1	2017-07-10 11:40:54	2017-07-24 16:59:20	2017-09-27 16:59:20	\N	7304ea58-22f7-53b0-a48b-a0dddd2965a3
5	3	51	3	3	7	75	PU723-1-SWITCH 實驗室-check	0	1	2017-07-12 13:21:15	2017-08-30 17:19:36	2017-10-23 17:07:22	\N	856fe4dc-ea17-5b01-91b5-60c1e1f933f7
6	4	70	4	4	7	84	PU723-2-震動測試-check	0	1	2017-09-07 15:21:38	2017-11-21 09:46:14	2017-12-04 13:14:25	\N	e94f00b8-e897-5072-ba1d-4a8d6f0f5c61
8	10	1	1	1	1	98		0	1	2018-06-14 19:15:42	2018-06-14 19:15:46	2018-06-14 19:17:27	\N	ad1eb328-c1da-5932-8186-d32939cd2e37
9	10	4	3	3	1	98	手機上傳： 	0	1	2018-06-14 19:42:19	2018-06-14 19:43:37	2018-06-14 19:47:20	\N	7ddc664d-0f44-5a67-932a-18003e9ebdfc
10	10	31	3	3	1	99	手機上傳： 	0	1	2018-06-14 20:04:06	2018-06-14 20:05:09	2018-06-14 20:09:22	\N	81d2da69-a161-543a-9f07-47bfbd50c45d
15	10	34	3	3	\N	50	手機上傳： 	0	0	2018-06-15 17:26:45	2018-06-15 17:38:05	\N	\N	06823f72-fbc3-5a15-a77e-b9375e900abc
16	7	8	1	1	\N	97		0	0	2018-07-03 10:03:26	2018-07-03 10:25:37	\N	\N	dddb5049-ee62-58dc-a83e-046534a6f6d3
17	7	9	1	1	\N	97		1	0	2018-07-03 10:26:40	2018-07-03 10:26:40	\N	\N	2aa3d10c-0953-55a7-b775-8a90e8f826d2
18	12	37	1	1	\N	1600		0	0	2018-09-17 09:03:05	2018-09-17 09:03:05	\N	\N	a92d2e5d-a164-51e5-b861-44211e67637b
19	13	1	1	1	\N	1600		0	0	2018-09-17 10:07:18	2018-09-17 10:07:18	\N	\N	51d33df5-b2ff-5ac9-b165-92ca37e04741
22	5	18	1	1	\N	89.540000000000006		0	0	2018-09-27 19:07:33	2018-09-27 19:07:33	\N	\N	abcbed3a-4761-5c08-b65c-1f9256a82cc7
20	5	16	1	1	1	94		0	1	2018-09-25 11:18:01	2018-09-25 11:18:01	2018-09-27 19:08:53	\N	5cfdae2c-022e-5538-821b-2ac1ae1ae358
21	5	17	1	1	1	90.540000000000006		0	1	2018-09-27 17:10:23	2018-09-27 17:10:23	2018-09-30 00:45:52	\N	a73824b3-db9c-5e87-8530-6bc60350c133
23	15	1	1	1	\N	98.620000000000019		0	0	2018-10-01 20:28:39	2018-10-01 20:28:39	\N	\N	77cd1c64-fecc-5e06-b460-fcafae38e973
24	17	1	1	1	\N	99.531500000000008		0	0	2018-10-02 07:53:27	2018-10-02 07:53:27	\N	\N	82a9f830-5df7-55dd-bab2-de5fc4cdc864
\.


--
-- TOC entry 2410 (class 0 OID 17164)
-- Dependencies: 188
-- Data for Name: check_bank; Type: TABLE DATA; Schema: public; Owner: postgres
--

COPY public.check_bank (id, content, remark, project_created, sequence, deleted_at, created_at, updated_at, uuid, weight) FROM stdin;
1	危險性	1.噴塗作業、2.防爆電氣、3.靜電控制、4.通風排氣、5.爆炸保護、6.烘烤作業(烤爐、剝漆爐)	0	1	\N	2018-09-17 18:00:36	2018-09-17 18:00:36	bd2b338e-bbb4-5815-a406-5e1b90c66a34	0.38
2	人員因素	1.安全管理、2.整齊清潔、3.點火源管理、4.設備檢測與維護、5.緊急應變、6.教育訓練	0	2	\N	2018-09-17 18:00:38	2018-09-17 18:00:38	d849e241-1370-5341-96d3-3b9b438a26a3	0.28000000000000003
3	消防系統	1.手動滅火設備、2.自動滅火系統\n、3.火災偵測及報警系統、4.消防供水、5.消防系統檢測與維護	0	3	\N	2018-09-17 18:00:38	2018-09-17 18:00:38	fb3040b9-7f7c-50be-b963-521bd722e528	0.28000000000000003
4	建築結構	1.建築本體、2.防火區劃	0	4	\N	2018-09-17 18:00:39	2018-09-17 18:00:39	0d08e540-659c-5111-8cab-ced8c398248c	0.059999999999999998
\.


--
-- TOC entry 2490 (class 0 OID 0)
-- Dependencies: 189
-- Name: check_bank_id_seq; Type: SEQUENCE SET; Schema: public; Owner: postgres
--

SELECT pg_catalog.setval('public.check_bank_id_seq', 4, true);


--
-- TOC entry 2413 (class 0 OID 17174)
-- Dependencies: 191
-- Data for Name: check_category; Type: TABLE DATA; Schema: public; Owner: postgres
--

COPY public.check_category (id, content, sequence, deleted_at, created_at, updated_at, weight) FROM stdin;
1	噴塗作業	1	\N	2018-09-17 18:00:36	2018-09-17 18:00:36	0.20000000000000001
2	防爆電氣	2	\N	2018-09-17 18:00:36	2018-09-17 18:00:36	0.13
3	靜電控制	3	\N	2018-09-17 18:00:36	2018-09-17 18:00:36	0.17000000000000001
4	通風排氣	4	\N	2018-09-17 18:00:37	2018-09-17 18:00:37	0.28000000000000003
5	爆炸保護	5	\N	2018-09-17 18:00:37	2018-09-17 18:00:37	0.080000000000000002
6	烘烤作業(烤爐、剝漆爐)	6	\N	2018-09-17 18:00:37	2018-09-17 18:00:37	0.14000000000000001
7	安全管理	1	\N	2018-09-17 18:00:38	2018-09-17 18:00:38	0.080000000000000002
8	整齊清潔	2	\N	2018-09-17 18:00:38	2018-09-17 18:00:38	0.29999999999999999
19	防火區劃	2	\N	2018-09-17 18:00:39	2018-09-17 18:00:39	0.65000000000000002
18	建築本體	1	\N	2018-09-17 18:00:39	2018-09-17 18:00:39	0.34999999999999998
17	消防系統檢測與維護	5	\N	2018-09-17 18:00:39	2018-09-17 18:00:39	0.26000000000000001
16	消防供水	4	\N	2018-09-17 18:00:39	2018-09-17 18:00:39	0.14999999999999999
15	火災偵測及報警系統	3	\N	2018-09-17 18:00:39	2018-09-17 18:00:39	0.14000000000000001
14	自動滅火系統\n	2	\N	2018-09-17 18:00:39	2018-09-17 18:00:39	0.40000000000000002
13	手動滅火設備	1	\N	2018-09-17 18:00:38	2018-09-17 18:00:38	0.050000000000000003
12	教育訓練	6	\N	2018-09-17 18:00:38	2018-09-17 18:00:38	0.050000000000000003
11	緊急應變	5	\N	2018-09-17 18:00:38	2018-09-17 18:00:38	0.10000000000000001
10	設備檢測與維護	4	\N	2018-09-17 18:00:38	2018-09-17 18:00:38	0.34999999999999998
9	點火源管理	3	\N	2018-09-17 18:00:38	2018-09-17 18:00:38	0.12
\.


--
-- TOC entry 2491 (class 0 OID 0)
-- Dependencies: 190
-- Name: check_category_id_seq; Type: SEQUENCE SET; Schema: public; Owner: postgres
--

SELECT pg_catalog.setval('public.check_category_id_seq', 19, true);


--
-- TOC entry 2414 (class 0 OID 17178)
-- Dependencies: 192
-- Data for Name: check_file; Type: TABLE DATA; Schema: public; Owner: postgres
--

COPY public.check_file (id, check_id, standard_id, file_name) FROM stdin;
\.


--
-- TOC entry 2492 (class 0 OID 0)
-- Dependencies: 193
-- Name: check_file_id_seq; Type: SEQUENCE SET; Schema: public; Owner: postgres
--

SELECT pg_catalog.setval('public.check_file_id_seq', 1, false);


--
-- TOC entry 2493 (class 0 OID 0)
-- Dependencies: 194
-- Name: check_id_seq; Type: SEQUENCE SET; Schema: public; Owner: postgres
--

SELECT pg_catalog.setval('public.check_id_seq', 0, true);


--
-- TOC entry 2418 (class 0 OID 17190)
-- Dependencies: 196
-- Data for Name: check_item; Type: TABLE DATA; Schema: public; Owner: postgres
--

COPY public.check_item (id, content, sequence, deleted_at, created_at, updated_at, weight) FROM stdin;
1	噴房	1	\N	2018-09-17 18:00:36	2018-09-17 18:00:36	0.10000000000000001
2	自動噴櫃	2	\N	2018-09-17 18:00:36	2018-09-17 18:00:36	0.14999999999999999
3	手動(補噴)噴櫃	3	\N	2018-09-17 18:00:36	2018-09-17 18:00:36	0.10000000000000001
4	安全聯鎖	4	\N	2018-09-17 18:00:36	2018-09-17 18:00:36	0.34999999999999998
5	手動急停按鈕	5	\N	2018-09-17 18:00:36	2018-09-17 18:00:36	0.29999999999999999
6	自動噴櫃	1	\N	2018-09-17 18:00:36	2018-09-17 18:00:36	0.59999999999999998
7	手動(補噴)噴櫃	2	\N	2018-09-17 18:00:36	2018-09-17 18:00:36	0.40000000000000002
8	人員	1	\N	2018-09-17 18:00:36	2018-09-17 18:00:36	0.14999999999999999
9	噴房地板	2	\N	2018-09-17 18:00:36	2018-09-17 18:00:36	0.10000000000000001
10	噴塗設備	3	\N	2018-09-17 18:00:36	2018-09-17 18:00:36	0.75
11	噴房空調	1	\N	2018-09-17 18:00:37	2018-09-17 18:00:37	0.050000000000000003
12	噴櫃排風系統	2	\N	2018-09-17 18:00:37	2018-09-17 18:00:37	0.14999999999999999
13	噴櫃排風設計	3	\N	2018-09-17 18:00:37	2018-09-17 18:00:37	0.5
14	安全聯鎖	4	\N	2018-09-17 18:00:37	2018-09-17 18:00:37	0.29999999999999999
15	噴房	1	\N	2018-09-17 18:00:37	2018-09-17 18:00:37	0.29999999999999999
16	回收/集塵設備	2	\N	2018-09-17 18:00:37	2018-09-17 18:00:37	0.29999999999999999
17	界面防護	3	\N	2018-09-17 18:00:37	2018-09-17 18:00:37	0.40000000000000002
18	溫度控制	1	\N	2018-09-17 18:00:37	2018-09-17 18:00:37	0.10000000000000001
19	燃氣管路	2	\N	2018-09-17 18:00:37	2018-09-17 18:00:37	0.25
20	燃氣安全	3	\N	2018-09-17 18:00:37	2018-09-17 18:00:37	0.25
21	排氣系統	4	\N	2018-09-17 18:00:38	2018-09-17 18:00:38	0.10000000000000001
22	安全聯鎖	5	\N	2018-09-17 18:00:38	2018-09-17 18:00:38	0.25
23	週邊淨空	6	\N	2018-09-17 18:00:38	2018-09-17 18:00:38	0.050000000000000003
24	有感領導	1	\N	2018-09-17 18:00:38	2018-09-17 18:00:38	0.20000000000000001
25	安全操作SOP	2	\N	2018-09-17 18:00:38	2018-09-17 18:00:38	0.40000000000000002
26	變更管理	3	\N	2018-09-17 18:00:38	2018-09-17 18:00:38	0.20000000000000001
27	承商管理	4	\N	2018-09-17 18:00:38	2018-09-17 18:00:38	0.20000000000000001
28	粉塵檢查清潔計畫	1	\N	2018-09-17 18:00:38	2018-09-17 18:00:38	0.34999999999999998
29	粉塵清潔方式	2	\N	2018-09-17 18:00:38	2018-09-17 18:00:38	0.25
30	噴槍清潔	3	\N	2018-09-17 18:00:38	2018-09-17 18:00:38	0.14999999999999999
31	粉末存量	4	\N	2018-09-17 18:00:38	2018-09-17 18:00:38	0.25
32	動火管制	1	\N	2018-09-17 18:00:38	2018-09-17 18:00:38	0.29999999999999999
33	吸菸管制	2	\N	2018-09-17 18:00:38	2018-09-17 18:00:38	0.29999999999999999
34	靜電防制	3	\N	2018-09-17 18:00:38	2018-09-17 18:00:38	0.40000000000000002
35	設備檢查測試維護SOP	1	\N	2018-09-17 18:00:38	2018-09-17 18:00:38	0.29999999999999999
36	設備檢測維護	2	\N	2018-09-17 18:00:38	2018-09-17 18:00:38	0.69999999999999996
37	應急計畫與演練	1	\N	2018-09-17 18:00:38	2018-09-17 18:00:38	0.5
38	緊急應變中心	2	\N	2018-09-17 18:00:38	2018-09-17 18:00:38	0.5
39	噴塗作業員工	1	\N	2018-09-17 18:00:38	2018-09-17 18:00:38	0.59999999999999998
40	一般員工	2	\N	2018-09-17 18:00:38	2018-09-17 18:00:38	0.40000000000000002
41	手提式滅火器	1	\N	2018-09-17 18:00:38	2018-09-17 18:00:38	0.34999999999999998
42	室內消火栓	2	\N	2018-09-17 18:00:39	2018-09-17 18:00:39	0.65000000000000002
43	噴塗車間(噴房以外)	1	\N	2018-09-17 18:00:39	2018-09-17 18:00:39	0.14999999999999999
44	噴房	2	\N	2018-09-17 18:00:39	2018-09-17 18:00:39	0.40000000000000002
45	噴櫃	3	\N	2018-09-17 18:00:39	2018-09-17 18:00:39	0.45000000000000001
46	火災偵測及報警系統	1	\N	2018-09-17 18:00:39	2018-09-17 18:00:39	0.20000000000000001
47	噴櫃火焰探測器	2	\N	2018-09-17 18:00:39	2018-09-17 18:00:39	0.80000000000000004
48	消防水池容量	1	\N	2018-09-17 18:00:39	2018-09-17 18:00:39	0.40000000000000002
49	消防泵	2	\N	2018-09-17 18:00:39	2018-09-17 18:00:39	0.59999999999999998
50	火警自動報警系統 	1	\N	2018-09-17 18:00:39	2018-09-17 18:00:39	0.14999999999999999
51	手提式滅火器	2	\N	2018-09-17 18:00:39	2018-09-17 18:00:39	0.050000000000000003
52	室內消火栓   	3	\N	2018-09-17 18:00:39	2018-09-17 18:00:39	0.10000000000000001
53	噴淋系統	4	\N	2018-09-17 18:00:39	2018-09-17 18:00:39	0.34999999999999998
54	消防泵	5	\N	2018-09-17 18:00:39	2018-09-17 18:00:39	0.34999999999999998
55	支撐結構	1	\N	2018-09-17 18:00:39	2018-09-17 18:00:39	0.69999999999999996
56	屋頂及外牆	2	\N	2018-09-17 18:00:39	2018-09-17 18:00:39	0.29999999999999999
57	塗裝車間與廠內其他區域	1	\N	2018-09-17 18:00:39	2018-09-17 18:00:39	0.29999999999999999
58	噴房	2	\N	2018-09-17 18:00:39	2018-09-17 18:00:39	0.69999999999999996
\.


--
-- TOC entry 2494 (class 0 OID 0)
-- Dependencies: 195
-- Name: check_item_id_seq; Type: SEQUENCE SET; Schema: public; Owner: postgres
--

SELECT pg_catalog.setval('public.check_item_id_seq', 58, true);


--
-- TOC entry 2419 (class 0 OID 17194)
-- Dependencies: 197
-- Data for Name: check_point; Type: TABLE DATA; Schema: public; Owner: postgres
--

COPY public.check_point (id, content, sequence, deleted_at, created_at, updated_at, uuid) FROM stdin;
1	材質構造	1	\N	2018-09-17 18:00:36	2018-09-17 18:00:36	18f63c88-85a7-55d5-b87e-d9eacc09c366
2	完整性	2	\N	2018-09-17 18:00:36	2018-09-17 18:00:36	55e5b4c6-b141-5fca-8d92-fcd08cffd82e
3	材質	1	\N	2018-09-17 18:00:36	2018-09-17 18:00:36	3ee03e5f-f17c-544f-a250-118431d5f7dd
4	完整性	2	\N	2018-09-17 18:00:36	2018-09-17 18:00:36	c946464a-6b8e-55ac-902e-285e14ae01c6
5	材質	1	\N	2018-09-17 18:00:36	2018-09-17 18:00:36	95ef096f-e4f6-5349-a811-e860d95a435a
6	完整性	2	\N	2018-09-17 18:00:36	2018-09-17 18:00:36	6359bc34-fb01-5209-b753-2b362fbb89b3
7	輸送帶	1	\N	2018-09-17 18:00:36	2018-09-17 18:00:36	5501fac2-1b99-5547-92dd-85b939717d0a
8	噴槍安全距離	2	\N	2018-09-17 18:00:36	2018-09-17 18:00:36	4274989f-a481-58a0-980d-b10145ccbcea
9	位置	1	\N	2018-09-17 18:00:36	2018-09-17 18:00:36	837c93f7-370d-507e-acc1-86c8e5deecdd
10	聯鎖功能	2	\N	2018-09-17 18:00:36	2018-09-17 18:00:36	0a407a19-25b3-5f44-b21f-d361105ba7a7
11	防爆電氣	1	\N	2018-09-17 18:00:36	2018-09-17 18:00:36	a0a0de0f-bf2e-59bd-abf2-a2dd682b475d
12	燈具構造	2	\N	2018-09-17 18:00:36	2018-09-17 18:00:36	adbb3445-c6d2-5b28-ad82-c5ea782fde8d
13	燈具面溫	3	\N	2018-09-17 18:00:36	2018-09-17 18:00:36	9ef2aa22-cd2e-52d3-b042-024ab5a2015e
14	防爆電氣	1	\N	2018-09-17 18:00:36	2018-09-17 18:00:36	aed8fc33-7734-53fd-b9f4-4dddf9185596
15	燈具構造	2	\N	2018-09-17 18:00:36	2018-09-17 18:00:36	fac4470f-a0a4-56a0-b665-435d83fc2cf0
16	燈具面溫	3	\N	2018-09-17 18:00:36	2018-09-17 18:00:36	af65db15-2dd8-53bf-ae76-8280a057eeb1
17	設備及容器	1	\N	2018-09-17 18:00:36	2018-09-17 18:00:36	80e55c41-708e-5566-a8c7-940ed5be3984
18	供粉管路	2	\N	2018-09-17 18:00:36	2018-09-17 18:00:36	781a7755-175b-5e53-8e37-8c3d19834b31
19	手噴槍	3	\N	2018-09-17 18:00:36	2018-09-17 18:00:36	52ee857e-f801-55fd-916b-83eee916971b
20	回收/集塵設備濾袋	4	\N	2018-09-17 18:00:36	2018-09-17 18:00:36	4fd1cb6b-0852-5f91-962b-c03ac4b5a0b1
21	濾材	1	\N	2018-09-17 18:00:37	2018-09-17 18:00:37	1ecd0c5e-f6be-566d-a38d-19bbc4cd6deb
22	外氣供應	2	\N	2018-09-17 18:00:37	2018-09-17 18:00:37	a7122760-44dc-5b85-99c3-c2f5bd30c465
23	外部火災防護	3	\N	2018-09-17 18:00:37	2018-09-17 18:00:37	ce87eee8-2e15-5f44-bcbf-95dbb056ef43
24	獨立系統	1	\N	2018-09-17 18:00:37	2018-09-17 18:00:37	fd458231-a958-568a-b01b-ecc0bc0ad199
25	尾氣循環	2	\N	2018-09-17 18:00:37	2018-09-17 18:00:37	752648bb-7ca6-5e83-a8d8-eacfe15e1835
26	排風風量	1	\N	2018-09-17 18:00:37	2018-09-17 18:00:37	bbf66dcb-eae1-5aed-a34a-7f0ef085c84b
27	排風風速	2	\N	2018-09-17 18:00:37	2018-09-17 18:00:37	730c18af-ba50-5080-8369-7455b27acbda
28	噴櫃開口風速	3	\N	2018-09-17 18:00:37	2018-09-17 18:00:37	951da377-1131-584b-ab9a-a01733bb261e
29	位置	1	\N	2018-09-17 18:00:37	2018-09-17 18:00:37	2018c1e0-0ad4-55b0-a334-3f5446c9471a
30	洩爆	2	\N	2018-09-17 18:00:37	2018-09-17 18:00:37	8be6891c-ff00-53de-befe-82ffb48a1ce3
31	洩爆裝置認證	3	\N	2018-09-17 18:00:37	2018-09-17 18:00:37	cec073c1-6517-56bc-9e08-4a48ecfb1838
32	位置	1	\N	2018-09-17 18:00:37	2018-09-17 18:00:37	d6565637-bdf1-5173-980a-dce1d0608474
33	洩爆/抑爆	2	\N	2018-09-17 18:00:37	2018-09-17 18:00:37	4d6f031d-5ba5-5429-8df8-76daa6ad27b3
34	洩爆/抑爆裝置認證	3	\N	2018-09-17 18:00:37	2018-09-17 18:00:37	376001a5-cd96-5538-9b50-76fd64a43e6d
35	隔爆	1	\N	2018-09-17 18:00:37	2018-09-17 18:00:37	267bb956-9bcc-5632-88e4-81ec58f0ae36
36	隔爆裝置認證	2	\N	2018-09-17 18:00:37	2018-09-17 18:00:37	5977980e-bbc7-57a2-b063-51ec68a49ff4
37	超高溫聯鎖	1	\N	2018-09-17 18:00:37	2018-09-17 18:00:37	5f3489e7-c5e9-55ee-8e43-fe8de2fdde7d
38	管路敷設	1	\N	2018-09-17 18:00:37	2018-09-17 18:00:37	150c083b-fe26-5b0c-83ef-5a2cf7320857
39	安全閥	2	\N	2018-09-17 18:00:37	2018-09-17 18:00:37	6079520a-2396-546e-baf0-25df6679d4dc
40	閥門洩漏測試裝置	3	\N	2018-09-17 18:00:37	2018-09-17 18:00:37	80276c82-5622-54e9-8ca5-b7b86974b4af
41	手動遮斷閥	4	\N	2018-09-17 18:00:37	2018-09-17 18:00:37	43e5453b-8302-57b1-aa8b-9f8b090de4dd
42	壓力聯鎖	1	\N	2018-09-17 18:00:37	2018-09-17 18:00:37	33ed9ecb-bf4c-536e-8c9b-4b9f1c304a27
43	火焰偵測器	2	\N	2018-09-17 18:00:37	2018-09-17 18:00:37	72e99bbb-42f5-51a3-a32f-4ca71c1c3548
44	燃氣洩漏探測	3	\N	2018-09-17 18:00:37	2018-09-17 18:00:37	c8d646d0-f2b4-5416-b25e-ace88d5784d9
45	吹驅程序	1	\N	2018-09-17 18:00:38	2018-09-17 18:00:38	09773967-e73e-51e4-9a42-053b6d001cae
46	排氣管路	2	\N	2018-09-17 18:00:38	2018-09-17 18:00:38	61891984-64ef-5bf0-b020-9289e080be38
47	風機聯鎖	1	\N	2018-09-17 18:00:38	2018-09-17 18:00:38	3bdf9dc7-d723-56e4-972f-2fc970dc67b0
48	噴塗設備	1	\N	2018-09-17 18:00:38	2018-09-17 18:00:38	9a74727f-704d-59be-83b6-c50d9d7e0197
49	烘烤設備	2	\N	2018-09-17 18:00:38	2018-09-17 18:00:38	c91950d6-7d51-5f90-9d66-49b977b34572
50	爆炸保護裝置	3	\N	2018-09-17 18:00:38	2018-09-17 18:00:38	e6d5c0e2-192f-5eea-bd31-8c23fe753ea4
51	噴房自動滅火	1	\N	2018-09-17 18:00:39	2018-09-17 18:00:39	ece559cc-d79d-5bff-acbd-fd22307848c3
52	聯鎖功能	2	\N	2018-09-17 18:00:39	2018-09-17 18:00:39	dfd589b0-d885-55be-b3d3-c881278f7878
53	噴櫃自動滅火	1	\N	2018-09-17 18:00:39	2018-09-17 18:00:39	5cd94ba3-f6d2-5a03-9ffe-340146365b1d
54	聯鎖功能	2	\N	2018-09-17 18:00:39	2018-09-17 18:00:39	b387013f-ac73-5d77-80ec-5241ab664d8d
55	隔間牆	1	\N	2018-09-17 18:00:39	2018-09-17 18:00:39	17d3fd2a-cf4b-55c1-a940-7bab29a0dba3
56	門	2	\N	2018-09-17 18:00:39	2018-09-17 18:00:39	532b5788-4711-5ef5-a5dd-180756652639
57	窗	3	\N	2018-09-17 18:00:39	2018-09-17 18:00:39	eeecd6dc-3e73-5f9d-b5e4-eb521775d9f7
58	防火填塞	4	\N	2018-09-17 18:00:39	2018-09-17 18:00:39	a4056a93-204f-5409-8110-de021bb86c97
59	隔間牆	1	\N	2018-09-17 18:00:39	2018-09-17 18:00:39	637ddb68-d913-51e8-9014-eb193d34dc62
60	門	2	\N	2018-09-17 18:00:39	2018-09-17 18:00:39	56df444f-b8ea-53e1-a8cb-997f91fd72ce
61	窗	3	\N	2018-09-17 18:00:39	2018-09-17 18:00:39	61e9815a-0eff-5055-9975-a0a259d2d12d
62	防火填塞	4	\N	2018-09-17 18:00:40	2018-09-17 18:00:40	576d93f4-52ce-5f0a-a7be-4f9184a2c772
\.


--
-- TOC entry 2495 (class 0 OID 0)
-- Dependencies: 198
-- Name: check_point_id_seq; Type: SEQUENCE SET; Schema: public; Owner: postgres
--

SELECT pg_catalog.setval('public.check_point_id_seq', 62, true);


--
-- TOC entry 2421 (class 0 OID 17199)
-- Dependencies: 199
-- Data for Name: check_record; Type: TABLE DATA; Schema: public; Owner: postgres
--

COPY public.check_record (id, check_id, check_bank_id, check_point_id, check_standard_id, check_status_id, remark, check_bank_content, check_point_content, check_standard_content, check_status_content, check_status_score, update_of_times, image, image2, image3, uuid, check_category_id, check_item_id, class, check_category_content, check_item_content, check_bank_weight, check_category_weight, check_item_weight) FROM stdin;
1	20	1	1	1	1		危險性	材質構造	金屬或不燃材質，牆面光滑不易累積殘餘物	[優等]金屬或不燃材質，牆面光滑不易累積殘餘物	100	\N				8f43efec-1da8-56ab-890b-5031cb08580a	1	1	\N	噴塗作業	噴房	\N	\N	\N
2	20	1	2	7	1		危險性	完整性	牆面無非必要孔洞及縫隙，或填塞良好	[優等]牆面無非必要孔洞及縫隙，或填塞良好	100	\N				bde484d7-22e1-5f06-86cc-d0685e050745	1	1	\N	噴塗作業	噴房	\N	\N	\N
3	20	1	3	13	1		危險性	材質	金屬或不燃材質	[優等]金屬或不燃材質	100	\N				2473bd31-5665-5083-910a-640d91a0a0ab	1	2	\N	噴塗作業	自動噴櫃	\N	\N	\N
4	20	1	4	19	1		危險性	完整性	1.上方密封，僅工件進出及噴塗作業必要開口\r\n2.牆面無非必要孔洞及縫隙或填塞良好	[優等]1.上方密封，僅工件進出及噴塗作業必要開口\r\n2.牆面無非必要孔洞及縫隙或填塞良好	100	\N				7304ea58-22f7-53b0-a48b-a0dddd2965a3	1	2	\N	噴塗作業	自動噴櫃	\N	\N	\N
5	20	1	5	25	1		危險性	材質	金屬或不燃材質	[優等]金屬或不燃材質	100	\N				856fe4dc-ea17-5b01-91b5-60c1e1f933f7	1	3	\N	噴塗作業	手動(補噴)噴櫃	\N	\N	\N
6	20	1	6	31	1		危險性	完整性	1.上方密封，僅工件進出及噴塗作業開口\r\n2.牆面無非必要孔洞及縫隙或填塞良好	[優等]1.上方密封，僅工件進出及噴塗作業開口\r\n2.牆面無非必要孔洞及縫隙或填塞良好	100	\N				e94f00b8-e897-5072-ba1d-4a8d6f0f5c61	1	3	\N	噴塗作業	手動(補噴)噴櫃	\N	\N	\N
7	20	1	7	37	1		危險性	輸送帶	輸送帶與噴塗作業及供粉系統聯動	[優等]輸送帶與噴塗作業及供粉系統聯動	100	\N				dda3e62e-d30c-5132-8abe-028f1e255853	1	4	\N	噴塗作業	安全聯鎖	\N	\N	\N
8	20	1	8	43	1		危險性	噴槍安全距離	噴槍電極與工件自動保持安全距離，並與噴槍電源聯鎖	[優等]噴槍電極與工件自動保持安全距離，並與噴槍電源聯鎖	100	\N				ad1eb328-c1da-5932-8186-d32939cd2e37	1	4	\N	噴塗作業	安全聯鎖	\N	\N	\N
9	20	1	9	49	1		危險性	位置	噴房出口或易於操作處	[優等]噴房出口或易於操作處	100	\N				7ddc664d-0f44-5a67-932a-18003e9ebdfc	1	5	\N	噴塗作業	手動急停按鈕	\N	\N	\N
10	20	1	10	55	1		危險性	聯鎖功能	1.地區警報\r\n2.切斷供粉\r\n3.切斷噴塗\r\n4.切斷輸送帶	[優等]1.地區警報\r\n2.切斷供粉\r\n3.切斷噴塗\r\n4.切斷輸送帶	100	\N				81d2da69-a161-543a-9f07-47bfbd50c45d	1	5	\N	噴塗作業	手動急停按鈕	\N	\N	\N
11	20	1	11	61	1		危險性	防爆電氣	1.電氣設備選型符合防爆分區\r\n2.施工符合標準	[優等]1.電氣設備選型符合防爆分區\r\n2.施工符合標準	100	\N				0eb4e457-65c1-5e70-9e34-5065c533c6ec	2	6	\N	防爆電氣	自動噴櫃	\N	\N	\N
12	20	1	12	67	1		危險性	燈具構造	燈具整合於側牆或頂蓋、面板為防火玻璃、燈具防爆	[優等]燈具整合於側牆或頂蓋、面板為防火玻璃、燈具防爆	100	\N				5ea8d664-fe8c-55e5-902c-4e57bbeffdf2	2	6	\N	防爆電氣	自動噴櫃	\N	\N	\N
13	20	1	13	73	1		危險性	燈具面溫	面溫不高於室溫+11°C、93°C	[優等]面溫不高於室溫+11°C、93°C	100	\N				37cb7891-97ec-598d-b879-89776c7a4477	2	6	\N	防爆電氣	自動噴櫃	\N	\N	\N
14	20	1	14	79	1		危險性	防爆電氣	1.電氣設備選型符合防爆分區\r\n2.施工符合標準	[優等]1.電氣設備選型符合防爆分區\r\n2.施工符合標準	100	\N				af3b4549-e1ac-503a-8d50-2d047cf62a49	2	7	\N	防爆電氣	手動(補噴)噴櫃	\N	\N	\N
15	20	1	15	85	1		危險性	燈具構造	燈具整合於側牆或頂蓋、面板為防火玻璃、燈具防爆	[優等]燈具整合於側牆或頂蓋、面板為防火玻璃、燈具防爆	100	\N				06823f72-fbc3-5a15-a77e-b9375e900abc	2	7	\N	防爆電氣	手動(補噴)噴櫃	\N	\N	\N
16	20	1	16	91	1		危險性	燈具面溫	面溫不高於室溫+11°C、93°C	[優等]面溫不高於室溫+11°C、93°C	100	\N				dddb5049-ee62-58dc-a83e-046534a6f6d3	2	7	\N	防爆電氣	手動(補噴)噴櫃	\N	\N	\N
17	20	1	\N	97	1		危險性	null	進噴房前導除靜電	[優等]進噴房前導除靜電	100	\N				2aa3d10c-0953-55a7-b775-8a90e8f826d2	3	8	\N	靜電控制	人員	\N	\N	\N
18	20	1	\N	103	1		危險性	null	導電材質，接地電阻小於10的6次方歐姆，有材質證明或實測資料	[優等]導電材質，接地電阻小於10的6次方歐姆，有材質證明或實測資料	100	\N				a92d2e5d-a164-51e5-b861-44211e67637b	3	9	\N	靜電控制	噴房地板	\N	\N	\N
19	20	1	17	109	1		危險性	設備及容器	金屬設備外殼、工作台、容器、管線、風管等皆適當跨接及接地，接地電阻小於10的6次方歐姆，有實測資料	[優等]金屬設備外殼、工作台、容器、管線、風管等皆適當跨接及接地，接地電阻小於10的6次方歐姆，有實測資料	100	\N				51d33df5-b2ff-5ac9-b165-92ca37e04741	3	10	\N	靜電控制	噴塗設備	\N	\N	\N
20	20	1	18	115	1		危險性	供粉管路	導電材質，接地電阻小於10的6次方歐姆，有材質證明或實測資料	[優等]導電材質，接地電阻小於10的6次方歐姆，有材質證明或實測資料	100	\N				5cfdae2c-022e-5538-821b-2ac1ae1ae358	3	10	\N	靜電控制	噴塗設備	\N	\N	\N
21	20	1	19	121	1		危險性	手噴槍	握柄為導電材質且接地，接地電阻小於10的6次方歐姆，有實測資料	[優等]握柄為導電材質且接地，接地電阻小於10的6次方歐姆，有實測資料	100	\N				a73824b3-db9c-5e87-8530-6bc60350c133	3	10	\N	靜電控制	噴塗設備	\N	\N	\N
22	20	1	20	127	1		危險性	回收/集塵設備濾袋	靜電消散材質，接地電阻小於10的10次方歐姆，有材質證明或實測資料	[優等]靜電消散材質，接地電阻小於10的10次方歐姆，有材質證明或實測資料	100	\N				abcbed3a-4761-5c08-b65c-1f9256a82cc7	3	10	\N	靜電控制	噴塗設備	\N	\N	\N
23	20	1	21	133	1		危險性	濾材	濾材符合ANSI/UL 900 Class1, 2	[優等]濾材符合ANSI/UL 900 Class1, 2	100	\N				77cd1c64-fecc-5e06-b460-fcafae38e973	4	11	\N	通風排氣	噴房空調	\N	\N	\N
24	20	1	22	139	1		危險性	外氣供應	自外部引進潔淨新風	[優等]自外部引進潔淨新風	100	\N				82a9f830-5df7-55dd-bab2-de5fc4cdc864	4	11	\N	通風排氣	噴房空調	\N	\N	\N
25	20	1	23	145	1		危險性	外部火災防護	風機下游側裝設風管內煙感，車間外部火災時可聯動切斷風機	[優等]風機下游側裝設風管內煙感，車間外部火災時可聯動切斷風機	100	\N				996a3f78-18ff-59bc-be74-7d440141a332	4	11	\N	通風排氣	噴房空調	\N	\N	\N
26	20	1	24	151	1		危險性	獨立系統	每一自動、手動噴塗區設獨立排氣/粉末回收系統，設備未共用，風管未於任何位置併聯	[優等]每一自動、手動噴塗區設獨立排氣/粉末回收系統，設備未共用，風管未於任何位置併聯	100	\N				a143c8e5-4763-5ec8-84be-b3f347a4a72c	4	12	\N	通風排氣	噴櫃排風系統	\N	\N	\N
27	20	1	25	157	1		危險性	尾氣循環	回收系統尾氣排至屋外未循環	[優等]回收系統尾氣排至屋外未循環	100	\N				439e2ef8-f4cd-5a54-950b-b86b449f339b	4	12	\N	通風排氣	噴櫃排風系統	\N	\N	\N
28	20	1	26	163	1		危險性	排風風量	滿足最大粉塵濃度小於50%MEC，可提供計算書	[優等]滿足最大粉塵濃度小於50%MEC，可提供計算書	100	\N				919d7ed2-5ae6-528e-b69f-5a99c24fce4e	4	13	\N	通風排氣	噴櫃排風設計	\N	\N	\N
29	20	1	27	169	1		危險性	排風風速	20 m/s及以上，有實測數據	[優等]20 m/s及以上，有實測數據	100	\N				a3f23e19-ccfd-556d-ba27-4b3f4c3ff4a4	4	13	\N	通風排氣	噴櫃排風設計	\N	\N	\N
30	20	1	28	175	1		危險性	噴櫃開口風速	0.6 m/s以上，有實測數據	[優等]0.6 m/s以上，有實測數據	100	\N				c3f24827-4d9a-5bdb-b1db-695a4d0e4249	4	13	\N	通風排氣	噴櫃排風設計	\N	\N	\N
31	20	1	\N	181	1		危險性	null	排風與噴塗作業及供粉系統聯動	[優等]排風與噴塗作業及供粉系統聯動	100	\N				5ca1db79-e93b-5fdb-9885-36fe1ec323d9	4	14	\N	通風排氣	安全聯鎖	\N	\N	\N
32	20	1	29	187	1		危險性	位置	屋外獨立建物	[優等]屋外獨立建物	100	\N				a7b63423-5647-5975-88b4-d6796788610d	5	15	\N	爆炸保護	噴房	\N	\N	\N
33	20	1	30	193	1		危險性	洩爆	依指引4.1-2設置洩爆/抗爆牆，依相關標準設計，可提供計算書圖	[優等]依指引4.1-2設置洩爆/抗爆牆，依相關標準設計，可提供計算書圖	100	\N				290e0729-ce53-5398-adee-5554b0e09e2d	5	15	\N	爆炸保護	噴房	\N	\N	\N
34	20	1	31	199	1		危險性	洩爆裝置認證	裝置經合格機構認證	[優等]裝置經合格機構認證	100	\N				4e55ca9f-5aa1-52b2-9327-c2ed659e4cfb	5	15	\N	爆炸保護	噴房	\N	\N	\N
35	20	1	32	205	1		危險性	位置	屋外、噴房以外的獨立區劃	[優等]屋外、噴房以外的獨立區劃	100	\N				39b1e342-2aaa-54b6-9d1a-e7661ae879a1	5	16	\N	爆炸保護	回收/集塵設備	\N	\N	\N
36	20	1	33	211	1		危險性	洩爆/抑爆	依指引4.4.1設置洩爆裝置，依相關標準設計，可提供計算書圖	[優等]依指引4.4.1設置洩爆裝置，依相關標準設計，可提供計算書圖	100	\N				1fc5af34-84f0-599b-aaad-57a8bcef70d0	5	16	\N	爆炸保護	回收/集塵設備	\N	\N	\N
37	20	1	34	217	1		危險性	洩爆/抑爆裝置認證	裝置經合格實驗室認證	[優等]裝置經合格實驗室認證	100	\N				db644e84-c7a1-54df-af37-e14f8aadef16	5	16	\N	爆炸保護	回收/集塵設備	\N	\N	\N
38	20	1	35	223	1		危險性	隔爆	噴櫃與回收設備界面依指引4.4.3設置隔爆裝置，依相關標準設計，可提供計算書圖	[優等]噴櫃與回收設備界面依指引4.4.3設置隔爆裝置，依相關標準設計，可提供計算書圖	100	\N				c5ac483c-6bb4-5b6c-8265-c2c36d092fd5	5	17	\N	爆炸保護	界面防護	\N	\N	\N
39	20	1	36	229	1		危險性	隔爆裝置認證	裝置經合格機構認證	[優等]裝置經合格機構認證	100	\N				4e41b6e2-f658-58f4-affb-720dea3de763	5	17	\N	爆炸保護	界面防護	\N	\N	\N
40	20	1	37	235	1		危險性	超高溫聯鎖	1.獨立的實體開關切斷燃料供應\r\n2.小於[工作溫度+28°C]或[自燃  -55°C]\r\n3.聲光音響警報	[優等]1.獨立的實體開關切斷燃料供應\r\n2.小於[工作溫度+28°C]或[自燃  -55°C]\r\n3.聲光音響警報	100	\N				2be79fc8-9bf8-50d4-8248-f943eb4ea87d	6	18	\N	烘烤作業(烤爐、剝漆爐)	溫度控制	\N	\N	\N
41	20	1	38	241	1		危險性	管路敷設	1.路徑未經地下室或難以接近的密閉區域\r\n2. 不易受外力損壞或腐蝕	[優等]1.路徑未經地下室或難以接近的密閉區域\r\n2. 不易受外力損壞或腐蝕	100	\N				39705e33-e0e2-5dda-90aa-99872ee96a80	6	19	\N	烘烤作業(烤爐、剝漆爐)	燃氣管路	\N	\N	\N
42	20	1	39	247	1		危險性	安全閥	1. 母火與主火管路獨立，各二個安全閥\r\n2. 超過117kW管路，至少一個閥門附關閉指示開關	[優等]1. 母火與主火管路獨立，各二個安全閥\r\n2. 超過117kW管路，至少一個閥門附關閉指示開關	100	\N				8163442b-b7f2-53d8-9381-5fd589b10245	6	19	\N	烘烤作業(烤爐、剝漆爐)	燃氣管路	\N	\N	\N
43	20	1	40	253	1		危險性	閥門洩漏測試裝置	安全閥下游側均設洩漏測試裝置	[優等]安全閥下游側均設洩漏測試裝置	100	\N				4e3d6e88-c84c-5262-a984-4d296a4df6f0	6	19	\N	烘烤作業(烤爐、剝漆爐)	燃氣管路	\N	\N	\N
44	20	1	41	259	1		危險性	手動遮斷閥	1.位於爐區外易於接近處，洩漏時可迅速關閉\r\n2.均有明顯標示	[優等]1.位於爐區外易於接近處，洩漏時可迅速關閉\r\n2.均有明顯標示	100	\N				d4640c19-29fd-5bb8-8173-6a76c98ed9c2	6	19	\N	烘烤作業(烤爐、剝漆爐)	燃氣管路	\N	\N	\N
45	20	1	42	265	1		危險性	壓力聯鎖	管路壓力過高或過低，可聯鎖關閉安全閥	[優等]管路壓力過高或過低，可聯鎖關閉安全閥	100	\N				afdf785d-d886-5499-b589-ddcdbdfc8497	6	20	\N	烘烤作業(烤爐、剝漆爐)	燃氣安全	\N	\N	\N
46	20	1	43	271	1		危險性	火焰偵測器	燃燒室設火焰偵測器，熄火時自動切斷燃料供應	[優等]燃燒室設火焰偵測器，熄火時自動切斷燃料供應	100	\N				f022ffb7-4abe-5339-b1c3-92e0855891a2	6	20	\N	烘烤作業(烤爐、剝漆爐)	燃氣安全	\N	\N	\N
47	20	1	44	277	1		危險性	燃氣洩漏探測	1.依空氣相對比重於高/低處設置\r\n2.燃燒器水平距離8m/4m範圍內\r\n3.訊號於常時有人處監控\r\n4.地區聲光報警	[優等]1.依空氣相對比重於高/低處設置\r\n2.燃燒器水平距離8m/4m範圍內\r\n3.訊號於常時有人處監控\r\n4.地區聲光報警	100	\N				5bad24fe-19f3-5b0d-9d82-eacaa706565d	6	20	\N	烘烤作業(烤爐、剝漆爐)	燃氣安全	\N	\N	\N
48	20	1	45	283	1		危險性	吹驅程序	1.操作程序明確\r\n2.換氣量為體積的4倍	[優等]1.操作程序明確\r\n2.換氣量為體積的4倍	100	\N				5b9c0cdb-4da1-541f-9cc6-e5c41e3e0f1e	6	21	\N	烘烤作業(烤爐、剝漆爐)	排氣系統	\N	\N	\N
49	20	1	46	289	1		危險性	排氣管路	獨立，未與其他制程排氣併聯	[優等]獨立，未與其他制程排氣併聯	100	\N				3fa33e82-7cd9-549e-ba67-6dd1dfeb94ca	6	21	\N	烘烤作業(烤爐、剝漆爐)	排氣系統	\N	\N	\N
50	20	1	47	295	1		危險性	風機聯鎖	排氣風機、循環風機、燃燒室風機均與加熱系統聯動	[優等]排氣風機、循環風機、燃燒室風機均與加熱系統聯動	100	\N				af28705c-3696-50d2-8433-a71b99b814d9	6	22	\N	烘烤作業(烤爐、剝漆爐)	安全聯鎖	\N	\N	\N
51	20	1	\N	301	1		危險性	null	可燃物距離3m以上	[優等]可燃物距離3m以上	100	\N				d8c366f8-ef7d-5f1d-88db-52588b385cfd	6	23	\N	烘烤作業(烤爐、剝漆爐)	週邊淨空	\N	\N	\N
52	20	2	\N	307	1		人員因素	null	事業群高層每月巡檢並參與EHS會議及活動	[優等]事業群高層每月巡檢並參與EHS會議及活動	100	\N				edacef95-ff6e-5c88-b962-9dd701136cd6	7	24	\N	安全管理	有感領導	\N	\N	\N
53	20	2	\N	313	1		人員因素	null	有詳盡安全操作SOP，輔以圖片說明，有員工訓練記錄	[優等]有詳盡安全操作SOP，輔以圖片說明，有員工訓練記錄	100	\N				24505700-faea-5df0-85c7-5169f660cd0d	7	25	\N	安全管理	安全操作SOP	\N	\N	\N
54	20	2	\N	319	1		人員因素	null	有變更管理程序、表單，有員工訓練記錄	[優等]有變更管理程序、表單，有員工訓練記錄	100	\N				d19a5177-128d-5481-b2e4-510b4ed7bbcd	7	26	\N	安全管理	變更管理	\N	\N	\N
55	20	2	\N	325	1		人員因素	null	核發工作許可證前，進行承商教育及危害告知並留存記錄	[優等]核發工作許可證前，進行承商教育及危害告知並留存記錄	100	\N				6443e5b5-a858-5acc-bbca-c34f4dbec6ac	7	27	\N	安全管理	承商管理	\N	\N	\N
249	22	3	54	458	2		消防系統	聯鎖功能	[滿意]	[滿意]	90	\N				b455adc9-9e81-5297-942e-a82474753e1d	14	45	\N	自動滅火系統\r\n	噴櫃	0.28000000000000003	0.40000000000000002	0.45000000000000001
56	20	2	\N	331	1		人員因素	null	有噴房、噴櫃粉塵檢查及清潔計畫，含開放及隱蔽區域，執行記錄良好	[優等]有噴房、噴櫃粉塵檢查及清潔計畫，含開放及隱蔽區域，執行記錄良好	100	\N				ee68de63-9b88-5db8-8c97-8b4ac46831e8	8	28	\N	整齊清潔	粉塵檢查清潔計畫	\N	\N	\N
57	20	2	\N	337	1		人員因素	null	真空吸塵方式，吸塵器滿足指引5.2-7要求	[優等]真空吸塵方式，吸塵器滿足指引5.2-7要求	100	\N				9913f5fb-75a8-5347-9f12-1bea22102a5a	8	29	\N	整齊清潔	粉塵清潔方式	\N	\N	\N
58	20	2	\N	343	1		人員因素	null	1.於噴櫃範圍內\r\n2.持續排風狀態\r\n3.使用安全工具(不形成火源)	[優等]1.於噴櫃範圍內\r\n2.持續排風狀態\r\n3.使用安全工具(不形成火源)	100	\N				6363d002-8cb8-53c9-b67a-df097f5419d3	8	30	\N	整齊清潔	噴槍清潔	\N	\N	\N
59	20	2	\N	349	1		人員因素	null	1.噴房內新粉為當班用量\r\n2.回收粉每班移出噴房	[優等]1.噴房內新粉為當班用量\r\n2.回收粉每班移出噴房	100	\N				64304ac7-6978-51af-862c-504b6a3a85e3	8	31	\N	整齊清潔	粉末存量	\N	\N	\N
60	20	2	\N	355	1		人員因素	null	每班重簽，遵守動火前中後安全事項	[優等]每班重簽，遵守動火前中後安全事項	100	\N				4e5dcd23-1f31-56da-9dee-427bb2761b6c	9	32	\N	點火源管理	動火管制	\N	\N	\N
61	20	2	\N	361	1		人員因素	null	嚴格吸菸管制，適當聲明與標示，完全無違規	[優等]嚴格吸菸管制，適當聲明與標示，完全無違規	100	\N				f45d20bc-7219-56b0-a482-ba4c2b324124	9	33	\N	點火源管理	吸菸管制	\N	\N	\N
62	20	2	\N	367	1		人員因素	null	人員進入噴房穿著防靜電服、鞋、帽	[優等]人員進入噴房穿著防靜電服、鞋、帽	100	\N				633a8c04-af04-56fa-93ac-9d2c3f8c24ed	9	34	\N	點火源管理	靜電防制	\N	\N	\N
63	20	2	\N	373	1		人員因素	null	有詳盡SOP，輔以圖片說明，有員工訓練記錄	[優等]有詳盡SOP，輔以圖片說明，有員工訓練記錄	100	\N				4e820a8e-4a26-598f-9296-45a87252fc81	10	35	\N	設備檢測與維護	設備檢查測試維護SOP	\N	\N	\N
64	20	2	48	379	1		人員因素	噴塗設備	1.建立完整檢測維保計畫(參考指引5.1-6)\r\n2.保護裝置及急停開關每二週測試一次\r\n3.執行記錄良好	[優等]1.建立完整檢測維保計畫(參考指引5.1-6)\r\n2.保護裝置及急停開關每二週測試一次\r\n3.執行記錄良好	100	\N				116cee1d-2a96-5b5d-9a56-0bb0159bdb05	10	36	\N	設備檢測與維護	設備檢測維護	\N	\N	\N
65	20	2	49	385	1		人員因素	烘烤設備	1.依製造商建議建立完整檢查維保計畫\r\n2.保護裝置(參考指引5.4-2)每二週測試一次\r\n3.執行記錄良好	[優等]1.依製造商建議建立完整檢查維保計畫\r\n2.保護裝置(參考指引5.4-2)每二週測試一次\r\n3.執行記錄良好	100	\N				3d23da85-4787-56fd-a921-0b75032ff544	10	36	\N	設備檢測與維護	設備檢測維護	\N	\N	\N
66	20	2	50	391	1		人員因素	爆炸保護裝置	洩爆、抑爆及隔爆裝置(參考指引5.3)建立完整檢查維保計畫，執行記錄良好	[優等]洩爆、抑爆及隔爆裝置(參考指引5.3)建立完整檢查維保計畫，執行記錄良好	100	\N				d6495f89-76ff-5d55-93f4-d8bf915a8d1f	10	36	\N	設備檢測與維護	設備檢測維護	\N	\N	\N
67	20	2	\N	397	1		人員因素	null	(1)計劃書應包括對噴塗線危險源所編制的專項應變計劃，至少包括火災、粉塵爆炸等項目\r\n(2)應急演練至少每半年1次，並留存記錄	[優等](1)計劃書應包括對噴塗線危險源所編制的專項應變計劃，至少包括火災、粉塵爆炸等項目\r\n(2)應急演練至少每半年1次，並留存記錄	100	\N				cae9fc64-da9c-5fc0-b785-98bc1f374b17	11	37	\N	緊急應變	應急計畫與演練	\N	\N	\N
68	20	2	\N	403	1		人員因素	null	警報傳送緊急應變中心或者消防控制室， 人員24小時值班，明確了解應變流程	[優等]警報傳送緊急應變中心或者消防控制室， 人員24小時值班，明確了解應變流程	100	\N				9bf06e84-f1a4-5f4e-a53e-382dfe30180e	11	38	\N	緊急應變	緊急應變中心	\N	\N	\N
69	20	2	\N	409	1		人員因素	null	經特殊風險教育訓練，持證上崗	[優等]經特殊風險教育訓練，持證上崗	100	\N				c311aba7-6ae8-548b-be59-55514f895c9a	12	39	\N	教育訓練	噴塗作業員工	\N	\N	\N
70	20	2	\N	415	1		人員因素	null	包括噴塗線健康危害、安全知識與個人護具使用，有培訓記錄	[優等]包括噴塗線健康危害、安全知識與個人護具使用，有培訓記錄	100	\N				4f4cdc45-0009-515e-86ca-0920d1f4dbb4	12	40	\N	教育訓練	一般員工	\N	\N	\N
71	20	3	\N	421	1		消防系統	null	滅火器型式、數量、功能、標示均良好	[優等]滅火器型式、數量、功能、標示均良好	100	\N				a74db02e-0a1f-5b17-b6d8-df8ab27099ee	13	41	\N	手動滅火設備	手提式滅火器	\N	\N	\N
72	20	3	\N	427	1		消防系統	null	室內栓數量、功能、標示均良好	[優等]室內栓數量、功能、標示均良好	100	\N				483740d7-b7f8-53c3-98e5-0939b8a4dd18	13	42	\N	手動滅火設備	室內消火栓	\N	\N	\N
73	20	3	\N	433	1		消防系統	null	車間內全面安裝自動滅火系統	[優等]車間內全面安裝自動滅火系統	100	\N				624fc936-e88e-551e-ac25-d9a62ef50f78	14	43	\N	自動滅火系統\r\n	噴塗車間(噴房以外)	\N	\N	\N
74	20	3	51	439	1		消防系統	噴房自動滅火	依NFPA或國標設計，具足夠滅火效能，能提供計算書圖	[優等]依NFPA或國標設計，具足夠滅火效能，能提供計算書圖	100	\N				692be378-a85b-565c-af37-57728a46c051	14	44	\N	自動滅火系統\r\n	噴房	\N	\N	\N
75	20	3	52	445	1		消防系統	聯鎖功能	1.地區警報\r\n2.移報至火警系統\r\n3.切斷供粉\r\n4.切斷噴塗\r\n5.切斷輸送帶	[優等]1.地區警報\r\n2.移報至火警系統\r\n3.切斷供粉\r\n4.切斷噴塗\r\n5.切斷輸送帶	100	\N				834b3f26-a059-52c4-9b22-1bb803b36a9d	14	44	\N	自動滅火系統\r\n	噴房	\N	\N	\N
76	20	3	53	451	1		消防系統	噴櫃自動滅火	1.開放濕式自動系統或氣體系統，由火焰探測器啟動\r\n2.噴房出口或易於操作處設手動啟動開關	[優等]1.開放濕式自動系統或氣體系統，由火焰探測器啟動\r\n2.噴房出口或易於操作處設手動啟動開關	100	\N				90d27f79-f643-5d91-b3ca-54912dc91f89	14	45	\N	自動滅火系統\r\n	噴櫃	\N	\N	\N
77	20	3	54	457	1		消防系統	聯鎖功能	1.地區警報\r\n2.移報至火警系統\r\n3.切斷供粉\r\n4.切斷噴塗\r\n5.切斷輸送帶\r\n6.停止排氣\r\n7.關閉隔離閥門\r\n8.切斷噴塗系統電源	[優等]1.地區警報\r\n2.移報至火警系統\r\n3.切斷供粉\r\n4.切斷噴塗\r\n5.切斷輸送帶\r\n6.停止排氣\r\n7.關閉隔離閥門\r\n8.切斷噴塗系統電源	100	\N				d761ef7d-01c9-5ed5-80c8-f828ae299a5d	14	45	\N	自動滅火系統\r\n	噴櫃	\N	\N	\N
78	20	3	\N	463	1		消防系統	null	車間內探測器型式、數量、功能良好，訊號傳至常時有人的中控室	[優等]車間內探測器型式、數量、功能良好，訊號傳至常時有人的中控室	100	\N				d677c62a-4e8d-52da-8815-93bff184bec3	15	46	\N	火災偵測及報警系統	火災偵測及報警系統	\N	\N	\N
79	20	3	\N	469	1		消防系統	null	1.安裝一至數個，角度覆蓋全區\r\n2.反應時間0.5秒	[優等]1.安裝一至數個，角度覆蓋全區\r\n2.反應時間0.5秒	100	\N				459f1fb8-9b96-5063-8226-d48392e59132	15	47	\N	火災偵測及報警系統	噴櫃火焰探測器	\N	\N	\N
80	20	3	\N	475	1		消防系統	null	依NFPA或國標進行水力計算，能提供計算書/圖紙；通過當地政府消防驗收，能提供驗收資料	[優等]依NFPA或國標進行水力計算，能提供計算書/圖紙；通過當地政府消防驗收，能提供驗收資料	100	\N				9dda8073-240d-5fae-8c5f-20a81087bb14	16	48	\N	消防供水	消防水池容量	\N	\N	\N
81	20	3	\N	481	1		消防系統	null	電動泵、柴油泵一用一備，UL/FM認證	[優等]電動泵、柴油泵一用一備，UL/FM認證	100	\N				f9b6edb1-fb42-5e3d-bb2c-6d6eb3a83a1d	16	49	\N	消防供水	消防泵	\N	\N	\N
82	20	3	\N	487	1		消防系統	null	(1)有規律的檢查、測試及保養排程，記錄完整\r\n(2)對缺失實施追蹤，均已改善完成	[優等](1)有規律的檢查、測試及保養排程，記錄完整\r\n(2)對缺失實施追蹤，均已改善完成	100	\N				f5325748-5727-554c-b0cc-cea1c7a1cbbc	17	50	\N	消防系統檢測與維護	火警自動報警系統 	\N	\N	\N
83	20	3	\N	493	1		消防系統	null	(1)有規律的檢查、測試及保養排程，記錄完整\r\n(2)對缺失實施追蹤，均已改善完成	[優等](1)有規律的檢查、測試及保養排程，記錄完整\r\n(2)對缺失實施追蹤，均已改善完成	100	\N				03255d3d-ed78-5ce8-97d5-7f565ffbb85f	17	51	\N	消防系統檢測與維護	手提式滅火器	\N	\N	\N
84	20	3	\N	499	1		消防系統	null	(1)有規律的檢查、測試及保養排程，記錄完整\r\n(2)對缺失實施追蹤，均已改善完成	[優等](1)有規律的檢查、測試及保養排程，記錄完整\r\n(2)對缺失實施追蹤，均已改善完成	100	\N				3b195db6-25d1-572a-8472-1dfa6eb61217	17	52	\N	消防系統檢測與維護	室內消火栓   	\N	\N	\N
85	20	3	\N	505	1		消防系統	null	(1)有規律的檢查、測試及保養排程，記錄完整\r\n(2)對缺失實施追蹤，均已改善完成	[優等](1)有規律的檢查、測試及保養排程，記錄完整\r\n(2)對缺失實施追蹤，均已改善完成	100	\N				ae3497a2-add0-521b-a03c-fca2f21c6dc2	17	53	\N	消防系統檢測與維護	噴淋系統	\N	\N	\N
86	20	3	\N	511	1		消防系統	null	(1)有規律的檢查、測試及保養排程，記錄完整\r\n(2)對缺失實施追蹤，均已改善完成	[優等](1)有規律的檢查、測試及保養排程，記錄完整\r\n(2)對缺失實施追蹤，均已改善完成	100	\N				84164c3c-0a7a-5f72-8335-7b06769ae3b4	17	54	\N	消防系統檢測與維護	消防泵	\N	\N	\N
87	21	1	1	1	2	測試	危險性	材質構造	金屬或不燃材質，牆面光滑不易累積殘餘物	[滿意]	90	\N	/images/P5/U17/d0a5ec664b6a08ff95b0932693b2ff78.png			78d11c36-04b2-5e66-914c-6dab912fea15	1	1	\N	噴塗作業	噴房	\N	\N	\N
88	21	1	2	7	2		危險性	完整性	牆面無非必要孔洞及縫隙，或填塞良好	[滿意]	90	\N				b9a2430b-930a-5ce3-a7f6-11c423fcd640	1	1	\N	噴塗作業	噴房	\N	\N	\N
89	21	1	3	13	1		危險性	材質	金屬或不燃材質	[優等]金屬或不燃材質	100	\N				610ba8c0-164f-5884-9d44-cca67c441fb5	1	2	\N	噴塗作業	自動噴櫃	\N	\N	\N
90	21	1	4	19	1		危險性	完整性	1.上方密封，僅工件進出及噴塗作業必要開口\r\n2.牆面無非必要孔洞及縫隙或填塞良好	[優等]1.上方密封，僅工件進出及噴塗作業必要開口\r\n2.牆面無非必要孔洞及縫隙或填塞良好	100	\N				93efcef1-01ad-53b4-b9c0-f8dc84e424f1	1	2	\N	噴塗作業	自動噴櫃	\N	\N	\N
91	21	1	5	25	1		危險性	材質	金屬或不燃材質	[優等]金屬或不燃材質	100	\N				af6ca3f6-2b5a-5fcf-906b-fb0461ad0d80	1	3	\N	噴塗作業	手動(補噴)噴櫃	\N	\N	\N
92	21	1	6	31	1		危險性	完整性	1.上方密封，僅工件進出及噴塗作業開口\r\n2.牆面無非必要孔洞及縫隙或填塞良好	[優等]1.上方密封，僅工件進出及噴塗作業開口\r\n2.牆面無非必要孔洞及縫隙或填塞良好	100	\N				2c792209-01d0-5fbc-bb1a-07f1b2e506d0	1	3	\N	噴塗作業	手動(補噴)噴櫃	\N	\N	\N
93	21	1	7	37	1		危險性	輸送帶	輸送帶與噴塗作業及供粉系統聯動	[優等]輸送帶與噴塗作業及供粉系統聯動	100	\N				ede2e7ae-09f8-5506-b591-2b6689f2d2cc	1	4	\N	噴塗作業	安全聯鎖	\N	\N	\N
94	21	1	8	43	1		危險性	噴槍安全距離	噴槍電極與工件自動保持安全距離，並與噴槍電源聯鎖	[優等]噴槍電極與工件自動保持安全距離，並與噴槍電源聯鎖	100	\N				a4adc80e-8757-5ce1-9cf6-e8298d709ce0	1	4	\N	噴塗作業	安全聯鎖	\N	\N	\N
95	21	1	9	49	1		危險性	位置	噴房出口或易於操作處	[優等]噴房出口或易於操作處	100	\N				cbbd76b1-c968-5544-9993-15e8253730db	1	5	\N	噴塗作業	手動急停按鈕	\N	\N	\N
96	21	1	10	55	1		危險性	聯鎖功能	1.地區警報\r\n2.切斷供粉\r\n3.切斷噴塗\r\n4.切斷輸送帶	[優等]1.地區警報\r\n2.切斷供粉\r\n3.切斷噴塗\r\n4.切斷輸送帶	100	\N				c590028c-4a0d-5b12-bcf7-95bb0c0855ab	1	5	\N	噴塗作業	手動急停按鈕	\N	\N	\N
97	21	1	11	61	1		危險性	防爆電氣	1.電氣設備選型符合防爆分區\r\n2.施工符合標準	[優等]1.電氣設備選型符合防爆分區\r\n2.施工符合標準	100	\N				b6f98a44-e7e1-5598-9ebc-a325b4484887	2	6	\N	防爆電氣	自動噴櫃	\N	\N	\N
98	21	1	12	67	1		危險性	燈具構造	燈具整合於側牆或頂蓋、面板為防火玻璃、燈具防爆	[優等]燈具整合於側牆或頂蓋、面板為防火玻璃、燈具防爆	100	\N				3143ddda-0447-508b-8f24-ba7fa9fccf3e	2	6	\N	防爆電氣	自動噴櫃	\N	\N	\N
99	21	1	13	73	1		危險性	燈具面溫	面溫不高於室溫+11°C、93°C	[優等]面溫不高於室溫+11°C、93°C	100	\N				8804f764-2c79-50d3-842b-a1130890b391	2	6	\N	防爆電氣	自動噴櫃	\N	\N	\N
100	21	1	14	79	1		危險性	防爆電氣	1.電氣設備選型符合防爆分區\r\n2.施工符合標準	[優等]1.電氣設備選型符合防爆分區\r\n2.施工符合標準	100	\N				77fc27ea-b707-55db-af6f-06756a777b2e	2	7	\N	防爆電氣	手動(補噴)噴櫃	\N	\N	\N
101	21	1	15	85	1		危險性	燈具構造	燈具整合於側牆或頂蓋、面板為防火玻璃、燈具防爆	[優等]燈具整合於側牆或頂蓋、面板為防火玻璃、燈具防爆	100	\N				2941fcc0-beeb-5ed7-ba0d-75a19339ec33	2	7	\N	防爆電氣	手動(補噴)噴櫃	\N	\N	\N
102	21	1	16	91	1		危險性	燈具面溫	面溫不高於室溫+11°C、93°C	[優等]面溫不高於室溫+11°C、93°C	100	\N				63bea5a5-0d28-535f-9c05-d28ff2de9373	2	7	\N	防爆電氣	手動(補噴)噴櫃	\N	\N	\N
103	21	1	\N	97	1		危險性	null	進噴房前導除靜電	[優等]進噴房前導除靜電	100	\N				dd71bb55-e7bd-5022-ade6-6bb79c14a7fe	3	8	\N	靜電控制	人員	\N	\N	\N
104	21	1	\N	103	1		危險性	null	導電材質，接地電阻小於10的6次方歐姆，有材質證明或實測資料	[優等]導電材質，接地電阻小於10的6次方歐姆，有材質證明或實測資料	100	\N				4531957a-9477-57c7-83ef-7b02cc3e67a4	3	9	\N	靜電控制	噴房地板	\N	\N	\N
105	21	1	17	109	1		危險性	設備及容器	金屬設備外殼、工作台、容器、管線、風管等皆適當跨接及接地，接地電阻小於10的6次方歐姆，有實測資料	[優等]金屬設備外殼、工作台、容器、管線、風管等皆適當跨接及接地，接地電阻小於10的6次方歐姆，有實測資料	100	\N				50658697-10ed-5740-a930-08699ebe7c09	3	10	\N	靜電控制	噴塗設備	\N	\N	\N
106	21	1	18	115	1		危險性	供粉管路	導電材質，接地電阻小於10的6次方歐姆，有材質證明或實測資料	[優等]導電材質，接地電阻小於10的6次方歐姆，有材質證明或實測資料	100	\N				ecc8dfa2-5175-546f-934c-7456875edbfa	3	10	\N	靜電控制	噴塗設備	\N	\N	\N
107	21	1	19	121	1		危險性	手噴槍	握柄為導電材質且接地，接地電阻小於10的6次方歐姆，有實測資料	[優等]握柄為導電材質且接地，接地電阻小於10的6次方歐姆，有實測資料	100	\N				8f90d55b-c667-51a4-b27d-470fad951967	3	10	\N	靜電控制	噴塗設備	\N	\N	\N
108	21	1	20	127	1		危險性	回收/集塵設備濾袋	靜電消散材質，接地電阻小於10的10次方歐姆，有材質證明或實測資料	[優等]靜電消散材質，接地電阻小於10的10次方歐姆，有材質證明或實測資料	100	\N				fc338e81-ea34-58f5-9e20-009b3f2955e7	3	10	\N	靜電控制	噴塗設備	\N	\N	\N
109	21	1	21	133	1		危險性	濾材	濾材符合ANSI/UL 900 Class1, 2	[優等]濾材符合ANSI/UL 900 Class1, 2	100	\N				27a0f65d-3f59-50e8-b728-c2b2df3ce656	4	11	\N	通風排氣	噴房空調	\N	\N	\N
110	21	1	22	139	1		危險性	外氣供應	自外部引進潔淨新風	[優等]自外部引進潔淨新風	100	\N				93361ebf-b2c4-54e1-a3cc-596c05f08a42	4	11	\N	通風排氣	噴房空調	\N	\N	\N
111	21	1	23	145	1		危險性	外部火災防護	風機下游側裝設風管內煙感，車間外部火災時可聯動切斷風機	[優等]風機下游側裝設風管內煙感，車間外部火災時可聯動切斷風機	100	\N				c2ac208a-d4e1-59f8-9284-39a9cf6e9f7e	4	11	\N	通風排氣	噴房空調	\N	\N	\N
112	21	1	24	151	1		危險性	獨立系統	每一自動、手動噴塗區設獨立排氣/粉末回收系統，設備未共用，風管未於任何位置併聯	[優等]每一自動、手動噴塗區設獨立排氣/粉末回收系統，設備未共用，風管未於任何位置併聯	100	\N				c82f1236-78b9-5a89-8613-6ee07cddf733	4	12	\N	通風排氣	噴櫃排風系統	\N	\N	\N
113	21	1	25	157	1		危險性	尾氣循環	回收系統尾氣排至屋外未循環	[優等]回收系統尾氣排至屋外未循環	100	\N				9876813f-f0bc-5d5c-a996-fc5473fa5dba	4	12	\N	通風排氣	噴櫃排風系統	\N	\N	\N
114	21	1	26	163	1		危險性	排風風量	滿足最大粉塵濃度小於50%MEC，可提供計算書	[優等]滿足最大粉塵濃度小於50%MEC，可提供計算書	100	\N				5ba6decb-b425-5e39-a30b-a8961417fb2c	4	13	\N	通風排氣	噴櫃排風設計	\N	\N	\N
115	21	1	27	169	1		危險性	排風風速	20 m/s及以上，有實測數據	[優等]20 m/s及以上，有實測數據	100	\N				44d78fe2-a1a5-5eba-982a-4a5e4c4f8695	4	13	\N	通風排氣	噴櫃排風設計	\N	\N	\N
116	21	1	28	175	1		危險性	噴櫃開口風速	0.6 m/s以上，有實測數據	[優等]0.6 m/s以上，有實測數據	100	\N				29012329-7c3a-523f-bab8-f53ce5129907	4	13	\N	通風排氣	噴櫃排風設計	\N	\N	\N
117	21	1	\N	181	1		危險性	null	排風與噴塗作業及供粉系統聯動	[優等]排風與噴塗作業及供粉系統聯動	100	\N				db351021-c7aa-5482-8d64-ce7c74fb9dc5	4	14	\N	通風排氣	安全聯鎖	\N	\N	\N
118	21	1	29	187	1		危險性	位置	屋外獨立建物	[優等]屋外獨立建物	100	\N				f020e8a1-1ac5-5135-8b32-3ae4c2891c30	5	15	\N	爆炸保護	噴房	\N	\N	\N
119	21	1	30	193	1		危險性	洩爆	依指引4.1-2設置洩爆/抗爆牆，依相關標準設計，可提供計算書圖	[優等]依指引4.1-2設置洩爆/抗爆牆，依相關標準設計，可提供計算書圖	100	\N				beb794c3-72b9-5bb5-b34e-8dca30b4d882	5	15	\N	爆炸保護	噴房	\N	\N	\N
120	21	1	31	199	1		危險性	洩爆裝置認證	裝置經合格機構認證	[優等]裝置經合格機構認證	100	\N				5eefe85b-4fc2-5115-92cd-f30a47641d1c	5	15	\N	爆炸保護	噴房	\N	\N	\N
121	21	1	32	205	1		危險性	位置	屋外、噴房以外的獨立區劃	[優等]屋外、噴房以外的獨立區劃	100	\N				c685c1bc-e1ca-52a6-9077-95829150d1c9	5	16	\N	爆炸保護	回收/集塵設備	\N	\N	\N
122	21	1	33	211	1		危險性	洩爆/抑爆	依指引4.4.1設置洩爆裝置，依相關標準設計，可提供計算書圖	[優等]依指引4.4.1設置洩爆裝置，依相關標準設計，可提供計算書圖	100	\N				b78f3ec3-b180-5e5a-9306-10466dcf6c88	5	16	\N	爆炸保護	回收/集塵設備	\N	\N	\N
123	21	1	34	217	1		危險性	洩爆/抑爆裝置認證	裝置經合格實驗室認證	[優等]裝置經合格實驗室認證	100	\N				3133688a-001e-5fa4-85c7-99bc06606c1e	5	16	\N	爆炸保護	回收/集塵設備	\N	\N	\N
124	21	1	35	223	1		危險性	隔爆	噴櫃與回收設備界面依指引4.4.3設置隔爆裝置，依相關標準設計，可提供計算書圖	[優等]噴櫃與回收設備界面依指引4.4.3設置隔爆裝置，依相關標準設計，可提供計算書圖	100	\N				0b5b8715-6093-5193-9172-1d157f311340	5	17	\N	爆炸保護	界面防護	\N	\N	\N
125	21	1	36	229	1		危險性	隔爆裝置認證	裝置經合格機構認證	[優等]裝置經合格機構認證	100	\N				7aee9b30-f8e3-563b-b97b-2043e855a88a	5	17	\N	爆炸保護	界面防護	\N	\N	\N
126	21	1	37	235	1		危險性	超高溫聯鎖	1.獨立的實體開關切斷燃料供應\r\n2.小於[工作溫度+28°C]或[自燃  -55°C]\r\n3.聲光音響警報	[優等]1.獨立的實體開關切斷燃料供應\r\n2.小於[工作溫度+28°C]或[自燃  -55°C]\r\n3.聲光音響警報	100	\N				8cd18eb3-5679-5776-8224-61b51a10909f	6	18	\N	烘烤作業(烤爐、剝漆爐)	溫度控制	\N	\N	\N
127	21	1	38	241	1		危險性	管路敷設	1.路徑未經地下室或難以接近的密閉區域\r\n2. 不易受外力損壞或腐蝕	[優等]1.路徑未經地下室或難以接近的密閉區域\r\n2. 不易受外力損壞或腐蝕	100	\N				ce4e6454-2659-59ad-8c6c-fb380576e03d	6	19	\N	烘烤作業(烤爐、剝漆爐)	燃氣管路	\N	\N	\N
128	21	1	39	247	1		危險性	安全閥	1. 母火與主火管路獨立，各二個安全閥\r\n2. 超過117kW管路，至少一個閥門附關閉指示開關	[優等]1. 母火與主火管路獨立，各二個安全閥\r\n2. 超過117kW管路，至少一個閥門附關閉指示開關	100	\N				ffd1a605-26e4-5fe8-9702-470a86c30fc3	6	19	\N	烘烤作業(烤爐、剝漆爐)	燃氣管路	\N	\N	\N
129	21	1	40	253	1		危險性	閥門洩漏測試裝置	安全閥下游側均設洩漏測試裝置	[優等]安全閥下游側均設洩漏測試裝置	100	\N				30bf2c14-361d-57c5-9e69-bda2f890002e	6	19	\N	烘烤作業(烤爐、剝漆爐)	燃氣管路	\N	\N	\N
130	21	1	41	259	1		危險性	手動遮斷閥	1.位於爐區外易於接近處，洩漏時可迅速關閉\r\n2.均有明顯標示	[優等]1.位於爐區外易於接近處，洩漏時可迅速關閉\r\n2.均有明顯標示	100	\N				f9a839cd-5511-573e-85e9-011c10ef432c	6	19	\N	烘烤作業(烤爐、剝漆爐)	燃氣管路	\N	\N	\N
131	21	1	42	265	1		危險性	壓力聯鎖	管路壓力過高或過低，可聯鎖關閉安全閥	[優等]管路壓力過高或過低，可聯鎖關閉安全閥	100	\N				c0a8ddda-7851-5503-8749-97fe53223c47	6	20	\N	烘烤作業(烤爐、剝漆爐)	燃氣安全	\N	\N	\N
132	21	1	43	271	1		危險性	火焰偵測器	燃燒室設火焰偵測器，熄火時自動切斷燃料供應	[優等]燃燒室設火焰偵測器，熄火時自動切斷燃料供應	100	\N				68e868db-cb54-5b1a-a6fb-0934211a2a89	6	20	\N	烘烤作業(烤爐、剝漆爐)	燃氣安全	\N	\N	\N
133	21	1	44	277	1		危險性	燃氣洩漏探測	1.依空氣相對比重於高/低處設置\r\n2.燃燒器水平距離8m/4m範圍內\r\n3.訊號於常時有人處監控\r\n4.地區聲光報警	[優等]1.依空氣相對比重於高/低處設置\r\n2.燃燒器水平距離8m/4m範圍內\r\n3.訊號於常時有人處監控\r\n4.地區聲光報警	100	\N				246ae1d4-04d3-519e-b2c1-e5df22905ad8	6	20	\N	烘烤作業(烤爐、剝漆爐)	燃氣安全	\N	\N	\N
134	21	1	45	283	1		危險性	吹驅程序	1.操作程序明確\r\n2.換氣量為體積的4倍	[優等]1.操作程序明確\r\n2.換氣量為體積的4倍	100	\N				d562975f-9e73-53c8-82bc-a55c36a17cc9	6	21	\N	烘烤作業(烤爐、剝漆爐)	排氣系統	\N	\N	\N
135	21	1	46	289	1		危險性	排氣管路	獨立，未與其他制程排氣併聯	[優等]獨立，未與其他制程排氣併聯	100	\N				3d44510e-e552-5d6f-83b5-1c52b2e872eb	6	21	\N	烘烤作業(烤爐、剝漆爐)	排氣系統	\N	\N	\N
136	21	1	47	295	1		危險性	風機聯鎖	排氣風機、循環風機、燃燒室風機均與加熱系統聯動	[優等]排氣風機、循環風機、燃燒室風機均與加熱系統聯動	100	\N				47999ec4-c324-575a-8d8a-0bc0752995a0	6	22	\N	烘烤作業(烤爐、剝漆爐)	安全聯鎖	\N	\N	\N
137	21	1	\N	301	1		危險性	null	可燃物距離3m以上	[優等]可燃物距離3m以上	100	\N				8d5cd8c4-88a3-5cb6-a41f-ad7d7118e6da	6	23	\N	烘烤作業(烤爐、剝漆爐)	週邊淨空	\N	\N	\N
138	21	2	\N	307	1		人員因素	null	事業群高層每月巡檢並參與EHS會議及活動	[優等]事業群高層每月巡檢並參與EHS會議及活動	100	\N				b3eb13ea-f606-5824-b847-ff6d7bab2943	7	24	\N	安全管理	有感領導	\N	\N	\N
139	21	2	\N	313	1		人員因素	null	有詳盡安全操作SOP，輔以圖片說明，有員工訓練記錄	[優等]有詳盡安全操作SOP，輔以圖片說明，有員工訓練記錄	100	\N				63326af7-3e08-524e-9e25-c68db5b4051e	7	25	\N	安全管理	安全操作SOP	\N	\N	\N
140	21	2	\N	319	1		人員因素	null	有變更管理程序、表單，有員工訓練記錄	[優等]有變更管理程序、表單，有員工訓練記錄	100	\N				ffc4ea6b-860d-511e-ac47-831dd3340302	7	26	\N	安全管理	變更管理	\N	\N	\N
141	21	2	\N	325	1		人員因素	null	核發工作許可證前，進行承商教育及危害告知並留存記錄	[優等]核發工作許可證前，進行承商教育及危害告知並留存記錄	100	\N				9c6490ba-bea7-51de-a159-3433fd821130	7	27	\N	安全管理	承商管理	\N	\N	\N
142	21	2	\N	331	1		人員因素	null	有噴房、噴櫃粉塵檢查及清潔計畫，含開放及隱蔽區域，執行記錄良好	[優等]有噴房、噴櫃粉塵檢查及清潔計畫，含開放及隱蔽區域，執行記錄良好	100	\N				e12519ed-5772-5028-9b58-0ec06127918d	8	28	\N	整齊清潔	粉塵檢查清潔計畫	\N	\N	\N
143	21	2	\N	337	1		人員因素	null	真空吸塵方式，吸塵器滿足指引5.2-7要求	[優等]真空吸塵方式，吸塵器滿足指引5.2-7要求	100	\N				c7004ffd-f9d2-5205-9201-9167d4597f3e	8	29	\N	整齊清潔	粉塵清潔方式	\N	\N	\N
144	21	2	\N	343	1		人員因素	null	1.於噴櫃範圍內\r\n2.持續排風狀態\r\n3.使用安全工具(不形成火源)	[優等]1.於噴櫃範圍內\r\n2.持續排風狀態\r\n3.使用安全工具(不形成火源)	100	\N				08c7c720-65e0-5a94-93ef-0b36f2e18cb4	8	30	\N	整齊清潔	噴槍清潔	\N	\N	\N
145	21	2	\N	349	1		人員因素	null	1.噴房內新粉為當班用量\r\n2.回收粉每班移出噴房	[優等]1.噴房內新粉為當班用量\r\n2.回收粉每班移出噴房	100	\N				91566905-73d8-5fd7-b93b-02636835a75d	8	31	\N	整齊清潔	粉末存量	\N	\N	\N
146	21	2	\N	355	1		人員因素	null	每班重簽，遵守動火前中後安全事項	[優等]每班重簽，遵守動火前中後安全事項	100	\N				680b62fb-d0fe-5cfc-845b-c9bf0064e981	9	32	\N	點火源管理	動火管制	\N	\N	\N
147	21	2	\N	361	1		人員因素	null	嚴格吸菸管制，適當聲明與標示，完全無違規	[優等]嚴格吸菸管制，適當聲明與標示，完全無違規	100	\N				da126e05-74a8-5098-8bf3-af84cc54d8f4	9	33	\N	點火源管理	吸菸管制	\N	\N	\N
148	21	2	\N	367	2		人員因素	null	人員進入噴房穿著防靜電服、鞋、帽	[滿意]	90	\N				256a0a2a-d7eb-549c-87be-4f9a4277c244	9	34	\N	點火源管理	靜電防制	\N	\N	\N
149	21	2	\N	373	1		人員因素	null	有詳盡SOP，輔以圖片說明，有員工訓練記錄	[優等]有詳盡SOP，輔以圖片說明，有員工訓練記錄	100	\N				be53467d-2d48-5607-b3df-098c3eb82d67	10	35	\N	設備檢測與維護	設備檢查測試維護SOP	\N	\N	\N
150	21	2	48	379	1		人員因素	噴塗設備	1.建立完整檢測維保計畫(參考指引5.1-6)\r\n2.保護裝置及急停開關每二週測試一次\r\n3.執行記錄良好	[優等]1.建立完整檢測維保計畫(參考指引5.1-6)\r\n2.保護裝置及急停開關每二週測試一次\r\n3.執行記錄良好	100	\N				4429d5a2-823f-5c5a-9e98-7239bf2e839b	10	36	\N	設備檢測與維護	設備檢測維護	\N	\N	\N
151	21	2	49	385	1		人員因素	烘烤設備	1.依製造商建議建立完整檢查維保計畫\r\n2.保護裝置(參考指引5.4-2)每二週測試一次\r\n3.執行記錄良好	[優等]1.依製造商建議建立完整檢查維保計畫\r\n2.保護裝置(參考指引5.4-2)每二週測試一次\r\n3.執行記錄良好	100	\N				a5e8332c-7cdd-5760-bb25-348215fb957a	10	36	\N	設備檢測與維護	設備檢測維護	\N	\N	\N
152	21	2	50	391	1		人員因素	爆炸保護裝置	洩爆、抑爆及隔爆裝置(參考指引5.3)建立完整檢查維保計畫，執行記錄良好	[優等]洩爆、抑爆及隔爆裝置(參考指引5.3)建立完整檢查維保計畫，執行記錄良好	100	\N				dab03483-d08c-524a-b94e-cf7645e93943	10	36	\N	設備檢測與維護	設備檢測維護	\N	\N	\N
153	21	2	\N	397	1		人員因素	null	(1)計劃書應包括對噴塗線危險源所編制的專項應變計劃，至少包括火災、粉塵爆炸等項目\r\n(2)應急演練至少每半年1次，並留存記錄	[優等](1)計劃書應包括對噴塗線危險源所編制的專項應變計劃，至少包括火災、粉塵爆炸等項目\r\n(2)應急演練至少每半年1次，並留存記錄	100	\N				dea40e99-3c63-5de1-ab7e-dbf41687ed4a	11	37	\N	緊急應變	應急計畫與演練	\N	\N	\N
154	21	2	\N	403	1		人員因素	null	警報傳送緊急應變中心或者消防控制室， 人員24小時值班，明確了解應變流程	[優等]警報傳送緊急應變中心或者消防控制室， 人員24小時值班，明確了解應變流程	100	\N				a886385f-bdbe-5d3a-bf3c-5b94456766fe	11	38	\N	緊急應變	緊急應變中心	\N	\N	\N
155	21	2	\N	409	1		人員因素	null	經特殊風險教育訓練，持證上崗	[優等]經特殊風險教育訓練，持證上崗	100	\N				2b6d3f0c-de16-51b5-a727-428daef250d2	12	39	\N	教育訓練	噴塗作業員工	\N	\N	\N
156	21	2	\N	415	1		人員因素	null	包括噴塗線健康危害、安全知識與個人護具使用，有培訓記錄	[優等]包括噴塗線健康危害、安全知識與個人護具使用，有培訓記錄	100	\N				cb252c15-7c63-5762-b0e6-4c8c0940ae91	12	40	\N	教育訓練	一般員工	\N	\N	\N
157	21	3	\N	421	1		消防系統	null	滅火器型式、數量、功能、標示均良好	[優等]滅火器型式、數量、功能、標示均良好	100	\N				13bc1911-354e-511f-aa46-252b9a4a3525	13	41	\N	手動滅火設備	手提式滅火器	\N	\N	\N
158	21	3	\N	427	1		消防系統	null	室內栓數量、功能、標示均良好	[優等]室內栓數量、功能、標示均良好	100	\N				f6a73e1d-1626-56f9-a502-54e32b8f0c89	13	42	\N	手動滅火設備	室內消火栓	\N	\N	\N
159	21	3	\N	433	1		消防系統	null	車間內全面安裝自動滅火系統	[優等]車間內全面安裝自動滅火系統	100	\N				3d819475-b2eb-5e8f-854e-5078e0cb1c18	14	43	\N	自動滅火系統\r\n	噴塗車間(噴房以外)	\N	\N	\N
160	21	3	51	439	1		消防系統	噴房自動滅火	依NFPA或國標設計，具足夠滅火效能，能提供計算書圖	[優等]依NFPA或國標設計，具足夠滅火效能，能提供計算書圖	100	\N				eddf8bcf-d9fc-5ece-8f77-6b20b3b7bb5c	14	44	\N	自動滅火系統\r\n	噴房	\N	\N	\N
161	21	3	52	445	1		消防系統	聯鎖功能	1.地區警報\r\n2.移報至火警系統\r\n3.切斷供粉\r\n4.切斷噴塗\r\n5.切斷輸送帶	[優等]1.地區警報\r\n2.移報至火警系統\r\n3.切斷供粉\r\n4.切斷噴塗\r\n5.切斷輸送帶	100	\N				06134a3f-d844-5353-87da-2f5f12c1a74d	14	44	\N	自動滅火系統\r\n	噴房	\N	\N	\N
162	21	3	53	451	2		消防系統	噴櫃自動滅火	1.開放濕式自動系統或氣體系統，由火焰探測器啟動\r\n2.噴房出口或易於操作處設手動啟動開關	[滿意]1.開放濕式自動系統或氣體系統，由火焰探測器啟動\r\n2.無手動啟動開關或位置不易接近	90	\N				5d871dd1-92e5-5990-bc5a-471c76711f27	14	45	\N	自動滅火系統\r\n	噴櫃	\N	\N	\N
164	21	3	\N	463	1		消防系統	null	車間內探測器型式、數量、功能良好，訊號傳至常時有人的中控室	[優等]車間內探測器型式、數量、功能良好，訊號傳至常時有人的中控室	100	\N				4df3d939-edb3-51ea-a879-0450a47e743e	15	46	\N	火災偵測及報警系統	火災偵測及報警系統	\N	\N	\N
165	21	3	\N	469	1		消防系統	null	1.安裝一至數個，角度覆蓋全區\r\n2.反應時間0.5秒	[優等]1.安裝一至數個，角度覆蓋全區\r\n2.反應時間0.5秒	100	\N				93a544e8-cd07-5371-9eb0-5206376b8a0c	15	47	\N	火災偵測及報警系統	噴櫃火焰探測器	\N	\N	\N
166	21	3	\N	475	1		消防系統	null	依NFPA或國標進行水力計算，能提供計算書/圖紙；通過當地政府消防驗收，能提供驗收資料	[優等]依NFPA或國標進行水力計算，能提供計算書/圖紙；通過當地政府消防驗收，能提供驗收資料	100	\N				5a23f527-b615-5ae6-8113-d62f64a682a0	16	48	\N	消防供水	消防水池容量	\N	\N	\N
167	21	3	\N	481	1		消防系統	null	電動泵、柴油泵一用一備，UL/FM認證	[優等]電動泵、柴油泵一用一備，UL/FM認證	100	\N				527f2480-bdfc-54fa-b88c-96edd02728cd	16	49	\N	消防供水	消防泵	\N	\N	\N
168	21	3	\N	487	1		消防系統	null	(1)有規律的檢查、測試及保養排程，記錄完整\r\n(2)對缺失實施追蹤，均已改善完成	[優等](1)有規律的檢查、測試及保養排程，記錄完整\r\n(2)對缺失實施追蹤，均已改善完成	100	\N				1136cee6-b2e2-5c6e-bb4e-a7a941a9f0fe	17	50	\N	消防系統檢測與維護	火警自動報警系統 	\N	\N	\N
169	21	3	\N	493	1		消防系統	null	(1)有規律的檢查、測試及保養排程，記錄完整\r\n(2)對缺失實施追蹤，均已改善完成	[優等](1)有規律的檢查、測試及保養排程，記錄完整\r\n(2)對缺失實施追蹤，均已改善完成	100	\N				9e3762d0-4aca-550a-afbb-e62425ef831d	17	51	\N	消防系統檢測與維護	手提式滅火器	\N	\N	\N
170	21	3	\N	499	1		消防系統	null	(1)有規律的檢查、測試及保養排程，記錄完整\r\n(2)對缺失實施追蹤，均已改善完成	[優等](1)有規律的檢查、測試及保養排程，記錄完整\r\n(2)對缺失實施追蹤，均已改善完成	100	\N				65e7d685-b6a9-53fe-94ce-cb17a36ed3af	17	52	\N	消防系統檢測與維護	室內消火栓   	\N	\N	\N
171	21	3	\N	506	2		消防系統	null	(1)有規律的檢查、測試及保養排程，記錄完整\r\n(2)對缺失實施追蹤，均已改善完成	[滿意]	90	2				cd91ac43-5596-5649-a40a-5ad241d170a3	17	53	\N	消防系統檢測與維護	噴淋系統	\N	\N	\N
172	21	3	\N	512	2	測試3	消防系統	null	(1)有規律的檢查、測試及保養排程，記錄完整\r\n(2)對缺失實施追蹤，均已改善完成	[滿意]	90	2	/images/P5/U17/6342ef4784589a54cc5c4b71cfdcbbf4.png			e23670db-0d79-53e4-8c12-065b9a90e9de	17	54	\N	消防系統檢測與維護	消防泵	\N	\N	\N
163	21	3	54	457	1		消防系統	聯鎖功能	1.地區警報\r\n2.移報至火警系統\r\n3.切斷供粉\r\n4.切斷噴塗\r\n5.切斷輸送帶\r\n6.停止排氣\r\n7.關閉隔離閥門\r\n8.切斷噴塗系統電源	[優等]1.地區警報\r\n2.移報至火警系統\r\n3.切斷供粉\r\n4.切斷噴塗\r\n5.切斷輸送帶\r\n6.停止排氣\r\n7.關閉隔離閥門\r\n8.切斷噴塗系統電源	100	\N				63ae8a3e-49cc-5694-b90f-42018b92edba	14	45	\N	自動滅火系統\r\n	噴櫃	\N	\N	\N
173	22	1	1	2	2		危險性	材質構造	[滿意]	[滿意]	90	\N				ad20602a-585a-5575-ab75-9fdb9d56a9d5	1	1	\N	噴塗作業	噴房	0.38	0.20000000000000001	0.10000000000000001
174	22	1	2	7	1		危險性	完整性	[優等]牆面無非必要孔洞及縫隙，或填塞良好	[優等]牆面無非必要孔洞及縫隙，或填塞良好	100	\N				9b68c79c-0a3e-526f-be9d-c057d25ccc30	1	1	\N	噴塗作業	噴房	0.38	0.20000000000000001	0.10000000000000001
175	22	1	3	13	1		危險性	材質	[優等]金屬或不燃材質	[優等]金屬或不燃材質	100	\N				60c5b2ed-b112-5bb5-99e4-88e147355766	1	2	\N	噴塗作業	自動噴櫃	0.38	0.20000000000000001	0.14999999999999999
176	22	1	4	19	1		危險性	完整性	[優等]1.上方密封，僅工件進出及噴塗作業必要開口\r\n2.牆面無非必要孔洞及縫隙或填塞良好	[優等]1.上方密封，僅工件進出及噴塗作業必要開口\r\n2.牆面無非必要孔洞及縫隙或填塞良好	100	\N				ee6f41e0-223b-5900-bb06-a69148482cdc	1	2	\N	噴塗作業	自動噴櫃	0.38	0.20000000000000001	0.14999999999999999
177	22	1	5	25	1		危險性	材質	[優等]金屬或不燃材質	[優等]金屬或不燃材質	100	\N				d008c4ce-ecbe-5fb7-93d2-60818b6cd81d	1	3	\N	噴塗作業	手動(補噴)噴櫃	0.38	0.20000000000000001	0.10000000000000001
178	22	1	6	31	1		危險性	完整性	[優等]1.上方密封，僅工件進出及噴塗作業開口\r\n2.牆面無非必要孔洞及縫隙或填塞良好	[優等]1.上方密封，僅工件進出及噴塗作業開口\r\n2.牆面無非必要孔洞及縫隙或填塞良好	100	\N				47472521-1348-50ca-83f5-6739ab740b0f	1	3	\N	噴塗作業	手動(補噴)噴櫃	0.38	0.20000000000000001	0.10000000000000001
179	22	1	7	37	1		危險性	輸送帶	[優等]輸送帶與噴塗作業及供粉系統聯動	[優等]輸送帶與噴塗作業及供粉系統聯動	100	\N				02264dde-e71a-57c7-9071-e868c14fb883	1	4	\N	噴塗作業	安全聯鎖	0.38	0.20000000000000001	0.34999999999999998
180	22	1	8	43	1		危險性	噴槍安全距離	[優等]噴槍電極與工件自動保持安全距離，並與噴槍電源聯鎖	[優等]噴槍電極與工件自動保持安全距離，並與噴槍電源聯鎖	100	\N				1c98847f-868c-53c8-bc99-258a1545766d	1	4	\N	噴塗作業	安全聯鎖	0.38	0.20000000000000001	0.34999999999999998
181	22	1	9	49	1		危險性	位置	[優等]噴房出口或易於操作處	[優等]噴房出口或易於操作處	100	\N				dfe240cc-36d8-5021-b36d-12f68a64b327	1	5	\N	噴塗作業	手動急停按鈕	0.38	0.20000000000000001	0.29999999999999999
182	22	1	10	55	1		危險性	聯鎖功能	[優等]1.地區警報\r\n2.切斷供粉\r\n3.切斷噴塗\r\n4.切斷輸送帶	[優等]1.地區警報\r\n2.切斷供粉\r\n3.切斷噴塗\r\n4.切斷輸送帶	100	\N				6ff52a1a-a824-512a-82fd-c20d743b7583	1	5	\N	噴塗作業	手動急停按鈕	0.38	0.20000000000000001	0.29999999999999999
183	22	1	11	61	1		危險性	防爆電氣	[優等]1.電氣設備選型符合防爆分區\r\n2.施工符合標準	[優等]1.電氣設備選型符合防爆分區\r\n2.施工符合標準	100	\N				5c97c620-8207-50bf-be54-ce7ab84d0b89	2	6	\N	防爆電氣	自動噴櫃	0.38	0.13	0.59999999999999998
184	22	1	12	67	1		危險性	燈具構造	[優等]燈具整合於側牆或頂蓋、面板為防火玻璃、燈具防爆	[優等]燈具整合於側牆或頂蓋、面板為防火玻璃、燈具防爆	100	\N				eaea327f-34f7-50fa-a822-d5bac41c482d	2	6	\N	防爆電氣	自動噴櫃	0.38	0.13	0.59999999999999998
185	22	1	13	73	1		危險性	燈具面溫	[優等]面溫不高於室溫+11°C、93°C	[優等]面溫不高於室溫+11°C、93°C	100	\N				1ee436d0-a723-5b4c-9116-42d7d60eac49	2	6	\N	防爆電氣	自動噴櫃	0.38	0.13	0.59999999999999998
186	22	1	14	79	1		危險性	防爆電氣	[優等]1.電氣設備選型符合防爆分區\r\n2.施工符合標準	[優等]1.電氣設備選型符合防爆分區\r\n2.施工符合標準	100	\N				ea427773-9235-5272-a5b8-b8093f1f9250	2	7	\N	防爆電氣	手動(補噴)噴櫃	0.38	0.13	0.40000000000000002
187	22	1	15	85	1		危險性	燈具構造	[優等]燈具整合於側牆或頂蓋、面板為防火玻璃、燈具防爆	[優等]燈具整合於側牆或頂蓋、面板為防火玻璃、燈具防爆	100	\N				6633c6c8-707e-5386-82ac-3cf55f9d02d4	2	7	\N	防爆電氣	手動(補噴)噴櫃	0.38	0.13	0.40000000000000002
188	22	1	16	91	1		危險性	燈具面溫	[優等]面溫不高於室溫+11°C、93°C	[優等]面溫不高於室溫+11°C、93°C	100	\N				e6f49058-7918-548b-8ad9-4a4c6b4bd5fe	2	7	\N	防爆電氣	手動(補噴)噴櫃	0.38	0.13	0.40000000000000002
189	22	1	\N	97	1		危險性	null	[優等]進噴房前導除靜電	[優等]進噴房前導除靜電	100	\N				d9c2126a-5ddf-523f-a1cc-e562d6d0e791	3	8	\N	靜電控制	人員	0.38	0.17000000000000001	0.14999999999999999
190	22	1	\N	103	1		危險性	null	[優等]導電材質，接地電阻小於10的6次方歐姆，有材質證明或實測資料	[優等]導電材質，接地電阻小於10的6次方歐姆，有材質證明或實測資料	100	\N				e771e905-e6f1-57e8-a11a-5730ddcf199f	3	9	\N	靜電控制	噴房地板	0.38	0.17000000000000001	0.10000000000000001
191	22	1	17	109	1		危險性	設備及容器	[優等]金屬設備外殼、工作台、容器、管線、風管等皆適當跨接及接地，接地電阻小於10的6次方歐姆，有實測資料	[優等]金屬設備外殼、工作台、容器、管線、風管等皆適當跨接及接地，接地電阻小於10的6次方歐姆，有實測資料	100	\N				6c7b47e4-d203-55fc-b5ef-0e0ebaf26e58	3	10	\N	靜電控制	噴塗設備	0.38	0.17000000000000001	0.75
192	22	1	18	115	1		危險性	供粉管路	[優等]導電材質，接地電阻小於10的6次方歐姆，有材質證明或實測資料	[優等]導電材質，接地電阻小於10的6次方歐姆，有材質證明或實測資料	100	\N				06f23ca3-d2dc-5daf-8ae0-8a68987926ce	3	10	\N	靜電控制	噴塗設備	0.38	0.17000000000000001	0.75
193	22	1	19	121	1		危險性	手噴槍	[優等]握柄為導電材質且接地，接地電阻小於10的6次方歐姆，有實測資料	[優等]握柄為導電材質且接地，接地電阻小於10的6次方歐姆，有實測資料	100	\N				7ad0be12-b43f-5f8b-8060-b5c216845679	3	10	\N	靜電控制	噴塗設備	0.38	0.17000000000000001	0.75
194	22	1	20	127	1		危險性	回收/集塵設備濾袋	[優等]靜電消散材質，接地電阻小於10的10次方歐姆，有材質證明或實測資料	[優等]靜電消散材質，接地電阻小於10的10次方歐姆，有材質證明或實測資料	100	\N				832d973c-78f1-5e71-9f0e-679b09e0a620	3	10	\N	靜電控制	噴塗設備	0.38	0.17000000000000001	0.75
195	22	1	21	133	1		危險性	濾材	[優等]濾材符合ANSI/UL 900 Class1, 2	[優等]濾材符合ANSI/UL 900 Class1, 2	100	\N				03f76e91-96b4-5a16-9ef8-7892a7e78110	4	11	\N	通風排氣	噴房空調	0.38	0.28000000000000003	0.050000000000000003
196	22	1	22	139	1		危險性	外氣供應	[優等]自外部引進潔淨新風	[優等]自外部引進潔淨新風	100	\N				d9bead27-3a58-5f78-bd99-1a68acf973c1	4	11	\N	通風排氣	噴房空調	0.38	0.28000000000000003	0.050000000000000003
197	22	1	23	145	1		危險性	外部火災防護	[優等]風機下游側裝設風管內煙感，車間外部火災時可聯動切斷風機	[優等]風機下游側裝設風管內煙感，車間外部火災時可聯動切斷風機	100	\N				e6e14418-2b92-54d9-8260-45a3ddd5c9b1	4	11	\N	通風排氣	噴房空調	0.38	0.28000000000000003	0.050000000000000003
198	22	1	24	151	1		危險性	獨立系統	[優等]每一自動、手動噴塗區設獨立排氣/粉末回收系統，設備未共用，風管未於任何位置併聯	[優等]每一自動、手動噴塗區設獨立排氣/粉末回收系統，設備未共用，風管未於任何位置併聯	100	\N				ce0f6bd7-e6fb-548b-b4ca-eb3190ba7511	4	12	\N	通風排氣	噴櫃排風系統	0.38	0.28000000000000003	0.14999999999999999
199	22	1	25	157	1		危險性	尾氣循環	[優等]回收系統尾氣排至屋外未循環	[優等]回收系統尾氣排至屋外未循環	100	\N				d23afab7-343b-575e-984e-d8710a347a36	4	12	\N	通風排氣	噴櫃排風系統	0.38	0.28000000000000003	0.14999999999999999
200	22	1	26	163	1		危險性	排風風量	[優等]滿足最大粉塵濃度小於50%MEC，可提供計算書	[優等]滿足最大粉塵濃度小於50%MEC，可提供計算書	100	\N				77144cbe-469c-5a62-8414-fdae3d8fbab2	4	13	\N	通風排氣	噴櫃排風設計	0.38	0.28000000000000003	0.5
201	22	1	27	169	1		危險性	排風風速	[優等]20 m/s及以上，有實測數據	[優等]20 m/s及以上，有實測數據	100	\N				fd48fe26-79ad-5395-9529-ac387de0b20c	4	13	\N	通風排氣	噴櫃排風設計	0.38	0.28000000000000003	0.5
202	22	1	28	175	1		危險性	噴櫃開口風速	[優等]0.6 m/s以上，有實測數據	[優等]0.6 m/s以上，有實測數據	100	\N				f486038b-525f-5f1e-81b5-94f37a57b925	4	13	\N	通風排氣	噴櫃排風設計	0.38	0.28000000000000003	0.5
203	22	1	\N	181	1		危險性	null	[優等]排風與噴塗作業及供粉系統聯動	[優等]排風與噴塗作業及供粉系統聯動	100	\N				cabbbd8a-2c35-56fc-9b3a-556b05b062dc	4	14	\N	通風排氣	安全聯鎖	0.38	0.28000000000000003	0.29999999999999999
204	22	1	29	187	1		危險性	位置	[優等]屋外獨立建物	[優等]屋外獨立建物	100	\N				afc4ae9b-3e59-5a69-8a7b-ff85228870f5	5	15	\N	爆炸保護	噴房	0.38	0.080000000000000002	0.29999999999999999
205	22	1	30	193	1		危險性	洩爆	[優等]依指引4.1-2設置洩爆/抗爆牆，依相關標準設計，可提供計算書圖	[優等]依指引4.1-2設置洩爆/抗爆牆，依相關標準設計，可提供計算書圖	100	\N				3a2b28a3-37d9-5daf-b7aa-328202f8ae10	5	15	\N	爆炸保護	噴房	0.38	0.080000000000000002	0.29999999999999999
206	22	1	31	199	1		危險性	洩爆裝置認證	[優等]裝置經合格機構認證	[優等]裝置經合格機構認證	100	\N				a611cb91-d462-5fd6-9f01-614ed927886e	5	15	\N	爆炸保護	噴房	0.38	0.080000000000000002	0.29999999999999999
207	22	1	32	205	1		危險性	位置	[優等]屋外、噴房以外的獨立區劃	[優等]屋外、噴房以外的獨立區劃	100	\N				9f5fe369-20bb-5f08-8d0f-3c2b9572c29a	5	16	\N	爆炸保護	回收/集塵設備	0.38	0.080000000000000002	0.29999999999999999
208	22	1	33	211	1		危險性	洩爆/抑爆	[優等]依指引4.4.1設置洩爆裝置，依相關標準設計，可提供計算書圖	[優等]依指引4.4.1設置洩爆裝置，依相關標準設計，可提供計算書圖	100	\N				0f5646d0-ca72-5562-83bc-0d8c152f050e	5	16	\N	爆炸保護	回收/集塵設備	0.38	0.080000000000000002	0.29999999999999999
209	22	1	34	217	1		危險性	洩爆/抑爆裝置認證	[優等]裝置經合格實驗室認證	[優等]裝置經合格實驗室認證	100	\N				2a90f49b-ddaf-533c-9560-4afa2eae3761	5	16	\N	爆炸保護	回收/集塵設備	0.38	0.080000000000000002	0.29999999999999999
210	22	1	35	223	1		危險性	隔爆	[優等]噴櫃與回收設備界面依指引4.4.3設置隔爆裝置，依相關標準設計，可提供計算書圖	[優等]噴櫃與回收設備界面依指引4.4.3設置隔爆裝置，依相關標準設計，可提供計算書圖	100	\N				d63e3e27-e1eb-5c4c-9f60-4b2ca7e3093e	5	17	\N	爆炸保護	界面防護	0.38	0.080000000000000002	0.40000000000000002
211	22	1	36	229	1		危險性	隔爆裝置認證	[優等]裝置經合格機構認證	[優等]裝置經合格機構認證	100	\N				90ace0ae-1185-5200-84d0-1c50b4fddf1f	5	17	\N	爆炸保護	界面防護	0.38	0.080000000000000002	0.40000000000000002
212	22	1	37	235	1		危險性	超高溫聯鎖	[優等]1.獨立的實體開關切斷燃料供應\r\n2.小於[工作溫度+28°C]或[自燃  -55°C]\r\n3.聲光音響警報	[優等]1.獨立的實體開關切斷燃料供應\r\n2.小於[工作溫度+28°C]或[自燃  -55°C]\r\n3.聲光音響警報	100	\N				12791414-06ae-5a60-994f-ac9badfc89ae	6	18	\N	烘烤作業(烤爐、剝漆爐)	溫度控制	0.38	0.14000000000000001	0.10000000000000001
213	22	1	38	241	1		危險性	管路敷設	[優等]1.路徑未經地下室或難以接近的密閉區域\r\n2. 不易受外力損壞或腐蝕	[優等]1.路徑未經地下室或難以接近的密閉區域\r\n2. 不易受外力損壞或腐蝕	100	\N				c54879dd-732c-53c8-a506-cd0cd35f29df	6	19	\N	烘烤作業(烤爐、剝漆爐)	燃氣管路	0.38	0.14000000000000001	0.25
214	22	1	39	247	1		危險性	安全閥	[優等]1. 母火與主火管路獨立，各二個安全閥\r\n2. 超過117kW管路，至少一個閥門附關閉指示開關	[優等]1. 母火與主火管路獨立，各二個安全閥\r\n2. 超過117kW管路，至少一個閥門附關閉指示開關	100	\N				4b011e2f-cc12-5934-ac06-53123a03b484	6	19	\N	烘烤作業(烤爐、剝漆爐)	燃氣管路	0.38	0.14000000000000001	0.25
215	22	1	40	253	1		危險性	閥門洩漏測試裝置	[優等]安全閥下游側均設洩漏測試裝置	[優等]安全閥下游側均設洩漏測試裝置	100	\N				4874de12-86aa-57cd-b50f-deedc06420eb	6	19	\N	烘烤作業(烤爐、剝漆爐)	燃氣管路	0.38	0.14000000000000001	0.25
216	22	1	41	259	1		危險性	手動遮斷閥	[優等]1.位於爐區外易於接近處，洩漏時可迅速關閉\r\n2.均有明顯標示	[優等]1.位於爐區外易於接近處，洩漏時可迅速關閉\r\n2.均有明顯標示	100	\N				9a642923-65cb-5941-a5bc-7ebac9534566	6	19	\N	烘烤作業(烤爐、剝漆爐)	燃氣管路	0.38	0.14000000000000001	0.25
217	22	1	42	265	1		危險性	壓力聯鎖	[優等]管路壓力過高或過低，可聯鎖關閉安全閥	[優等]管路壓力過高或過低，可聯鎖關閉安全閥	100	\N				fdbe0258-8fd7-53e8-922a-6e12836ba7a7	6	20	\N	烘烤作業(烤爐、剝漆爐)	燃氣安全	0.38	0.14000000000000001	0.25
218	22	1	43	271	1		危險性	火焰偵測器	[優等]燃燒室設火焰偵測器，熄火時自動切斷燃料供應	[優等]燃燒室設火焰偵測器，熄火時自動切斷燃料供應	100	\N				4f367aa8-30de-52a5-929a-0e3a50c3bb43	6	20	\N	烘烤作業(烤爐、剝漆爐)	燃氣安全	0.38	0.14000000000000001	0.25
219	22	1	44	277	1		危險性	燃氣洩漏探測	[優等]1.依空氣相對比重於高/低處設置\r\n2.燃燒器水平距離8m/4m範圍內\r\n3.訊號於常時有人處監控\r\n4.地區聲光報警	[優等]1.依空氣相對比重於高/低處設置\r\n2.燃燒器水平距離8m/4m範圍內\r\n3.訊號於常時有人處監控\r\n4.地區聲光報警	100	\N				358dd593-2e3e-5bdf-8095-133b0eaf604f	6	20	\N	烘烤作業(烤爐、剝漆爐)	燃氣安全	0.38	0.14000000000000001	0.25
220	22	1	45	283	1		危險性	吹驅程序	[優等]1.操作程序明確\r\n2.換氣量為體積的4倍	[優等]1.操作程序明確\r\n2.換氣量為體積的4倍	100	\N				01113583-be58-513b-9147-da7965bedb80	6	21	\N	烘烤作業(烤爐、剝漆爐)	排氣系統	0.38	0.14000000000000001	0.10000000000000001
221	22	1	46	289	1		危險性	排氣管路	[優等]獨立，未與其他制程排氣併聯	[優等]獨立，未與其他制程排氣併聯	100	\N				5317beac-c486-5596-b8a7-d83948ac1142	6	21	\N	烘烤作業(烤爐、剝漆爐)	排氣系統	0.38	0.14000000000000001	0.10000000000000001
222	22	1	47	295	1		危險性	風機聯鎖	[優等]排氣風機、循環風機、燃燒室風機均與加熱系統聯動	[優等]排氣風機、循環風機、燃燒室風機均與加熱系統聯動	100	\N				133888e4-73e9-5b80-8c11-585a63fb3f8b	6	22	\N	烘烤作業(烤爐、剝漆爐)	安全聯鎖	0.38	0.14000000000000001	0.25
223	22	1	\N	301	1		危險性	null	[優等]可燃物距離3m以上	[優等]可燃物距離3m以上	100	\N				37021fb1-581c-504d-8a6d-a5eb98842705	6	23	\N	烘烤作業(烤爐、剝漆爐)	週邊淨空	0.38	0.14000000000000001	0.050000000000000003
224	22	2	\N	307	1		人員因素	null	[優等]事業群高層每月巡檢並參與EHS會議及活動	[優等]事業群高層每月巡檢並參與EHS會議及活動	100	\N				08a912d9-a692-5f36-a4ed-8a52b610fdf9	7	24	\N	安全管理	有感領導	0.28000000000000003	0.080000000000000002	0.20000000000000001
225	22	2	\N	313	1		人員因素	null	[優等]有詳盡安全操作SOP，輔以圖片說明，有員工訓練記錄	[優等]有詳盡安全操作SOP，輔以圖片說明，有員工訓練記錄	100	\N				dc59309b-5f0d-55e6-8fb3-accaeb4e9b7c	7	25	\N	安全管理	安全操作SOP	0.28000000000000003	0.080000000000000002	0.40000000000000002
226	22	2	\N	319	1		人員因素	null	[優等]有變更管理程序、表單，有員工訓練記錄	[優等]有變更管理程序、表單，有員工訓練記錄	100	\N				cafb2f78-1551-505e-a43d-779dc8ef5aca	7	26	\N	安全管理	變更管理	0.28000000000000003	0.080000000000000002	0.20000000000000001
227	22	2	\N	325	1		人員因素	null	[優等]核發工作許可證前，進行承商教育及危害告知並留存記錄	[優等]核發工作許可證前，進行承商教育及危害告知並留存記錄	100	\N				06014339-0a0f-5638-8e34-d2c80f6547a5	7	27	\N	安全管理	承商管理	0.28000000000000003	0.080000000000000002	0.20000000000000001
228	22	2	\N	331	1		人員因素	null	[優等]有噴房、噴櫃粉塵檢查及清潔計畫，含開放及隱蔽區域，執行記錄良好	[優等]有噴房、噴櫃粉塵檢查及清潔計畫，含開放及隱蔽區域，執行記錄良好	100	\N				59cd00dd-2acb-5379-866e-cf5c737610ab	8	28	\N	整齊清潔	粉塵檢查清潔計畫	0.28000000000000003	0.29999999999999999	0.34999999999999998
229	22	2	\N	337	1		人員因素	null	[優等]真空吸塵方式，吸塵器滿足指引5.2-7要求	[優等]真空吸塵方式，吸塵器滿足指引5.2-7要求	100	\N				e333c826-4586-546f-82a4-756c91222439	8	29	\N	整齊清潔	粉塵清潔方式	0.28000000000000003	0.29999999999999999	0.25
230	22	2	\N	344	2		人員因素	null	[滿意]	[滿意]	90	\N				2d345896-2fdf-546e-8e00-87c2355b46d4	8	30	\N	整齊清潔	噴槍清潔	0.28000000000000003	0.29999999999999999	0.14999999999999999
231	22	2	\N	349	1		人員因素	null	[優等]1.噴房內新粉為當班用量\r\n2.回收粉每班移出噴房	[優等]1.噴房內新粉為當班用量\r\n2.回收粉每班移出噴房	100	\N				42a5b8dc-df89-51c1-9c66-2bf3d53ad02a	8	31	\N	整齊清潔	粉末存量	0.28000000000000003	0.29999999999999999	0.25
232	22	2	\N	355	1		人員因素	null	[優等]每班重簽，遵守動火前中後安全事項	[優等]每班重簽，遵守動火前中後安全事項	100	\N				11f4aab8-cd34-5c2e-9d68-5d6a0d5df1ae	9	32	\N	點火源管理	動火管制	0.28000000000000003	0.12	0.29999999999999999
233	22	2	\N	361	1		人員因素	null	[優等]嚴格吸菸管制，適當聲明與標示，完全無違規	[優等]嚴格吸菸管制，適當聲明與標示，完全無違規	100	\N				e8d30c61-e509-5c2d-afe8-2bac2dc2be86	9	33	\N	點火源管理	吸菸管制	0.28000000000000003	0.12	0.29999999999999999
234	22	2	\N	367	1		人員因素	null	[優等]人員進入噴房穿著防靜電服、鞋、帽	[優等]人員進入噴房穿著防靜電服、鞋、帽	100	\N				d358a288-a3e9-55fe-93a5-83391c626325	9	34	\N	點火源管理	靜電防制	0.28000000000000003	0.12	0.40000000000000002
235	22	2	\N	373	1		人員因素	null	[優等]有詳盡SOP，輔以圖片說明，有員工訓練記錄	[優等]有詳盡SOP，輔以圖片說明，有員工訓練記錄	100	\N				f1fbe0ee-8ed2-5b3b-a9e6-8b524d8020ed	10	35	\N	設備檢測與維護	設備檢查測試維護SOP	0.28000000000000003	0.34999999999999998	0.29999999999999999
236	22	2	48	379	1		人員因素	噴塗設備	[優等]1.建立完整檢測維保計畫(參考指引5.1-6)\r\n2.保護裝置及急停開關每二週測試一次\r\n3.執行記錄良好	[優等]1.建立完整檢測維保計畫(參考指引5.1-6)\r\n2.保護裝置及急停開關每二週測試一次\r\n3.執行記錄良好	100	\N				53a4e960-c0f8-5691-b274-2599047a954b	10	36	\N	設備檢測與維護	設備檢測維護	0.28000000000000003	0.34999999999999998	0.69999999999999996
237	22	2	49	385	1		人員因素	烘烤設備	[優等]1.依製造商建議建立完整檢查維保計畫\r\n2.保護裝置(參考指引5.4-2)每二週測試一次\r\n3.執行記錄良好	[優等]1.依製造商建議建立完整檢查維保計畫\r\n2.保護裝置(參考指引5.4-2)每二週測試一次\r\n3.執行記錄良好	100	\N				885d637d-9f1a-548b-9018-b8f4c1771a11	10	36	\N	設備檢測與維護	設備檢測維護	0.28000000000000003	0.34999999999999998	0.69999999999999996
238	22	2	50	391	1		人員因素	爆炸保護裝置	[優等]洩爆、抑爆及隔爆裝置(參考指引5.3)建立完整檢查維保計畫，執行記錄良好	[優等]洩爆、抑爆及隔爆裝置(參考指引5.3)建立完整檢查維保計畫，執行記錄良好	100	\N				d06492d0-4796-569b-80e3-913080a58146	10	36	\N	設備檢測與維護	設備檢測維護	0.28000000000000003	0.34999999999999998	0.69999999999999996
239	22	2	\N	397	1		人員因素	null	[優等](1)計劃書應包括對噴塗線危險源所編制的專項應變計劃，至少包括火災、粉塵爆炸等項目\r\n(2)應急演練至少每半年1次，並留存記錄	[優等](1)計劃書應包括對噴塗線危險源所編制的專項應變計劃，至少包括火災、粉塵爆炸等項目\r\n(2)應急演練至少每半年1次，並留存記錄	100	\N				2e745919-ab5e-5b49-88fc-af0c6287134f	11	37	\N	緊急應變	應急計畫與演練	0.28000000000000003	0.10000000000000001	0.5
240	22	2	\N	403	1		人員因素	null	[優等]警報傳送緊急應變中心或者消防控制室， 人員24小時值班，明確了解應變流程	[優等]警報傳送緊急應變中心或者消防控制室， 人員24小時值班，明確了解應變流程	100	\N				2377a7b0-10f4-5efd-a9e3-2d07d3702af4	11	38	\N	緊急應變	緊急應變中心	0.28000000000000003	0.10000000000000001	0.5
241	22	2	\N	409	1		人員因素	null	[優等]經特殊風險教育訓練，持證上崗	[優等]經特殊風險教育訓練，持證上崗	100	\N				b283da17-d1dc-50a9-a9af-ffe47cfcddb7	12	39	\N	教育訓練	噴塗作業員工	0.28000000000000003	0.050000000000000003	0.59999999999999998
242	22	2	\N	415	1		人員因素	null	[優等]包括噴塗線健康危害、安全知識與個人護具使用，有培訓記錄	[優等]包括噴塗線健康危害、安全知識與個人護具使用，有培訓記錄	100	\N				9c58999c-787c-53fb-bcef-e806d43ef139	12	40	\N	教育訓練	一般員工	0.28000000000000003	0.050000000000000003	0.40000000000000002
243	22	3	\N	421	1		消防系統	null	[優等]滅火器型式、數量、功能、標示均良好	[優等]滅火器型式、數量、功能、標示均良好	100	\N				6f491ab9-9ea7-58e7-97d3-319ddee1fc58	13	41	\N	手動滅火設備	手提式滅火器	0.28000000000000003	0.050000000000000003	0.34999999999999998
244	22	3	\N	427	1		消防系統	null	[優等]室內栓數量、功能、標示均良好	[優等]室內栓數量、功能、標示均良好	100	\N				a2002eec-a179-564c-825c-1726dc98105a	13	42	\N	手動滅火設備	室內消火栓	0.28000000000000003	0.050000000000000003	0.65000000000000002
245	22	3	\N	433	1		消防系統	null	[優等]車間內全面安裝自動滅火系統	[優等]車間內全面安裝自動滅火系統	100	\N				044228f0-9e17-5bde-97e0-f0fa7b9a86a3	14	43	\N	自動滅火系統\r\n	噴塗車間(噴房以外)	0.28000000000000003	0.40000000000000002	0.14999999999999999
246	22	3	51	439	1		消防系統	噴房自動滅火	[優等]依NFPA或國標設計，具足夠滅火效能，能提供計算書圖	[優等]依NFPA或國標設計，具足夠滅火效能，能提供計算書圖	100	\N				eb71ffcc-684c-5165-925b-360090e52cd8	14	44	\N	自動滅火系統\r\n	噴房	0.28000000000000003	0.40000000000000002	0.40000000000000002
247	22	3	52	445	1		消防系統	聯鎖功能	[優等]1.地區警報\r\n2.移報至火警系統\r\n3.切斷供粉\r\n4.切斷噴塗\r\n5.切斷輸送帶	[優等]1.地區警報\r\n2.移報至火警系統\r\n3.切斷供粉\r\n4.切斷噴塗\r\n5.切斷輸送帶	100	\N				6b02ede3-e46e-550b-ba84-80c4f0a0f34f	14	44	\N	自動滅火系統\r\n	噴房	0.28000000000000003	0.40000000000000002	0.40000000000000002
248	22	3	53	451	1		消防系統	噴櫃自動滅火	[優等]1.開放濕式自動系統或氣體系統，由火焰探測器啟動\r\n2.噴房出口或易於操作處設手動啟動開關	[優等]1.開放濕式自動系統或氣體系統，由火焰探測器啟動\r\n2.噴房出口或易於操作處設手動啟動開關	100	\N				ee0e2ee6-851f-5b96-a92a-d3c3f76ce4e6	14	45	\N	自動滅火系統\r\n	噴櫃	0.28000000000000003	0.40000000000000002	0.45000000000000001
250	22	3	\N	463	1		消防系統	null	[優等]車間內探測器型式、數量、功能良好，訊號傳至常時有人的中控室	[優等]車間內探測器型式、數量、功能良好，訊號傳至常時有人的中控室	100	\N				a1e00576-d119-5cd1-b143-2477ca7c67c8	15	46	\N	火災偵測及報警系統	火災偵測及報警系統	0.28000000000000003	0.14000000000000001	0.20000000000000001
251	22	3	\N	470	2		消防系統	null	[滿意]	[滿意]	90	\N				d0a9ef22-d0e1-5707-8c01-9867deabdf2e	15	47	\N	火災偵測及報警系統	噴櫃火焰探測器	0.28000000000000003	0.14000000000000001	0.80000000000000004
252	22	3	\N	475	1		消防系統	null	[優等]依NFPA或國標進行水力計算，能提供計算書/圖紙；通過當地政府消防驗收，能提供驗收資料	[優等]依NFPA或國標進行水力計算，能提供計算書/圖紙；通過當地政府消防驗收，能提供驗收資料	100	\N				2d0a5761-bbf1-5e22-bb34-fc9232c043da	16	48	\N	消防供水	消防水池容量	0.28000000000000003	0.14999999999999999	0.40000000000000002
253	22	3	\N	481	1		消防系統	null	[優等]電動泵、柴油泵一用一備，UL/FM認證	[優等]電動泵、柴油泵一用一備，UL/FM認證	100	\N				4d6ba1e1-af8b-5b71-bd88-9cea2763ece9	16	49	\N	消防供水	消防泵	0.28000000000000003	0.14999999999999999	0.59999999999999998
254	22	3	\N	488	2		消防系統	null	[滿意]	[滿意]	90	\N				50151bef-109d-5e3e-b694-a5ef257ffeb6	17	50	\N	消防系統檢測與維護	火警自動報警系統 	0.28000000000000003	0.26000000000000001	0.14999999999999999
255	22	3	\N	493	1		消防系統	null	[優等](1)有規律的檢查、測試及保養排程，記錄完整\r\n(2)對缺失實施追蹤，均已改善完成	[優等](1)有規律的檢查、測試及保養排程，記錄完整\r\n(2)對缺失實施追蹤，均已改善完成	100	\N				c43241f4-1b2c-5e34-9f9c-07f11f85c52f	17	51	\N	消防系統檢測與維護	手提式滅火器	0.28000000000000003	0.26000000000000001	0.050000000000000003
256	22	3	\N	499	1		消防系統	null	[優等](1)有規律的檢查、測試及保養排程，記錄完整\r\n(2)對缺失實施追蹤，均已改善完成	[優等](1)有規律的檢查、測試及保養排程，記錄完整\r\n(2)對缺失實施追蹤，均已改善完成	100	\N				44dddb0e-b599-5af2-b2e5-b66716404146	17	52	\N	消防系統檢測與維護	室內消火栓   	0.28000000000000003	0.26000000000000001	0.10000000000000001
257	22	3	\N	506	2		消防系統	null	[滿意]	[滿意]	90	\N				1fc55378-d25d-59f1-8bfa-b18ff8225a92	17	53	\N	消防系統檢測與維護	噴淋系統	0.28000000000000003	0.26000000000000001	0.34999999999999998
258	22	3	\N	513	3		消防系統	null	[可接受](1)有規律的檢查、測試及保養排程，記錄完整\r\n(2)檢查及測試結果有缺失，尚未改善完成	[可接受](1)有規律的檢查、測試及保養排程，記錄完整\r\n(2)檢查及測試結果有缺失，尚未改善完成	75	\N				9e740481-11a8-524e-9dbd-b43ed5819a6e	17	54	\N	消防系統檢測與維護	消防泵	0.28000000000000003	0.26000000000000001	0.34999999999999998
259	23	1	1	2	2	1.1.1	危險性	材質構造	[滿意]	[滿意]	90	\N				32d0effc-884d-56db-bb9e-df9356727762	1	1	\N	噴塗作業	噴房	0.38	0.20000000000000001	0.10000000000000001
260	23	1	2	7	1		危險性	完整性	[優等]牆面無非必要孔洞及縫隙，或填塞良好	[優等]牆面無非必要孔洞及縫隙，或填塞良好	100	\N				204942cc-a8f6-54d9-b9b2-9f445e38d869	1	1	\N	噴塗作業	噴房	0.38	0.20000000000000001	0.10000000000000001
261	23	1	3	13	1		危險性	材質	[優等]金屬或不燃材質	[優等]金屬或不燃材質	100	\N				9ae897d5-7838-5c1e-b7e2-7e623cce0f58	1	2	\N	噴塗作業	自動噴櫃	0.38	0.20000000000000001	0.14999999999999999
262	23	1	4	19	1		危險性	完整性	[優等]1.上方密封，僅工件進出及噴塗作業必要開口\r\n2.牆面無非必要孔洞及縫隙或填塞良好	[優等]1.上方密封，僅工件進出及噴塗作業必要開口\r\n2.牆面無非必要孔洞及縫隙或填塞良好	100	\N				0a86cfb1-69bd-5289-b6d2-4faeb7dce9a5	1	2	\N	噴塗作業	自動噴櫃	0.38	0.20000000000000001	0.14999999999999999
263	23	1	5	25	1		危險性	材質	[優等]金屬或不燃材質	[優等]金屬或不燃材質	100	\N				b691e18f-a7c3-5e28-a3a8-acef7231c0c2	1	3	\N	噴塗作業	手動(補噴)噴櫃	0.38	0.20000000000000001	0.10000000000000001
264	23	1	6	31	1		危險性	完整性	[優等]1.上方密封，僅工件進出及噴塗作業開口\r\n2.牆面無非必要孔洞及縫隙或填塞良好	[優等]1.上方密封，僅工件進出及噴塗作業開口\r\n2.牆面無非必要孔洞及縫隙或填塞良好	100	\N				642cd3bd-ade8-5e70-9b53-67ced3b5d517	1	3	\N	噴塗作業	手動(補噴)噴櫃	0.38	0.20000000000000001	0.10000000000000001
265	23	1	7	37	1		危險性	輸送帶	[優等]輸送帶與噴塗作業及供粉系統聯動	[優等]輸送帶與噴塗作業及供粉系統聯動	100	\N				e42b3580-2cf6-5cd4-a3ea-1c3405a56dfa	1	4	\N	噴塗作業	安全聯鎖	0.38	0.20000000000000001	0.34999999999999998
266	23	1	8	43	1		危險性	噴槍安全距離	[優等]噴槍電極與工件自動保持安全距離，並與噴槍電源聯鎖	[優等]噴槍電極與工件自動保持安全距離，並與噴槍電源聯鎖	100	\N				7ec4864c-0a63-5d62-8f09-8b2a4b7d45ae	1	4	\N	噴塗作業	安全聯鎖	0.38	0.20000000000000001	0.34999999999999998
267	23	1	9	49	1		危險性	位置	[優等]噴房出口或易於操作處	[優等]噴房出口或易於操作處	100	\N				a0a2d5ad-4fac-5b0d-9b6f-db8cf2967f0e	1	5	\N	噴塗作業	手動急停按鈕	0.38	0.20000000000000001	0.29999999999999999
268	23	1	10	55	1		危險性	聯鎖功能	[優等]1.地區警報\r\n2.切斷供粉\r\n3.切斷噴塗\r\n4.切斷輸送帶	[優等]1.地區警報\r\n2.切斷供粉\r\n3.切斷噴塗\r\n4.切斷輸送帶	100	\N				385d7a97-b4f6-5f6a-a884-251fa640aae0	1	5	\N	噴塗作業	手動急停按鈕	0.38	0.20000000000000001	0.29999999999999999
269	23	1	11	61	1		危險性	防爆電氣	[優等]1.電氣設備選型符合防爆分區\r\n2.施工符合標準	[優等]1.電氣設備選型符合防爆分區\r\n2.施工符合標準	100	\N				71c8b777-fc74-5a2b-a59b-4692c9a4e2ad	2	6	\N	防爆電氣	自動噴櫃	0.38	0.13	0.59999999999999998
270	23	1	12	67	1		危險性	燈具構造	[優等]燈具整合於側牆或頂蓋、面板為防火玻璃、燈具防爆	[優等]燈具整合於側牆或頂蓋、面板為防火玻璃、燈具防爆	100	\N				d75df7a7-2dc2-55cc-b6db-831005a0a4bd	2	6	\N	防爆電氣	自動噴櫃	0.38	0.13	0.59999999999999998
271	23	1	13	73	1		危險性	燈具面溫	[優等]面溫不高於室溫+11°C、93°C	[優等]面溫不高於室溫+11°C、93°C	100	\N				a45c606e-4214-58d8-9548-85df40851bb8	2	6	\N	防爆電氣	自動噴櫃	0.38	0.13	0.59999999999999998
272	23	1	14	79	1		危險性	防爆電氣	[優等]1.電氣設備選型符合防爆分區\r\n2.施工符合標準	[優等]1.電氣設備選型符合防爆分區\r\n2.施工符合標準	100	\N				304860ce-10f3-55eb-a27e-e7abc9b30d20	2	7	\N	防爆電氣	手動(補噴)噴櫃	0.38	0.13	0.40000000000000002
273	23	1	15	85	1		危險性	燈具構造	[優等]燈具整合於側牆或頂蓋、面板為防火玻璃、燈具防爆	[優等]燈具整合於側牆或頂蓋、面板為防火玻璃、燈具防爆	100	\N				6d7712d2-f5b3-51dd-82ba-666e1489193f	2	7	\N	防爆電氣	手動(補噴)噴櫃	0.38	0.13	0.40000000000000002
274	23	1	16	91	1		危險性	燈具面溫	[優等]面溫不高於室溫+11°C、93°C	[優等]面溫不高於室溫+11°C、93°C	100	\N				59236ff5-36ab-5772-8ae9-1ca571cdd574	2	7	\N	防爆電氣	手動(補噴)噴櫃	0.38	0.13	0.40000000000000002
275	23	1	\N	97	1		危險性	null	[優等]進噴房前導除靜電	[優等]進噴房前導除靜電	100	\N				a160cec2-1ba7-5981-85e2-7ceeb94a17fe	3	8	\N	靜電控制	人員	0.38	0.17000000000000001	0.14999999999999999
276	23	1	\N	103	1		危險性	null	[優等]導電材質，接地電阻小於10的6次方歐姆，有材質證明或實測資料	[優等]導電材質，接地電阻小於10的6次方歐姆，有材質證明或實測資料	100	\N				b411fb92-e830-5b58-b177-3180a68feba6	3	9	\N	靜電控制	噴房地板	0.38	0.17000000000000001	0.10000000000000001
277	23	1	17	109	1		危險性	設備及容器	[優等]金屬設備外殼、工作台、容器、管線、風管等皆適當跨接及接地，接地電阻小於10的6次方歐姆，有實測資料	[優等]金屬設備外殼、工作台、容器、管線、風管等皆適當跨接及接地，接地電阻小於10的6次方歐姆，有實測資料	100	\N				b105404e-f913-5eb7-82c7-d8f96a8dc49a	3	10	\N	靜電控制	噴塗設備	0.38	0.17000000000000001	0.75
278	23	1	18	115	1		危險性	供粉管路	[優等]導電材質，接地電阻小於10的6次方歐姆，有材質證明或實測資料	[優等]導電材質，接地電阻小於10的6次方歐姆，有材質證明或實測資料	100	\N				1e22b375-171f-5e8a-8285-e11534cb1efb	3	10	\N	靜電控制	噴塗設備	0.38	0.17000000000000001	0.75
279	23	1	19	121	1		危險性	手噴槍	[優等]握柄為導電材質且接地，接地電阻小於10的6次方歐姆，有實測資料	[優等]握柄為導電材質且接地，接地電阻小於10的6次方歐姆，有實測資料	100	\N				d5522399-8293-5a5c-839a-817c75fbbb42	3	10	\N	靜電控制	噴塗設備	0.38	0.17000000000000001	0.75
280	23	1	20	127	1		危險性	回收/集塵設備濾袋	[優等]靜電消散材質，接地電阻小於10的10次方歐姆，有材質證明或實測資料	[優等]靜電消散材質，接地電阻小於10的10次方歐姆，有材質證明或實測資料	100	\N				e9484b31-b2da-56c3-a985-b88f0dd4001d	3	10	\N	靜電控制	噴塗設備	0.38	0.17000000000000001	0.75
281	23	1	21	133	1		危險性	濾材	[優等]濾材符合ANSI/UL 900 Class1, 2	[優等]濾材符合ANSI/UL 900 Class1, 2	100	\N				a4234cf6-c09f-5317-b19e-dc58ad3f65a1	4	11	\N	通風排氣	噴房空調	0.38	0.28000000000000003	0.050000000000000003
282	23	1	22	139	1		危險性	外氣供應	[優等]自外部引進潔淨新風	[優等]自外部引進潔淨新風	100	\N				c7a20a98-36b7-512f-9e70-7b2d9afd0182	4	11	\N	通風排氣	噴房空調	0.38	0.28000000000000003	0.050000000000000003
283	23	1	23	145	1		危險性	外部火災防護	[優等]風機下游側裝設風管內煙感，車間外部火災時可聯動切斷風機	[優等]風機下游側裝設風管內煙感，車間外部火災時可聯動切斷風機	100	\N				49d89ace-153b-5bb4-94dc-5986986700f0	4	11	\N	通風排氣	噴房空調	0.38	0.28000000000000003	0.050000000000000003
284	23	1	24	151	1		危險性	獨立系統	[優等]每一自動、手動噴塗區設獨立排氣/粉末回收系統，設備未共用，風管未於任何位置併聯	[優等]每一自動、手動噴塗區設獨立排氣/粉末回收系統，設備未共用，風管未於任何位置併聯	100	\N				b36ac4a6-a1e9-5a6e-9171-91cefd47921a	4	12	\N	通風排氣	噴櫃排風系統	0.38	0.28000000000000003	0.14999999999999999
285	23	1	25	157	1		危險性	尾氣循環	[優等]回收系統尾氣排至屋外未循環	[優等]回收系統尾氣排至屋外未循環	100	\N				1b1de417-618a-558f-8af5-6d5355e2e9bd	4	12	\N	通風排氣	噴櫃排風系統	0.38	0.28000000000000003	0.14999999999999999
286	23	1	26	163	1		危險性	排風風量	[優等]滿足最大粉塵濃度小於50%MEC，可提供計算書	[優等]滿足最大粉塵濃度小於50%MEC，可提供計算書	100	\N				e23a6f42-c82a-5a8f-b2b2-a6074c194857	4	13	\N	通風排氣	噴櫃排風設計	0.38	0.28000000000000003	0.5
287	23	1	27	169	1		危險性	排風風速	[優等]20 m/s及以上，有實測數據	[優等]20 m/s及以上，有實測數據	100	\N				23662cd1-c0da-5b4e-b6b4-fb691e3e7765	4	13	\N	通風排氣	噴櫃排風設計	0.38	0.28000000000000003	0.5
288	23	1	28	175	1		危險性	噴櫃開口風速	[優等]0.6 m/s以上，有實測數據	[優等]0.6 m/s以上，有實測數據	100	\N				2ab922e9-70fc-54e4-beab-5ee01de2d380	4	13	\N	通風排氣	噴櫃排風設計	0.38	0.28000000000000003	0.5
289	23	1	\N	181	1		危險性	null	[優等]排風與噴塗作業及供粉系統聯動	[優等]排風與噴塗作業及供粉系統聯動	100	\N				00ae05a1-3d77-5897-8fb2-e43483f647a0	4	14	\N	通風排氣	安全聯鎖	0.38	0.28000000000000003	0.29999999999999999
290	23	1	29	187	1		危險性	位置	[優等]屋外獨立建物	[優等]屋外獨立建物	100	\N				f904b6d9-2c7e-5ebb-87c3-eff5184adcd2	5	15	\N	爆炸保護	噴房	0.38	0.080000000000000002	0.29999999999999999
291	23	1	30	193	1		危險性	洩爆	[優等]依指引4.1-2設置洩爆/抗爆牆，依相關標準設計，可提供計算書圖	[優等]依指引4.1-2設置洩爆/抗爆牆，依相關標準設計，可提供計算書圖	100	\N				746ba2a1-2fce-5c83-9eb0-b5847e4a0334	5	15	\N	爆炸保護	噴房	0.38	0.080000000000000002	0.29999999999999999
292	23	1	31	199	1		危險性	洩爆裝置認證	[優等]裝置經合格機構認證	[優等]裝置經合格機構認證	100	\N				e0059694-66fa-5931-accd-4d7d8545aa7c	5	15	\N	爆炸保護	噴房	0.38	0.080000000000000002	0.29999999999999999
293	23	1	32	205	1		危險性	位置	[優等]屋外、噴房以外的獨立區劃	[優等]屋外、噴房以外的獨立區劃	100	\N				ae829e95-ccc4-55d4-b360-13ac1b38e033	5	16	\N	爆炸保護	回收/集塵設備	0.38	0.080000000000000002	0.29999999999999999
294	23	1	33	211	1		危險性	洩爆/抑爆	[優等]依指引4.4.1設置洩爆裝置，依相關標準設計，可提供計算書圖	[優等]依指引4.4.1設置洩爆裝置，依相關標準設計，可提供計算書圖	100	\N				62f40b58-958a-5f52-b45a-e7f3691b27cd	5	16	\N	爆炸保護	回收/集塵設備	0.38	0.080000000000000002	0.29999999999999999
295	23	1	34	217	1		危險性	洩爆/抑爆裝置認證	[優等]裝置經合格實驗室認證	[優等]裝置經合格實驗室認證	100	\N				956fbc2d-3f04-5a03-87a8-77d4692c6299	5	16	\N	爆炸保護	回收/集塵設備	0.38	0.080000000000000002	0.29999999999999999
296	23	1	35	223	1		危險性	隔爆	[優等]噴櫃與回收設備界面依指引4.4.3設置隔爆裝置，依相關標準設計，可提供計算書圖	[優等]噴櫃與回收設備界面依指引4.4.3設置隔爆裝置，依相關標準設計，可提供計算書圖	100	\N				a472a477-2c01-5e45-9292-3b6cb0545728	5	17	\N	爆炸保護	界面防護	0.38	0.080000000000000002	0.40000000000000002
297	23	1	36	229	1		危險性	隔爆裝置認證	[優等]裝置經合格機構認證	[優等]裝置經合格機構認證	100	\N				f5707d9b-5f39-5206-a9f0-f4483b051449	5	17	\N	爆炸保護	界面防護	0.38	0.080000000000000002	0.40000000000000002
298	23	1	37	235	1		危險性	超高溫聯鎖	[優等]1.獨立的實體開關切斷燃料供應\r\n2.小於[工作溫度+28°C]或[自燃  -55°C]\r\n3.聲光音響警報	[優等]1.獨立的實體開關切斷燃料供應\r\n2.小於[工作溫度+28°C]或[自燃  -55°C]\r\n3.聲光音響警報	100	\N				66ebd023-3c2b-5fd1-b29e-3d099b2687f4	6	18	\N	烘烤作業(烤爐、剝漆爐)	溫度控制	0.38	0.14000000000000001	0.10000000000000001
299	23	1	38	241	1		危險性	管路敷設	[優等]1.路徑未經地下室或難以接近的密閉區域\r\n2. 不易受外力損壞或腐蝕	[優等]1.路徑未經地下室或難以接近的密閉區域\r\n2. 不易受外力損壞或腐蝕	100	\N				3962821c-c51a-5079-86c9-807bb8e642b5	6	19	\N	烘烤作業(烤爐、剝漆爐)	燃氣管路	0.38	0.14000000000000001	0.25
300	23	1	39	247	1		危險性	安全閥	[優等]1. 母火與主火管路獨立，各二個安全閥\r\n2. 超過117kW管路，至少一個閥門附關閉指示開關	[優等]1. 母火與主火管路獨立，各二個安全閥\r\n2. 超過117kW管路，至少一個閥門附關閉指示開關	100	\N				09e5b9bd-3bc6-52e9-ab9d-8e8c25309fe6	6	19	\N	烘烤作業(烤爐、剝漆爐)	燃氣管路	0.38	0.14000000000000001	0.25
301	23	1	40	253	1		危險性	閥門洩漏測試裝置	[優等]安全閥下游側均設洩漏測試裝置	[優等]安全閥下游側均設洩漏測試裝置	100	\N				50313c31-8879-5df8-b117-d01af674c5f6	6	19	\N	烘烤作業(烤爐、剝漆爐)	燃氣管路	0.38	0.14000000000000001	0.25
302	23	1	41	259	1		危險性	手動遮斷閥	[優等]1.位於爐區外易於接近處，洩漏時可迅速關閉\r\n2.均有明顯標示	[優等]1.位於爐區外易於接近處，洩漏時可迅速關閉\r\n2.均有明顯標示	100	\N				57816237-b82f-5619-bff5-ba1e234eb70f	6	19	\N	烘烤作業(烤爐、剝漆爐)	燃氣管路	0.38	0.14000000000000001	0.25
303	23	1	42	265	1		危險性	壓力聯鎖	[優等]管路壓力過高或過低，可聯鎖關閉安全閥	[優等]管路壓力過高或過低，可聯鎖關閉安全閥	100	\N				3b2e36bd-082b-550d-82a5-3c12da2bfe06	6	20	\N	烘烤作業(烤爐、剝漆爐)	燃氣安全	0.38	0.14000000000000001	0.25
304	23	1	43	271	1		危險性	火焰偵測器	[優等]燃燒室設火焰偵測器，熄火時自動切斷燃料供應	[優等]燃燒室設火焰偵測器，熄火時自動切斷燃料供應	100	\N				9824134d-c96e-5345-bb8a-8883825af778	6	20	\N	烘烤作業(烤爐、剝漆爐)	燃氣安全	0.38	0.14000000000000001	0.25
305	23	1	44	277	1		危險性	燃氣洩漏探測	[優等]1.依空氣相對比重於高/低處設置\r\n2.燃燒器水平距離8m/4m範圍內\r\n3.訊號於常時有人處監控\r\n4.地區聲光報警	[優等]1.依空氣相對比重於高/低處設置\r\n2.燃燒器水平距離8m/4m範圍內\r\n3.訊號於常時有人處監控\r\n4.地區聲光報警	100	\N				185010b3-9951-5201-96fa-9c12ec3436b3	6	20	\N	烘烤作業(烤爐、剝漆爐)	燃氣安全	0.38	0.14000000000000001	0.25
306	23	1	45	283	1		危險性	吹驅程序	[優等]1.操作程序明確\r\n2.換氣量為體積的4倍	[優等]1.操作程序明確\r\n2.換氣量為體積的4倍	100	\N				ac5e5ca3-e6c7-5eee-abf4-9b01952ce584	6	21	\N	烘烤作業(烤爐、剝漆爐)	排氣系統	0.38	0.14000000000000001	0.10000000000000001
307	23	1	46	289	1		危險性	排氣管路	[優等]獨立，未與其他制程排氣併聯	[優等]獨立，未與其他制程排氣併聯	100	\N				359b2b82-177b-5916-88e8-7bc162da6a81	6	21	\N	烘烤作業(烤爐、剝漆爐)	排氣系統	0.38	0.14000000000000001	0.10000000000000001
308	23	1	47	295	1		危險性	風機聯鎖	[優等]排氣風機、循環風機、燃燒室風機均與加熱系統聯動	[優等]排氣風機、循環風機、燃燒室風機均與加熱系統聯動	100	\N				174387af-9fe7-5e49-8908-01004d0bd8d6	6	22	\N	烘烤作業(烤爐、剝漆爐)	安全聯鎖	0.38	0.14000000000000001	0.25
309	23	1	\N	301	1		危險性	null	[優等]可燃物距離3m以上	[優等]可燃物距離3m以上	100	\N				311c91bf-849b-5d06-9ef1-4d0d9396c6e8	6	23	\N	烘烤作業(烤爐、剝漆爐)	週邊淨空	0.38	0.14000000000000001	0.050000000000000003
310	23	2	\N	307	1		人員因素	null	[優等]事業群高層每月巡檢並參與EHS會議及活動	[優等]事業群高層每月巡檢並參與EHS會議及活動	100	\N				048a6192-81ea-5232-a9bf-7cf980d9113f	7	24	\N	安全管理	有感領導	0.28000000000000003	0.080000000000000002	0.20000000000000001
311	23	2	\N	313	1		人員因素	null	[優等]有詳盡安全操作SOP，輔以圖片說明，有員工訓練記錄	[優等]有詳盡安全操作SOP，輔以圖片說明，有員工訓練記錄	100	\N				b9ade72a-f892-5244-ab7f-6627092021f6	7	25	\N	安全管理	安全操作SOP	0.28000000000000003	0.080000000000000002	0.40000000000000002
312	23	2	\N	319	1		人員因素	null	[優等]有變更管理程序、表單，有員工訓練記錄	[優等]有變更管理程序、表單，有員工訓練記錄	100	\N				7b14b8a5-1d57-50c8-bbbf-a70020e6c207	7	26	\N	安全管理	變更管理	0.28000000000000003	0.080000000000000002	0.20000000000000001
313	23	2	\N	325	1		人員因素	null	[優等]核發工作許可證前，進行承商教育及危害告知並留存記錄	[優等]核發工作許可證前，進行承商教育及危害告知並留存記錄	100	\N				3731d0f7-7513-5d33-9dcb-ed66475e3d09	7	27	\N	安全管理	承商管理	0.28000000000000003	0.080000000000000002	0.20000000000000001
314	23	2	\N	332	2		人員因素	null	[滿意]	[滿意]	90	\N				0a80e491-2eb4-5856-a3e8-237b8ce23e11	8	28	\N	整齊清潔	粉塵檢查清潔計畫	0.28000000000000003	0.29999999999999999	0.34999999999999998
315	23	2	\N	337	1		人員因素	null	[優等]真空吸塵方式，吸塵器滿足指引5.2-7要求	[優等]真空吸塵方式，吸塵器滿足指引5.2-7要求	100	\N				ab05e822-bcbd-5b8d-a18c-085e2aecb627	8	29	\N	整齊清潔	粉塵清潔方式	0.28000000000000003	0.29999999999999999	0.25
316	23	2	\N	343	1		人員因素	null	[優等]1.於噴櫃範圍內\r\n2.持續排風狀態\r\n3.使用安全工具(不形成火源)	[優等]1.於噴櫃範圍內\r\n2.持續排風狀態\r\n3.使用安全工具(不形成火源)	100	\N				d3f46037-1618-5efc-9435-e795cc0753fe	8	30	\N	整齊清潔	噴槍清潔	0.28000000000000003	0.29999999999999999	0.14999999999999999
317	23	2	\N	349	1		人員因素	null	[優等]1.噴房內新粉為當班用量\r\n2.回收粉每班移出噴房	[優等]1.噴房內新粉為當班用量\r\n2.回收粉每班移出噴房	100	\N				4e715b3b-3853-525e-98e5-2f15e1f24524	8	31	\N	整齊清潔	粉末存量	0.28000000000000003	0.29999999999999999	0.25
318	23	2	\N	355	1		人員因素	null	[優等]每班重簽，遵守動火前中後安全事項	[優等]每班重簽，遵守動火前中後安全事項	100	\N				e969b9f0-a959-5869-921f-13c9bd935fa0	9	32	\N	點火源管理	動火管制	0.28000000000000003	0.12	0.29999999999999999
319	23	2	\N	361	1		人員因素	null	[優等]嚴格吸菸管制，適當聲明與標示，完全無違規	[優等]嚴格吸菸管制，適當聲明與標示，完全無違規	100	\N				312cd2e7-1b85-5e50-96be-80999f585888	9	33	\N	點火源管理	吸菸管制	0.28000000000000003	0.12	0.29999999999999999
320	23	2	\N	367	1		人員因素	null	[優等]人員進入噴房穿著防靜電服、鞋、帽	[優等]人員進入噴房穿著防靜電服、鞋、帽	100	\N				ebceb6f7-01a2-5820-95c6-b73611bd7f22	9	34	\N	點火源管理	靜電防制	0.28000000000000003	0.12	0.40000000000000002
321	23	2	\N	373	1		人員因素	null	[優等]有詳盡SOP，輔以圖片說明，有員工訓練記錄	[優等]有詳盡SOP，輔以圖片說明，有員工訓練記錄	100	\N				ba4f0997-1ede-54e9-b6ab-54a1decae69c	10	35	\N	設備檢測與維護	設備檢查測試維護SOP	0.28000000000000003	0.34999999999999998	0.29999999999999999
322	23	2	48	379	1		人員因素	噴塗設備	[優等]1.建立完整檢測維保計畫(參考指引5.1-6)\r\n2.保護裝置及急停開關每二週測試一次\r\n3.執行記錄良好	[優等]1.建立完整檢測維保計畫(參考指引5.1-6)\r\n2.保護裝置及急停開關每二週測試一次\r\n3.執行記錄良好	100	\N				f85fc138-3f4f-5a34-bbda-889fcc9cbf31	10	36	\N	設備檢測與維護	設備檢測維護	0.28000000000000003	0.34999999999999998	0.69999999999999996
323	23	2	49	385	1		人員因素	烘烤設備	[優等]1.依製造商建議建立完整檢查維保計畫\r\n2.保護裝置(參考指引5.4-2)每二週測試一次\r\n3.執行記錄良好	[優等]1.依製造商建議建立完整檢查維保計畫\r\n2.保護裝置(參考指引5.4-2)每二週測試一次\r\n3.執行記錄良好	100	\N				399851ea-1c56-5da6-a898-62db3bbe187c	10	36	\N	設備檢測與維護	設備檢測維護	0.28000000000000003	0.34999999999999998	0.69999999999999996
324	23	2	50	391	1		人員因素	爆炸保護裝置	[優等]洩爆、抑爆及隔爆裝置(參考指引5.3)建立完整檢查維保計畫，執行記錄良好	[優等]洩爆、抑爆及隔爆裝置(參考指引5.3)建立完整檢查維保計畫，執行記錄良好	100	\N				17e94265-92c2-52ac-a1b7-39bee985456f	10	36	\N	設備檢測與維護	設備檢測維護	0.28000000000000003	0.34999999999999998	0.69999999999999996
325	23	2	\N	397	1		人員因素	null	[優等](1)計劃書應包括對噴塗線危險源所編制的專項應變計劃，至少包括火災、粉塵爆炸等項目\r\n(2)應急演練至少每半年1次，並留存記錄	[優等](1)計劃書應包括對噴塗線危險源所編制的專項應變計劃，至少包括火災、粉塵爆炸等項目\r\n(2)應急演練至少每半年1次，並留存記錄	100	\N				8fe0aaa2-ac2f-57d6-8c8d-da301e3a54d9	11	37	\N	緊急應變	應急計畫與演練	0.28000000000000003	0.10000000000000001	0.5
326	23	2	\N	403	1		人員因素	null	[優等]警報傳送緊急應變中心或者消防控制室， 人員24小時值班，明確了解應變流程	[優等]警報傳送緊急應變中心或者消防控制室， 人員24小時值班，明確了解應變流程	100	\N				1af0def7-56ae-5551-8b0d-f8e28e955f93	11	38	\N	緊急應變	緊急應變中心	0.28000000000000003	0.10000000000000001	0.5
327	23	2	\N	409	1		人員因素	null	[優等]經特殊風險教育訓練，持證上崗	[優等]經特殊風險教育訓練，持證上崗	100	\N				fd224a72-db28-5c0a-acdd-d8fed68cf7e4	12	39	\N	教育訓練	噴塗作業員工	0.28000000000000003	0.050000000000000003	0.59999999999999998
328	23	2	\N	415	1		人員因素	null	[優等]包括噴塗線健康危害、安全知識與個人護具使用，有培訓記錄	[優等]包括噴塗線健康危害、安全知識與個人護具使用，有培訓記錄	100	\N				ff4663cd-7756-5104-8f48-26db3fbd5985	12	40	\N	教育訓練	一般員工	0.28000000000000003	0.050000000000000003	0.40000000000000002
329	23	3	\N	421	1		消防系統	null	[優等]滅火器型式、數量、功能、標示均良好	[優等]滅火器型式、數量、功能、標示均良好	100	\N				63559885-d3d4-5f58-a83e-0f7131b0d03a	13	41	\N	手動滅火設備	手提式滅火器	0.28000000000000003	0.050000000000000003	0.34999999999999998
330	23	3	\N	427	1		消防系統	null	[優等]室內栓數量、功能、標示均良好	[優等]室內栓數量、功能、標示均良好	100	\N				b2317150-2839-5b6d-9244-6f87ca8130b5	13	42	\N	手動滅火設備	室內消火栓	0.28000000000000003	0.050000000000000003	0.65000000000000002
331	23	3	\N	433	1		消防系統	null	[優等]車間內全面安裝自動滅火系統	[優等]車間內全面安裝自動滅火系統	100	\N				dfaba76b-6909-5e3d-9589-1267e6577023	14	43	\N	自動滅火系統\r\n	噴塗車間(噴房以外)	0.28000000000000003	0.40000000000000002	0.14999999999999999
332	23	3	51	439	1		消防系統	噴房自動滅火	[優等]依NFPA或國標設計，具足夠滅火效能，能提供計算書圖	[優等]依NFPA或國標設計，具足夠滅火效能，能提供計算書圖	100	\N				b8dd3516-47c7-5e14-8fcd-4a4d5c3ad1b7	14	44	\N	自動滅火系統\r\n	噴房	0.28000000000000003	0.40000000000000002	0.40000000000000002
333	23	3	52	445	1		消防系統	聯鎖功能	[優等]1.地區警報\r\n2.移報至火警系統\r\n3.切斷供粉\r\n4.切斷噴塗\r\n5.切斷輸送帶	[優等]1.地區警報\r\n2.移報至火警系統\r\n3.切斷供粉\r\n4.切斷噴塗\r\n5.切斷輸送帶	100	\N				175babae-1abb-54b9-99e4-dce8b7f16307	14	44	\N	自動滅火系統\r\n	噴房	0.28000000000000003	0.40000000000000002	0.40000000000000002
334	23	3	53	451	1		消防系統	噴櫃自動滅火	[優等]1.開放濕式自動系統或氣體系統，由火焰探測器啟動\r\n2.噴房出口或易於操作處設手動啟動開關	[優等]1.開放濕式自動系統或氣體系統，由火焰探測器啟動\r\n2.噴房出口或易於操作處設手動啟動開關	100	\N				ce4e91dc-3e1f-563e-bc9b-2822e540df3b	14	45	\N	自動滅火系統\r\n	噴櫃	0.28000000000000003	0.40000000000000002	0.45000000000000001
335	23	3	54	457	1		消防系統	聯鎖功能	[優等]1.地區警報\r\n2.移報至火警系統\r\n3.切斷供粉\r\n4.切斷噴塗\r\n5.切斷輸送帶\r\n6.停止排氣\r\n7.關閉隔離閥門\r\n8.切斷噴塗系統電源	[優等]1.地區警報\r\n2.移報至火警系統\r\n3.切斷供粉\r\n4.切斷噴塗\r\n5.切斷輸送帶\r\n6.停止排氣\r\n7.關閉隔離閥門\r\n8.切斷噴塗系統電源	100	\N				9f74938a-17c1-54f5-bb39-5cef00831408	14	45	\N	自動滅火系統\r\n	噴櫃	0.28000000000000003	0.40000000000000002	0.45000000000000001
336	23	3	\N	463	1		消防系統	null	[優等]車間內探測器型式、數量、功能良好，訊號傳至常時有人的中控室	[優等]車間內探測器型式、數量、功能良好，訊號傳至常時有人的中控室	100	\N				fcbf97b3-7505-5cbb-a2ba-434fe1b1ec47	15	46	\N	火災偵測及報警系統	火災偵測及報警系統	0.28000000000000003	0.14000000000000001	0.20000000000000001
337	23	3	\N	469	1		消防系統	null	[優等]1.安裝一至數個，角度覆蓋全區\r\n2.反應時間0.5秒	[優等]1.安裝一至數個，角度覆蓋全區\r\n2.反應時間0.5秒	100	\N				db362e91-888d-5a12-b22e-3f9d3671f31f	15	47	\N	火災偵測及報警系統	噴櫃火焰探測器	0.28000000000000003	0.14000000000000001	0.80000000000000004
338	23	3	\N	475	1		消防系統	null	[優等]依NFPA或國標進行水力計算，能提供計算書/圖紙；通過當地政府消防驗收，能提供驗收資料	[優等]依NFPA或國標進行水力計算，能提供計算書/圖紙；通過當地政府消防驗收，能提供驗收資料	100	\N				760019d7-2de5-5127-a725-10ec6dd7651f	16	48	\N	消防供水	消防水池容量	0.28000000000000003	0.14999999999999999	0.40000000000000002
339	23	3	\N	481	1		消防系統	null	[優等]電動泵、柴油泵一用一備，UL/FM認證	[優等]電動泵、柴油泵一用一備，UL/FM認證	100	\N				c7015de5-8094-5ac3-9f22-ee7476b42667	16	49	\N	消防供水	消防泵	0.28000000000000003	0.14999999999999999	0.59999999999999998
340	23	3	\N	487	1		消防系統	null	[優等](1)有規律的檢查、測試及保養排程，記錄完整\r\n(2)對缺失實施追蹤，均已改善完成	[優等](1)有規律的檢查、測試及保養排程，記錄完整\r\n(2)對缺失實施追蹤，均已改善完成	100	\N				1a46a67b-115b-557e-8d37-28b040572462	17	50	\N	消防系統檢測與維護	火警自動報警系統 	0.28000000000000003	0.26000000000000001	0.14999999999999999
341	23	3	\N	493	1		消防系統	null	[優等](1)有規律的檢查、測試及保養排程，記錄完整\r\n(2)對缺失實施追蹤，均已改善完成	[優等](1)有規律的檢查、測試及保養排程，記錄完整\r\n(2)對缺失實施追蹤，均已改善完成	100	\N				afcf6e8f-b033-512e-b165-1280b58e5883	17	51	\N	消防系統檢測與維護	手提式滅火器	0.28000000000000003	0.26000000000000001	0.050000000000000003
342	23	3	\N	499	1		消防系統	null	[優等](1)有規律的檢查、測試及保養排程，記錄完整\r\n(2)對缺失實施追蹤，均已改善完成	[優等](1)有規律的檢查、測試及保養排程，記錄完整\r\n(2)對缺失實施追蹤，均已改善完成	100	\N				41986a2c-772d-5c48-9aee-d03e7a753272	17	52	\N	消防系統檢測與維護	室內消火栓   	0.28000000000000003	0.26000000000000001	0.10000000000000001
343	23	3	\N	505	1		消防系統	null	[優等](1)有規律的檢查、測試及保養排程，記錄完整\r\n(2)對缺失實施追蹤，均已改善完成	[優等](1)有規律的檢查、測試及保養排程，記錄完整\r\n(2)對缺失實施追蹤，均已改善完成	100	\N				9d5dda55-adbb-5575-97f4-0d3d9cd0d3c2	17	53	\N	消防系統檢測與維護	噴淋系統	0.28000000000000003	0.26000000000000001	0.34999999999999998
344	23	3	\N	511	1		消防系統	null	[優等](1)有規律的檢查、測試及保養排程，記錄完整\r\n(2)對缺失實施追蹤，均已改善完成	[優等](1)有規律的檢查、測試及保養排程，記錄完整\r\n(2)對缺失實施追蹤，均已改善完成	100	\N				6530aa31-a8fe-5c80-80f9-67aec4807d90	17	54	\N	消防系統檢測與維護	消防泵	0.28000000000000003	0.26000000000000001	0.34999999999999998
345	23	4	\N	517	1		建築結構	null	[優等]依GB50016耐火一級設計，防火時效：\r\n1.柱3hr\r\n2.梁2hr	[優等]依GB50016耐火一級設計，防火時效：\r\n1.柱3hr\r\n2.梁2hr	100	\N				6851271c-9d6b-5d83-bce8-ece44bbd1965	18	55	\N	建築本體	支撐結構	0.059999999999999998	0.34999999999999998	0.69999999999999996
346	23	4	\N	523	1		建築結構	null	[優等]皆為RC構造	[優等]皆為RC構造	100	\N				2893c2ed-c3a5-5ba0-9659-5e72476013c3	18	56	\N	建築本體	屋頂及外牆	0.059999999999999998	0.34999999999999998	0.29999999999999999
347	23	4	55	529	1		建築結構	隔間牆	[優等]2小時防火時效	[優等]2小時防火時效	100	\N				35421f41-2e05-5634-8d02-824eaba1535b	19	57	\N	防火區劃	塗裝車間與廠內其他區域	0.059999999999999998	0.65000000000000002	0.29999999999999999
348	23	4	56	535	1		建築結構	門	[優等]經認證1.5小時防火時效，可自動關閉的防火門	[優等]經認證1.5小時防火時效，可自動關閉的防火門	100	\N				d0f3c451-71f7-5a47-a125-cdbd35d63cbb	19	57	\N	防火區劃	塗裝車間與廠內其他區域	0.059999999999999998	0.65000000000000002	0.29999999999999999
349	23	4	57	541	1		建築結構	窗	[優等]經認證2小時時效防火玻璃及金屬框架	[優等]經認證2小時時效防火玻璃及金屬框架	100	\N				aa356ca0-fbb3-5fd0-bb2b-5b38ccb1c6e2	19	57	\N	防火區劃	塗裝車間與廠內其他區域	0.059999999999999998	0.65000000000000002	0.29999999999999999
350	23	4	58	547	1		建築結構	防火填塞	[優等]與牆面同等2小時時效、認證工法	[優等]與牆面同等2小時時效、認證工法	100	\N				029d21d6-4e79-5a78-85ac-fdca31c14b48	19	57	\N	防火區劃	塗裝車間與廠內其他區域	0.059999999999999998	0.65000000000000002	0.29999999999999999
351	23	4	59	553	1		建築結構	隔間牆	[優等]2小時防火時效	[優等]2小時防火時效	100	\N				ae39d4e5-71f9-52ee-a33f-9787890c2bc6	19	58	\N	防火區劃	噴房	0.059999999999999998	0.65000000000000002	0.69999999999999996
352	23	4	60	559	1		建築結構	門	[優等]經認證1.5小時防火時效、可自動關閉的防火門	[優等]經認證1.5小時防火時效、可自動關閉的防火門	100	\N				8b7cfcfd-4c74-5365-83cc-1c0c875678da	19	58	\N	防火區劃	噴房	0.059999999999999998	0.65000000000000002	0.69999999999999996
353	23	4	61	566	2		建築結構	窗	[滿意]	[滿意]	90	\N				51f5bffa-f0c0-5281-828a-63634eb081d1	19	58	\N	防火區劃	噴房	0.059999999999999998	0.65000000000000002	0.69999999999999996
354	23	4	62	572	2	4.2.2	建築結構	防火填塞	[滿意]	[滿意]	90	\N	/images/P15/U1/7efebe91e29e92cdb707568b0432f640.png			8ced4e94-c281-5da4-96e9-db265fb76f68	19	58	\N	防火區劃	噴房	0.059999999999999998	0.65000000000000002	0.69999999999999996
355	24	1	1	2	2		危險性	材質構造	[滿意]	[滿意]	90	\N				bedaafee-b1d0-592f-b8b1-a07cee8b65ca	1	1	\N	噴塗作業	噴房	0.38	0.20000000000000001	0.10000000000000001
356	24	1	2	7	1		危險性	完整性	[優等]牆面無非必要孔洞及縫隙，或填塞良好	[優等]牆面無非必要孔洞及縫隙，或填塞良好	100	\N				0f3de1e8-c06f-523a-a286-7f2f79a70a05	1	1	\N	噴塗作業	噴房	0.38	0.20000000000000001	0.10000000000000001
357	24	1	3	13	1		危險性	材質	[優等]金屬或不燃材質	[優等]金屬或不燃材質	100	\N				72879ceb-d8f1-5eac-9086-285783eb6e65	1	2	\N	噴塗作業	自動噴櫃	0.38	0.20000000000000001	0.14999999999999999
358	24	1	4	19	1		危險性	完整性	[優等]1.上方密封，僅工件進出及噴塗作業必要開口\r\n2.牆面無非必要孔洞及縫隙或填塞良好	[優等]1.上方密封，僅工件進出及噴塗作業必要開口\r\n2.牆面無非必要孔洞及縫隙或填塞良好	100	\N				7b7cbdb0-804b-5037-9411-189d233895dd	1	2	\N	噴塗作業	自動噴櫃	0.38	0.20000000000000001	0.14999999999999999
359	24	1	5	25	1		危險性	材質	[優等]金屬或不燃材質	[優等]金屬或不燃材質	100	\N				c50c038d-d478-5d07-b0b0-9e1fb8496df3	1	3	\N	噴塗作業	手動(補噴)噴櫃	0.38	0.20000000000000001	0.10000000000000001
360	24	1	6	31	1		危險性	完整性	[優等]1.上方密封，僅工件進出及噴塗作業開口\r\n2.牆面無非必要孔洞及縫隙或填塞良好	[優等]1.上方密封，僅工件進出及噴塗作業開口\r\n2.牆面無非必要孔洞及縫隙或填塞良好	100	\N				cb7a4d0f-734b-5cef-80a5-7d60045b9705	1	3	\N	噴塗作業	手動(補噴)噴櫃	0.38	0.20000000000000001	0.10000000000000001
361	24	1	7	37	1		危險性	輸送帶	[優等]輸送帶與噴塗作業及供粉系統聯動	[優等]輸送帶與噴塗作業及供粉系統聯動	100	\N				82be45fc-ca3a-5808-ae1b-4cfef940c349	1	4	\N	噴塗作業	安全聯鎖	0.38	0.20000000000000001	0.34999999999999998
362	24	1	8	43	1		危險性	噴槍安全距離	[優等]噴槍電極與工件自動保持安全距離，並與噴槍電源聯鎖	[優等]噴槍電極與工件自動保持安全距離，並與噴槍電源聯鎖	100	\N				fb29ba14-3458-594b-8bce-d4c48fdbf78a	1	4	\N	噴塗作業	安全聯鎖	0.38	0.20000000000000001	0.34999999999999998
363	24	1	9	49	1		危險性	位置	[優等]噴房出口或易於操作處	[優等]噴房出口或易於操作處	100	\N				18b64ec9-ffd2-58bb-bb5f-a66fdb6242c0	1	5	\N	噴塗作業	手動急停按鈕	0.38	0.20000000000000001	0.29999999999999999
364	24	1	10	55	1		危險性	聯鎖功能	[優等]1.地區警報\r\n2.切斷供粉\r\n3.切斷噴塗\r\n4.切斷輸送帶	[優等]1.地區警報\r\n2.切斷供粉\r\n3.切斷噴塗\r\n4.切斷輸送帶	100	\N				13a97b53-dcc6-5402-af8a-e7d7c10297bf	1	5	\N	噴塗作業	手動急停按鈕	0.38	0.20000000000000001	0.29999999999999999
365	24	1	11	61	1		危險性	防爆電氣	[優等]1.電氣設備選型符合防爆分區\r\n2.施工符合標準	[優等]1.電氣設備選型符合防爆分區\r\n2.施工符合標準	100	\N				cc01cb86-ab8b-5c61-b326-b4ca574c7a59	2	6	\N	防爆電氣	自動噴櫃	0.38	0.13	0.59999999999999998
366	24	1	12	67	1		危險性	燈具構造	[優等]燈具整合於側牆或頂蓋、面板為防火玻璃、燈具防爆	[優等]燈具整合於側牆或頂蓋、面板為防火玻璃、燈具防爆	100	\N				ced303ca-594f-5466-8745-054f992782f0	2	6	\N	防爆電氣	自動噴櫃	0.38	0.13	0.59999999999999998
367	24	1	13	73	1		危險性	燈具面溫	[優等]面溫不高於室溫+11°C、93°C	[優等]面溫不高於室溫+11°C、93°C	100	\N				9a714e90-3285-5ce9-b202-43b94c8bfc18	2	6	\N	防爆電氣	自動噴櫃	0.38	0.13	0.59999999999999998
368	24	1	14	79	1		危險性	防爆電氣	[優等]1.電氣設備選型符合防爆分區\r\n2.施工符合標準	[優等]1.電氣設備選型符合防爆分區\r\n2.施工符合標準	100	\N				8c230936-59c4-58d9-bd0e-64362791f502	2	7	\N	防爆電氣	手動(補噴)噴櫃	0.38	0.13	0.40000000000000002
369	24	1	15	85	1		危險性	燈具構造	[優等]燈具整合於側牆或頂蓋、面板為防火玻璃、燈具防爆	[優等]燈具整合於側牆或頂蓋、面板為防火玻璃、燈具防爆	100	\N				aa4e5393-31cc-5ef8-9116-b459af300aea	2	7	\N	防爆電氣	手動(補噴)噴櫃	0.38	0.13	0.40000000000000002
370	24	1	16	91	1		危險性	燈具面溫	[優等]面溫不高於室溫+11°C、93°C	[優等]面溫不高於室溫+11°C、93°C	100	\N				e040a096-b0cc-5ed3-822e-60f964df24f6	2	7	\N	防爆電氣	手動(補噴)噴櫃	0.38	0.13	0.40000000000000002
371	24	1	\N	97	1		危險性	null	[優等]進噴房前導除靜電	[優等]進噴房前導除靜電	100	\N				9c784ecc-95f8-593a-b519-052ecced192e	3	8	\N	靜電控制	人員	0.38	0.17000000000000001	0.14999999999999999
372	24	1	\N	103	1		危險性	null	[優等]導電材質，接地電阻小於10的6次方歐姆，有材質證明或實測資料	[優等]導電材質，接地電阻小於10的6次方歐姆，有材質證明或實測資料	100	\N				4f5a066b-7db4-516f-b76f-c67cce8b7c56	3	9	\N	靜電控制	噴房地板	0.38	0.17000000000000001	0.10000000000000001
373	24	1	17	109	1		危險性	設備及容器	[優等]金屬設備外殼、工作台、容器、管線、風管等皆適當跨接及接地，接地電阻小於10的6次方歐姆，有實測資料	[優等]金屬設備外殼、工作台、容器、管線、風管等皆適當跨接及接地，接地電阻小於10的6次方歐姆，有實測資料	100	\N				9d10ee49-cc43-5a18-b636-0afa0b82ee31	3	10	\N	靜電控制	噴塗設備	0.38	0.17000000000000001	0.75
374	24	1	18	115	1		危險性	供粉管路	[優等]導電材質，接地電阻小於10的6次方歐姆，有材質證明或實測資料	[優等]導電材質，接地電阻小於10的6次方歐姆，有材質證明或實測資料	100	\N				f1f937ce-53e7-53e6-af70-ad0a4c785d79	3	10	\N	靜電控制	噴塗設備	0.38	0.17000000000000001	0.75
375	24	1	19	121	1		危險性	手噴槍	[優等]握柄為導電材質且接地，接地電阻小於10的6次方歐姆，有實測資料	[優等]握柄為導電材質且接地，接地電阻小於10的6次方歐姆，有實測資料	100	\N				b0b6d4f1-2237-5d90-871b-04c336e7b068	3	10	\N	靜電控制	噴塗設備	0.38	0.17000000000000001	0.75
376	24	1	20	127	1		危險性	回收/集塵設備濾袋	[優等]靜電消散材質，接地電阻小於10的10次方歐姆，有材質證明或實測資料	[優等]靜電消散材質，接地電阻小於10的10次方歐姆，有材質證明或實測資料	100	\N				8aad4e71-0709-56ff-b2ee-f52702cfc499	3	10	\N	靜電控制	噴塗設備	0.38	0.17000000000000001	0.75
377	24	1	21	133	1		危險性	濾材	[優等]濾材符合ANSI/UL 900 Class1, 2	[優等]濾材符合ANSI/UL 900 Class1, 2	100	\N				b0f9837c-9b88-579a-8815-069fda4bf4ff	4	11	\N	通風排氣	噴房空調	0.38	0.28000000000000003	0.050000000000000003
378	24	1	22	139	1		危險性	外氣供應	[優等]自外部引進潔淨新風	[優等]自外部引進潔淨新風	100	\N				2e993698-e65d-5ce2-9c47-ad72cc81f564	4	11	\N	通風排氣	噴房空調	0.38	0.28000000000000003	0.050000000000000003
379	24	1	23	145	1		危險性	外部火災防護	[優等]風機下游側裝設風管內煙感，車間外部火災時可聯動切斷風機	[優等]風機下游側裝設風管內煙感，車間外部火災時可聯動切斷風機	100	\N				0821457f-f8e5-519c-9e26-5f8effc222ba	4	11	\N	通風排氣	噴房空調	0.38	0.28000000000000003	0.050000000000000003
380	24	1	24	151	1		危險性	獨立系統	[優等]每一自動、手動噴塗區設獨立排氣/粉末回收系統，設備未共用，風管未於任何位置併聯	[優等]每一自動、手動噴塗區設獨立排氣/粉末回收系統，設備未共用，風管未於任何位置併聯	100	\N				83ee89a9-8c84-5cef-b9bf-1209ed781932	4	12	\N	通風排氣	噴櫃排風系統	0.38	0.28000000000000003	0.14999999999999999
381	24	1	25	157	1		危險性	尾氣循環	[優等]回收系統尾氣排至屋外未循環	[優等]回收系統尾氣排至屋外未循環	100	\N				11b51237-913c-55ea-ac20-4f9c63b3e109	4	12	\N	通風排氣	噴櫃排風系統	0.38	0.28000000000000003	0.14999999999999999
382	24	1	26	163	1		危險性	排風風量	[優等]滿足最大粉塵濃度小於50%MEC，可提供計算書	[優等]滿足最大粉塵濃度小於50%MEC，可提供計算書	100	\N				b97417bb-2966-5f0d-9348-8a5776b7b0f8	4	13	\N	通風排氣	噴櫃排風設計	0.38	0.28000000000000003	0.5
383	24	1	27	169	1		危險性	排風風速	[優等]20 m/s及以上，有實測數據	[優等]20 m/s及以上，有實測數據	100	\N				9c6c39ad-51c0-54f9-bf23-b438c4d3a600	4	13	\N	通風排氣	噴櫃排風設計	0.38	0.28000000000000003	0.5
384	24	1	28	175	1		危險性	噴櫃開口風速	[優等]0.6 m/s以上，有實測數據	[優等]0.6 m/s以上，有實測數據	100	\N				3a064424-dfb9-5428-a6e0-3532de06a994	4	13	\N	通風排氣	噴櫃排風設計	0.38	0.28000000000000003	0.5
385	24	1	\N	181	1		危險性	null	[優等]排風與噴塗作業及供粉系統聯動	[優等]排風與噴塗作業及供粉系統聯動	100	\N				629573b8-dba9-52b0-912d-65b05a1f9855	4	14	\N	通風排氣	安全聯鎖	0.38	0.28000000000000003	0.29999999999999999
386	24	1	29	187	1		危險性	位置	[優等]屋外獨立建物	[優等]屋外獨立建物	100	\N				e8b3fdf1-036b-50a4-b126-2602bbad60f4	5	15	\N	爆炸保護	噴房	0.38	0.080000000000000002	0.29999999999999999
387	24	1	30	193	1		危險性	洩爆	[優等]依指引4.1-2設置洩爆/抗爆牆，依相關標準設計，可提供計算書圖	[優等]依指引4.1-2設置洩爆/抗爆牆，依相關標準設計，可提供計算書圖	100	\N				049e071a-90ff-5bb1-8d58-7517594aa203	5	15	\N	爆炸保護	噴房	0.38	0.080000000000000002	0.29999999999999999
388	24	1	31	199	1		危險性	洩爆裝置認證	[優等]裝置經合格機構認證	[優等]裝置經合格機構認證	100	\N				e2a03552-5451-5270-a2da-30819c08aea9	5	15	\N	爆炸保護	噴房	0.38	0.080000000000000002	0.29999999999999999
389	24	1	32	205	1		危險性	位置	[優等]屋外、噴房以外的獨立區劃	[優等]屋外、噴房以外的獨立區劃	100	\N				8332d19f-7e8b-5e81-9851-9536c4b9031b	5	16	\N	爆炸保護	回收/集塵設備	0.38	0.080000000000000002	0.29999999999999999
390	24	1	33	211	1		危險性	洩爆/抑爆	[優等]依指引4.4.1設置洩爆裝置，依相關標準設計，可提供計算書圖	[優等]依指引4.4.1設置洩爆裝置，依相關標準設計，可提供計算書圖	100	\N				fbc5c070-ab27-5214-a0c8-647b00452f48	5	16	\N	爆炸保護	回收/集塵設備	0.38	0.080000000000000002	0.29999999999999999
391	24	1	34	217	1		危險性	洩爆/抑爆裝置認證	[優等]裝置經合格實驗室認證	[優等]裝置經合格實驗室認證	100	\N				f27afda0-c6a2-55e8-b37b-5aa7518db324	5	16	\N	爆炸保護	回收/集塵設備	0.38	0.080000000000000002	0.29999999999999999
392	24	1	35	223	1		危險性	隔爆	[優等]噴櫃與回收設備界面依指引4.4.3設置隔爆裝置，依相關標準設計，可提供計算書圖	[優等]噴櫃與回收設備界面依指引4.4.3設置隔爆裝置，依相關標準設計，可提供計算書圖	100	\N				df770f33-f883-5b1e-b18d-2117cd7a44f4	5	17	\N	爆炸保護	界面防護	0.38	0.080000000000000002	0.40000000000000002
393	24	1	36	229	1		危險性	隔爆裝置認證	[優等]裝置經合格機構認證	[優等]裝置經合格機構認證	100	\N				bbb7b18c-9a51-5836-a809-459ea401a172	5	17	\N	爆炸保護	界面防護	0.38	0.080000000000000002	0.40000000000000002
394	24	1	37	235	1		危險性	超高溫聯鎖	[優等]1.獨立的實體開關切斷燃料供應\r\n2.小於[工作溫度+28°C]或[自燃  -55°C]\r\n3.聲光音響警報	[優等]1.獨立的實體開關切斷燃料供應\r\n2.小於[工作溫度+28°C]或[自燃  -55°C]\r\n3.聲光音響警報	100	\N				6b8a1e72-1c14-5b58-9234-441c518d2ba1	6	18	\N	烘烤作業(烤爐、剝漆爐)	溫度控制	0.38	0.14000000000000001	0.10000000000000001
395	24	1	38	241	1		危險性	管路敷設	[優等]1.路徑未經地下室或難以接近的密閉區域\r\n2. 不易受外力損壞或腐蝕	[優等]1.路徑未經地下室或難以接近的密閉區域\r\n2. 不易受外力損壞或腐蝕	100	\N				4bcb4140-9324-5b73-b5d4-7e66735466b3	6	19	\N	烘烤作業(烤爐、剝漆爐)	燃氣管路	0.38	0.14000000000000001	0.25
396	24	1	39	247	1		危險性	安全閥	[優等]1. 母火與主火管路獨立，各二個安全閥\r\n2. 超過117kW管路，至少一個閥門附關閉指示開關	[優等]1. 母火與主火管路獨立，各二個安全閥\r\n2. 超過117kW管路，至少一個閥門附關閉指示開關	100	\N				3a0f7826-7fbd-53df-82e1-5cdac67fa754	6	19	\N	烘烤作業(烤爐、剝漆爐)	燃氣管路	0.38	0.14000000000000001	0.25
397	24	1	40	253	1		危險性	閥門洩漏測試裝置	[優等]安全閥下游側均設洩漏測試裝置	[優等]安全閥下游側均設洩漏測試裝置	100	\N				cc8c899f-8e8c-5486-84ab-f737979ef053	6	19	\N	烘烤作業(烤爐、剝漆爐)	燃氣管路	0.38	0.14000000000000001	0.25
398	24	1	41	259	1		危險性	手動遮斷閥	[優等]1.位於爐區外易於接近處，洩漏時可迅速關閉\r\n2.均有明顯標示	[優等]1.位於爐區外易於接近處，洩漏時可迅速關閉\r\n2.均有明顯標示	100	\N				f4f0007f-87df-5f73-b8c0-f7a1352650dd	6	19	\N	烘烤作業(烤爐、剝漆爐)	燃氣管路	0.38	0.14000000000000001	0.25
399	24	1	42	265	1		危險性	壓力聯鎖	[優等]管路壓力過高或過低，可聯鎖關閉安全閥	[優等]管路壓力過高或過低，可聯鎖關閉安全閥	100	\N				47cd554c-7104-5189-89ca-db12f86cdfa8	6	20	\N	烘烤作業(烤爐、剝漆爐)	燃氣安全	0.38	0.14000000000000001	0.25
400	24	1	43	271	1		危險性	火焰偵測器	[優等]燃燒室設火焰偵測器，熄火時自動切斷燃料供應	[優等]燃燒室設火焰偵測器，熄火時自動切斷燃料供應	100	\N				c60b7f6c-66d2-5c6b-a2d1-2c405fdd3344	6	20	\N	烘烤作業(烤爐、剝漆爐)	燃氣安全	0.38	0.14000000000000001	0.25
401	24	1	44	277	1		危險性	燃氣洩漏探測	[優等]1.依空氣相對比重於高/低處設置\r\n2.燃燒器水平距離8m/4m範圍內\r\n3.訊號於常時有人處監控\r\n4.地區聲光報警	[優等]1.依空氣相對比重於高/低處設置\r\n2.燃燒器水平距離8m/4m範圍內\r\n3.訊號於常時有人處監控\r\n4.地區聲光報警	100	\N				9a0bab90-75c9-519e-8297-ece182f0f861	6	20	\N	烘烤作業(烤爐、剝漆爐)	燃氣安全	0.38	0.14000000000000001	0.25
402	24	1	45	283	1		危險性	吹驅程序	[優等]1.操作程序明確\r\n2.換氣量為體積的4倍	[優等]1.操作程序明確\r\n2.換氣量為體積的4倍	100	\N				dfe1f94a-4aef-58f3-aa91-0abeb4b7ced3	6	21	\N	烘烤作業(烤爐、剝漆爐)	排氣系統	0.38	0.14000000000000001	0.10000000000000001
403	24	1	46	289	1		危險性	排氣管路	[優等]獨立，未與其他制程排氣併聯	[優等]獨立，未與其他制程排氣併聯	100	\N				3df52a74-38a7-5fba-a2b2-080bcc016bba	6	21	\N	烘烤作業(烤爐、剝漆爐)	排氣系統	0.38	0.14000000000000001	0.10000000000000001
404	24	1	47	295	1		危險性	風機聯鎖	[優等]排氣風機、循環風機、燃燒室風機均與加熱系統聯動	[優等]排氣風機、循環風機、燃燒室風機均與加熱系統聯動	100	\N				aacac470-85f2-5687-b60c-e520281b66be	6	22	\N	烘烤作業(烤爐、剝漆爐)	安全聯鎖	0.38	0.14000000000000001	0.25
405	24	1	\N	301	1		危險性	null	[優等]可燃物距離3m以上	[優等]可燃物距離3m以上	100	\N				79c46b15-e3ba-5b69-a763-9235361c3094	6	23	\N	烘烤作業(烤爐、剝漆爐)	週邊淨空	0.38	0.14000000000000001	0.050000000000000003
406	24	2	\N	307	1		人員因素	null	[優等]事業群高層每月巡檢並參與EHS會議及活動	[優等]事業群高層每月巡檢並參與EHS會議及活動	100	\N				98cefab7-7692-52da-85be-6643dd22fc91	7	24	\N	安全管理	有感領導	0.28000000000000003	0.080000000000000002	0.20000000000000001
407	24	2	\N	313	1		人員因素	null	[優等]有詳盡安全操作SOP，輔以圖片說明，有員工訓練記錄	[優等]有詳盡安全操作SOP，輔以圖片說明，有員工訓練記錄	100	\N				de69a63e-3091-5462-a784-83809343ceb0	7	25	\N	安全管理	安全操作SOP	0.28000000000000003	0.080000000000000002	0.40000000000000002
408	24	2	\N	319	1		人員因素	null	[優等]有變更管理程序、表單，有員工訓練記錄	[優等]有變更管理程序、表單，有員工訓練記錄	100	\N				b41375e9-33a0-568a-8fe7-21538b97fc3f	7	26	\N	安全管理	變更管理	0.28000000000000003	0.080000000000000002	0.20000000000000001
409	24	2	\N	325	1		人員因素	null	[優等]核發工作許可證前，進行承商教育及危害告知並留存記錄	[優等]核發工作許可證前，進行承商教育及危害告知並留存記錄	100	\N				93dc260d-593e-58d6-acf9-9344fb824fb0	7	27	\N	安全管理	承商管理	0.28000000000000003	0.080000000000000002	0.20000000000000001
410	24	2	\N	332	2		人員因素	null	[滿意]	[滿意]	90	\N				75908903-d6b8-5ba1-90ee-b65e2d08fc49	8	28	\N	整齊清潔	粉塵檢查清潔計畫	0.28000000000000003	0.29999999999999999	0.34999999999999998
411	24	2	\N	337	1		人員因素	null	[優等]真空吸塵方式，吸塵器滿足指引5.2-7要求	[優等]真空吸塵方式，吸塵器滿足指引5.2-7要求	100	\N				5463f598-b1e7-5f62-b401-cd0a673583ad	8	29	\N	整齊清潔	粉塵清潔方式	0.28000000000000003	0.29999999999999999	0.25
412	24	2	\N	343	1		人員因素	null	[優等]1.於噴櫃範圍內\r\n2.持續排風狀態\r\n3.使用安全工具(不形成火源)	[優等]1.於噴櫃範圍內\r\n2.持續排風狀態\r\n3.使用安全工具(不形成火源)	100	\N				4da3bb18-5852-5a55-b360-e9e30d68222e	8	30	\N	整齊清潔	噴槍清潔	0.28000000000000003	0.29999999999999999	0.14999999999999999
413	24	2	\N	349	1		人員因素	null	[優等]1.噴房內新粉為當班用量\r\n2.回收粉每班移出噴房	[優等]1.噴房內新粉為當班用量\r\n2.回收粉每班移出噴房	100	\N				961f9037-6f25-5e55-95d2-644c9a014295	8	31	\N	整齊清潔	粉末存量	0.28000000000000003	0.29999999999999999	0.25
414	24	2	\N	355	1		人員因素	null	[優等]每班重簽，遵守動火前中後安全事項	[優等]每班重簽，遵守動火前中後安全事項	100	\N				d9f917c2-dc8a-5464-9639-a4832eea8a21	9	32	\N	點火源管理	動火管制	0.28000000000000003	0.12	0.29999999999999999
415	24	2	\N	361	1		人員因素	null	[優等]嚴格吸菸管制，適當聲明與標示，完全無違規	[優等]嚴格吸菸管制，適當聲明與標示，完全無違規	100	\N				bd51c68f-b89a-54cf-bad8-1cb1ffd8a361	9	33	\N	點火源管理	吸菸管制	0.28000000000000003	0.12	0.29999999999999999
416	24	2	\N	367	1		人員因素	null	[優等]人員進入噴房穿著防靜電服、鞋、帽	[優等]人員進入噴房穿著防靜電服、鞋、帽	100	\N				9e603bfc-a1af-536a-b70b-2918f9451429	9	34	\N	點火源管理	靜電防制	0.28000000000000003	0.12	0.40000000000000002
417	24	2	\N	373	1		人員因素	null	[優等]有詳盡SOP，輔以圖片說明，有員工訓練記錄	[優等]有詳盡SOP，輔以圖片說明，有員工訓練記錄	100	\N				58fa7fe1-9258-513c-9995-bafcce53aece	10	35	\N	設備檢測與維護	設備檢查測試維護SOP	0.28000000000000003	0.34999999999999998	0.29999999999999999
418	24	2	48	379	1		人員因素	噴塗設備	[優等]1.建立完整檢測維保計畫(參考指引5.1-6)\r\n2.保護裝置及急停開關每二週測試一次\r\n3.執行記錄良好	[優等]1.建立完整檢測維保計畫(參考指引5.1-6)\r\n2.保護裝置及急停開關每二週測試一次\r\n3.執行記錄良好	100	\N				80153ab0-c119-5374-9d35-9adbaf318f14	10	36	\N	設備檢測與維護	設備檢測維護	0.28000000000000003	0.34999999999999998	0.69999999999999996
419	24	2	49	385	1		人員因素	烘烤設備	[優等]1.依製造商建議建立完整檢查維保計畫\r\n2.保護裝置(參考指引5.4-2)每二週測試一次\r\n3.執行記錄良好	[優等]1.依製造商建議建立完整檢查維保計畫\r\n2.保護裝置(參考指引5.4-2)每二週測試一次\r\n3.執行記錄良好	100	\N				019a4f8e-b137-519c-9223-ee1125b26de9	10	36	\N	設備檢測與維護	設備檢測維護	0.28000000000000003	0.34999999999999998	0.69999999999999996
420	24	2	50	391	1		人員因素	爆炸保護裝置	[優等]洩爆、抑爆及隔爆裝置(參考指引5.3)建立完整檢查維保計畫，執行記錄良好	[優等]洩爆、抑爆及隔爆裝置(參考指引5.3)建立完整檢查維保計畫，執行記錄良好	100	\N				a5eedbc9-efae-58df-a313-2c551f7bce01	10	36	\N	設備檢測與維護	設備檢測維護	0.28000000000000003	0.34999999999999998	0.69999999999999996
421	24	2	\N	397	1		人員因素	null	[優等](1)計劃書應包括對噴塗線危險源所編制的專項應變計劃，至少包括火災、粉塵爆炸等項目\r\n(2)應急演練至少每半年1次，並留存記錄	[優等](1)計劃書應包括對噴塗線危險源所編制的專項應變計劃，至少包括火災、粉塵爆炸等項目\r\n(2)應急演練至少每半年1次，並留存記錄	100	\N				fbd8828f-3915-5d8e-949e-7b0f5bc41fb1	11	37	\N	緊急應變	應急計畫與演練	0.28000000000000003	0.10000000000000001	0.5
422	24	2	\N	403	1		人員因素	null	[優等]警報傳送緊急應變中心或者消防控制室， 人員24小時值班，明確了解應變流程	[優等]警報傳送緊急應變中心或者消防控制室， 人員24小時值班，明確了解應變流程	100	\N				a0683a88-ce1f-5d8e-ab25-232563f1cad5	11	38	\N	緊急應變	緊急應變中心	0.28000000000000003	0.10000000000000001	0.5
423	24	2	\N	409	1		人員因素	null	[優等]經特殊風險教育訓練，持證上崗	[優等]經特殊風險教育訓練，持證上崗	100	\N				0093f562-1d2b-579d-9dd8-9b1040c91a3f	12	39	\N	教育訓練	噴塗作業員工	0.28000000000000003	0.050000000000000003	0.59999999999999998
424	24	2	\N	415	1		人員因素	null	[優等]包括噴塗線健康危害、安全知識與個人護具使用，有培訓記錄	[優等]包括噴塗線健康危害、安全知識與個人護具使用，有培訓記錄	100	\N				f5242285-e539-55c8-a728-fb41190e47ea	12	40	\N	教育訓練	一般員工	0.28000000000000003	0.050000000000000003	0.40000000000000002
425	24	3	\N	421	1		消防系統	null	[優等]滅火器型式、數量、功能、標示均良好	[優等]滅火器型式、數量、功能、標示均良好	100	\N				0d55723f-58df-5f8c-90d3-8b879811750f	13	41	\N	手動滅火設備	手提式滅火器	0.28000000000000003	0.050000000000000003	0.34999999999999998
426	24	3	\N	427	1		消防系統	null	[優等]室內栓數量、功能、標示均良好	[優等]室內栓數量、功能、標示均良好	100	\N				d5670cbe-1c15-50ee-9f30-7264af389d0e	13	42	\N	手動滅火設備	室內消火栓	0.28000000000000003	0.050000000000000003	0.65000000000000002
427	24	3	\N	433	1		消防系統	null	[優等]車間內全面安裝自動滅火系統	[優等]車間內全面安裝自動滅火系統	100	\N				543ed96f-efdf-59b2-80c9-cdbc3bd40a3e	14	43	\N	自動滅火系統\r\n	噴塗車間(噴房以外)	0.28000000000000003	0.40000000000000002	0.14999999999999999
428	24	3	51	439	1		消防系統	噴房自動滅火	[優等]依NFPA或國標設計，具足夠滅火效能，能提供計算書圖	[優等]依NFPA或國標設計，具足夠滅火效能，能提供計算書圖	100	\N				6f4fab9c-6301-5fa5-9465-9e276626fa90	14	44	\N	自動滅火系統\r\n	噴房	0.28000000000000003	0.40000000000000002	0.40000000000000002
429	24	3	52	445	1		消防系統	聯鎖功能	[優等]1.地區警報\r\n2.移報至火警系統\r\n3.切斷供粉\r\n4.切斷噴塗\r\n5.切斷輸送帶	[優等]1.地區警報\r\n2.移報至火警系統\r\n3.切斷供粉\r\n4.切斷噴塗\r\n5.切斷輸送帶	100	\N				3c179340-638e-5ad4-b35f-a2d38eec498b	14	44	\N	自動滅火系統\r\n	噴房	0.28000000000000003	0.40000000000000002	0.40000000000000002
430	24	3	53	451	1		消防系統	噴櫃自動滅火	[優等]1.開放濕式自動系統或氣體系統，由火焰探測器啟動\r\n2.噴房出口或易於操作處設手動啟動開關	[優等]1.開放濕式自動系統或氣體系統，由火焰探測器啟動\r\n2.噴房出口或易於操作處設手動啟動開關	100	\N				e736714d-8505-58c5-88ee-b2dedc71e9d4	14	45	\N	自動滅火系統\r\n	噴櫃	0.28000000000000003	0.40000000000000002	0.45000000000000001
431	24	3	54	457	1		消防系統	聯鎖功能	[優等]1.地區警報\r\n2.移報至火警系統\r\n3.切斷供粉\r\n4.切斷噴塗\r\n5.切斷輸送帶\r\n6.停止排氣\r\n7.關閉隔離閥門\r\n8.切斷噴塗系統電源	[優等]1.地區警報\r\n2.移報至火警系統\r\n3.切斷供粉\r\n4.切斷噴塗\r\n5.切斷輸送帶\r\n6.停止排氣\r\n7.關閉隔離閥門\r\n8.切斷噴塗系統電源	100	\N				09f05cfe-97ab-5ea8-a674-c480d95dc0ae	14	45	\N	自動滅火系統\r\n	噴櫃	0.28000000000000003	0.40000000000000002	0.45000000000000001
432	24	3	\N	463	1		消防系統	null	[優等]車間內探測器型式、數量、功能良好，訊號傳至常時有人的中控室	[優等]車間內探測器型式、數量、功能良好，訊號傳至常時有人的中控室	100	\N				2daa7b77-0bdf-5106-baa3-788c86caa4a8	15	46	\N	火災偵測及報警系統	火災偵測及報警系統	0.28000000000000003	0.14000000000000001	0.20000000000000001
433	24	3	\N	469	1		消防系統	null	[優等]1.安裝一至數個，角度覆蓋全區\r\n2.反應時間0.5秒	[優等]1.安裝一至數個，角度覆蓋全區\r\n2.反應時間0.5秒	100	\N				21f4a503-99a7-508b-807c-4083c2e525d5	15	47	\N	火災偵測及報警系統	噴櫃火焰探測器	0.28000000000000003	0.14000000000000001	0.80000000000000004
434	24	3	\N	475	1		消防系統	null	[優等]依NFPA或國標進行水力計算，能提供計算書/圖紙；通過當地政府消防驗收，能提供驗收資料	[優等]依NFPA或國標進行水力計算，能提供計算書/圖紙；通過當地政府消防驗收，能提供驗收資料	100	\N				28bc0a0f-afe9-5d6c-abe9-21469e74be15	16	48	\N	消防供水	消防水池容量	0.28000000000000003	0.14999999999999999	0.40000000000000002
435	24	3	\N	481	1		消防系統	null	[優等]電動泵、柴油泵一用一備，UL/FM認證	[優等]電動泵、柴油泵一用一備，UL/FM認證	100	\N				39a857d3-108f-558f-bed7-a073ca8f67e1	16	49	\N	消防供水	消防泵	0.28000000000000003	0.14999999999999999	0.59999999999999998
436	24	3	\N	487	1		消防系統	null	[優等](1)有規律的檢查、測試及保養排程，記錄完整\r\n(2)對缺失實施追蹤，均已改善完成	[優等](1)有規律的檢查、測試及保養排程，記錄完整\r\n(2)對缺失實施追蹤，均已改善完成	100	\N				6b9df22d-0cd4-5dbc-a70f-c14539d5b4dd	17	50	\N	消防系統檢測與維護	火警自動報警系統 	0.28000000000000003	0.26000000000000001	0.14999999999999999
437	24	3	\N	493	1		消防系統	null	[優等](1)有規律的檢查、測試及保養排程，記錄完整\r\n(2)對缺失實施追蹤，均已改善完成	[優等](1)有規律的檢查、測試及保養排程，記錄完整\r\n(2)對缺失實施追蹤，均已改善完成	100	\N				c34dad5a-6444-527d-971a-801867cb0f1d	17	51	\N	消防系統檢測與維護	手提式滅火器	0.28000000000000003	0.26000000000000001	0.050000000000000003
438	24	3	\N	499	1		消防系統	null	[優等](1)有規律的檢查、測試及保養排程，記錄完整\r\n(2)對缺失實施追蹤，均已改善完成	[優等](1)有規律的檢查、測試及保養排程，記錄完整\r\n(2)對缺失實施追蹤，均已改善完成	100	\N				ad3b2e69-dce1-5d2a-affb-834038660d91	17	52	\N	消防系統檢測與維護	室內消火栓   	0.28000000000000003	0.26000000000000001	0.10000000000000001
439	24	3	\N	505	1		消防系統	null	[優等](1)有規律的檢查、測試及保養排程，記錄完整\r\n(2)對缺失實施追蹤，均已改善完成	[優等](1)有規律的檢查、測試及保養排程，記錄完整\r\n(2)對缺失實施追蹤，均已改善完成	100	\N				1b830dac-adb5-5286-834f-028ad5dc91b1	17	53	\N	消防系統檢測與維護	噴淋系統	0.28000000000000003	0.26000000000000001	0.34999999999999998
440	24	3	\N	511	1		消防系統	null	[優等](1)有規律的檢查、測試及保養排程，記錄完整\r\n(2)對缺失實施追蹤，均已改善完成	[優等](1)有規律的檢查、測試及保養排程，記錄完整\r\n(2)對缺失實施追蹤，均已改善完成	100	\N				f7324fbc-3464-5e4e-8622-2ac4c67f1c10	17	54	\N	消防系統檢測與維護	消防泵	0.28000000000000003	0.26000000000000001	0.34999999999999998
441	24	4	\N	517	1		建築結構	null	[優等]依GB50016耐火一級設計，防火時效：\r\n1.柱3hr\r\n2.梁2hr	[優等]依GB50016耐火一級設計，防火時效：\r\n1.柱3hr\r\n2.梁2hr	100	\N				2528757c-48ae-5de8-8674-3ed2942d608c	18	55	\N	建築本體	支撐結構	0.059999999999999998	0.34999999999999998	0.69999999999999996
442	24	4	\N	523	1		建築結構	null	[優等]皆為RC構造	[優等]皆為RC構造	100	\N				24dfa4ba-f1e3-5a4a-ad75-96e3235c1bca	18	56	\N	建築本體	屋頂及外牆	0.059999999999999998	0.34999999999999998	0.29999999999999999
443	24	4	55	529	1		建築結構	隔間牆	[優等]2小時防火時效	[優等]2小時防火時效	100	\N				465a0170-9c9e-5194-af4b-90fde7a22ef7	19	57	\N	防火區劃	塗裝車間與廠內其他區域	0.059999999999999998	0.65000000000000002	0.29999999999999999
444	24	4	56	535	1		建築結構	門	[優等]經認證1.5小時防火時效，可自動關閉的防火門	[優等]經認證1.5小時防火時效，可自動關閉的防火門	100	\N				dccdcfbd-7823-579f-ac5d-9bd6c464db4c	19	57	\N	防火區劃	塗裝車間與廠內其他區域	0.059999999999999998	0.65000000000000002	0.29999999999999999
445	24	4	57	541	1		建築結構	窗	[優等]經認證2小時時效防火玻璃及金屬框架	[優等]經認證2小時時效防火玻璃及金屬框架	100	\N				0efa249b-6c22-5e2b-b1c3-0c6c051299c8	19	57	\N	防火區劃	塗裝車間與廠內其他區域	0.059999999999999998	0.65000000000000002	0.29999999999999999
446	24	4	58	547	1		建築結構	防火填塞	[優等]與牆面同等2小時時效、認證工法	[優等]與牆面同等2小時時效、認證工法	100	\N				ab2c1225-d936-57dc-bb40-b54375afc84a	19	57	\N	防火區劃	塗裝車間與廠內其他區域	0.059999999999999998	0.65000000000000002	0.29999999999999999
447	24	4	59	553	1		建築結構	隔間牆	[優等]2小時防火時效	[優等]2小時防火時效	100	\N				641f8f5e-648d-5641-b021-1919937017ea	19	58	\N	防火區劃	噴房	0.059999999999999998	0.65000000000000002	0.69999999999999996
448	24	4	60	559	1		建築結構	門	[優等]經認證1.5小時防火時效、可自動關閉的防火門	[優等]經認證1.5小時防火時效、可自動關閉的防火門	100	\N				1307294a-afc3-5cd8-a9d0-0c120445f631	19	58	\N	防火區劃	噴房	0.059999999999999998	0.65000000000000002	0.69999999999999996
449	24	4	61	566	2		建築結構	窗	[滿意]	[滿意]	90	\N				5df921ba-81c6-5fcc-8aee-3553076a00f5	19	58	\N	防火區劃	噴房	0.059999999999999998	0.65000000000000002	0.69999999999999996
450	24	4	62	572	2		建築結構	防火填塞	[滿意]	[滿意]	90	\N				cb2e30bd-54ae-52e2-8fd3-a86c24301eb3	19	58	\N	防火區劃	噴房	0.059999999999999998	0.65000000000000002	0.69999999999999996
\.


--
-- TOC entry 2496 (class 0 OID 0)
-- Dependencies: 200
-- Name: check_record_id_seq; Type: SEQUENCE SET; Schema: public; Owner: postgres
--

SELECT pg_catalog.setval('public.check_record_id_seq', 0, true);


--
-- TOC entry 2423 (class 0 OID 17207)
-- Dependencies: 201
-- Data for Name: check_standard; Type: TABLE DATA; Schema: public; Owner: postgres
--

COPY public.check_standard (id, content, sequence, check_bank_id, check_point_id, conform_score, part_score, deleted_at, created_at, updated_at, uuid, check_category_id, check_item_id, class) FROM stdin;
7	牆面無非必要孔洞及縫隙，或填塞良好	1	1	2	100	\N	\N	2018-09-17 18:00:36	2018-09-17 18:00:36	490edfdf-c7fe-5ef7-8d9f-510acbbb1a6d	1	1	1
2		2	1	1	90	\N	\N	2018-09-17 18:00:36	2018-09-17 18:00:36	bac2c8d2-990a-5509-bd4c-785e85e6e86a	1	1	1
8		2	1	2	90	\N	\N	2018-09-17 18:00:36	2018-09-17 18:00:36	e445b092-52f2-5bff-888b-8ff9736576ab	1	1	1
14		2	1	3	90	\N	\N	2018-09-17 18:00:36	2018-09-17 18:00:36	43a3e619-c816-53c6-8b23-d230c79ff47c	1	2	1
20		2	1	4	90	\N	\N	2018-09-17 18:00:36	2018-09-17 18:00:36	4158b982-63e0-5e61-a2c3-54793dcbc4af	1	2	1
26		2	1	5	90	\N	\N	2018-09-17 18:00:36	2018-09-17 18:00:36	ba151b69-a458-5c6d-997c-afe68abd1317	1	3	1
32		2	1	6	90	\N	\N	2018-09-17 18:00:36	2018-09-17 18:00:36	bc7e7e66-b765-5d10-9c9b-e8edc3de13b1	1	3	1
38		2	1	7	90	\N	\N	2018-09-17 18:00:36	2018-09-17 18:00:36	2ac39c89-8b68-5167-b056-9a16395dd0fb	1	4	1
44		2	1	8	90	\N	\N	2018-09-17 18:00:36	2018-09-17 18:00:36	77a68bf9-a5f7-598a-ba8a-be432e8b28f9	1	4	1
50		2	1	9	90	\N	\N	2018-09-17 18:00:36	2018-09-17 18:00:36	f5be431e-94a5-5884-af51-15ab55adf7f9	1	5	1
56	滿足2、3、4	2	1	10	90	\N	\N	2018-09-17 18:00:36	2018-09-17 18:00:36	56f7695a-2baa-5e02-8f98-e3a12cbafa13	1	5	1
67	燈具整合於側牆或頂蓋、面板為防火玻璃、燈具防爆	1	1	12	100	\N	\N	2018-09-17 18:00:36	2018-09-17 18:00:36	e047b8b1-5f0a-5644-8260-c51a5603e456	2	6	2
73	面溫不高於室溫+11°C、93°C	1	1	13	100	\N	\N	2018-09-17 18:00:36	2018-09-17 18:00:36	fd72fa16-37b2-506a-a96e-f7a208fa70c2	2	6	2
68		2	1	12	90	\N	\N	2018-09-17 18:00:36	2018-09-17 18:00:36	9407b955-b964-5680-a976-3e2a44f6b750	2	6	2
74		2	1	13	90	\N	\N	2018-09-17 18:00:36	2018-09-17 18:00:36	8597a5ca-a3aa-5b8a-97f0-f4d3dd15a2d9	2	6	2
80		2	1	14	90	\N	\N	2018-09-17 18:00:36	2018-09-17 18:00:36	d303bc8b-1d48-5aad-9e44-6f415b06c57f	2	7	2
86		2	1	15	90	\N	\N	2018-09-17 18:00:36	2018-09-17 18:00:36	7e6c2a9c-009a-5ddb-9163-c5200ea0c873	2	7	2
92		2	1	16	90	\N	\N	2018-09-17 18:00:36	2018-09-17 18:00:36	09ea4bbc-3e59-569b-8ba7-16c059a5b41a	2	7	2
98		2	1	\N	90	\N	\N	2018-09-17 18:00:36	2018-09-17 18:00:36	dc0b24a3-d1c7-5704-9c9d-cc66d8cae5f3	3	8	3
104		2	1	\N	90	\N	\N	2018-09-17 18:00:36	2018-09-17 18:00:36	de482ba8-3655-5fda-9026-739d850bbb35	3	9	3
110		2	1	17	90	\N	\N	2018-09-17 18:00:36	2018-09-17 18:00:36	38a563f3-00b3-564b-999b-7f7c9a73312d	3	10	3
116		2	1	18	90	\N	\N	2018-09-17 18:00:36	2018-09-17 18:00:36	7108d82a-e462-56d0-9702-a390b331376e	3	10	3
62		2	1	11	90	\N	\N	2018-09-17 18:00:36	2018-09-17 18:00:36	64c2e54d-e0f0-5294-8ef6-4db19cfad4f3	2	6	2
69		3	1	12	75	\N	\N	2018-09-17 18:00:36	2018-09-17 18:00:36	af296e94-f397-5e86-abad-9aaad4d22953	2	6	2
75		3	1	13	75	\N	\N	2018-09-17 18:00:36	2018-09-17 18:00:36	4d3114af-6653-5ed4-b0da-78b0ae4f7a74	2	6	2
122		2	1	19	90	\N	\N	2018-09-17 18:00:36	2018-09-17 18:00:36	c00a139d-53ab-59d7-a926-a523f44ef768	3	10	3
128		2	1	20	90	\N	\N	2018-09-17 18:00:36	2018-09-17 18:00:36	44895227-5d0f-5151-b3ac-ebe2cc8b23e6	3	10	3
134	不可燃材料，有認證文件	2	1	21	90	\N	\N	2018-09-17 18:00:37	2018-09-17 18:00:37	5ce6134a-786d-54b3-8134-9aaffb8dda81	4	11	4
140	廠內其他區域供應，該區未使用易燃化學品，有防火閥	2	1	22	90	\N	\N	2018-09-17 18:00:37	2018-09-17 18:00:37	16b791b7-7752-557c-9e9f-d6a339bbea53	4	11	4
146	新風室裝設天花板煙感，可聯動切斷風機	2	1	23	90	\N	\N	2018-09-17 18:00:37	2018-09-17 18:00:37	1ed4df16-b6c2-5195-a7ef-70378ba9ada2	4	11	4
152		2	1	24	90	\N	\N	2018-09-17 18:00:37	2018-09-17 18:00:37	333f31d6-8cc7-5be8-9e7d-d9268ae5dafd	4	12	4
158	噴房內循環，但滿足4.3.1-7	2	1	25	90	\N	\N	2018-09-17 18:00:37	2018-09-17 18:00:37	c370bc86-4b1f-5b4a-90f6-d00acdf8f368	4	12	4
164		2	1	26	90	\N	\N	2018-09-17 18:00:37	2018-09-17 18:00:37	2d27f247-ec37-58d3-98e7-3cead409a786	4	13	4
170	18 m/s及以上，有實測數據	2	1	27	90	\N	\N	2018-09-17 18:00:37	2018-09-17 18:00:37	77c00fa4-3b74-5d32-86a5-421d6509395f	4	13	4
117	靜電消散材質，接地電阻小於10的10次方歐姆，有材質證明或實測資料	3	1	18	75	\N	\N	2018-09-17 18:00:36	2018-09-17 18:00:36	2e435668-48b6-52d2-b45f-e485bbde65c4	3	10	3
176	0.3m/s以上，有實測數據	2	1	28	90	\N	\N	2018-09-17 18:00:37	2018-09-17 18:00:37	110f7351-49a2-5940-8287-824d80a3c01d	4	13	4
182		2	1	\N	90	\N	\N	2018-09-17 18:00:37	2018-09-17 18:00:37	7a585456-904d-5073-9cdb-d2817a397361	4	14	4
188	屋內、2面鄰外牆	2	1	29	90	\N	\N	2018-09-17 18:00:37	2018-09-17 18:00:37	81b045ce-f12e-5d38-81a7-56a2e8530563	5	15	5
194		2	1	30	90	\N	\N	2018-09-17 18:00:37	2018-09-17 18:00:37	d0e7b66a-19ce-556f-8945-2b37ad744ccc	5	15	5
200		2	1	31	90	\N	\N	2018-09-17 18:00:37	2018-09-17 18:00:37	e0d6200b-bd1a-5898-899c-23ec23b39464	5	15	5
206	屋內、噴房以外獨立區劃	2	1	32	90	\N	\N	2018-09-17 18:00:37	2018-09-17 18:00:37	cb97d490-aead-5e13-9e63-e787a9c7312d	5	16	5
212	依指引4.4.2設置抑爆裝置，依相關標準設計，可提供計算書圖	2	1	33	90	\N	\N	2018-09-17 18:00:37	2018-09-17 18:00:37	45af7d2b-2129-5e43-801b-1af3016d1e51	5	16	5
218		2	1	34	90	\N	\N	2018-09-17 18:00:37	2018-09-17 18:00:37	306b256b-1c48-528c-a3f4-6b8edb818fc1	5	16	5
224		2	1	35	90	\N	\N	2018-09-17 18:00:37	2018-09-17 18:00:37	bea1c3b8-5fbf-5360-abe4-1cdcfc6a20ac	5	17	5
230		2	1	36	90	\N	\N	2018-09-17 18:00:37	2018-09-17 18:00:37	3b0a4339-a0ba-5f2d-9e0c-47a994019d72	5	17	5
177		3	1	28	75	\N	\N	2018-09-17 18:00:37	2018-09-17 18:00:37	4d9fba39-142d-5896-863e-8e980ee4f696	4	13	4
183		3	1	\N	75	\N	\N	2018-09-17 18:00:37	2018-09-17 18:00:37	77e3f98a-f711-5ef1-af22-b3194a438909	4	14	4
236		2	1	37	90	\N	\N	2018-09-17 18:00:37	2018-09-17 18:00:37	9267c650-90f4-5b4c-843d-0eac75ad6764	6	18	6
242		2	1	38	90	\N	\N	2018-09-17 18:00:37	2018-09-17 18:00:37	949f4ef6-0080-5f8c-b5d5-70a3de4e5f7d	6	19	6
248	1. 母火與主火管路獨立，各二個安全閥，但其中一個共用\n2. 滿足前項	2	1	39	90	\N	\N	2018-09-17 18:00:37	2018-09-17 18:00:37	82d6378c-6ad4-55cd-abe2-8cd486c43856	6	19	6
254		2	1	40	90	\N	\N	2018-09-17 18:00:37	2018-09-17 18:00:37	bafa4ab4-a3da-5962-889b-7dab33cd8e2f	6	19	6
260		2	1	41	90	\N	\N	2018-09-17 18:00:37	2018-09-17 18:00:37	5b335176-468e-51ea-b33a-4281d086d427	6	19	6
266		2	1	42	90	\N	\N	2018-09-17 18:00:37	2018-09-17 18:00:37	f3178c04-d441-561c-9509-51adcd3639fb	6	20	6
272		2	1	43	90	\N	\N	2018-09-17 18:00:37	2018-09-17 18:00:37	2093d90d-9521-5e6f-aefb-30e3de621e63	6	20	6
278	滿足1~3	2	1	44	90	\N	\N	2018-09-17 18:00:37	2018-09-17 18:00:37	5e4e6046-5675-5882-bd37-1fdba32bfcdc	6	20	6
284		2	1	45	90	\N	\N	2018-09-17 18:00:38	2018-09-17 18:00:38	1e21b698-0169-5356-aeb7-debd88f32566	6	21	6
290		2	1	46	90	\N	\N	2018-09-17 18:00:38	2018-09-17 18:00:38	a5b2878b-0588-5090-9d64-d5b64ca2212c	6	21	6
237	滿足1, 3，動作溫度設定不當	3	1	37	75	\N	\N	2018-09-17 18:00:37	2018-09-17 18:00:37	248b39e4-a8bd-5981-9528-1bba6fce09a2	6	18	6
243		3	1	38	75	\N	\N	2018-09-17 18:00:37	2018-09-17 18:00:37	7ed36513-af58-5289-87ae-e3526b2c227d	6	19	6
249		3	1	39	75	\N	\N	2018-09-17 18:00:37	2018-09-17 18:00:37	048384fc-1ba9-5aa3-9a8b-d49a2fcce18a	6	19	6
255	半數(含)以上安全閥設洩漏測試裝置	3	1	40	75	\N	\N	2018-09-17 18:00:37	2018-09-17 18:00:37	a5724730-9a1e-5e98-b763-253311671852	6	19	6
296		2	1	47	90	\N	\N	2018-09-17 18:00:38	2018-09-17 18:00:38	e3eaa74e-41a1-5f35-8da3-199d2282466a	6	22	6
302	可燃物距離1.5m以上	2	1	\N	90	\N	\N	2018-09-17 18:00:38	2018-09-17 18:00:38	6ca60627-6029-5638-8127-dce5b43798d1	6	23	6
308	事業處高層每月巡檢並參與EHS會議及活動	2	2	\N	90	\N	\N	2018-09-17 18:00:38	2018-09-17 18:00:38	f95e6bb2-829a-5dd2-bbf3-2aec185946f9	7	24	1
314	有詳盡安全操作SOP，有員工訓練記錄	2	2	\N	90	\N	\N	2018-09-17 18:00:38	2018-09-17 18:00:38	f86a0a6a-e8fd-53ba-87de-387b25df5ef0	7	25	1
320		2	2	\N	90	\N	\N	2018-09-17 18:00:38	2018-09-17 18:00:38	30ebddc8-94c2-5874-9014-22e037cd0ead	7	26	1
326		2	2	\N	90	\N	\N	2018-09-17 18:00:38	2018-09-17 18:00:38	71061dc6-5e47-5dd7-b1fc-654e62502281	7	27	1
332		2	2	\N	90	\N	\N	2018-09-17 18:00:38	2018-09-17 18:00:38	5140953a-edbb-56ba-a163-c9b376125d9f	8	28	2
338	使用擦拭或水洗方式清潔	2	2	\N	90	\N	\N	2018-09-17 18:00:38	2018-09-17 18:00:38	fb68ef97-184a-5e8f-9552-cf735548960d	8	29	2
344		2	2	\N	90	\N	\N	2018-09-17 18:00:38	2018-09-17 18:00:38	48639005-9419-50c3-83c5-c9f7a40be415	8	30	2
350		2	2	\N	90	\N	\N	2018-09-17 18:00:38	2018-09-17 18:00:38	2a37ddc0-260c-572d-beeb-e30b84357b5a	8	31	2
297		3	1	47	75	\N	\N	2018-09-17 18:00:38	2018-09-17 18:00:38	0e03ee78-0a60-5986-a1e9-ace2ffb670a7	6	22	6
303		3	1	\N	75	\N	\N	2018-09-17 18:00:38	2018-09-17 18:00:38	fb4bdea7-a95e-55c4-8842-68c8145ae647	6	23	6
309	廠長級領導每月巡檢產線、參與EHS會議及活動	3	2	\N	75	\N	\N	2018-09-17 18:00:38	2018-09-17 18:00:38	5102a118-2d53-57ed-a954-3cafa6929e30	7	24	1
315		3	2	\N	75	\N	\N	2018-09-17 18:00:38	2018-09-17 18:00:38	63aaa5b5-1d3f-545a-a06a-323fa4b918d0	7	25	1
356	經簽核後允許於夜間執行動火作業	2	2	\N	90	\N	\N	2018-09-17 18:00:38	2018-09-17 18:00:38	8698911e-9ba1-57e2-9f3e-33e64c8b62c5	9	32	3
362		2	2	\N	90	\N	\N	2018-09-17 18:00:38	2018-09-17 18:00:38	1a470b17-e94b-5abb-a4e7-85be853bf834	9	33	3
368		2	2	\N	90	\N	\N	2018-09-17 18:00:38	2018-09-17 18:00:38	f8453cd7-6dda-5f59-b7c1-e0f731228642	9	34	3
374	有詳盡SOP，有員工訓練記錄	2	2	\N	90	\N	\N	2018-09-17 18:00:38	2018-09-17 18:00:38	e28219a1-836c-5bac-9f38-c01402f91553	10	35	4
380		2	2	48	90	\N	\N	2018-09-17 18:00:38	2018-09-17 18:00:38	d1935bcb-0e7f-5129-bfeb-53a8bfb50514	10	36	4
386		2	2	49	90	\N	\N	2018-09-17 18:00:38	2018-09-17 18:00:38	9233a73d-5d04-5a6d-be00-88c1d5cbd7e7	10	36	4
392		2	2	50	90	\N	\N	2018-09-17 18:00:38	2018-09-17 18:00:38	830b2b0c-145a-5e54-afba-e7d703778e22	10	36	4
398		2	2	\N	90	\N	\N	2018-09-17 18:00:38	2018-09-17 18:00:38	6c7943ba-1492-5672-acc5-db46035dc96e	11	37	5
404		2	2	\N	90	\N	\N	2018-09-17 18:00:38	2018-09-17 18:00:38	5a3ea189-e73b-5240-a6d2-f6ae07479c0c	11	38	5
357		3	2	\N	75	\N	\N	2018-09-17 18:00:38	2018-09-17 18:00:38	f3c3341e-edf0-5a0c-be2e-654fbae87e7b	9	32	3
363		3	2	\N	75	\N	\N	2018-09-17 18:00:38	2018-09-17 18:00:38	f053f5a2-9494-54e3-9574-0a566283f90f	9	33	3
369		3	2	\N	75	\N	\N	2018-09-17 18:00:38	2018-09-17 18:00:38	e89a61b5-c037-5904-a2b0-c99cb7da1a59	9	34	3
375		3	2	\N	75	\N	\N	2018-09-17 18:00:38	2018-09-17 18:00:38	40c464bc-f716-5ba5-a317-3d0a00dede89	10	35	4
381	依據事業單位檢測維保計畫實施，執行記錄良好	3	2	48	75	\N	\N	2018-09-17 18:00:38	2018-09-17 18:00:38	4861eb73-de5a-564e-a1ce-a565483ef3b8	10	36	4
399		3	2	\N	75	\N	\N	2018-09-17 18:00:38	2018-09-17 18:00:38	b238fafb-80ab-52d4-a735-076d3910b0cc	11	37	5
410		2	2	\N	90	\N	\N	2018-09-17 18:00:38	2018-09-17 18:00:38	f9cd37de-475f-59ae-aab0-de9ab21aaab7	12	39	6
416		2	2	\N	90	\N	\N	2018-09-17 18:00:38	2018-09-17 18:00:38	33fb7891-713e-5c1d-8856-5f3f91b63905	12	40	6
422		2	3	\N	90	\N	\N	2018-09-17 18:00:38	2018-09-17 18:00:38	8653bdf1-3a10-541e-8ab2-121eef2732d4	13	41	1
428		2	3	\N	90	\N	\N	2018-09-17 18:00:39	2018-09-17 18:00:39	360edf48-6bc3-5502-abcb-6cc217a966ac	13	42	1
434		2	3	\N	90	\N	\N	2018-09-17 18:00:39	2018-09-17 18:00:39	d902f106-320a-541b-882d-ea405f67c97c	14	43	2
440		2	3	51	90	\N	\N	2018-09-17 18:00:39	2018-09-17 18:00:39	5bc15c64-7e84-58fc-ba71-6996948f7862	14	44	2
446		2	3	52	90	\N	\N	2018-09-17 18:00:39	2018-09-17 18:00:39	f9b7baaf-48e3-5268-907d-e383ebb0b25e	14	44	2
452	1.開放濕式自動系統或氣體系統，由火焰探測器啟動\n2.無手動啟動開關或位置不易接近	2	3	53	90	\N	\N	2018-09-17 18:00:39	2018-09-17 18:00:39	275ef46e-73d0-5c4e-a843-829c70c32917	14	45	2
458		2	3	54	90	\N	\N	2018-09-17 18:00:39	2018-09-17 18:00:39	8c4122d9-3b88-57ba-ab9d-b9b8512bdbe0	14	45	2
464		2	3	\N	90	\N	\N	2018-09-17 18:00:39	2018-09-17 18:00:39	a1c156a1-cb11-5543-bbf8-2fb008fc51b5	15	46	3
411	培訓內容不完整，有培訓記錄	3	2	\N	75	\N	\N	2018-09-17 18:00:38	2018-09-17 18:00:38	8ee611da-744c-52c7-888b-afc36e7b2cfe	12	39	6
417	培訓內容不完整，有培訓記錄	3	2	\N	75	\N	\N	2018-09-17 18:00:38	2018-09-17 18:00:38	69184574-2902-511d-b56d-0a56adcac336	12	40	6
423		3	3	\N	75	\N	\N	2018-09-17 18:00:38	2018-09-17 18:00:38	b94cfd7b-fde5-5134-9628-f925e875620e	13	41	1
429		3	3	\N	75	\N	\N	2018-09-17 18:00:39	2018-09-17 18:00:39	a1306e92-7421-5338-aa86-27551b3dd6e6	13	42	1
435		3	3	\N	75	\N	\N	2018-09-17 18:00:39	2018-09-17 18:00:39	a2adda08-9476-53ca-b32a-0ab0f9f2e6b8	14	43	2
469	1.安裝一至數個，角度覆蓋全區\n2.反應時間0.5秒	1	3	\N	100	\N	\N	2018-09-17 18:00:39	2018-09-17 18:00:39	d0b6df18-d104-5ee4-9d78-a41fe8a458c2	15	47	3
470		2	3	\N	90	\N	\N	2018-09-17 18:00:39	2018-09-17 18:00:39	5948735d-f2c8-576d-8bf8-ad3e434c9b89	15	47	3
476		2	3	\N	90	\N	\N	2018-09-17 18:00:39	2018-09-17 18:00:39	04fec9cd-751c-55fc-90d2-2a837585605c	16	48	4
482	兩台均為UL/FM認證電動泵，有緊急電源	2	3	\N	90	\N	\N	2018-09-17 18:00:39	2018-09-17 18:00:39	0a84f250-e7f9-5b2b-be4a-0bae8c108789	16	49	4
488		2	3	\N	90	\N	\N	2018-09-17 18:00:39	2018-09-17 18:00:39	cb17d73f-2baa-5bb0-b49b-e25a7ec338f8	17	50	5
494		2	3	\N	90	\N	\N	2018-09-17 18:00:39	2018-09-17 18:00:39	9aacfb55-d3e3-55a6-b3e9-ccd2e4a0b896	17	51	5
500		2	3	\N	90	\N	\N	2018-09-17 18:00:39	2018-09-17 18:00:39	5b2b8fa6-ba28-5e49-a1e2-04e320b81231	17	52	5
506		2	3	\N	90	\N	\N	2018-09-17 18:00:39	2018-09-17 18:00:39	625402a3-006d-54be-8373-67e5c4c12ba1	17	53	5
512		2	3	\N	90	\N	\N	2018-09-17 18:00:39	2018-09-17 18:00:39	eaafd0c2-dc5f-5950-9a8e-ac2c80177fa9	17	54	5
465		3	3	\N	75	\N	\N	2018-09-17 18:00:39	2018-09-17 18:00:39	52c79c43-a339-5080-a30c-68ad42df8c07	15	46	3
471	滿足1，不滿足2	3	3	\N	75	\N	\N	2018-09-17 18:00:39	2018-09-17 18:00:39	43e2ddd9-e624-585a-8ee0-1ce04585d79e	15	47	3
477		3	3	\N	75	\N	\N	2018-09-17 18:00:39	2018-09-17 18:00:39	930d7e81-a5ad-519c-97b1-ef05d8e37492	16	48	4
483	電動泵、柴油泵一用一備\n或兩台電動泵，有緊急電源	3	3	\N	75	\N	\N	2018-09-17 18:00:39	2018-09-17 18:00:39	25a34335-1901-55ba-add5-c289fbda04a8	16	49	4
523	皆為RC構造	1	4	\N	100	\N	\N	2018-09-17 18:00:39	2018-09-17 18:00:39	81acffc7-6ca5-59fa-95f8-2ea4d525828b	18	56	1
518	依GB50016耐火二級設計，防火時效：\n1.柱2.5hr\n2.梁1.5hr	2	4	\N	90	\N	\N	2018-09-17 18:00:39	2018-09-17 18:00:39	2d15d243-73f5-555f-b91c-ba0e3cabd90d	18	55	1
524		2	4	\N	90	\N	\N	2018-09-17 18:00:39	2018-09-17 18:00:39	1de78504-8237-599d-aebc-874788cf1c45	18	56	1
530		2	4	55	90	\N	\N	2018-09-17 18:00:39	2018-09-17 18:00:39	bebe9d7a-e31b-57f3-843b-d2adbd45c289	19	57	2
536		2	4	56	90	\N	\N	2018-09-17 18:00:39	2018-09-17 18:00:39	52965a71-a378-5bda-b0b0-a2978ed85bbb	19	57	2
542		2	4	57	90	\N	\N	2018-09-17 18:00:39	2018-09-17 18:00:39	f6f5e106-5f9f-5dfb-9cdc-9d59c9acca82	19	57	2
548		2	4	58	90	\N	\N	2018-09-17 18:00:39	2018-09-17 18:00:39	aaef6118-09b5-5c89-b124-de4535989187	19	57	2
554		2	4	59	90	\N	\N	2018-09-17 18:00:39	2018-09-17 18:00:39	d9d9d48b-fe5b-535b-bf2f-a6007caabfed	19	58	2
560		2	4	60	90	\N	\N	2018-09-17 18:00:39	2018-09-17 18:00:39	33e8012e-c956-5bc9-ab2d-c46cf4132da0	19	58	2
566		2	4	61	90	\N	\N	2018-09-17 18:00:39	2018-09-17 18:00:39	669da5aa-92c8-50bc-a8b8-d112d3bdbbeb	19	58	2
572		2	4	62	90	\N	\N	2018-09-17 18:00:40	2018-09-17 18:00:40	a5f34fbe-5796-5aa9-ab68-7077efd5221e	19	58	2
519	依GB50016耐火三級設計，防火時效：\n1.柱2hr\n2.梁1hr	3	4	\N	75	\N	\N	2018-09-17 18:00:39	2018-09-17 18:00:39	5f4a5ca2-e4f6-530d-9288-22bf5824c420	18	55	1
13	金屬或不燃材質	1	1	3	100	\N	\N	2018-09-17 18:00:36	2018-09-17 18:00:36	6f223330-5193-5c09-beeb-a48fa6facaa2	1	2	1
25	金屬或不燃材質	1	1	5	100	\N	\N	2018-09-17 18:00:36	2018-09-17 18:00:36	8c1238bc-8e02-528a-8f0f-b15943105a97	1	3	1
31	1.上方密封，僅工件進出及噴塗作業開口\n2.牆面無非必要孔洞及縫隙或填塞良好	1	1	6	100	\N	\N	2018-09-17 18:00:36	2018-09-17 18:00:36	89683a74-d5ed-50f0-a452-57f1cfa87fbb	1	3	1
37	輸送帶與噴塗作業及供粉系統聯動	1	1	7	100	\N	\N	2018-09-17 18:00:36	2018-09-17 18:00:36	5c0c9110-7f4e-5620-8743-8cb150b7e435	1	4	1
43	噴槍電極與工件自動保持安全距離，並與噴槍電源聯鎖	1	1	8	100	\N	\N	2018-09-17 18:00:36	2018-09-17 18:00:36	da110550-a7f3-58ed-a40c-b7af468a35a1	1	4	1
49	噴房出口或易於操作處	1	1	9	100	\N	\N	2018-09-17 18:00:36	2018-09-17 18:00:36	22a36a6f-c17c-5a56-9b3d-85f53510c1ec	1	5	1
55	1.地區警報\n2.切斷供粉\n3.切斷噴塗\n4.切斷輸送帶	1	1	10	100	\N	\N	2018-09-17 18:00:36	2018-09-17 18:00:36	33fd6afe-ba79-53b7-b378-1f491c446cd1	1	5	1
79	1.電氣設備選型符合防爆分區\n2.施工符合標準	1	1	14	100	\N	\N	2018-09-17 18:00:36	2018-09-17 18:00:36	5af35f8d-8bb8-5853-8d94-dc03cedf54c9	2	7	2
85	燈具整合於側牆或頂蓋、面板為防火玻璃、燈具防爆	1	1	15	100	\N	\N	2018-09-17 18:00:36	2018-09-17 18:00:36	41569f30-6f7d-5cd6-93b3-a7783946c1cf	2	7	2
91	面溫不高於室溫+11°C、93°C	1	1	16	100	\N	\N	2018-09-17 18:00:36	2018-09-17 18:00:36	9bbfd288-41a3-507c-9288-56bc50acac06	2	7	2
97	進噴房前導除靜電	1	1	\N	100	\N	\N	2018-09-17 18:00:36	2018-09-17 18:00:36	2726f3cb-9c08-5b74-8487-c2828568b0a0	3	8	3
103	導電材質，接地電阻小於10的6次方歐姆，有材質證明或實測資料	1	1	\N	100	\N	\N	2018-09-17 18:00:36	2018-09-17 18:00:36	f0f06ed4-5dc5-5df6-afef-3cd59fb5e9cf	3	9	3
109	金屬設備外殼、工作台、容器、管線、風管等皆適當跨接及接地，接地電阻小於10的6次方歐姆，有實測資料	1	1	17	100	\N	\N	2018-09-17 18:00:36	2018-09-17 18:00:36	f942aafa-ab95-5d59-b20d-65b505e54b6a	3	10	3
115	導電材質，接地電阻小於10的6次方歐姆，有材質證明或實測資料	1	1	18	100	\N	\N	2018-09-17 18:00:36	2018-09-17 18:00:36	87dbb3ae-2c70-5cd0-b3d1-58e9d7358aad	3	10	3
61	1.電氣設備選型符合防爆分區\n2.施工符合標準	1	1	11	100	\N	\N	2018-09-17 18:00:36	2018-09-17 18:00:36	73bc5d62-021f-5a2a-92bc-c2f06ab73148	2	6	2
121	握柄為導電材質且接地，接地電阻小於10的6次方歐姆，有實測資料	1	1	19	100	\N	\N	2018-09-17 18:00:36	2018-09-17 18:00:36	22ad5a96-c612-5680-8f9b-ea2167a3cda2	3	10	3
127	靜電消散材質，接地電阻小於10的10次方歐姆，有材質證明或實測資料	1	1	20	100	\N	\N	2018-09-17 18:00:36	2018-09-17 18:00:36	09b2dfa5-2e94-5094-a975-3703db783da1	3	10	3
133	濾材符合ANSI/UL 900 Class1, 2	1	1	21	100	\N	\N	2018-09-17 18:00:37	2018-09-17 18:00:37	1573210d-1b8e-502e-807f-d7a9068dc81d	4	11	4
139	自外部引進潔淨新風	1	1	22	100	\N	\N	2018-09-17 18:00:37	2018-09-17 18:00:37	44e78e12-b341-564d-8c93-7d7b371ddbfe	4	11	4
145	風機下游側裝設風管內煙感，車間外部火災時可聯動切斷風機	1	1	23	100	\N	\N	2018-09-17 18:00:37	2018-09-17 18:00:37	f0299c0d-4259-5891-ad7b-799f85974e61	4	11	4
151	每一自動、手動噴塗區設獨立排氣/粉末回收系統，設備未共用，風管未於任何位置併聯	1	1	24	100	\N	\N	2018-09-17 18:00:37	2018-09-17 18:00:37	3f5d1607-a398-5a1d-b6f8-4617c545ce2a	4	12	4
157	回收系統尾氣排至屋外未循環	1	1	25	100	\N	\N	2018-09-17 18:00:37	2018-09-17 18:00:37	02bff99c-9bdc-57dc-b991-4e9ac406df9d	4	12	4
163	滿足最大粉塵濃度小於50%MEC，可提供計算書	1	1	26	100	\N	\N	2018-09-17 18:00:37	2018-09-17 18:00:37	1cf1c77f-c4bc-5f08-b246-b661fe649988	4	13	4
169	20 m/s及以上，有實測數據	1	1	27	100	\N	\N	2018-09-17 18:00:37	2018-09-17 18:00:37	ee4a363e-c4a8-5d5e-b777-63751ad43863	4	13	4
175	0.6 m/s以上，有實測數據	1	1	28	100	\N	\N	2018-09-17 18:00:37	2018-09-17 18:00:37	1f41ebd1-02f2-5eda-ba14-6c1e5c24c28e	4	13	4
181	排風與噴塗作業及供粉系統聯動	1	1	\N	100	\N	\N	2018-09-17 18:00:37	2018-09-17 18:00:37	992ffca7-4539-50d5-8d8c-02cc85ed7592	4	14	4
187	屋外獨立建物	1	1	29	100	\N	\N	2018-09-17 18:00:37	2018-09-17 18:00:37	595101a2-bddd-5ffd-9990-e0a20e60ffbe	5	15	5
193	依指引4.1-2設置洩爆/抗爆牆，依相關標準設計，可提供計算書圖	1	1	30	100	\N	\N	2018-09-17 18:00:37	2018-09-17 18:00:37	9f9308f2-1286-584a-96cf-9b9a9b9f8dc9	5	15	5
199	裝置經合格機構認證	1	1	31	100	\N	\N	2018-09-17 18:00:37	2018-09-17 18:00:37	30c0580c-8596-5c6b-b3f4-b8a3ce6ee3a7	5	15	5
205	屋外、噴房以外的獨立區劃	1	1	32	100	\N	\N	2018-09-17 18:00:37	2018-09-17 18:00:37	1864b61a-09bb-578d-8ffe-a86fd7d64ffa	5	16	5
211	依指引4.4.1設置洩爆裝置，依相關標準設計，可提供計算書圖	1	1	33	100	\N	\N	2018-09-17 18:00:37	2018-09-17 18:00:37	8c24fd41-fe3d-58d4-b3b2-6828dda40deb	5	16	5
217	裝置經合格實驗室認證	1	1	34	100	\N	\N	2018-09-17 18:00:37	2018-09-17 18:00:37	10286e62-c59f-5870-b22d-7f4489a54b42	5	16	5
223	噴櫃與回收設備界面依指引4.4.3設置隔爆裝置，依相關標準設計，可提供計算書圖	1	1	35	100	\N	\N	2018-09-17 18:00:37	2018-09-17 18:00:37	2c0787e2-fcc4-59af-88fa-d6b747fb8ed7	5	17	5
229	裝置經合格機構認證	1	1	36	100	\N	\N	2018-09-17 18:00:37	2018-09-17 18:00:37	658515ec-78cb-5ba9-8426-eb5eb7e1c43a	5	17	5
235	1.獨立的實體開關切斷燃料供應\n2.小於[工作溫度+28°C]或[自燃  -55°C]\n3.聲光音響警報	1	1	37	100	\N	\N	2018-09-17 18:00:37	2018-09-17 18:00:37	361ba595-a748-57d5-8575-db1bf3809651	6	18	6
241	1.路徑未經地下室或難以接近的密閉區域\n2. 不易受外力損壞或腐蝕	1	1	38	100	\N	\N	2018-09-17 18:00:37	2018-09-17 18:00:37	bd69830e-71cd-5232-b2f9-16be6c872f9e	6	19	6
247	1. 母火與主火管路獨立，各二個安全閥\n2. 超過117kW管路，至少一個閥門附關閉指示開關	1	1	39	100	\N	\N	2018-09-17 18:00:37	2018-09-17 18:00:37	9cb51ca5-fcab-57a5-bb5a-3e8a4f2f1392	6	19	6
253	安全閥下游側均設洩漏測試裝置	1	1	40	100	\N	\N	2018-09-17 18:00:37	2018-09-17 18:00:37	bdbb8eae-cd63-5afa-aa1f-0a503986f6fc	6	19	6
1	金屬或不燃材質，牆面光滑不易累積殘餘物	1	1	1	100	\N	\N	2018-09-17 18:00:36	2018-09-17 18:00:36	142397ec-3d69-5b3a-a92d-102dd2f2877f	1	1	1
259	1.位於爐區外易於接近處，洩漏時可迅速關閉\n2.均有明顯標示	1	1	41	100	\N	\N	2018-09-17 18:00:37	2018-09-17 18:00:37	50cd3d0f-23e0-5bd0-8a1c-c13061b5a7f7	6	19	6
265	管路壓力過高或過低，可聯鎖關閉安全閥	1	1	42	100	\N	\N	2018-09-17 18:00:37	2018-09-17 18:00:37	cabae73a-432b-5a4b-822e-9b97f6f8599a	6	20	6
271	燃燒室設火焰偵測器，熄火時自動切斷燃料供應	1	1	43	100	\N	\N	2018-09-17 18:00:37	2018-09-17 18:00:37	e560fdb4-f71e-520c-af7e-1a9aad717396	6	20	6
277	1.依空氣相對比重於高/低處設置\n2.燃燒器水平距離8m/4m範圍內\n3.訊號於常時有人處監控\n4.地區聲光報警	1	1	44	100	\N	\N	2018-09-17 18:00:37	2018-09-17 18:00:37	c73e0e37-3d91-58c9-a9ac-8439b96e0a02	6	20	6
283	1.操作程序明確\n2.換氣量為體積的4倍	1	1	45	100	\N	\N	2018-09-17 18:00:38	2018-09-17 18:00:38	f6a2b450-3117-511b-ac64-73c3022e2e3b	6	21	6
289	獨立，未與其他制程排氣併聯	1	1	46	100	\N	\N	2018-09-17 18:00:38	2018-09-17 18:00:38	f4b2b73e-20cf-5a64-8714-89688e211586	6	21	6
295	排氣風機、循環風機、燃燒室風機均與加熱系統聯動	1	1	47	100	\N	\N	2018-09-17 18:00:38	2018-09-17 18:00:38	9cdb083e-891a-5883-a208-c47c8c4515d3	6	22	6
301	可燃物距離3m以上	1	1	\N	100	\N	\N	2018-09-17 18:00:38	2018-09-17 18:00:38	f33bd0e9-47da-5cf3-a598-9e5c192a2e2d	6	23	6
307	事業群高層每月巡檢並參與EHS會議及活動	1	2	\N	100	\N	\N	2018-09-17 18:00:38	2018-09-17 18:00:38	2dff27c7-05e0-544a-afc8-1ffc4c6d12d0	7	24	1
313	有詳盡安全操作SOP，輔以圖片說明，有員工訓練記錄	1	2	\N	100	\N	\N	2018-09-17 18:00:38	2018-09-17 18:00:38	5b7f6566-37c6-52a5-a01a-17c75ddc4ff8	7	25	1
319	有變更管理程序、表單，有員工訓練記錄	1	2	\N	100	\N	\N	2018-09-17 18:00:38	2018-09-17 18:00:38	452809eb-a0df-50f2-9853-8164f9a88381	7	26	1
325	核發工作許可證前，進行承商教育及危害告知並留存記錄	1	2	\N	100	\N	\N	2018-09-17 18:00:38	2018-09-17 18:00:38	015bdaea-132c-5829-9c49-a5f56e25f145	7	27	1
331	有噴房、噴櫃粉塵檢查及清潔計畫，含開放及隱蔽區域，執行記錄良好	1	2	\N	100	\N	\N	2018-09-17 18:00:38	2018-09-17 18:00:38	686fcd1c-91c0-538a-ba37-8e4b8ca967dd	8	28	2
337	真空吸塵方式，吸塵器滿足指引5.2-7要求	1	2	\N	100	\N	\N	2018-09-17 18:00:38	2018-09-17 18:00:38	30724e3c-f200-5c29-ab9c-030b0941562e	8	29	2
343	1.於噴櫃範圍內\n2.持續排風狀態\n3.使用安全工具(不形成火源)	1	2	\N	100	\N	\N	2018-09-17 18:00:38	2018-09-17 18:00:38	221f5161-8f05-54fa-8a33-cc0ac70ed121	8	30	2
349	1.噴房內新粉為當班用量\n2.回收粉每班移出噴房	1	2	\N	100	\N	\N	2018-09-17 18:00:38	2018-09-17 18:00:38	34d10bd2-a1da-5f0c-9302-2b4cbd8baedc	8	31	2
355	每班重簽，遵守動火前中後安全事項	1	2	\N	100	\N	\N	2018-09-17 18:00:38	2018-09-17 18:00:38	905718a6-43a1-5603-9eea-a9984610eb8c	9	32	3
361	嚴格吸菸管制，適當聲明與標示，完全無違規	1	2	\N	100	\N	\N	2018-09-17 18:00:38	2018-09-17 18:00:38	427455be-6828-5df9-ae2b-e6d01e023448	9	33	3
367	人員進入噴房穿著防靜電服、鞋、帽	1	2	\N	100	\N	\N	2018-09-17 18:00:38	2018-09-17 18:00:38	a55ce5f7-07ae-58df-8e03-722413ad4e8b	9	34	3
373	有詳盡SOP，輔以圖片說明，有員工訓練記錄	1	2	\N	100	\N	\N	2018-09-17 18:00:38	2018-09-17 18:00:38	79122c06-6a5c-5c96-bdea-a15bb6a2e045	10	35	4
379	1.建立完整檢測維保計畫(參考指引5.1-6)\n2.保護裝置及急停開關每二週測試一次\n3.執行記錄良好	1	2	48	100	\N	\N	2018-09-17 18:00:38	2018-09-17 18:00:38	4ac44c4c-bb8e-5c72-8462-7e240c56a059	10	36	4
385	1.依製造商建議建立完整檢查維保計畫\n2.保護裝置(參考指引5.4-2)每二週測試一次\n3.執行記錄良好	1	2	49	100	\N	\N	2018-09-17 18:00:38	2018-09-17 18:00:38	246ad85b-5a55-558e-8822-a10ee1d37510	10	36	4
391	洩爆、抑爆及隔爆裝置(參考指引5.3)建立完整檢查維保計畫，執行記錄良好	1	2	50	100	\N	\N	2018-09-17 18:00:38	2018-09-17 18:00:38	4345bce9-52d8-5b23-87b7-b74966d8edc4	10	36	4
397	(1)計劃書應包括對噴塗線危險源所編制的專項應變計劃，至少包括火災、粉塵爆炸等項目\n(2)應急演練至少每半年1次，並留存記錄	1	2	\N	100	\N	\N	2018-09-17 18:00:38	2018-09-17 18:00:38	8918becb-1a50-5b67-934f-e7f27612b42a	11	37	5
403	警報傳送緊急應變中心或者消防控制室， 人員24小時值班，明確了解應變流程	1	2	\N	100	\N	\N	2018-09-17 18:00:38	2018-09-17 18:00:38	e73e0dca-56e8-554a-924b-0947537e2f73	11	38	5
409	經特殊風險教育訓練，持證上崗	1	2	\N	100	\N	\N	2018-09-17 18:00:38	2018-09-17 18:00:38	bd12e59a-a170-5862-8d4f-ad1b781162f3	12	39	6
415	包括噴塗線健康危害、安全知識與個人護具使用，有培訓記錄	1	2	\N	100	\N	\N	2018-09-17 18:00:38	2018-09-17 18:00:38	08b02ba5-217a-5156-88b7-e68af357b984	12	40	6
421	滅火器型式、數量、功能、標示均良好	1	3	\N	100	\N	\N	2018-09-17 18:00:38	2018-09-17 18:00:38	62c60813-80a6-5188-b5a8-717304620d30	13	41	1
427	室內栓數量、功能、標示均良好	1	3	\N	100	\N	\N	2018-09-17 18:00:39	2018-09-17 18:00:39	434e5636-ee0f-58d3-b824-085dbd543687	13	42	1
433	車間內全面安裝自動滅火系統	1	3	\N	100	\N	\N	2018-09-17 18:00:39	2018-09-17 18:00:39	b1f74182-2232-5786-a29c-2be862a1f071	14	43	2
439	依NFPA或國標設計，具足夠滅火效能，能提供計算書圖	1	3	51	100	\N	\N	2018-09-17 18:00:39	2018-09-17 18:00:39	edc243ac-f326-5b28-9ba1-608f1558f327	14	44	2
445	1.地區警報\n2.移報至火警系統\n3.切斷供粉\n4.切斷噴塗\n5.切斷輸送帶	1	3	52	100	\N	\N	2018-09-17 18:00:39	2018-09-17 18:00:39	d4d86857-85b2-53b9-806c-1bc3c0a2c245	14	44	2
451	1.開放濕式自動系統或氣體系統，由火焰探測器啟動\n2.噴房出口或易於操作處設手動啟動開關	1	3	53	100	\N	\N	2018-09-17 18:00:39	2018-09-17 18:00:39	54681cff-0306-54b4-a2c6-9c640e40f9bb	14	45	2
457	1.地區警報\n2.移報至火警系統\n3.切斷供粉\n4.切斷噴塗\n5.切斷輸送帶\n6.停止排氣\n7.關閉隔離閥門\n8.切斷噴塗系統電源	1	3	54	100	\N	\N	2018-09-17 18:00:39	2018-09-17 18:00:39	0bdec068-d6e5-5bee-990d-94b2000ecded	14	45	2
463	車間內探測器型式、數量、功能良好，訊號傳至常時有人的中控室	1	3	\N	100	\N	\N	2018-09-17 18:00:39	2018-09-17 18:00:39	581a50ef-1838-5872-bdd6-cdc7b9df926b	15	46	3
475	依NFPA或國標進行水力計算，能提供計算書/圖紙；通過當地政府消防驗收，能提供驗收資料	1	3	\N	100	\N	\N	2018-09-17 18:00:39	2018-09-17 18:00:39	7b11a382-c5df-540b-aa94-46259afd38d8	16	48	4
481	電動泵、柴油泵一用一備，UL/FM認證	1	3	\N	100	\N	\N	2018-09-17 18:00:39	2018-09-17 18:00:39	570b2f34-dea9-5a9f-acec-8d3a2be428b5	16	49	4
487	(1)有規律的檢查、測試及保養排程，記錄完整\n(2)對缺失實施追蹤，均已改善完成	1	3	\N	100	\N	\N	2018-09-17 18:00:39	2018-09-17 18:00:39	dc72bc51-ec68-525c-828c-a825a78ab5e9	17	50	5
493	(1)有規律的檢查、測試及保養排程，記錄完整\n(2)對缺失實施追蹤，均已改善完成	1	3	\N	100	\N	\N	2018-09-17 18:00:39	2018-09-17 18:00:39	ef2e94f9-588e-5106-8dda-fc8e6db87946	17	51	5
499	(1)有規律的檢查、測試及保養排程，記錄完整\n(2)對缺失實施追蹤，均已改善完成	1	3	\N	100	\N	\N	2018-09-17 18:00:39	2018-09-17 18:00:39	43653b68-923a-52b3-a83f-86d9029560d3	17	52	5
505	(1)有規律的檢查、測試及保養排程，記錄完整\n(2)對缺失實施追蹤，均已改善完成	1	3	\N	100	\N	\N	2018-09-17 18:00:39	2018-09-17 18:00:39	31335fc1-6c4f-5f75-83a2-e7e339179784	17	53	5
511	(1)有規律的檢查、測試及保養排程，記錄完整\n(2)對缺失實施追蹤，均已改善完成	1	3	\N	100	\N	\N	2018-09-17 18:00:39	2018-09-17 18:00:39	25d05f28-d6cc-5f59-bd5b-9a0570a46513	17	54	5
517	依GB50016耐火一級設計，防火時效：\n1.柱3hr\n2.梁2hr	1	4	\N	100	\N	\N	2018-09-17 18:00:39	2018-09-17 18:00:39	f9ab550f-43a8-526d-a60e-4fcae91e88a0	18	55	1
529	2小時防火時效	1	4	55	100	\N	\N	2018-09-17 18:00:39	2018-09-17 18:00:39	5598163d-90dc-5c31-a070-bdb5b575df26	19	57	2
535	經認證1.5小時防火時效，可自動關閉的防火門	1	4	56	100	\N	\N	2018-09-17 18:00:39	2018-09-17 18:00:39	56fab8e8-ea8d-5a56-8fb4-42a64c77bd72	19	57	2
541	經認證2小時時效防火玻璃及金屬框架	1	4	57	100	\N	\N	2018-09-17 18:00:39	2018-09-17 18:00:39	7263e041-9006-550f-ab20-1920d11592c7	19	57	2
547	與牆面同等2小時時效、認證工法	1	4	58	100	\N	\N	2018-09-17 18:00:39	2018-09-17 18:00:39	f3339253-66ed-57fd-9eec-39b5a2257e36	19	57	2
553	2小時防火時效	1	4	59	100	\N	\N	2018-09-17 18:00:39	2018-09-17 18:00:39	d64e293f-443d-5e20-a8dd-4c5991aef36d	19	58	2
559	經認證1.5小時防火時效、可自動關閉的防火門	1	4	60	100	\N	\N	2018-09-17 18:00:39	2018-09-17 18:00:39	f7579b64-d266-556e-9383-91834bcaf0d2	19	58	2
565	經認證2小時時效防火玻璃及金屬框架	1	4	61	100	\N	\N	2018-09-17 18:00:39	2018-09-17 18:00:39	64339da6-7016-52a8-a99d-6b17fe1c4184	19	58	2
571	與牆面同等2小時時效、認證工法	1	4	62	100	\N	\N	2018-09-17 18:00:40	2018-09-17 18:00:40	58374c39-48ee-576d-85ee-e7dacd2dddbc	19	58	2
19	1.上方密封，僅工件進出及噴塗作業必要開口\n2.牆面無非必要孔洞及縫隙或填塞良好	1	1	4	100	\N	\N	2018-09-17 18:00:36	2018-09-17 18:00:36	a521cc83-b2e5-51c6-a165-f53897a4f857	1	2	1
3	金屬或不燃材質，牆面有橫梁可能累積殘餘物	3	1	1	75	\N	\N	2018-09-17 18:00:36	2018-09-17 18:00:36	0416cc2f-4570-5836-8df4-c8f4077e215a	1	1	1
9	有少數非必要孔洞或接縫未填塞	3	1	2	75	\N	\N	2018-09-17 18:00:36	2018-09-17 18:00:36	8beb1761-06e5-52dd-ae92-32d04f6b47f9	1	1	1
15	符合GB8624 B1難燃等級，可提出材質證明 	3	1	3	75	\N	\N	2018-09-17 18:00:36	2018-09-17 18:00:36	d2b3ce20-447e-5c8b-a795-420356079234	1	2	1
21	1.上方密封，僅工件進出及噴塗作業必要開口\n2.有少數非必要孔洞或接縫未填塞	3	1	4	75	\N	\N	2018-09-17 18:00:36	2018-09-17 18:00:36	1f335404-caf5-5b83-acef-01786f449239	1	2	1
27	符合GB8624 B1難燃等級，可提出材質證明 	3	1	5	75	\N	\N	2018-09-17 18:00:36	2018-09-17 18:00:36	f8904e2b-271c-5b44-9525-54367705a86d	1	3	1
33	1.上方密封，僅工件進出及噴塗作業開口\n2.有少數非必要孔洞或接縫未填塞	3	1	6	75	\N	\N	2018-09-17 18:00:36	2018-09-17 18:00:36	fcbb01c8-391a-5c36-af8f-1ab7ee94de82	1	3	1
39		3	1	7	75	\N	\N	2018-09-17 18:00:36	2018-09-17 18:00:36	f8eb517a-ac9b-51c7-a62c-18ba89b003ed	1	4	1
45	系統性(防呆)裝置自動保持安全距離，未與電源聯鎖	3	1	8	75	\N	\N	2018-09-17 18:00:36	2018-09-17 18:00:36	07697969-1ef7-57a0-9ee0-5ecff5a2dd11	1	4	1
51	設於噴房內部，不易操作	3	1	9	75	\N	\N	2018-09-17 18:00:36	2018-09-17 18:00:36	53d62553-7711-5fcf-bec4-13a941c248f9	1	5	1
57	僅滿足3、4	3	1	10	75	\N	\N	2018-09-17 18:00:36	2018-09-17 18:00:36	b7ef1cc4-84a3-521f-8475-954981195855	1	5	1
81	1.電氣設備選型符合防爆分區\n2.施工符合標準，但管路未裝密封接頭	3	1	14	75	\N	\N	2018-09-17 18:00:36	2018-09-17 18:00:36	ee56eddc-48d8-5ebd-b9a9-ca253d7526ad	2	7	2
87		3	1	15	75	\N	\N	2018-09-17 18:00:36	2018-09-17 18:00:36	794b3d04-5c89-5e4a-a655-5a3c7edd25a1	2	7	2
93		3	1	16	75	\N	\N	2018-09-17 18:00:36	2018-09-17 18:00:36	79cc6828-592f-5699-90dd-dc9229fa0c99	2	7	2
99		3	1	\N	75	\N	\N	2018-09-17 18:00:36	2018-09-17 18:00:36	629d1d2b-c5f5-5e4d-b5be-9b7aac688055	3	8	3
105	靜電消散材質，接地電阻小於10的10次方歐姆，有材質證明或實測資料	3	1	\N	75	\N	\N	2018-09-17 18:00:36	2018-09-17 18:00:36	4001810e-d4f8-5ae9-8214-4bff7d85358c	3	9	3
111	皆適當接地，無實測資料	3	1	17	75	\N	\N	2018-09-17 18:00:36	2018-09-17 18:00:36	0f2388b4-30b0-5f33-aeca-b05261db41c9	3	10	3
123	握柄為導電材質且適當接地，無實測資料	3	1	19	75	\N	\N	2018-09-17 18:00:36	2018-09-17 18:00:36	bbcf3fe1-b2ad-5800-8564-10b41f6e2848	3	10	3
129		3	1	20	75	\N	\N	2018-09-17 18:00:37	2018-09-17 18:00:37	f0daaa67-258c-5f55-a0fd-4779bc920b57	3	10	3
135		3	1	21	75	\N	\N	2018-09-17 18:00:37	2018-09-17 18:00:37	4c321247-6e52-5148-ba5d-c89748578a91	4	11	4
141	廠內其他區域供應，該區使用易燃化學品，有防火閥	3	1	22	75	\N	\N	2018-09-17 18:00:37	2018-09-17 18:00:37	53e37e15-1c05-5a21-9373-a68d45b0f2b8	4	11	4
147		3	1	23	75	\N	\N	2018-09-17 18:00:37	2018-09-17 18:00:37	d4b57c16-7304-5f23-baa7-767632967ee8	4	11	4
153	噴塗區共用粉末回收系統，但風管連接處設抑爆或隔爆裝置	3	1	24	75	\N	\N	2018-09-17 18:00:37	2018-09-17 18:00:37	5e71eaf9-2f57-5aab-bdd8-dfa6c32bb03d	4	12	4
159		3	1	25	75	\N	\N	2018-09-17 18:00:37	2018-09-17 18:00:37	3df5eb56-3c2b-52b6-90e5-5d40d35d7455	4	12	4
165		3	1	26	75	\N	\N	2018-09-17 18:00:37	2018-09-17 18:00:37	d38a8aac-a830-528a-b56b-29bf4b8ea273	4	13	4
171		3	1	27	75	\N	\N	2018-09-17 18:00:37	2018-09-17 18:00:37	2d84f8cf-e02a-5daa-83ea-97cb7f81456a	4	13	4
189	屋內、1面鄰外牆	3	1	29	75	\N	\N	2018-09-17 18:00:37	2018-09-17 18:00:37	47753a45-d45e-57a8-b27f-050c540f6e1a	5	15	5
195	透過屋頂洩爆(抗爆牆達屋頂)，依相關標準設計，可提供計算書圖	3	1	30	75	\N	\N	2018-09-17 18:00:37	2018-09-17 18:00:37	64d7ca70-8c9a-587b-ae28-4ffe95f7bcaa	5	15	5
201		3	1	31	75	\N	\N	2018-09-17 18:00:37	2018-09-17 18:00:37	978133d2-f555-5469-9017-320e67475b9f	5	15	5
207		3	1	32	75	\N	\N	2018-09-17 18:00:37	2018-09-17 18:00:37	a6eb2eeb-3f2f-5e02-883c-96fc12da8d6d	5	16	5
213		3	1	33	75	\N	\N	2018-09-17 18:00:37	2018-09-17 18:00:37	4c82673f-1ddc-5b79-bf6e-673cdcb755cb	5	16	5
219		3	1	34	75	\N	\N	2018-09-17 18:00:37	2018-09-17 18:00:37	465347c7-2c6f-51a4-aa32-a12d715c1c98	5	16	5
225		3	1	35	75	\N	\N	2018-09-17 18:00:37	2018-09-17 18:00:37	ef4c6345-0d6d-51e1-97a1-0397e4040bef	5	17	5
231		3	1	36	75	\N	\N	2018-09-17 18:00:37	2018-09-17 18:00:37	28cb02d8-ffce-568c-9d48-31669f34afe8	5	17	5
261	滿足1項，但有任一處缺乏明顯標示	3	1	41	75	\N	\N	2018-09-17 18:00:37	2018-09-17 18:00:37	801f4bb7-a63b-5a9e-876f-64a53ac25ba7	6	19	6
267		3	1	42	75	\N	\N	2018-09-17 18:00:37	2018-09-17 18:00:37	55112168-4655-5cdb-8927-a7bad1683446	6	20	6
273		3	1	43	75	\N	\N	2018-09-17 18:00:37	2018-09-17 18:00:37	ed81cf2a-491a-5d87-bf3b-35f99124db77	6	20	6
279	滿足1~2	3	1	44	75	\N	\N	2018-09-17 18:00:37	2018-09-17 18:00:37	ee90a4d8-140a-5522-a666-d885acb02688	6	20	6
285		3	1	45	75	\N	\N	2018-09-17 18:00:38	2018-09-17 18:00:38	ae01b486-d828-5d6f-b8b4-5173c3ca9032	6	21	6
291		3	1	46	75	\N	\N	2018-09-17 18:00:38	2018-09-17 18:00:38	4f2819e7-a5fa-523a-950f-85d9d3638780	6	21	6
321		3	2	\N	75	\N	\N	2018-09-17 18:00:38	2018-09-17 18:00:38	23275d36-da95-518e-952b-2baf004da4d3	7	26	1
327		3	2	\N	75	\N	\N	2018-09-17 18:00:38	2018-09-17 18:00:38	82d16627-9a1f-5505-8e77-25904e206102	7	27	1
333		3	2	\N	75	\N	\N	2018-09-17 18:00:38	2018-09-17 18:00:38	0ccf5103-def2-5c36-9d81-0521fc7b1d20	8	28	2
339		3	2	\N	75	\N	\N	2018-09-17 18:00:38	2018-09-17 18:00:38	ea1f0c65-d1d6-5929-86da-4cb7d28351b1	8	29	2
345		3	2	\N	75	\N	\N	2018-09-17 18:00:38	2018-09-17 18:00:38	9fab148d-0d1f-5ad5-b316-d0fceaa09032	8	30	2
351		3	2	\N	75	\N	\N	2018-09-17 18:00:38	2018-09-17 18:00:38	d90a2d8e-c01d-5a0d-9fed-9364dea8f65d	8	31	2
387	依據事業單位檢測維保計畫實施，執行記錄良好	3	2	49	75	\N	\N	2018-09-17 18:00:38	2018-09-17 18:00:38	209a1bd6-33b5-51c3-b812-710c6f4309d8	10	36	4
393	依據事業單位檢測維保計畫實施，執行記錄良好	3	2	50	75	\N	\N	2018-09-17 18:00:38	2018-09-17 18:00:38	34eee1f7-9879-53e2-9387-1a9e244ff478	10	36	4
405		3	2	\N	75	\N	\N	2018-09-17 18:00:38	2018-09-17 18:00:38	0c047d0d-0a1d-5366-b975-54f0c55a94a9	11	38	5
441		3	3	51	75	\N	\N	2018-09-17 18:00:39	2018-09-17 18:00:39	48d5b320-1c33-5bbf-95c7-37c1c99c523e	14	44	2
447	任一項不滿足	3	3	52	75	\N	\N	2018-09-17 18:00:39	2018-09-17 18:00:39	8f8e7bf6-1850-562f-b7a6-e9ee2b4a8a25	14	44	2
453	密閉濕式自動系統，無法由火焰探測器啟動	3	3	53	75	\N	\N	2018-09-17 18:00:39	2018-09-17 18:00:39	283193d7-fd96-5eaa-b79b-566824f0c8a0	14	45	2
459	任一項不滿足	3	3	54	75	\N	\N	2018-09-17 18:00:39	2018-09-17 18:00:39	25518cc3-1acf-523d-9959-6fd2cedbe29e	14	45	2
489	(1)有規律的檢查、測試及保養排程，記錄完整\n(2)檢查及測試結果有缺失，尚未改善完成	3	3	\N	75	\N	\N	2018-09-17 18:00:39	2018-09-17 18:00:39	c4250b91-d811-5ca4-8ef0-5f3f833a6373	17	50	5
495	(1)有規律的檢查、測試及保養排程，記錄完整\n(2)檢查及測試結果有缺失，尚未改善完成	3	3	\N	75	\N	\N	2018-09-17 18:00:39	2018-09-17 18:00:39	6f23f912-eb8b-5ef3-ad52-f2a7a12bc119	17	51	5
501	(1)有規律的檢查、測試及保養排程，記錄完整\n(2)檢查及測試結果有缺失，尚未改善完成	3	3	\N	75	\N	\N	2018-09-17 18:00:39	2018-09-17 18:00:39	5191adf7-f1de-5e6f-923e-6a0ed519b835	17	52	5
507	(1)有規律的檢查、測試及保養排程，記錄完整\n(2)檢查及測試結果有缺失，尚未改善完成	3	3	\N	75	\N	\N	2018-09-17 18:00:39	2018-09-17 18:00:39	40dd68de-3d64-5ca0-a38f-98ddc55b800b	17	53	5
513	(1)有規律的檢查、測試及保養排程，記錄完整\n(2)檢查及測試結果有缺失，尚未改善完成	3	3	\N	75	\N	\N	2018-09-17 18:00:39	2018-09-17 18:00:39	5732664f-8cda-5c57-8905-d952c85965fe	17	54	5
525	RC外牆、鋼構屋頂	3	4	\N	75	\N	\N	2018-09-17 18:00:39	2018-09-17 18:00:39	ff6606fd-2a61-5a45-b38a-00214163def7	18	56	1
531		3	4	55	75	\N	\N	2018-09-17 18:00:39	2018-09-17 18:00:39	0e95868b-fdf1-520d-9d5a-e8bf4c3a533e	19	57	2
537		3	4	56	75	\N	\N	2018-09-17 18:00:39	2018-09-17 18:00:39	14a3eeda-5e9b-53e8-91d6-b21f8b323214	19	57	2
543		3	4	57	75	\N	\N	2018-09-17 18:00:39	2018-09-17 18:00:39	c4dce789-fd77-5d78-9c4f-445635056ef6	19	57	2
549		3	4	58	75	\N	\N	2018-09-17 18:00:39	2018-09-17 18:00:39	656e13ef-bf6d-53d4-a4ae-81cf809a83ac	19	57	2
555	1小時防火時效	3	4	59	75	\N	\N	2018-09-17 18:00:39	2018-09-17 18:00:39	73f73f78-691c-50ab-a547-98c310caea52	19	58	2
561	經認證1小時防火時效、可自動關閉的防火門	3	4	60	75	\N	\N	2018-09-17 18:00:39	2018-09-17 18:00:39	78827f14-ada8-51bf-8bce-022c7b72be11	19	58	2
567	經認證1小時時效防火玻璃及金屬框架	3	4	61	75	\N	\N	2018-09-17 18:00:39	2018-09-17 18:00:39	0a78b83d-e5be-5eb6-89fc-cdbe6c5a708b	19	58	2
63	1.電氣設備選型符合防爆分區\n2.施工符合標準，但管路未裝密封接頭	3	1	11	75	\N	\N	2018-09-17 18:00:36	2018-09-17 18:00:36	d0803ab1-faa6-5fc6-b27e-235c2427da7b	2	6	2
573	1小時防火時效、認證工法	3	4	62	75	\N	\N	2018-09-17 18:00:40	2018-09-17 18:00:40	3027ae04-fc2a-57fd-b208-2c7a90229d6c	19	58	2
4		4	1	1	60	\N	\N	2018-09-17 18:00:36	2018-09-17 18:00:36	bd35a882-f695-56b4-b2a1-a87e5913f08a	1	1	1
10		4	1	2	60	\N	\N	2018-09-17 18:00:36	2018-09-17 18:00:36	d1e8c3dc-a111-567d-a387-a760f754f2db	1	1	1
16		4	1	3	60	\N	\N	2018-09-17 18:00:36	2018-09-17 18:00:36	e476c82f-07a1-5edf-bf28-d6fd25f689b6	1	2	1
22	噴櫃上方有流線開口	4	1	4	60	\N	\N	2018-09-17 18:00:36	2018-09-17 18:00:36	8ac4d1c4-7685-58a7-a31a-1cbe4e28d639	1	2	1
28		4	1	5	60	\N	\N	2018-09-17 18:00:36	2018-09-17 18:00:36	93e03c36-0691-5e4b-985c-0e90d4a38584	1	3	1
34	噴櫃上方有流線開口	4	1	6	60	\N	\N	2018-09-17 18:00:36	2018-09-17 18:00:36	d888e211-1572-5f13-8b23-1e78ef899c37	1	3	1
40		4	1	7	60	\N	\N	2018-09-17 18:00:36	2018-09-17 18:00:36	a933dcf3-acb0-53d6-8cfb-ab0f1cb87f0a	1	4	1
46		4	1	8	60	\N	\N	2018-09-17 18:00:36	2018-09-17 18:00:36	6515af50-6261-5531-94e2-0da756396593	1	4	1
52		4	1	9	60	\N	\N	2018-09-17 18:00:36	2018-09-17 18:00:36	dc1f9f84-f350-5acd-878f-8bf6a4f65b8d	1	5	1
58	僅滿足4	4	1	10	60	\N	\N	2018-09-17 18:00:36	2018-09-17 18:00:36	4632f926-b114-5ac3-887c-62939660dfc4	1	5	1
70	燈具整合於牆面，但面板非防火玻璃	4	1	12	60	\N	\N	2018-09-17 18:00:36	2018-09-17 18:00:36	46d5bb2d-cbef-53a9-b0b8-ad064ba33d53	2	6	2
76		4	1	13	60	\N	\N	2018-09-17 18:00:36	2018-09-17 18:00:36	f2b81b56-1c57-5d95-a55f-76b4780e6a5e	2	6	2
82		4	1	14	60	\N	\N	2018-09-17 18:00:36	2018-09-17 18:00:36	9009ca58-ebe3-5d73-9c6c-a1d37e3ef03a	2	7	2
88	燈具整合於牆面，但面板非防火玻璃	4	1	15	60	\N	\N	2018-09-17 18:00:36	2018-09-17 18:00:36	e81c3014-2f3d-5292-81df-2ad5d49dd9cd	2	7	2
94		4	1	16	60	\N	\N	2018-09-17 18:00:36	2018-09-17 18:00:36	bc4e7270-b042-5b33-8e65-53a00cec31e4	2	7	2
100		4	1	\N	60	\N	\N	2018-09-17 18:00:36	2018-09-17 18:00:36	552667c0-7131-5d27-b937-65efd71fd92c	3	8	3
106		4	1	\N	60	\N	\N	2018-09-17 18:00:36	2018-09-17 18:00:36	da7eaad0-dcb1-5529-bdfd-ecc7960eb94e	3	9	3
112		4	1	17	60	\N	\N	2018-09-17 18:00:36	2018-09-17 18:00:36	0fa7b919-8688-5d81-8934-787cf326fb8f	3	10	3
64		4	1	11	60	\N	\N	2018-09-17 18:00:36	2018-09-17 18:00:36	f5749717-608f-5d71-8849-ae7d0a2b993a	2	6	2
118		4	1	18	60	\N	\N	2018-09-17 18:00:36	2018-09-17 18:00:36	3259d88d-2d19-56c6-8c79-8c95e12802bb	3	10	3
124		4	1	19	60	\N	\N	2018-09-17 18:00:36	2018-09-17 18:00:36	0dfc4d5a-6564-5735-8ec5-f840671ecb2d	3	10	3
130		4	1	20	60	\N	\N	2018-09-17 18:00:37	2018-09-17 18:00:37	1894a964-6546-5a53-8ec4-539395982f28	3	10	3
136		4	1	21	60	\N	\N	2018-09-17 18:00:37	2018-09-17 18:00:37	867b7375-b376-51cc-9ab8-4ca4656c9902	4	11	4
142	廠內其他區域供應，該區未使用易燃化學品，無防火閥	4	1	22	60	\N	\N	2018-09-17 18:00:37	2018-09-17 18:00:37	638bcb02-7fe5-57bd-9f4d-8e1b69da0880	4	11	4
148		4	1	23	60	\N	\N	2018-09-17 18:00:37	2018-09-17 18:00:37	d9cc3832-d138-5d8f-939b-24dd3e664d6f	4	11	4
154		4	1	24	60	\N	\N	2018-09-17 18:00:37	2018-09-17 18:00:37	658bbdb5-6190-5e0e-8b71-bd2ddb07be71	4	12	4
160		4	1	25	60	\N	\N	2018-09-17 18:00:37	2018-09-17 18:00:37	e88cb38d-7269-5adf-93d2-ab9eded90362	4	12	4
166		4	1	26	60	\N	\N	2018-09-17 18:00:37	2018-09-17 18:00:37	ce29c11b-2d4c-5e33-81f2-6a250d9bb534	4	13	4
172		4	1	27	60	\N	\N	2018-09-17 18:00:37	2018-09-17 18:00:37	40501bfa-e584-56fc-bfd3-d712f369c38c	4	13	4
178		4	1	28	60	\N	\N	2018-09-17 18:00:37	2018-09-17 18:00:37	37116e36-9514-5c1e-a31f-069b6bbf89a9	4	13	4
184		4	1	\N	60	\N	\N	2018-09-17 18:00:37	2018-09-17 18:00:37	bf9849e9-4b73-5fb2-bd3a-cb0ec3d31f45	4	14	4
190	屋內、未鄰外牆	4	1	29	60	\N	\N	2018-09-17 18:00:37	2018-09-17 18:00:37	32af3750-b0d3-5011-8761-bfbfe26f70e7	5	15	5
196	透過屋頂洩爆(抗爆牆達屋頂)，但無法提出計算證明	4	1	30	60	\N	\N	2018-09-17 18:00:37	2018-09-17 18:00:37	98988bd5-9c1f-53d4-aa79-ef372c09136c	5	15	5
202	裝置未經合格機構認證，或無法提出證明	4	1	31	60	\N	\N	2018-09-17 18:00:37	2018-09-17 18:00:37	b314dc10-0170-55c3-ad69-36822b9f0110	5	15	5
208	噴房內	4	1	32	60	\N	\N	2018-09-17 18:00:37	2018-09-17 18:00:37	a74988d8-d3e2-5733-adb8-f1d13750350b	5	16	5
214	有洩爆或抑爆裝置，但無法提出計算證明	4	1	33	60	\N	\N	2018-09-17 18:00:37	2018-09-17 18:00:37	179d7f80-aec9-5b1b-8f05-5f56c7154283	5	16	5
220	裝置未經合格實驗室認證，或無法提出證明	4	1	34	60	\N	\N	2018-09-17 18:00:37	2018-09-17 18:00:37	60d29242-b23d-5eb7-8929-040afd8a8675	5	16	5
226	有隔爆裝置，但無法提出計算證明	4	1	35	60	\N	\N	2018-09-17 18:00:37	2018-09-17 18:00:37	79153e7f-08c0-5fa5-bdb3-557a13e83714	5	17	5
232	裝置未經合格機構認證，或無法提出證明	4	1	36	60	\N	\N	2018-09-17 18:00:37	2018-09-17 18:00:37	0085184e-75b0-5ea9-859b-50543876757f	5	17	5
238		4	1	37	60	\N	\N	2018-09-17 18:00:37	2018-09-17 18:00:37	0569eaea-58a3-5569-9786-38aae6f03529	6	18	6
244	路徑穿越地下室或難以接近的密閉區域	4	1	38	60	\N	\N	2018-09-17 18:00:37	2018-09-17 18:00:37	ece858f4-0f2b-5f98-a0b6-3a4e4ae29cb7	6	19	6
250	母火與主火管路各一個安全閥，無關閉指示開關	4	1	39	60	\N	\N	2018-09-17 18:00:37	2018-09-17 18:00:37	c6a36083-e971-5d6a-a483-f97087f734bb	6	19	6
256	半數以下設洩漏測試裝置	4	1	40	60	\N	\N	2018-09-17 18:00:37	2018-09-17 18:00:37	9490d292-b212-5d29-9e65-0e1c2ece05c3	6	19	6
262		4	1	41	60	\N	\N	2018-09-17 18:00:37	2018-09-17 18:00:37	2da35ccc-7a53-5439-8e83-a9978f0483ca	6	19	6
268	僅高壓或低壓聯鎖	4	1	42	60	\N	\N	2018-09-17 18:00:37	2018-09-17 18:00:37	c9f63a0c-e809-5434-b870-ea3169826155	6	20	6
274		4	1	43	60	\N	\N	2018-09-17 18:00:37	2018-09-17 18:00:37	203b0aa7-4421-56b7-a899-630be4b7d84f	6	20	6
280	僅滿足1	4	1	44	60	\N	\N	2018-09-17 18:00:37	2018-09-17 18:00:37	eb0376ec-68f6-542c-9522-67aa2573b1cc	6	20	6
286	換氣量不足或無法提出證明	4	1	45	60	\N	\N	2018-09-17 18:00:38	2018-09-17 18:00:38	903202ad-15f9-53c6-ad9f-09615b9273ba	6	21	6
292		4	1	46	60	\N	\N	2018-09-17 18:00:38	2018-09-17 18:00:38	20a5feae-f07d-51b3-b2e5-700e2e6b8b40	6	21	6
298		4	1	47	60	\N	\N	2018-09-17 18:00:38	2018-09-17 18:00:38	4db8004f-35d2-55ff-8bf1-9d472e7cf3f4	6	22	6
304		4	1	\N	60	\N	\N	2018-09-17 18:00:38	2018-09-17 18:00:38	53c7435f-40b4-5249-91d8-4eeac9bcd7a7	6	23	6
310		4	2	\N	60	\N	\N	2018-09-17 18:00:38	2018-09-17 18:00:38	c7864a7f-05de-58b4-89f0-8c0ecfb87406	7	24	1
316	有安全操作SOP，內容不夠充實，或無員工訓練記錄\n(如：無風機提前開啟及延後關閉程序)	4	2	\N	60	\N	\N	2018-09-17 18:00:38	2018-09-17 18:00:38	16fb9449-9d35-5749-8f87-9e3d09d37306	7	25	1
322	有變更管理程序，內容不夠充實，或無員工訓練記錄	4	2	\N	60	\N	\N	2018-09-17 18:00:38	2018-09-17 18:00:38	554ff6c4-5d59-535a-90ee-934ae9ad7eb6	7	26	1
328	有承商工作程序，無執行記錄	4	2	\N	60	\N	\N	2018-09-17 18:00:38	2018-09-17 18:00:38	cc63efdc-97c8-540c-a6bd-9550def7cdb1	7	27	1
334	檢查及清潔計畫內容不完整，有執行記錄	4	2	\N	60	\N	\N	2018-09-17 18:00:38	2018-09-17 18:00:38	8e1e6917-16e9-5690-9f37-766745dc2077	8	28	2
340		4	2	\N	60	\N	\N	2018-09-17 18:00:38	2018-09-17 18:00:38	104d8439-5f60-5f2e-9d21-e1841650135b	8	29	2
346		4	2	\N	60	\N	\N	2018-09-17 18:00:38	2018-09-17 18:00:38	714f128d-1710-5912-bf77-d752083a2138	8	30	2
352		4	2	\N	60	\N	\N	2018-09-17 18:00:38	2018-09-17 18:00:38	16820c59-3b6d-5bac-8ff3-655ad5ce5bd6	8	31	2
358	動火作業有簽核，但發現動火作業前中后未依規定進行安全檢查	4	2	\N	60	\N	\N	2018-09-17 18:00:38	2018-09-17 18:00:38	10e2c29d-8733-5b07-9c41-84b8709e4484	9	32	3
364		4	2	\N	60	\N	\N	2018-09-17 18:00:38	2018-09-17 18:00:38	1d918a0a-6127-5b75-8589-6d0413935cae	9	33	3
370		4	2	\N	60	\N	\N	2018-09-17 18:00:38	2018-09-17 18:00:38	dd03c08e-032e-5e00-9a20-64dd8a6344c4	9	34	3
376	有SOP，內容不夠充實，或無員工訓練記錄	4	2	\N	60	\N	\N	2018-09-17 18:00:38	2018-09-17 18:00:38	11a49bcb-ffcc-59bf-b1db-2b0072654232	10	35	4
382		4	2	48	60	\N	\N	2018-09-17 18:00:38	2018-09-17 18:00:38	e101aa9f-9e9c-5e24-aa94-8283a3cc0891	10	36	4
388		4	2	49	60	\N	\N	2018-09-17 18:00:38	2018-09-17 18:00:38	17b8fcea-c086-5faa-b0c5-df06ec7f7f1c	10	36	4
394		4	2	50	60	\N	\N	2018-09-17 18:00:38	2018-09-17 18:00:38	a10b6303-bfa4-5c91-8cec-4168495f6e86	10	36	4
400	僅一般性應急計畫，無特定危險源專項計畫，有演練記錄	4	2	\N	60	\N	\N	2018-09-17 18:00:38	2018-09-17 18:00:38	7d8e8ce1-3dd2-510e-875d-98294c39d58c	11	37	5
406	個別區域警報屏蔽，無法傳送至緊急應變中心或消防控制室	4	2	\N	60	\N	\N	2018-09-17 18:00:38	2018-09-17 18:00:38	bf79c7cf-001a-5f92-9a80-ab3a34312092	11	38	5
412		4	2	\N	60	\N	\N	2018-09-17 18:00:38	2018-09-17 18:00:38	684c3040-66e9-5768-98ae-cb9341352fa7	12	39	6
418		4	2	\N	60	\N	\N	2018-09-17 18:00:38	2018-09-17 18:00:38	b9e3686e-5ec4-5115-a402-b536f0d4ad66	12	40	6
424	滅火器未放在指定地點、受阻礙不易取得或標示不明	4	3	\N	60	\N	\N	2018-09-17 18:00:38	2018-09-17 18:00:38	f1f46aea-4a28-538a-a1b1-c6cd4de81d54	13	41	1
430	消火栓箱體損壞、標示不清、或箱內發現雜物	4	3	\N	60	\N	\N	2018-09-17 18:00:39	2018-09-17 18:00:39	393f0b8f-f56f-54e3-8755-94f83680ea9c	13	42	1
436	車間內部份區域安裝自動滅火	4	3	\N	60	\N	\N	2018-09-17 18:00:39	2018-09-17 18:00:39	0c77bb2d-d5d9-5435-a4dd-480a5e10b42d	14	43	2
442		4	3	51	60	\N	\N	2018-09-17 18:00:39	2018-09-17 18:00:39	4b82fb9e-0d54-50dd-8145-fc191fd8dfa2	14	44	2
448	任二項不滿足	4	3	52	60	\N	\N	2018-09-17 18:00:39	2018-09-17 18:00:39	5e0b295c-fcc1-5174-b4ea-6d34bd865051	14	44	2
454	安裝滅火系統，採取手動啟動	4	3	53	60	\N	\N	2018-09-17 18:00:39	2018-09-17 18:00:39	95ad5f9d-5cab-55af-bda3-007e0e6cb24c	14	45	2
460	任二項不滿足	4	3	54	60	\N	\N	2018-09-17 18:00:39	2018-09-17 18:00:39	ecac2b0a-4572-57b4-8351-f346863245b4	14	45	2
466	車間內任何一處探測器故障或訊號受屏蔽	4	3	\N	60	\N	\N	2018-09-17 18:00:39	2018-09-17 18:00:39	d0f4aef8-23da-5d1e-a207-90f4c6127c53	15	46	3
472	裝設角度無法覆蓋全區，且不滿足2項	4	3	\N	60	\N	\N	2018-09-17 18:00:39	2018-09-17 18:00:39	6d4f618f-fd76-585e-a622-77af904e0d3b	15	47	3
478		4	3	\N	60	\N	\N	2018-09-17 18:00:39	2018-09-17 18:00:39	85ef3a1d-8202-5b4f-b5cf-b646d1286305	16	48	4
484	兩台均為電動泵，無緊急電源	4	3	\N	60	\N	\N	2018-09-17 18:00:39	2018-09-17 18:00:39	c097340a-5c7a-51c7-9361-a9cc57e53c66	16	49	4
490	(1)檢查、測試及保養項目或記錄有缺漏，或\n(2)未對缺失實施追蹤改善	4	3	\N	60	\N	\N	2018-09-17 18:00:39	2018-09-17 18:00:39	87c60acf-dad0-5432-9444-62df98c94241	17	50	5
496	(1)檢查、測試及保養項目或記錄有缺漏，或\n(2)未對缺失實施追蹤改善	4	3	\N	60	\N	\N	2018-09-17 18:00:39	2018-09-17 18:00:39	776dc751-fbd2-52ae-a5b1-419dfbc1ac69	17	51	5
502	(1)檢查、測試及保養項目或記錄有缺漏，或\n(2)未對缺失實施追蹤改善	4	3	\N	60	\N	\N	2018-09-17 18:00:39	2018-09-17 18:00:39	e1df0b48-0001-54f6-adce-bf48618fd61b	17	52	5
508	(1)檢查、測試及保養項目或記錄有缺漏，或\n(2)未對缺失實施追蹤改善\n(如：噴櫃內噴頭積塵嚴重)	4	3	\N	60	\N	\N	2018-09-17 18:00:39	2018-09-17 18:00:39	3d3dd0fd-9054-5dca-879f-7f624c078fcd	17	53	5
514	(1)檢查、測試及保養項目或記錄有缺漏，或\n(2)未對缺失實施追蹤改善\n(如：未進行性能曲線測試)	4	3	\N	60	\N	\N	2018-09-17 18:00:39	2018-09-17 18:00:39	0169e017-8361-577c-9cac-934645bff6bd	17	54	5
520		4	4	\N	60	\N	\N	2018-09-17 18:00:39	2018-09-17 18:00:39	f5dc8ff8-f70f-5598-9d99-d3a122ab0fa5	18	55	1
526	外牆或屋頂採用PVC塗層布	4	4	\N	60	\N	\N	2018-09-17 18:00:39	2018-09-17 18:00:39	a1da6fe8-b2c5-5f19-af9b-ce0716d87f4a	18	56	1
532		4	4	55	60	\N	\N	2018-09-17 18:00:39	2018-09-17 18:00:39	e4f66720-6323-571f-a328-cdfe4d078955	19	57	2
538		4	4	56	60	\N	\N	2018-09-17 18:00:39	2018-09-17 18:00:39	5a01835d-d5cb-56d6-9198-0deadfc677b2	19	57	2
544		4	4	57	60	\N	\N	2018-09-17 18:00:39	2018-09-17 18:00:39	8f5641bf-1313-5346-8a51-ea503b43e5ed	19	57	2
550		4	4	58	60	\N	\N	2018-09-17 18:00:39	2018-09-17 18:00:39	e5122731-5b76-5dd0-ac97-bc6309e4110f	19	57	2
556		4	4	59	60	\N	\N	2018-09-17 18:00:39	2018-09-17 18:00:39	efa93cbd-dcfe-5064-84a8-d1ecfed7a083	19	58	2
562		4	4	60	60	\N	\N	2018-09-17 18:00:39	2018-09-17 18:00:39	3fc3e1cf-f961-56ce-b0be-0573eb22259b	19	58	2
568		4	4	61	60	\N	\N	2018-09-17 18:00:39	2018-09-17 18:00:39	cf755f39-d37f-5cfe-9e7f-6bfad252979a	19	58	2
574		4	4	62	60	\N	\N	2018-09-17 18:00:40	2018-09-17 18:00:40	fbd18aa3-5bd9-50e1-96a3-3411d4d76b08	19	58	2
5		5	1	1	40	\N	\N	2018-09-17 18:00:36	2018-09-17 18:00:36	9de61be0-1c4b-5cd6-acdb-7b3f5c32936c	1	1	1
11	牆上有非工件進出開口，且常時可能開啟(如：風壓板)	5	1	2	40	\N	\N	2018-09-17 18:00:36	2018-09-17 18:00:36	334465f6-d1a5-5438-b57d-2c7d0308a468	1	1	1
17	非使用不燃材質，無法提出材質證明	5	1	3	40	\N	\N	2018-09-17 18:00:36	2018-09-17 18:00:36	849510d6-ccbf-522a-8883-2cd372079364	1	2	1
23	半開放式(一側無牆)	5	1	4	40	\N	\N	2018-09-17 18:00:36	2018-09-17 18:00:36	8c54e0f1-c8b7-5c41-a7a7-4ffcd2a72ae6	1	2	1
29	非使用不燃材質，無法提出材質證明	5	1	5	40	\N	\N	2018-09-17 18:00:36	2018-09-17 18:00:36	a7d4658d-c5e7-579e-9dd4-d5022e946659	1	3	1
35	半開放式(一側無牆)	5	1	6	40	\N	\N	2018-09-17 18:00:36	2018-09-17 18:00:36	fef4b947-08a6-58d1-868a-0d92c84a974d	1	3	1
41	未聯動	5	1	7	40	\N	\N	2018-09-17 18:00:36	2018-09-17 18:00:36	d192f785-ebff-526c-901f-cd1e36e67148	1	4	1
47		5	1	8	40	\N	\N	2018-09-17 18:00:36	2018-09-17 18:00:36	bc1f8660-1064-5c65-9b60-75e87c3505b1	1	4	1
53		5	1	9	40	\N	\N	2018-09-17 18:00:36	2018-09-17 18:00:36	9697d33d-5464-5507-98fd-4dba722cd039	1	5	1
71	燈具未整合於牆面	5	1	12	40	\N	\N	2018-09-17 18:00:36	2018-09-17 18:00:36	2f9453bf-24b3-52fc-8922-cd93405dadf7	2	6	2
77	不滿足指引要求	5	1	13	40	\N	\N	2018-09-17 18:00:36	2018-09-17 18:00:36	f690e92d-1a8f-5ff9-bb5b-0b5a76a30abe	2	6	2
83	1.設備符合防爆分區\n2.管路接線裸露或施工不滿足防爆要求	5	1	14	40	\N	\N	2018-09-17 18:00:36	2018-09-17 18:00:36	12973b3d-6208-5218-99e9-86c7731f10d6	2	7	2
89	燈具未整合於牆面	5	1	15	40	\N	\N	2018-09-17 18:00:36	2018-09-17 18:00:36	9045b203-fb0f-54d9-8164-f5ae7efc4f66	2	7	2
95	不滿足指引要求	5	1	16	40	\N	\N	2018-09-17 18:00:36	2018-09-17 18:00:36	69ec02f0-5ee0-5a5b-853e-a1f61140bd79	2	7	2
101		5	1	\N	40	\N	\N	2018-09-17 18:00:36	2018-09-17 18:00:36	80dfd3a8-6cac-5c59-b22c-ccceee35e838	3	8	3
107		5	1	\N	40	\N	\N	2018-09-17 18:00:36	2018-09-17 18:00:36	66470787-5209-5c4b-a01c-83b5b6579ad7	3	9	3
113	部份設備未適當接地	5	1	17	40	\N	\N	2018-09-17 18:00:36	2018-09-17 18:00:36	e5325b0f-5621-55d7-9a3e-de5b7e2dd268	3	10	3
65	1.設備符合防爆分區\n2.管路接線裸露或施工不滿足防爆要求	5	1	11	40	\N	\N	2018-09-17 18:00:36	2018-09-17 18:00:36	f22fe94c-6a68-52c3-9540-13c561aac65d	2	6	2
119		5	1	18	40	\N	\N	2018-09-17 18:00:36	2018-09-17 18:00:36	7c26756e-8fa6-5ee9-ab68-fb0f05065001	3	10	3
125	握柄為導電材質，未適當接地	5	1	19	40	\N	\N	2018-09-17 18:00:36	2018-09-17 18:00:36	1b7fccc1-c455-5186-a077-230929274fac	3	10	3
131	使用絕緣材料或無法提供材質證明	5	1	20	40	\N	\N	2018-09-17 18:00:37	2018-09-17 18:00:37	e311158b-3bc9-59a5-8a9f-ec78901b8c93	3	10	3
137	可燃材質或無認證文件	5	1	21	40	\N	\N	2018-09-17 18:00:37	2018-09-17 18:00:37	c38102cc-1cb1-5b55-a3dd-c7698f4f74de	4	11	4
143	廠內其他區域供應，該區使用易燃化學品，無防火閥	5	1	22	40	\N	\N	2018-09-17 18:00:37	2018-09-17 18:00:37	947466f3-5ce1-5a65-901a-98f466dddf7c	4	11	4
149	未聯動	5	1	23	40	\N	\N	2018-09-17 18:00:37	2018-09-17 18:00:37	dcdae6ba-a7ed-5eef-b81f-4af9faad3974	4	11	4
155	回收系統共用或風管於任何位置併聯	5	1	24	40	\N	\N	2018-09-17 18:00:37	2018-09-17 18:00:37	17a8fdc9-4826-5de7-8bfe-142dc50cd361	4	12	4
161	噴房內循環，但4.3.1-7中有任一條無法滿足	5	1	25	40	\N	\N	2018-09-17 18:00:37	2018-09-17 18:00:37	2198c65f-0b96-534f-bda6-4a417d17c094	4	12	4
167		5	1	26	40	\N	\N	2018-09-17 18:00:37	2018-09-17 18:00:37	06ed5afa-ba3d-5d34-aa97-63155859dec6	4	13	4
173	18m/s 以下或無實測數據	5	1	27	40	\N	\N	2018-09-17 18:00:37	2018-09-17 18:00:37	8062c65d-4258-5a35-a593-d92a887c01d8	4	13	4
179	0.3m/s以下或無實測數據	5	1	28	40	\N	\N	2018-09-17 18:00:37	2018-09-17 18:00:37	8100332e-f203-5363-8e29-30493dbbf014	4	13	4
185	未聯動	5	1	\N	40	\N	\N	2018-09-17 18:00:37	2018-09-17 18:00:37	b4c25a0d-b7fb-5ace-9398-5f9899fe7f2e	4	14	4
191		5	1	29	40	\N	\N	2018-09-17 18:00:37	2018-09-17 18:00:37	945e9d33-2b73-55b1-8fda-f65959b5031d	5	15	5
197	未安裝有效洩爆裝置	5	1	30	40	\N	\N	2018-09-17 18:00:37	2018-09-17 18:00:37	a1208678-668e-5e97-a7b3-893274024ac8	5	15	5
203	未安裝有效洩爆裝置	5	1	31	40	\N	\N	2018-09-17 18:00:37	2018-09-17 18:00:37	1a2d7a91-5dc0-5401-9082-00b2b33773ca	5	15	5
209		5	1	32	40	\N	\N	2018-09-17 18:00:37	2018-09-17 18:00:37	eb846c39-a176-508f-9280-e12f497738e0	5	16	5
215	未安裝有效洩爆或抑爆裝置	5	1	33	40	\N	\N	2018-09-17 18:00:37	2018-09-17 18:00:37	b0db4c22-fed9-5f16-b97f-2b8e592d925a	5	16	5
221	未安裝有效洩爆或抑爆裝置	5	1	34	40	\N	\N	2018-09-17 18:00:37	2018-09-17 18:00:37	dafcf31c-671b-5b0e-97a8-bca9ae2d69fa	5	16	5
227	未安裝有效隔爆裝置	5	1	35	40	\N	\N	2018-09-17 18:00:37	2018-09-17 18:00:37	9ab21e37-e16a-5698-96aa-71379ec6f413	5	17	5
233	未安裝有效隔爆裝置	5	1	36	40	\N	\N	2018-09-17 18:00:37	2018-09-17 18:00:37	24c3a987-0145-553f-8911-2778683ea887	5	17	5
239	未設獨立超高溫保護裝置	5	1	37	40	\N	\N	2018-09-17 18:00:37	2018-09-17 18:00:37	0722db51-9a93-584a-b1ad-50e6ddd65b2f	6	18	6
245	管路有明顯外力損壞或腐蝕現象	5	1	38	40	\N	\N	2018-09-17 18:00:37	2018-09-17 18:00:37	88431a14-95ca-5c41-a443-2965f2f116e4	6	19	6
251		5	1	39	40	\N	\N	2018-09-17 18:00:37	2018-09-17 18:00:37	5c17a085-79ad-551f-87b7-f2cc11659287	6	19	6
257	完全無洩漏測試裝置	5	1	40	40	\N	\N	2018-09-17 18:00:37	2018-09-17 18:00:37	1263b25e-eab5-5745-b7ce-62820fb2ef83	6	19	6
263	位於爐區或人員不易接近處，洩漏時無法及時關閉	5	1	41	40	\N	\N	2018-09-17 18:00:37	2018-09-17 18:00:37	55d443be-7092-551a-8466-51aab6b8216e	6	19	6
269	無壓力聯鎖	5	1	42	40	\N	\N	2018-09-17 18:00:37	2018-09-17 18:00:37	d029a48d-73cc-5588-8222-c12864a6a72e	6	20	6
275	無火焰偵測器	5	1	43	40	\N	\N	2018-09-17 18:00:37	2018-09-17 18:00:37	245e9548-61ec-5556-b8df-5f63254bdfc9	6	20	6
281	未設洩漏探測器	5	1	44	40	\N	\N	2018-09-17 18:00:38	2018-09-17 18:00:38	60d99403-fdf8-5d38-aea3-b0dfb124ac37	6	20	6
287	無明確吹驅程序	5	1	45	40	\N	\N	2018-09-17 18:00:38	2018-09-17 18:00:38	0c328f4e-585b-5f6d-a994-5b6193fff154	6	21	6
293	與其他制程排氣併聯	5	1	46	40	\N	\N	2018-09-17 18:00:38	2018-09-17 18:00:38	d1792a86-11a6-50a8-b278-10332b9245da	6	21	6
299	任一風機未與加熱系統聯動	5	1	47	40	\N	\N	2018-09-17 18:00:38	2018-09-17 18:00:38	d2a7b9af-ce5e-59b3-a724-70857163f0c2	6	22	6
305	可燃物距離1m以內	5	1	\N	40	\N	\N	2018-09-17 18:00:38	2018-09-17 18:00:38	921b9b96-6395-5c0b-b16b-858336e4db2b	6	23	6
311	無特定高層巡檢計畫	5	2	\N	40	\N	\N	2018-09-17 18:00:38	2018-09-17 18:00:38	6c438bf7-d7e4-50ef-ae4f-74c3d18d2f5e	7	24	1
317		5	2	\N	40	\N	\N	2018-09-17 18:00:38	2018-09-17 18:00:38	264833c0-6e28-545d-a27b-5bc4d0afba42	7	25	1
323		5	2	\N	40	\N	\N	2018-09-17 18:00:38	2018-09-17 18:00:38	141d81ac-f7bb-59e7-a041-bc0caa73d2e9	7	26	1
329		5	2	\N	40	\N	\N	2018-09-17 18:00:38	2018-09-17 18:00:38	07068620-9e86-575e-af80-40eb8d060a71	7	27	1
335	未按計畫執行、或無執行記錄、或發現粉塵累積量明顯超標，顯未按規定清潔	5	2	\N	40	\N	\N	2018-09-17 18:00:38	2018-09-17 18:00:38	9bd7f2b8-8f7f-5308-b118-72ee70d1be3b	8	28	2
341	真空吸塵方式，吸塵器不符合防爆分區	5	2	\N	40	\N	\N	2018-09-17 18:00:38	2018-09-17 18:00:38	287820db-4c8c-5cf2-8afb-8fa2c5d927d2	8	29	2
347	1~3任一點不滿足	5	2	\N	40	\N	\N	2018-09-17 18:00:38	2018-09-17 18:00:38	1e59cf6a-4fa6-5f94-8e0c-a9bb72f813ff	8	30	2
353	任一點不滿足	5	2	\N	40	\N	\N	2018-09-17 18:00:38	2018-09-17 18:00:38	70bc9d29-cb7f-59c8-974f-e442760f3728	8	31	2
359		5	2	\N	40	\N	\N	2018-09-17 18:00:38	2018-09-17 18:00:38	842baaae-921c-5f35-91bd-443e2d639ed5	9	32	3
365		5	2	\N	40	\N	\N	2018-09-17 18:00:38	2018-09-17 18:00:38	5f97fd8f-c43c-51e2-8a38-95075270e706	9	33	3
371		5	2	\N	40	\N	\N	2018-09-17 18:00:38	2018-09-17 18:00:38	5db2c2ee-6b36-5b5d-9f2c-f621e9ee869d	9	34	3
377		5	2	\N	40	\N	\N	2018-09-17 18:00:38	2018-09-17 18:00:38	18ab6a29-9abd-5ac1-bb62-238cdd6e2675	10	35	4
383	未依計畫執行、或無執行記錄、或發現延期保養未經事先核准	5	2	48	40	\N	\N	2018-09-17 18:00:38	2018-09-17 18:00:38	14c9e811-48bc-5f57-b545-1ca16d62bc7b	10	36	4
389	未依計畫執行、或無執行記錄、或發現延期測試未經事先核准	5	2	49	40	\N	\N	2018-09-17 18:00:38	2018-09-17 18:00:38	6d2000f9-ce0a-53c7-bf99-bf7e9b226c57	10	36	4
395	未依計畫執行、或無執行記錄、或發現延期保養未經事先核准	5	2	50	40	\N	\N	2018-09-17 18:00:38	2018-09-17 18:00:38	c77fb140-50c4-5025-8937-10d6d88cecba	10	36	4
401		5	2	\N	40	\N	\N	2018-09-17 18:00:38	2018-09-17 18:00:38	c1cdb026-5ede-5623-a145-8c34cf7d30df	11	37	5
407	緊急應變中心或消防控制室非24小時值班	5	2	\N	40	\N	\N	2018-09-17 18:00:38	2018-09-17 18:00:38	c3e8b283-bc17-5b63-9fd6-0d99abb46a8b	11	38	5
413		5	2	\N	40	\N	\N	2018-09-17 18:00:38	2018-09-17 18:00:38	c55fec24-567b-5701-bed3-d4f4f2008875	12	39	6
419		5	2	\N	40	\N	\N	2018-09-17 18:00:38	2018-09-17 18:00:38	d29bd703-c79d-5d4d-9180-d5d10af8054c	12	40	6
425	瓶身腐蝕、損壞或壓力不足，明顯影響滅火功能	5	3	\N	40	\N	\N	2018-09-17 18:00:38	2018-09-17 18:00:38	e5b89ad2-83c5-54db-ba7a-96907c620c56	13	41	1
431	瞄子、水帶損壞，影響正常功能	5	3	\N	40	\N	\N	2018-09-17 18:00:39	2018-09-17 18:00:39	8322f895-f506-541a-8eba-f1c2cd526b6c	13	42	1
437		5	3	\N	40	\N	\N	2018-09-17 18:00:39	2018-09-17 18:00:39	1c41b51c-04cb-5bf1-949a-85b3a61fba04	14	43	2
443	依國標設計，滅火效能不足(如：放水密度不足)或無證明資料	5	3	51	40	\N	\N	2018-09-17 18:00:39	2018-09-17 18:00:39	f638c49b-c08b-544c-ba9b-15d2355bc60a	14	44	2
449	任三項不滿足	5	3	52	40	\N	\N	2018-09-17 18:00:39	2018-09-17 18:00:39	5385edba-19a9-5d5f-a866-3799604c522e	14	44	2
455		5	3	53	40	\N	\N	2018-09-17 18:00:39	2018-09-17 18:00:39	bda14e3d-1437-5504-b167-c13edd1f5707	14	45	2
461	任三項不滿足	5	3	54	40	\N	\N	2018-09-17 18:00:39	2018-09-17 18:00:39	c42de7cc-99d3-56c8-aa51-9349d2df0b35	14	45	2
467		5	3	\N	40	\N	\N	2018-09-17 18:00:39	2018-09-17 18:00:39	c60aeaee-377e-5f5f-bb45-ef47ef9e47cd	15	46	3
473	安裝方式錯誤或未安裝火焰探測器	5	3	\N	40	\N	\N	2018-09-17 18:00:39	2018-09-17 18:00:39	517ea2ce-4474-5497-86c0-ca5fc6c17d91	15	47	3
479	依國標設計，通過當地政府消防驗收，但無法提供計算書/圖紙或驗收資料	5	3	\N	40	\N	\N	2018-09-17 18:00:39	2018-09-17 18:00:39	9399a873-36c2-5e62-9d3f-7656ccd71b4f	16	48	4
485	查勘時任一消防泵故障或處於手動模式	5	3	\N	40	\N	\N	2018-09-17 18:00:39	2018-09-17 18:00:39	575b7316-c46f-5215-937a-38cc929aab56	16	49	4
491	任一處現況與記錄不符	5	3	\N	40	\N	\N	2018-09-17 18:00:39	2018-09-17 18:00:39	d4b0c78e-f107-55c4-b296-0dd4e42f6f9b	17	50	5
497	任一處現況與記錄不符	5	3	\N	40	\N	\N	2018-09-17 18:00:39	2018-09-17 18:00:39	8a270568-5ebf-58fd-9f26-ca24e85cb2f3	17	51	5
503	任一處現況與記錄不符	5	3	\N	40	\N	\N	2018-09-17 18:00:39	2018-09-17 18:00:39	c97106c7-371a-5173-bd11-b1e12744fe45	17	52	5
509	任一處現況與記錄不符	5	3	\N	40	\N	\N	2018-09-17 18:00:39	2018-09-17 18:00:39	9b52dd04-440b-5183-82e2-71c45d446f59	17	53	5
515	任一處現況與記錄不符	5	3	\N	40	\N	\N	2018-09-17 18:00:39	2018-09-17 18:00:39	7875d536-de6e-521d-a7ca-cce2087be790	17	54	5
521		5	4	\N	40	\N	\N	2018-09-17 18:00:39	2018-09-17 18:00:39	1973b7be-f706-57d4-8c71-28a794ce3823	18	55	1
527		5	4	\N	40	\N	\N	2018-09-17 18:00:39	2018-09-17 18:00:39	a63d62f5-745a-5c84-a878-674593222692	18	56	1
533	無同等時效或無法提供資料	5	4	55	40	\N	\N	2018-09-17 18:00:39	2018-09-17 18:00:39	91df8749-3f99-5e33-955a-c3806fe037c0	19	57	2
539	1.無法提供認證資料\n2.無閉門器或損壞	5	4	56	40	\N	\N	2018-09-17 18:00:39	2018-09-17 18:00:39	6314d2ad-cb7e-5d51-949a-7392f402cb28	19	57	2
545	無同等時效或無法提供資料	5	4	57	40	\N	\N	2018-09-17 18:00:39	2018-09-17 18:00:39	fc291f97-3c68-5afd-a0f9-da3763c1d0f0	19	57	2
551	無同等時效或無法提供資料	5	4	58	40	\N	\N	2018-09-17 18:00:39	2018-09-17 18:00:39	ce33d3a0-69cf-537e-8455-b8a733953589	19	57	2
557	無同等時效或無法提供資料	5	4	59	40	\N	\N	2018-09-17 18:00:39	2018-09-17 18:00:39	41d1069b-cad3-542b-902c-b5f0babc2904	19	58	2
563	1.無法提供認證資料\n2.無閉門器或損壞	5	4	60	40	\N	\N	2018-09-17 18:00:39	2018-09-17 18:00:39	f172e52e-b01d-5bc0-be6d-d308fbd1b110	19	58	2
569	無同等時效或無法提供資料	5	4	61	40	\N	\N	2018-09-17 18:00:39	2018-09-17 18:00:39	a437973d-f995-5549-8444-efd7a0c731f4	19	58	2
59		5	1	10	40	\N	\N	2018-09-17 18:00:36	2018-09-17 18:00:36	5a7d00e3-041f-5488-b5e6-a3d8f724d85e	1	5	1
575	無同等時效或無法提供資料	5	4	62	40	\N	\N	2018-09-17 18:00:40	2018-09-17 18:00:40	e54dc155-513c-5834-a5f4-83086b4fb53c	19	58	2
6	可燃材質	6	1	1	0	\N	\N	2018-09-17 18:00:36	2018-09-17 18:00:36	22a87a57-27a0-5f10-99a8-b0d0aca764fc	1	1	1
12		6	1	2	0	\N	\N	2018-09-17 18:00:36	2018-09-17 18:00:36	6e9d2894-a064-5a53-9d89-9d8a653587ce	1	1	1
18		6	1	3	0	\N	\N	2018-09-17 18:00:36	2018-09-17 18:00:36	a8fee96c-0aba-5c41-82ab-baf045241928	1	2	1
24		6	1	4	0	\N	\N	2018-09-17 18:00:36	2018-09-17 18:00:36	ac857001-2513-5e9e-9487-3d036ea67332	1	2	1
30		6	1	5	0	\N	\N	2018-09-17 18:00:36	2018-09-17 18:00:36	4c0e1c23-4c02-5c9c-af2d-936b02769aba	1	3	1
36		6	1	6	0	\N	\N	2018-09-17 18:00:36	2018-09-17 18:00:36	1c30510d-ab8c-5179-b5ed-65da7a94c4a7	1	3	1
42		6	1	7	0	\N	\N	2018-09-17 18:00:36	2018-09-17 18:00:36	12a26892-7254-5a98-a61d-8d1f1ae7e3e0	1	4	1
48	無任何自動保持安全距離措施	6	1	8	0	\N	\N	2018-09-17 18:00:36	2018-09-17 18:00:36	d95ad10b-22ee-5405-9822-ac28c4ae566e	1	4	1
54	未設置	6	1	9	0	\N	\N	2018-09-17 18:00:36	2018-09-17 18:00:36	2290aca1-7340-5ecb-9675-31d601f4836e	1	5	1
72		6	1	12	0	\N	\N	2018-09-17 18:00:36	2018-09-17 18:00:36	369e1021-6f52-531b-b4fd-7583d27c2282	2	6	2
78		6	1	13	0	\N	\N	2018-09-17 18:00:36	2018-09-17 18:00:36	be15686c-2467-5bde-ba49-c2247cf2629c	2	6	2
84	設備型式不明或未設置防爆電氣	6	1	14	0	\N	\N	2018-09-17 18:00:36	2018-09-17 18:00:36	8258c6ee-be4a-513b-af65-a15e17786f7d	2	7	2
90		6	1	15	0	\N	\N	2018-09-17 18:00:36	2018-09-17 18:00:36	f07caf53-5b13-545e-895f-3986dc8712b8	2	7	2
96		6	1	16	0	\N	\N	2018-09-17 18:00:36	2018-09-17 18:00:36	4b3c21f4-a86f-5f71-9a10-973a79afca86	2	7	2
102	無導除靜電措施	6	1	\N	0	\N	\N	2018-09-17 18:00:36	2018-09-17 18:00:36	7a8a25cb-9efa-5fbc-9822-10c65c06d2c2	3	8	3
108	使用絕緣材料或無法提供材質證明	6	1	\N	0	\N	\N	2018-09-17 18:00:36	2018-09-17 18:00:36	12980896-7494-58f5-84ec-a359e3f5ba86	3	9	3
114		6	1	17	0	\N	\N	2018-09-17 18:00:36	2018-09-17 18:00:36	43215fdf-f1f1-5c84-ae77-032a1216f276	3	10	3
60	未設置	6	1	10	0	\N	\N	2018-09-17 18:00:36	2018-09-17 18:00:36	8bc31f4c-9230-5852-8c00-59b553f20b0f	1	5	1
66	設備型式不明或未設置防爆電氣	6	1	11	0	\N	\N	2018-09-17 18:00:36	2018-09-17 18:00:36	dc5f0265-d80e-52f7-ac51-de352601ec67	2	6	2
120	使用絕緣材料或無法提供材質證明	6	1	18	0	\N	\N	2018-09-17 18:00:36	2018-09-17 18:00:36	7b9ecc84-c163-5a66-bd0f-bf7fb34b9943	3	10	3
126	使用絕緣材料或無法提供材質證明	6	1	19	0	\N	\N	2018-09-17 18:00:36	2018-09-17 18:00:36	f7881bd1-2618-5964-88e1-e24b51d21219	3	10	3
132		6	1	20	0	\N	\N	2018-09-17 18:00:37	2018-09-17 18:00:37	43c10b6a-37ad-513e-9ad3-5d6e55146cbe	3	10	3
138		6	1	21	0	\N	\N	2018-09-17 18:00:37	2018-09-17 18:00:37	d0ea1e09-b019-5ad4-8d14-23436b19013c	4	11	4
144		6	1	22	0	\N	\N	2018-09-17 18:00:37	2018-09-17 18:00:37	3cf821e2-f00c-5eaa-a569-89e61308f191	4	11	4
150		6	1	23	0	\N	\N	2018-09-17 18:00:37	2018-09-17 18:00:37	aae2ba92-7b7b-5fe9-a118-a0191a67715b	4	11	4
156		6	1	24	0	\N	\N	2018-09-17 18:00:37	2018-09-17 18:00:37	082d15f1-842f-5a60-928a-eb4e486c36f5	4	12	4
162		6	1	25	0	\N	\N	2018-09-17 18:00:37	2018-09-17 18:00:37	87816658-15f1-567f-b17f-dd39c75eec92	4	12	4
168	無法滿足最大粉塵濃度小於50%MEC，或無法提供計算書	6	1	26	0	\N	\N	2018-09-17 18:00:37	2018-09-17 18:00:37	e58be423-986d-5344-977a-5cf0976ff1fe	4	13	4
174		6	1	27	0	\N	\N	2018-09-17 18:00:37	2018-09-17 18:00:37	ca62dc39-065c-5ac1-b240-8c44179dd740	4	13	4
180		6	1	28	0	\N	\N	2018-09-17 18:00:37	2018-09-17 18:00:37	5e855fce-4d46-5048-8e16-5548324ce546	4	13	4
186		6	1	\N	0	\N	\N	2018-09-17 18:00:37	2018-09-17 18:00:37	ea9d5f86-ac4a-5803-9740-91e13726851c	4	14	4
192		6	1	29	0	\N	\N	2018-09-17 18:00:37	2018-09-17 18:00:37	985e1047-75ad-50b5-b305-81f48e14dd63	5	15	5
198		6	1	30	0	\N	\N	2018-09-17 18:00:37	2018-09-17 18:00:37	4137f799-c476-589a-840d-57abce18e6bc	5	15	5
204		6	1	31	0	\N	\N	2018-09-17 18:00:37	2018-09-17 18:00:37	ca542911-a179-5f7f-9470-8c7625ab0f04	5	15	5
210		6	1	32	0	\N	\N	2018-09-17 18:00:37	2018-09-17 18:00:37	7ab35ab3-0e3e-5e57-b7e2-944884de7d09	5	16	5
216		6	1	33	0	\N	\N	2018-09-17 18:00:37	2018-09-17 18:00:37	65918f0f-0c43-5342-9f5a-f72bb9b1d38f	5	16	5
222		6	1	34	0	\N	\N	2018-09-17 18:00:37	2018-09-17 18:00:37	72330667-fa29-5e5f-88d2-906660d8d5ef	5	16	5
228		6	1	35	0	\N	\N	2018-09-17 18:00:37	2018-09-17 18:00:37	cc706577-2e06-5851-b0de-32d42eb8fc8e	5	17	5
234		6	1	36	0	\N	\N	2018-09-17 18:00:37	2018-09-17 18:00:37	07b529c1-0968-519a-ab44-5b434907f1ca	5	17	5
240		6	1	37	0	\N	\N	2018-09-17 18:00:37	2018-09-17 18:00:37	5d52ce57-be88-5962-91d8-2c59437a993b	6	18	6
246		6	1	38	0	\N	\N	2018-09-17 18:00:37	2018-09-17 18:00:37	8bc49ce4-7c03-5f2a-a6d1-d55aa396fa6d	6	19	6
252	母火或主火無安全閥	6	1	39	0	\N	\N	2018-09-17 18:00:37	2018-09-17 18:00:37	60b2b32b-a5de-50af-9ae6-9c3af642de8d	6	19	6
258		6	1	40	0	\N	\N	2018-09-17 18:00:37	2018-09-17 18:00:37	ee54d950-b959-578e-9a89-03c6209706a3	6	19	6
264		6	1	41	0	\N	\N	2018-09-17 18:00:37	2018-09-17 18:00:37	874c28e5-174f-5e5a-83b4-a0ff478c4bf9	6	19	6
270		6	1	42	0	\N	\N	2018-09-17 18:00:37	2018-09-17 18:00:37	f78150fc-b356-5806-acb9-baba3aeb926a	6	20	6
276		6	1	43	0	\N	\N	2018-09-17 18:00:37	2018-09-17 18:00:37	65aa9dcb-0cad-548c-b6db-a2e8215b11fc	6	20	6
282		6	1	44	0	\N	\N	2018-09-17 18:00:38	2018-09-17 18:00:38	e6ca57a0-1cac-5277-844a-8a0247a2ca87	6	20	6
288		6	1	45	0	\N	\N	2018-09-17 18:00:38	2018-09-17 18:00:38	49d70d1f-56ee-5ea4-9bd7-2bd2a1e301ff	6	21	6
294		6	1	46	0	\N	\N	2018-09-17 18:00:38	2018-09-17 18:00:38	b16c5829-7817-56d6-a6c4-7c6aa8c69889	6	21	6
300		6	1	47	0	\N	\N	2018-09-17 18:00:38	2018-09-17 18:00:38	585b5858-0c18-54b9-bef1-e1a726bf253f	6	22	6
306		6	1	\N	0	\N	\N	2018-09-17 18:00:38	2018-09-17 18:00:38	8df1f214-aadf-5400-ae59-a15d98dbe577	6	23	6
312		6	2	\N	0	\N	\N	2018-09-17 18:00:38	2018-09-17 18:00:38	dd1ad209-3c0d-501d-baeb-6b797311d4b1	7	24	1
318	無安全操作SOP	6	2	\N	0	\N	\N	2018-09-17 18:00:38	2018-09-17 18:00:38	1cf2f88e-7ffd-59e8-a2f4-60d7785d86bf	7	25	1
324	無變更管理程序	6	2	\N	0	\N	\N	2018-09-17 18:00:38	2018-09-17 18:00:38	f2ab6c59-934a-5a83-a5de-0e91f9f57c5c	7	26	1
330	無承商工作許可制度	6	2	\N	0	\N	\N	2018-09-17 18:00:38	2018-09-17 18:00:38	6715b411-7014-5eb4-a334-0b1232b2f808	7	27	1
336		6	2	\N	0	\N	\N	2018-09-17 18:00:38	2018-09-17 18:00:38	527445b6-de5a-5b6f-8015-754e5f42632c	8	28	2
342	使用壓縮空氣吹除粉塵	6	2	\N	0	\N	\N	2018-09-17 18:00:38	2018-09-17 18:00:38	331b2781-c448-579d-b5b5-ec3d3e93a97d	8	29	2
348		6	2	\N	0	\N	\N	2018-09-17 18:00:38	2018-09-17 18:00:38	22e50d7c-073f-51fb-ab06-e4166e166337	8	30	2
354		6	2	\N	0	\N	\N	2018-09-17 18:00:38	2018-09-17 18:00:38	fd83be6d-9192-55d4-aa41-757033a59096	8	31	2
360	無動火作業程序，且無審批、監護、檢查等工作程序	6	2	\N	0	\N	\N	2018-09-17 18:00:38	2018-09-17 18:00:38	ae8cbd4e-54d6-55e3-8d72-51671f96a30a	9	32	3
366	有違規吸菸事實(如：車間內發現煙頭)	6	2	\N	0	\N	\N	2018-09-17 18:00:38	2018-09-17 18:00:38	c543902e-ff5f-52e0-9468-c2f1f368feba	9	33	3
372	發現違規事實	6	2	\N	0	\N	\N	2018-09-17 18:00:38	2018-09-17 18:00:38	e32fe0d9-047c-5e14-b259-2b15d5300a58	9	34	3
378	無SOP	6	2	\N	0	\N	\N	2018-09-17 18:00:38	2018-09-17 18:00:38	640d4d06-ff7d-59dd-ae06-5f22d2e698ba	10	35	4
384	無檢測及維保計畫	6	2	48	0	\N	\N	2018-09-17 18:00:38	2018-09-17 18:00:38	6d39cf3c-2fb9-5ff5-97bd-6d2927c68f46	10	36	4
390	無測試計畫	6	2	49	0	\N	\N	2018-09-17 18:00:38	2018-09-17 18:00:38	87e2e2e0-a60e-5da1-b5f5-c21ac814c7bb	10	36	4
396	無檢測及維保計畫	6	2	50	0	\N	\N	2018-09-17 18:00:38	2018-09-17 18:00:38	5b801702-d835-500a-9bd0-72a167477661	10	36	4
402	無應急預案和演練	6	2	\N	0	\N	\N	2018-09-17 18:00:38	2018-09-17 18:00:38	6a30f325-f424-55cc-b05c-0a40e2955a8a	11	37	5
408	警報完全無法傳送至緊急應變中心和消防控制室	6	2	\N	0	\N	\N	2018-09-17 18:00:38	2018-09-17 18:00:38	3df536c3-414a-5c28-883d-e6149cc69ba0	11	38	5
414	無持證上崗制度，或無培訓記錄	6	2	\N	0	\N	\N	2018-09-17 18:00:38	2018-09-17 18:00:38	d546ecea-9487-55e6-b443-09eda6463c7a	12	39	6
420	無培訓記錄	6	2	\N	0	\N	\N	2018-09-17 18:00:38	2018-09-17 18:00:38	f3a701ae-6f5f-5a1c-a955-7677c3c3412f	12	40	6
426	未依規定設置滅火器	6	3	\N	0	\N	\N	2018-09-17 18:00:39	2018-09-17 18:00:39	ca0c046a-9cba-5bc4-850a-728180ca24cb	13	41	1
432	瞄子或水帶缺失、或障礙物阻擋，完全無法提供滅火功能	6	3	\N	0	\N	\N	2018-09-17 18:00:39	2018-09-17 18:00:39	f28899e5-06e8-5abf-9af1-1a4b5d0a1b52	13	42	1
438	未裝設自動滅火系統	6	3	\N	0	\N	\N	2018-09-17 18:00:39	2018-09-17 18:00:39	b9abff0f-e6b3-5fc2-9c0c-02e3d4d5d44c	14	43	2
444	未裝設自動滅火系統	6	3	51	0	\N	\N	2018-09-17 18:00:39	2018-09-17 18:00:39	fb2dfa78-fa72-5c8d-8c22-1f56cda33d03	14	44	2
450		6	3	52	0	\N	\N	2018-09-17 18:00:39	2018-09-17 18:00:39	7e91f71b-0008-5407-ad65-3b635d6ac150	14	44	2
456	未裝設自動滅火系統	6	3	53	0	\N	\N	2018-09-17 18:00:39	2018-09-17 18:00:39	57e87667-c6b7-596f-ba8d-f443ec4f9b26	14	45	2
462		6	3	54	0	\N	\N	2018-09-17 18:00:39	2018-09-17 18:00:39	c8c24e09-6154-590c-a771-adc29eb392fe	14	45	2
468	探測器型式錯誤或功能受損，導致無法正常動作，或訊號未傳至中控室	6	3	\N	0	\N	\N	2018-09-17 18:00:39	2018-09-17 18:00:39	9e0e7a02-0513-5460-8165-b8f06ef4a591	15	46	3
474		6	3	\N	0	\N	\N	2018-09-17 18:00:39	2018-09-17 18:00:39	fc7c0e17-d4f4-52c5-9f83-60a8233f8277	15	47	3
480	查勘時消防水池水量不足或嚴重缺失以及無消防水池	6	3	\N	0	\N	\N	2018-09-17 18:00:39	2018-09-17 18:00:39	d6c2c16d-e82b-5747-9490-a78bb34c80ed	16	48	4
486	查勘時主備泵均故障或均處於手動模式	6	3	\N	0	\N	\N	2018-09-17 18:00:39	2018-09-17 18:00:39	3e5ec45b-acd1-552a-8573-5fd048271da3	16	49	4
492	無檢查、測試及保養記錄	6	3	\N	0	\N	\N	2018-09-17 18:00:39	2018-09-17 18:00:39	50958f81-ee6d-5b32-ba68-d7eb3cc3dc04	17	50	5
498	無檢查、測試及保養記錄	6	3	\N	0	\N	\N	2018-09-17 18:00:39	2018-09-17 18:00:39	95f1ff7a-489e-5faf-806a-ce9b21bcac21	17	51	5
504	無檢查、測試及保養記錄	6	3	\N	0	\N	\N	2018-09-17 18:00:39	2018-09-17 18:00:39	0872bd17-36c2-5456-9865-024ae08bf4b3	17	52	5
510	無檢查、測試及保養記錄	6	3	\N	0	\N	\N	2018-09-17 18:00:39	2018-09-17 18:00:39	8a1cb839-f41f-5fad-bd97-2cd6b3bbd3cf	17	53	5
516	無檢查、測試及保養記錄	6	3	\N	0	\N	\N	2018-09-17 18:00:39	2018-09-17 18:00:39	196310d4-7831-5251-bc4f-79508b529837	17	54	5
522	鋼構梁柱且未施作防火被覆層	6	4	\N	0	\N	\N	2018-09-17 18:00:39	2018-09-17 18:00:39	d0267eb1-3963-50b0-9417-31ad2dc07184	18	55	1
528		6	4	\N	0	\N	\N	2018-09-17 18:00:39	2018-09-17 18:00:39	c37574cd-5409-5006-b44b-f77de8d29c9c	18	56	1
534	可燃材質，或金屬板加可燃夾芯	6	4	55	0	\N	\N	2018-09-17 18:00:39	2018-09-17 18:00:39	0e674923-b335-5423-bf2a-0ba2695bab33	19	57	2
540		6	4	56	0	\N	\N	2018-09-17 18:00:39	2018-09-17 18:00:39	bf8a1e62-60f7-54cc-9a63-668510132a57	19	57	2
546		6	4	57	0	\N	\N	2018-09-17 18:00:39	2018-09-17 18:00:39	c1ce284d-e698-5999-ac7b-29c9a92d92c1	19	57	2
552		6	4	58	0	\N	\N	2018-09-17 18:00:39	2018-09-17 18:00:39	becd4541-b50e-520c-ac7b-5b67eb50d586	19	57	2
558	可燃材質，或金屬板加可燃夾芯	6	4	59	0	\N	\N	2018-09-17 18:00:39	2018-09-17 18:00:39	961adad5-414f-53bc-a9e2-03507dd82a55	19	58	2
564		6	4	60	0	\N	\N	2018-09-17 18:00:39	2018-09-17 18:00:39	553da0a3-4cae-573b-9f06-f26b287c47f4	19	58	2
570		6	4	61	0	\N	\N	2018-09-17 18:00:39	2018-09-17 18:00:39	4cc6598d-c00c-596a-87a0-c57678958671	19	58	2
576		6	4	62	0	\N	\N	2018-09-17 18:00:40	2018-09-17 18:00:40	e028c3ef-7eda-5732-9713-32cf242c2cfb	19	58	2
\.


--
-- TOC entry 2497 (class 0 OID 0)
-- Dependencies: 202
-- Name: check_standard_id_seq; Type: SEQUENCE SET; Schema: public; Owner: postgres
--

SELECT pg_catalog.setval('public.check_standard_id_seq', 576, true);


--
-- TOC entry 2425 (class 0 OID 17215)
-- Dependencies: 203
-- Data for Name: check_status; Type: TABLE DATA; Schema: public; Owner: postgres
--

COPY public.check_status (id, content) FROM stdin;
1	優等
2	滿意
3	可接受
4	不可接受
5	不滿意
6	遜色
\.


--
-- TOC entry 2498 (class 0 OID 0)
-- Dependencies: 204
-- Name: check_status_id_seq; Type: SEQUENCE SET; Schema: public; Owner: postgres
--

SELECT pg_catalog.setval('public.check_status_id_seq', 6, true);


--
-- TOC entry 2427 (class 0 OID 17220)
-- Dependencies: 205
-- Data for Name: company; Type: TABLE DATA; Schema: public; Owner: postgres
--

COPY public.company (id, country_id, region_id, area_id, name, alias, remark, deleted_at, created_at, updated_at, uuid) FROM stdin;
1	1	1	1	FIT		Hu-Yao FIT	\N	2018-03-01 17:26:54	2018-03-01 17:26:54	\N
2	1	1	1	SHZBG		SHZBG 極致精密光機	\N	2018-03-01 17:27:52	2018-03-01 17:27:52	\N
3	1	1	1	科研		Technology Research	\N	2018-03-01 17:28:28	2018-03-01 17:28:28	\N
4	1	1	1	CCPBG		CCPBG	\N	2018-03-01 17:28:53	2018-03-01 17:28:53	\N
5	1	1	1	CESBG/TMC		CESBG/TMC	\N	2018-03-01 17:29:51	2018-03-01 17:29:51	\N
6	1	1	1	CESBG		CESBG	\N	2018-03-01 17:42:02	2018-03-01 17:42:02	\N
7	1	1	1	M次		M-T	\N	2018-03-01 17:42:40	2018-03-01 17:42:40	\N
8	1	1	2	NEWPCEBG		NewPCEBG	\N	2018-03-01 17:47:16	2018-03-01 17:47:16	\N
9	1	1	2	SHZBG		SHZBG	\N	2018-03-01 17:47:37	2018-03-01 17:47:37	\N
10	1	1	2	正一		Zeng 1st	\N	2018-03-01 17:51:55	2018-03-01 17:51:55	\N
11	1	1	3	CNSBG		CNSBG	\N	2018-03-01 17:53:47	2018-03-01 17:53:47	\N
12	1	1	3	FIH		FIH	\N	2018-03-01 17:57:21	2018-03-01 17:57:21	\N
13	1	1	4	SHZBG		SHZBG	\N	2018-03-01 18:00:34	2018-03-01 18:00:34	\N
14	1	1	4	FIT		FIT	\N	2018-03-01 18:01:07	2018-03-01 18:01:07	\N
15	1	1	5	GRD		GRD	\N	2018-03-01 18:03:04	2018-03-01 18:03:04	\N
16	1	1	5	GRD-G 		GRD-G 	\N	2018-03-01 18:04:44	2018-03-01 18:04:44	\N
17	1	1	5	SHZBG		SHZBG	\N	2018-03-01 18:05:10	2018-03-01 18:05:10	\N
18	1	1	5	光學技委會		光學技委會	\N	2018-03-01 18:06:26	2018-03-01 18:06:26	\N
19	1	1	5	識驊		識驊	\N	2018-03-01 18:06:45	2018-03-01 18:06:45	\N
20	1	1	5	IDSBG		iDSBG	\N	2018-03-01 18:08:37	2018-03-01 18:08:37	\N
21	1	1	5	IE技委會		IE技委會	\N	2018-03-01 18:08:59	2018-03-01 18:08:59	\N
22	1	1	5	機械人技委會		機械人技委會	\N	2018-03-01 18:10:28	2018-03-01 18:10:28	\N
23	1	1	5	FIH		FIH	\N	2018-03-01 18:10:47	2018-03-01 18:10:47	\N
24	1	1	5	SHZBG AR		SHZBG AR	\N	2018-03-01 18:11:05	2018-03-01 18:11:05	\N
25	1	1	5	SHZBG WWW		SHZBG WWW	\N	2018-03-01 18:11:35	2018-03-01 18:11:35	\N
\.


--
-- TOC entry 2499 (class 0 OID 0)
-- Dependencies: 206
-- Name: company_id_seq; Type: SEQUENCE SET; Schema: public; Owner: postgres
--

SELECT pg_catalog.setval('public.company_id_seq', 1, false);


--
-- TOC entry 2429 (class 0 OID 17228)
-- Dependencies: 207
-- Data for Name: country; Type: TABLE DATA; Schema: public; Owner: postgres
--

COPY public.country (id, name, remark, deleted_at, created_at, updated_at, uuid) FROM stdin;
1	台灣	Taiwan	\N	2018-02-23 13:47:14	2018-02-23 13:47:14	\N
2	日本	Japan	\N	2018-02-23 13:47:14	2018-02-23 13:47:14	\N
3	中國	China	\N	2018-02-23 13:47:14	2018-02-23 13:47:14	\N
4	德國	Germany	\N	2018-02-23 13:47:14	2018-02-23 15:13:13	\N
\.


--
-- TOC entry 2500 (class 0 OID 0)
-- Dependencies: 208
-- Name: country_id_seq; Type: SEQUENCE SET; Schema: public; Owner: postgres
--

SELECT pg_catalog.setval('public.country_id_seq', 1, false);


--
-- TOC entry 2431 (class 0 OID 17236)
-- Dependencies: 209
-- Data for Name: examine_record; Type: TABLE DATA; Schema: public; Owner: postgres
--

COPY public.examine_record (id, check_id, check_bank_id, check_point_id, check_standard_id, check_status_id, remark, check_bank_content, check_point_content, check_standard_content, check_status_content, check_status_score, image, image2, image3, examine_user_id, update_date, check_category_id, check_item_id, check_category_content, check_item_content) FROM stdin;
4	1	1	4	14	2	需設置適當之應變器材且定期安排檢點紀錄。	安全管理	個人防護具/應變/急救器材	是否設置適當之應變器材？是否有檢點紀錄？	不符合	0	\N	\N	\N	6	2017-05-19 10:36:04	\N	\N	\N	\N
2	1	1	2	4	1		安全管理	證照/教育訓練	危險性機械設備或特殊作業人員證照是否足夠(有機、特化、粉塵、固定起重機、吊掛、高壓氣操作人員、堆高機)？	符合	2	\N	\N	\N	6	2017-01-25 12:16:02	\N	\N	\N	\N
3	1	1	4	14	3	需定期安排檢點紀錄。	安全管理	個人防護具/應變/急救器材	是否設置適當之應變器材？是否有檢點紀錄？	部份符合	1	\N	\N	\N	6	2017-01-25 12:16:02	\N	\N	\N	\N
1	1	1	1	1	1		安全管理	安全衛生管理	單位內是否有工安幹事/窗口？	符合	2	\N	\N	\N	6	2017-01-25 12:16:02	\N	\N	\N	\N
7	2	2	8	23	2	機械設備需安排測試並記錄。	機械設備/化學品管理	電氣/機械 安全裝置	機械設備是否設置緊急停止開關(EMO)？是否有測試紀錄？	不符合	0	\N	\N	\N	6	2017-06-10 19:21:32	\N	\N	\N	\N
8	4	1	4	13	3	個人防護具不足，需補足。	安全管理	個人防護具/應變/急救器材	現場人員是否確實使用個人防護具？	部份符合	1	\N	\N	\N	7	2017-07-29 16:41:07	\N	\N	\N	\N
5	2	2	9	26	3	部份安全警報裝置已損壞，需立即更換。	機械設備/化學品管理	起重吊掛機具安全裝置	吊鉤、舌片、鋼索、安全警報裝置是否功能正常？	部份符合	1	\N	\N	\N	6	2017-04-06 12:38:24	\N	\N	\N	\N
9	4	2	8	21	1		機械設備/化學品管理	電氣/機械 安全裝置	機械設備是否完成安全查核？是否張貼安全查核貼紙？	符合	2	\N	\N	\N	7	2017-07-29 16:41:07	\N	\N	\N	\N
6	2	3	13	49	1		消防設備/建築物安全	作業環境及通道	現場照明是否充足？	符合	2	\N	\N	\N	6	2017-04-06 12:38:24	\N	\N	\N	\N
10	4	3	12	40	2	部份緊急照明燈數量不足，且少數能正常作動，需補足更換。	消防設備/建築物安全	消防火警設備	緊急照明燈數量是否充足？是否正常作動？	不符合	0	\N	\N	\N	7	2017-07-29 16:41:07	\N	\N	\N	\N
11	4	1	2	5	2	合格急救人員不足 。	安全管理	證照/教育訓練	是否有足夠的合格急救人員？	不符合	0	\N	\N	\N	7	2017-09-27 16:59:20	\N	\N	\N	\N
12	4	1	4	13	2	個人防護具不足，需補足。	安全管理	個人防護具/應變/急救器材	現場人員是否確實使用個人防護具？	不符合	0	\N	\N	\N	7	2017-09-27 16:59:20	\N	\N	\N	\N
13	4	3	12	40	3	部份緊急照明燈數量不足，且少數能正常作動，需補足更換。	消防設備/建築物安全	消防火警設備	緊急照明燈數量是否充足？是否正常作動？	部份符合	1	\N	\N	\N	7	2017-09-27 16:59:20	\N	\N	\N	\N
14	5	1	1	1	1		安全管理	安全衛生管理	單位內是否有工安幹事/窗口？	符合	2	\N	\N	\N	7	2017-10-23 17:07:22	\N	\N	\N	\N
15	5	2	8	21	2	機械設備尚未完成安全查核，且查核完需張貼安全查核貼紙。	機械設備/化學品管理	電氣/機械 安全裝置	機械設備是否完成安全查核？是否張貼安全查核貼紙？	不符合	0	\N	\N	\N	7	2017-10-23 17:07:22	\N	\N	\N	\N
16	5	1	1	1	1		安全管理	安全衛生管理	單位內是否有工安幹事/窗口？	符合	2	\N	\N	\N	7	2017-10-23 17:07:22	\N	\N	\N	\N
17	5	2	8	21	2	機械設備尚未完成安全查核，且查核完需張貼安全查核貼紙。	機械設備/化學品管理	電氣/機械 安全裝置	機械設備是否完成安全查核？是否張貼安全查核貼紙？	不符合	0	\N	\N	\N	7	2017-10-23 17:07:22	\N	\N	\N	\N
18	6	4	16	56	1		安全組織	職業安全衛生委員會(300人以上未滿500人者)	組織成員是否含有工程技術人員、醫護人員？	符合	2	\N	\N	\N	7	2017-11-29 10:49:37	\N	\N	\N	\N
19	6	5	21	70	2	需妥善實施在職安全衛生教育訓練，並將訓練資料留存備查。	安全管理(法人)	教育訓練規劃執行	一般勞工是否實施在職安全衛生教育訓練(三年三小時)？訓練資料是否留存備查？	不符合	0	\N	\N	\N	7	2017-11-29 10:49:37	\N	\N	\N	\N
20	6	4	16	56	3	組織成員中，醫護人員不足。	安全組織	職業安全衛生委員會(300人以上未滿500人者)	組織成員是否含有工程技術人員、醫護人員？	部份符合	1	\N	\N	\N	7	2017-12-04 13:14:25	\N	\N	\N	\N
21	7	5	18	61	1		安全管理(法人)	安全巡檢	安衛管理單位是否排定計畫定期進行安全巡視？巡檢紀錄是否留存？	符合	2	\N	\N	\N	6	2017-12-23 18:12:32	\N	\N	\N	\N
22	7	5	21	67	1		安全管理(法人)	教育訓練規劃執行	危險性機械設備及特殊作業人員等法定證照是否足夠(業務主管、有機、特化、粉塵、固定起重機、吊掛、高壓氣操作人員、堆高機、急救人員)，每班是否皆有人員？	符合	2	\N	\N	\N	6	2017-12-23 18:12:32	\N	\N	\N	\N
23	8	9	44	150	1		消防設備/建築物安全	作業環境及通道	物料堆放地點是否影響作業照明、自動滅火設備或滅火器？	符合	2				1	2018-06-14 19:16:23	\N	\N	\N	\N
24	8	8	39	121	3		機械設備/化學品管理	電氣/機械 安全裝置	機械設備是否完成安全查核？是否張貼安全查核貼紙？	部份符合	-2				1	2018-06-14 19:17:03	\N	\N	\N	\N
25	10	9	44	150	1		消防設備/建築物安全	作業環境及通道	物料堆放地點是否影響作業照明、自動滅火設備或滅火器？	符合	2	\N	\N	\N	1	2018-06-14 20:08:54	\N	\N	\N	\N
26	10	9	44	150	3	1	消防設備/建築物安全	作業環境及通道	物料堆放地點是否影響作業照明、自動滅火設備或滅火器？	部份符合	-2				1	2018-06-14 20:09:05	\N	\N	\N	\N
27	10	9	44	150	1	1	消防設備/建築物安全	作業環境及通道	物料堆放地點是否影響作業照明、自動滅火設備或滅火器？	符合	2				1	2018-06-14 20:09:22	\N	\N	\N	\N
30	21	3	\N	508	4		消防系統	null	(1)有規律的檢查、測試及保養排程，記錄完整\r\n(2)對缺失實施追蹤，均已改善完成	[不可接受](1)檢查、測試及保養項目或記錄有缺漏，或\r\n(2)未對缺失實施追蹤改善\r\n(如：噴櫃內噴頭積塵嚴重)	60				1	2018-09-30 00:45:52	17	53	消防系統檢測與維護	噴淋系統
31	21	3	\N	511	1	測試2	消防系統	null	(1)有規律的檢查、測試及保養排程，記錄完整\r\n(2)對缺失實施追蹤，均已改善完成	[優等](1)有規律的檢查、測試及保養排程，記錄完整\r\n(2)對缺失實施追蹤，均已改善完成	100	/images/P5/U17/6342ef4784589a54cc5c4b71cfdcbbf4.png			1	2018-09-30 00:45:52	17	54	消防系統檢測與維護	消防泵
29	21	3	\N	511	2	測試	消防系統	null	(1)有規律的檢查、測試及保養排程，記錄完整\r\n(2)對缺失實施追蹤，均已改善完成	[滿意]	-2				1	2018-09-28 20:34:23	17	54	消防系統檢測與維護	消防泵
28	21	3	\N	505	1		消防系統	null	(1)有規律的檢查、測試及保養排程，記錄完整\r\n(2)對缺失實施追蹤，均已改善完成	[優等](1)有規律的檢查、測試及保養排程，記錄完整\r\n(2)對缺失實施追蹤，均已改善完成	-2				1	2018-09-28 20:32:51	17	53	消防系統檢測與維護	噴淋系統
\.


--
-- TOC entry 2501 (class 0 OID 0)
-- Dependencies: 210
-- Name: examine_record_id_seq; Type: SEQUENCE SET; Schema: public; Owner: postgres
--

SELECT pg_catalog.setval('public.examine_record_id_seq', 22, true);


--
-- TOC entry 2433 (class 0 OID 17244)
-- Dependencies: 211
-- Data for Name: migrations; Type: TABLE DATA; Schema: public; Owner: postgres
--

COPY public.migrations (id, migration, batch) FROM stdin;
329	2014_10_12_000000_create_users_table	1
330	2014_10_12_100000_create_password_resets_table	1
331	2016_06_01_000001_create_oauth_auth_codes_table	1
332	2016_06_01_000002_create_oauth_access_tokens_table	1
333	2016_06_01_000003_create_oauth_refresh_tokens_table	1
334	2016_06_01_000004_create_oauth_clients_table	1
335	2016_06_01_000005_create_oauth_personal_access_clients_table	1
336	2017_09_21_101227_create_unit_type_table	1
337	2017_09_21_101257_create_area_table	1
338	2017_09_21_101309_create_company_table	1
339	2017_09_21_101324_create_unit_table	1
340	2017_09_21_101335_create_check_table	1
341	2017_09_21_101345_create_check_file_table	1
342	2017_09_21_101410_create_check_record_table	1
343	2017_09_21_101423_create_check_status_table	1
344	2017_09_21_101435_create_check_bank_table	1
345	2017_09_21_101445_create_check_point_table	1
346	2017_09_21_101503_create_check_standard_table	1
347	2017_10_03_145632_alter_users_table	1
348	2017_11_21_104708_create_roles_table	1
349	2017_11_24_143500_create_roles_permissions_table	1
350	2017_11_24_151111_create_permissions_table	1
351	2018_01_08_140802_create_project_table	1
352	2018_01_11_103138_create_project_record_table	1
353	2018_02_06_175854_create_work_point_table	1
354	2018_02_14_100057_create_examine_record_table	1
355	2018_02_23_100643_create_country_table	1
356	2018_02_23_100839_create_region_table	1
\.


--
-- TOC entry 2502 (class 0 OID 0)
-- Dependencies: 212
-- Name: migrations_id_seq; Type: SEQUENCE SET; Schema: public; Owner: postgres
--

SELECT pg_catalog.setval('public.migrations_id_seq', 356, true);


--
-- TOC entry 2435 (class 0 OID 17249)
-- Dependencies: 213
-- Data for Name: oauth_access_tokens; Type: TABLE DATA; Schema: public; Owner: postgres
--

COPY public.oauth_access_tokens (id, user_id, client_id, name, scopes, revoked, created_at, updated_at, expires_at) FROM stdin;
ce78bb96819afeb62e4f9df98e289596f41baf60f922704700d7d6744d08a4cf1d136dcb349019e2	3	1	\N	["*"]	f	2018-06-14 19:22:16	2018-06-14 19:22:16	2018-07-14 19:22:16
bd954710bd9bc37adc97597d6633762576d099754ebf14cebea139688983e0338085ed107a377549	3	1	\N	["*"]	f	2018-06-14 19:25:27	2018-06-14 19:25:27	2018-07-14 19:25:27
23a7e2c826f03993441dba91a86bf685637673c8fcddb680f647bed9b91cd7436bfe22a99a3ce772	3	1	\N	["*"]	f	2018-06-14 19:33:13	2018-06-14 19:33:13	2018-07-14 19:33:12
7b952e7fecd1960c6fc91543ca8f9125b1aaba2b42012351336e8ac31e0500ad8938e5cfb2cc7f2f	3	1	\N	["*"]	f	2018-06-15 17:26:14	2018-06-15 17:26:14	2018-07-15 17:26:14
6d0b14d736df8658ec462663f0d70cd69847eea71adcdfe1525db69fa8d434c37648fe47b6e6eb25	3	1	\N	["*"]	f	2018-07-31 19:04:01	2018-07-31 19:04:01	2018-08-30 19:04:00
1113e97582115f3a827256dfb0a098f7991a8ce3d34232a57c1dbf9dc182808d27af3d77d68fd13e	2	1	\N	["*"]	f	2018-07-31 19:14:06	2018-07-31 19:14:06	2018-08-30 19:14:06
\.


--
-- TOC entry 2436 (class 0 OID 17255)
-- Dependencies: 214
-- Data for Name: oauth_auth_codes; Type: TABLE DATA; Schema: public; Owner: postgres
--

COPY public.oauth_auth_codes (id, user_id, client_id, scopes, revoked, expires_at) FROM stdin;
\.


--
-- TOC entry 2437 (class 0 OID 17261)
-- Dependencies: 215
-- Data for Name: oauth_clients; Type: TABLE DATA; Schema: public; Owner: postgres
--

COPY public.oauth_clients (id, user_id, name, secret, redirect, personal_access_client, password_client, revoked, created_at, updated_at) FROM stdin;
1	\N	Laravel Password Grant Client	XO0qAMhlI6r2w1kwUhHcnGtfgesxekbF4WWegeiE	http://localhost	f	t	f	2018-06-14 19:22:08	2018-06-14 19:22:08
\.


--
-- TOC entry 2503 (class 0 OID 0)
-- Dependencies: 216
-- Name: oauth_clients_id_seq; Type: SEQUENCE SET; Schema: public; Owner: postgres
--

SELECT pg_catalog.setval('public.oauth_clients_id_seq', 1, true);


--
-- TOC entry 2439 (class 0 OID 17269)
-- Dependencies: 217
-- Data for Name: oauth_personal_access_clients; Type: TABLE DATA; Schema: public; Owner: postgres
--

COPY public.oauth_personal_access_clients (id, client_id, created_at, updated_at) FROM stdin;
\.


--
-- TOC entry 2504 (class 0 OID 0)
-- Dependencies: 218
-- Name: oauth_personal_access_clients_id_seq; Type: SEQUENCE SET; Schema: public; Owner: postgres
--

SELECT pg_catalog.setval('public.oauth_personal_access_clients_id_seq', 1, false);


--
-- TOC entry 2441 (class 0 OID 17274)
-- Dependencies: 219
-- Data for Name: oauth_refresh_tokens; Type: TABLE DATA; Schema: public; Owner: postgres
--

COPY public.oauth_refresh_tokens (id, access_token_id, revoked, expires_at) FROM stdin;
6389b8fba3a18104a8b80b54b6ebbf9a855d2a14ac28d92a99268453fe0c7a577d766e1b9b270529	ce78bb96819afeb62e4f9df98e289596f41baf60f922704700d7d6744d08a4cf1d136dcb349019e2	f	2018-07-14 19:22:16
94cc914635da27e88f850865f0acac4426843ceb17548879730892bd993ba8bb38b2ba6cfe211f5f	bd954710bd9bc37adc97597d6633762576d099754ebf14cebea139688983e0338085ed107a377549	f	2018-07-14 19:25:27
eab2f41b9a1cec4d7f4355f5472d4ce11ed2f544f50898d2cef703a44afe4fdf2d1d383ce09e1049	23a7e2c826f03993441dba91a86bf685637673c8fcddb680f647bed9b91cd7436bfe22a99a3ce772	f	2018-07-14 19:33:12
6c77d771e33f1292a7dabe156f71ceeb53e908cb0ff7dbba5a5093b786c542b994f839e4add266b2	7b952e7fecd1960c6fc91543ca8f9125b1aaba2b42012351336e8ac31e0500ad8938e5cfb2cc7f2f	f	2018-07-15 17:26:14
ed5f77c476759f91da3cfe107a39cb5c6b8970797e497013f1216a1f9a695e81ca081cbfd6b0acf7	6d0b14d736df8658ec462663f0d70cd69847eea71adcdfe1525db69fa8d434c37648fe47b6e6eb25	f	2018-08-30 19:04:00
fea5019bb5072b3aa8931ffa832167b987040b6e19d00c28f6e30156256755c27e46cc542a0b8f25	1113e97582115f3a827256dfb0a098f7991a8ce3d34232a57c1dbf9dc182808d27af3d77d68fd13e	f	2018-08-30 19:14:06
\.


--
-- TOC entry 2442 (class 0 OID 17277)
-- Dependencies: 220
-- Data for Name: password_resets; Type: TABLE DATA; Schema: public; Owner: postgres
--

COPY public.password_resets (email, token, created_at) FROM stdin;
\.


--
-- TOC entry 2443 (class 0 OID 17283)
-- Dependencies: 221
-- Data for Name: permissions; Type: TABLE DATA; Schema: public; Owner: postgres
--

COPY public.permissions (id, name) FROM stdin;
unit_search	單位檢索
area_management	廠區管理
company_management	法人管理
unit_management	單位管理
check	單位查核
check_record	查核歷史
bank	題庫管理
staff	人員管理
permission	權限管理
accesslog	登入記錄
analysis_list	分析報告
check_project	專案查核
check_project_examine	專案審核
country_management	國家管理
evaluation	評核行程表
examine_record	審核歷史
project	主專案表
project_child	子專案表
project_start	啟動/關閉專案
region_management	區域管理
bank_project	專案題庫
\.


--
-- TOC entry 2444 (class 0 OID 17289)
-- Dependencies: 222
-- Data for Name: project; Type: TABLE DATA; Schema: public; Owner: postgres
--

COPY public.project (id, parent_id, index, name, status, bank_id, owner, start_date, end_date, remark, deleted_at, created_at, updated_at) FROM stdin;
1	0	0	主專案AC168	0	1,2,3	2,3	2017-01-01	2017-06-30	AC168 Remark	\N	2017-01-01 10:37:17	2017-01-01 10:37:17
2	0	0	主專案PU723	0	\N	\N	\N	\N	PU723 Remark	\N	2017-07-01 11:12:23	2017-09-01 10:22:33
4	2	2	子專案PU723-2	0	4,5,6	4,5	2017-09-01	2017-12-31	PU723-2 Remark	\N	2017-09-01 10:22:33	2017-09-01 10:22:33
3	2	1	子專案PU723-1	0	1,2,3	2,3	2017-07-01	2017-10-31	PU723-1 Remark	\N	2017-07-01 11:12:23	2017-07-01 11:12:23
5	0	0	主專案CK789	1	1,2,3	2,3,4,5	2018-01-01	2018-03-31	CK789 Remark	\N	2018-01-01 11:15:21	2018-01-01 11:15:21
6	0	0	主專案OV637	1	\N	\N	\N	\N	OV637 Remark	\N	2018-02-01 11:32:00	2018-03-03 17:28:29
7	6	1	子專案OV637-1	1	1,2,3	2,3	2018-02-01	2018-03-31	OV637-1 Remark	\N	2018-02-01 11:32:00	2018-02-01 11:32:00
8	6	2	子專案OV637-2	1	4,5,6	3,4	2018-03-01	2018-04-30	OV637-2 Remark	\N	2018-03-01 12:12:34	2018-03-01 12:12:34
9	6	3	子專案OV637-3	1	1,2,3	4,5	2018-04-01	2018-05-31	OV637-3 Remark	\N	2018-03-03 17:28:29	2018-03-03 17:28:29
10	0	0	0614	1	7,8,9	3,4	2018-06-13	2018-06-30		\N	2018-06-14 19:14:15	2018-06-14 19:14:15
12	0	0	0914測試	1	13	2,3,4,5	2018-09-12	2018-09-30	測試用	\N	2018-09-14 11:38:09	2018-09-17 09:30:14
14	0	0	20180917 TEST 1	1	1,2,3,4	3,4	2018-09-10	2018-09-30	測試	\N	2018-09-17 18:29:37	2018-09-17 18:29:37
15	0	0	TEST20181001	1	1,2,3,4	3,4,5	2018-10-01	2018-10-13	測試	\N	2018-10-01 20:26:54	2018-10-01 20:26:54
16	0	0	20181002測試	1	\N	\N	\N	\N		\N	2018-10-02 07:51:01	2018-10-02 07:51:01
17	16	1	查核分數是否有誤	1	1,2,3,4	2,3,4	2018-10-01	2018-10-20		\N	2018-10-02 07:51:01	2018-10-02 07:51:01
13	0	0	TEST20170917	0	13	3,5	2018-09-10	2018-09-30		\N	2018-09-17 09:36:29	2018-09-17 09:36:29
11	0	0	TEST0801	0	9	2,3,4,5	2018-07-30	2018-08-31		\N	2018-07-31 15:55:01	2018-07-31 15:55:01
\.


--
-- TOC entry 2505 (class 0 OID 0)
-- Dependencies: 223
-- Name: project_id_seq; Type: SEQUENCE SET; Schema: public; Owner: postgres
--

SELECT pg_catalog.setval('public.project_id_seq', 1, false);


--
-- TOC entry 2446 (class 0 OID 17297)
-- Dependencies: 224
-- Data for Name: project_record; Type: TABLE DATA; Schema: public; Owner: postgres
--

COPY public.project_record (id, p_id, unit_id, bank_id) FROM stdin;
1	1	18	1,2,3
2	1	17	1,2,3
3	1	16	1,2,3
4	3	46	1,2,3
5	3	51	1,2,3
6	4	70	4,5,6
7	4	107	4,5,6
8	5	18	1,2,3
9	5	17	1,2,3
10	5	16	1,2,3
11	7	8	1,2,3
12	7	9	1,2,3
13	8	46	4,5,6
14	8	47	4,5,6
15	9	81	1,2,3
16	9	105	1,2,3
17	10	1	7,8,9
18	10	4	7,8,9
19	10	5	7,8,9
20	10	31	7,8,9
21	10	32	7,8,9
22	10	33	7,8,9
23	10	34	7,8,9
24	10	39	7,8,9
25	11	6	9
26	11	47	9
27	11	104	9
28	11	105	9
29	12	37	13
30	13	1	13
31	14	1	1,2,3,4
32	15	1	1,2,3,4
33	17	1	1,2,3,4
\.


--
-- TOC entry 2506 (class 0 OID 0)
-- Dependencies: 225
-- Name: project_record_id_seq; Type: SEQUENCE SET; Schema: public; Owner: postgres
--

SELECT pg_catalog.setval('public.project_record_id_seq', 1, false);


--
-- TOC entry 2448 (class 0 OID 17302)
-- Dependencies: 226
-- Data for Name: region; Type: TABLE DATA; Schema: public; Owner: postgres
--

COPY public.region (id, country_id, name, remark, deleted_at, created_at, updated_at, uuid) FROM stdin;
1	1	土城廠區	Tucheng district	\N	\N	\N	\N
2	1	內湖廠區	Neihu district	\N	\N	\N	\N
3	1	高雄廠區	Kaohsiung City	\N	\N	\N	\N
8	3	昆山	Kunshan	\N	\N	\N	\N
7	3	上海	Shanghai	\N	\N	\N	\N
9	4	柏林	Berlin	\N	\N	\N	\N
10	4	慕尼黑	Munchen	\N	\N	\N	\N
6	2	橫濱	Yokohama	\N	\N	\N	\N
5	2	大坂	Osaka	\N	\N	\N	\N
4	2	東京	Tokyo	\N	\N	\N	\N
11	4	科隆	Koln	\N	\N	\N	\N
\.


--
-- TOC entry 2507 (class 0 OID 0)
-- Dependencies: 227
-- Name: region_id_seq; Type: SEQUENCE SET; Schema: public; Owner: postgres
--

SELECT pg_catalog.setval('public.region_id_seq', 1, false);


--
-- TOC entry 2450 (class 0 OID 17310)
-- Dependencies: 228
-- Data for Name: roles; Type: TABLE DATA; Schema: public; Owner: postgres
--

COPY public.roles (id, name, permission_id) FROM stdin;
manager	主管	check_record,check_project,check_project_examine,examine_record
supervisor	查核主管	check_record,check_project,check_project_examine,examine_record
checker	查核員	check_record,check_project
admin	系統管理員	unit_search,area_management,company_management,unit_management,check,check_record,bank,staff,permission,accesslog,analysis_list,check_project,check_project_examine,country_management,evaluation,examine_record,project,project_child,project_start,region_management,bank_project
\.


--
-- TOC entry 2451 (class 0 OID 17316)
-- Dependencies: 229
-- Data for Name: roles_permissions; Type: TABLE DATA; Schema: public; Owner: postgres
--

COPY public.roles_permissions (role_id, permission_id) FROM stdin;
\.


--
-- TOC entry 2452 (class 0 OID 17322)
-- Dependencies: 230
-- Data for Name: unit; Type: TABLE DATA; Schema: public; Owner: postgres
--

COPY public.unit (id, country_id, region_id, area_id, company_id, type_id, name, alias, business, floor, location, contact, bank_id, owner, remark, deleted_at, created_at, updated_at, uuid) FROM stdin;
15	1	1	1	6	3	T&A THERMAL實驗室、風洞實驗室			2F			\N	\N	虎躍廠-T&A Thermal實驗室、風洞實驗室	\N	2018-03-02 11:11:11	2018-03-02 11:11:11	\N
14	1	1	1	6	4	SIT1實驗室			2F			\N	\N	虎躍廠-SIT1實驗室	\N	2018-03-02 11:09:51	2018-03-02 11:09:51	\N
13	1	1	1	6	3	SIV實驗室			2F			\N	\N	虎躍廠-SIV實驗室	\N	2018-03-02 11:08:46	2018-03-02 11:08:46	\N
12	1	1	1	6	3	SIM實驗室			2F			\N	\N	虎躍廠-SIM實驗室	\N	2018-03-02 11:07:51	2018-03-02 11:07:51	\N
11	1	1	1	6	4	EMC實驗室			2F			\N	\N	虎躍廠-EMC實驗室	\N	2018-03-02 12:35:22	2018-03-02 12:35:22	\N
41	1	1	2	9	4	TAM3 實驗室			B棟3F			\N	\N	中山二廠-TAM3 實驗室-B棟3F	\N	2018-03-02 12:14:03	2018-03-02 12:14:03	\N
42	1	1	2	9	4	TAM3 實驗室 * 2			B棟4F			\N	\N	中山二廠-TAM3 實驗室 * 2-B棟4F	\N	2018-03-02 12:15:08	2018-03-02 12:15:08	\N
43	1	1	2	8	3	DPBU實驗室			B棟4F			\N	\N	中山二廠-DPBU實驗室-B棟4F	\N	2018-03-02 12:16:39	2018-03-02 12:16:39	\N
44	1	1	2	8	4	DTSA實驗室 * 2			B棟5F			\N	\N	中山二廠- DTSA實驗室 * 2-B棟5F	\N	2018-03-02 12:17:47	2018-03-02 12:17:47	\N
45	1	1	2	9	4	TAM3 實驗			C棟2F			\N	\N	中山二廠-TAM3 實驗-C棟2F	\N	2018-03-02 12:19:06	2018-03-02 12:19:06	\N
47	1	1	2	10	1	後碼頭庫房			B&C棟1F			\N	\N	中山二廠-後碼頭庫房-B&C棟1F	\N	2018-03-02 12:28:35	2018-03-02 12:28:35	\N
48	1	1	2	9	4	TAM3 實驗室			C棟1F			\N	\N	中山二廠-TAM3 實驗室-C棟1F	\N	2018-03-02 12:29:49	2018-03-02 12:29:49	\N
49	1	1	2	8	4	DTSA實驗室			C棟2F			\N	\N	中山二廠-DTSA實驗室-C棟2F	\N	2018-03-02 12:30:58	2018-03-02 12:30:58	\N
54	1	1	3	11	3	環境測試實驗室			1F			\N	\N	民生廠-環境測試實驗室-1F	\N	2018-03-02 13:21:14	2018-03-02 13:21:14	\N
50	1	1	3	11	4	SRD7_SQA(產品驗證)實驗室			B1地下室			\N	\N	民生廠-SRD7_SQA(產品驗證)實驗室-B1地下室	\N	2018-03-02 13:16:59	2018-03-02 13:16:59	\N
52	1	1	3	11	3	EMC LABORATORY 電磁兼容實驗室			B1地下室			\N	\N	民生廠-EMC Laboratory 電磁兼容實驗室-B1地下室	\N	2018-03-02 13:19:30	2018-03-02 13:19:30	\N
53	1	1	3	11	3	儀器校正(儀器校正實驗室)			B1地下室			\N	\N	民生廠-儀器校正(儀器校正實驗室)-1F	\N	2018-03-02 13:20:19	2018-03-02 13:20:19	\N
57	1	1	3	11	3	影音平台事業處硬體實驗室			1F			\N	\N	民生廠-影音平台事業處硬體實驗室-1F	\N	2018-03-02 13:24:03	2018-03-02 13:24:03	\N
3	1	1	1	3	3	模具維修實驗室			1F			\N	\N	虎躍廠-科研	\N	2018-03-02 10:28:44	2018-03-02 10:28:44	\N
5	1	1	1	3	2	視光學產線			1F			\N	\N	虎躍廠-視光學產線	\N	2018-03-02 10:45:22	2018-03-02 10:45:22	\N
6	1	1	1	4	1	金鹽環工廢水廠			1F			\N	\N	虎躍廠-金鹽環工廢水廠	\N	2018-03-02 10:47:24	2018-03-02 10:47:24	\N
7	1	1	1	5	4	震動實驗室			1F			\N	\N	虎躍廠-震動實驗室	\N	2018-03-02 10:48:53	2018-03-02 10:48:53	\N
8	1	1	1	5	4	失效分析實驗室			2F			\N	\N	虎躍廠-失效分析實驗室	\N	2018-03-02 11:02:08	2018-03-02 11:02:08	\N
9	1	1	1	5	4	環境實驗室			2F			\N	\N	虎躍廠-環境實驗室	\N	2018-03-02 11:03:25	2018-03-02 11:03:25	\N
10	1	1	1	6	3	S&V ACOUSTIC實驗室			2F			\N	\N	虎躍廠-S&V Acoustic實驗室	\N	2018-03-02 11:04:41	2018-03-02 11:04:41	\N
40	1	1	2	8	4	DTSA實驗室			B棟2F			\N	\N	中山二廠-DTSA實驗室	\N	2018-03-02 12:12:45	2018-03-02 12:12:45	\N
39	1	1	1	1	2	精細化學品生產區			1F			\N	\N	虎躍廠-精細化學品生產區	\N	2018-03-02 12:09:43	2018-03-02 12:09:43	\N
38	1	1	1	1	3	檢測實驗室			3F			\N	\N	虎躍廠-檢測實驗室-3F	\N	2018-03-02 12:09:07	2018-03-02 12:09:07	\N
36	1	1	1	1	3	檢測實驗室			1F			\N	\N	虎躍廠-檢測實驗室-1F	\N	2018-03-02 11:51:49	2018-03-02 11:51:49	\N
35	1	1	1	1	3	電鍍化學實驗室			1F			\N	\N	虎躍廠-電鍍化學實驗室	\N	2018-03-02 11:35:58	2018-03-02 11:35:58	\N
34	1	1	1	1	2	無塵室			1F			\N	\N	虎躍廠-無塵室	\N	2018-03-02 11:34:40	2018-03-02 11:34:40	\N
33	1	1	1	1	2	裝配區			3F			\N	\N	虎躍廠-裝配區	\N	2018-03-02 11:34:06	2018-03-02 11:34:06	\N
32	1	1	1	1	2	成型區			1F			\N	\N	虎躍廠-成型區	\N	2018-03-02 11:33:26	2018-03-02 11:33:26	\N
30	1	1	1	7	3	食品實驗室			3F			\N	\N	虎躍廠-食品實驗室	\N	2018-03-02 11:28:47	2018-03-02 11:28:47	\N
29	1	1	1	6	3	CIT實驗室			4F			\N	\N	虎躍廠-CIT實驗室	\N	2018-03-02 11:27:39	2018-03-02 11:27:39	\N
28	1	1	1	6	3	WCS實驗室			4F			\N	\N	虎躍廠-WCS實驗室	\N	2018-03-02 11:26:40	2018-03-02 11:26:40	\N
27	1	1	1	6	3	CABG實驗室			4F			\N	\N	虎躍廠- CABG實驗室	\N	2018-03-02 11:25:52	2018-03-02 11:25:52	\N
26	1	1	1	6	4	SRD(6)/SPD1實驗室			3F			\N	\N	虎躍廠-SRD(6)/SPD1實驗室	\N	2018-03-02 11:24:48	2018-03-02 11:24:48	\N
25	1	1	1	6	4	SRD(3)實驗室-BIOS LAB			2F			\N	\N	虎躍廠-SRD(3)實驗室-BIOS LAB	\N	2018-03-02 11:24:13	2018-03-02 11:24:13	\N
24	1	1	1	6	4	SRD(3)實驗室-H.W LAB			2F			\N	\N	虎躍廠-SRD(3)實驗室-H.W LAB	\N	2018-03-02 11:22:24	2018-03-02 11:22:24	\N
23	1	1	1	6	4	SRD(3)實驗室-AWS LAB			2F			\N	\N	虎躍廠-SRD(3)實驗室-AWS LAB	\N	2018-03-02 11:21:31	2018-03-02 11:21:31	\N
22	1	1	1	6	4	SRD(1)實驗室			2F			\N	\N	虎躍廠-SRD(1)實驗室	\N	2018-03-02 11:20:40	2018-03-02 11:20:40	\N
21	1	1	1	6	4	ASTL實驗室			4F			\N	\N	虎躍廠-ASTL實驗室	\N	2018-03-02 11:18:39	2018-03-02 11:18:39	\N
20	1	1	1	6	4	SIT2實驗室			4F			\N	\N	虎躍廠-SIT2實驗室	\N	2018-03-02 11:17:56	2018-03-02 11:17:56	\N
19	1	1	1	6	3	DC POWER實驗室			4F			\N	\N	虎躍廠-DC Power實驗室	\N	2018-03-02 11:16:52	2018-03-02 11:16:52	\N
82	1	1	4	14	4	3D暗波實驗室			3F			\N	\N	中山廠-3D暗波實驗室-3F	\N	2018-03-02 13:54:50	2018-03-02 13:54:50	\N
84	1	1	4	14	4	聲學實驗室			3F			\N	\N	中山廠-聲學實驗室-3F	\N	2018-03-02 13:56:47	2018-03-02 13:56:47	\N
85	1	1	4	14	2	AOC裝配生產			1F			\N	\N	中山廠-AOC裝配生產-1F	\N	2018-03-02 13:57:34	2018-03-02 13:57:34	\N
55	1	1	3	11	4	SQA實驗室			1F			\N	\N	民生廠-SQA實驗室-1F	\N	2018-03-02 13:22:01	2018-03-02 13:22:01	\N
18	1	1	1	6	3	AC POWER實驗室	AC-Power-Lab		4F			\N	\N	虎躍廠-AC Power實驗室	\N	2018-03-02 11:15:54	2018-03-02 11:15:54	\N
2	1	1	1	2	3	實驗室			1F			\N	\N	虎躍廠-SHZBG	\N	2018-03-02 10:21:00	2018-03-02 10:21:00	\N
17	1	1	1	6	4	TEC SW實驗室	TEC-SW-Lab		4F			\N	\N	虎躍廠-TEC SW實驗室	\N	2018-03-02 11:13:12	2018-03-02 11:13:12	\N
46	1	1	2	10	4	化學實驗室	Chemistry-Lab		B&C棟1F			\N	\N	中山二廠-化學實驗室-B&C棟1F	\N	2018-03-02 12:27:09	2018-03-02 12:27:09	\N
51	1	1	3	11	4	SWITCH 實驗室	Switch-Lab		B1地下室			\N	\N	民生廠-Switch 實驗室-B1地下室	\N	2018-03-02 13:18:47	2018-03-02 13:18:47	\N
56	1	1	3	11	4	NEXT GENERATION COMMUNICATION LAB實驗室			1F			\N	\N	民生廠-Next Generation Communication Lab實驗室-1F	\N	2018-03-02 13:22:55	2018-03-02 13:22:55	\N
37	1	1	1	1	3	檢測實驗室	FIT03		2F			\N	\N	虎躍廠-檢測實驗室-2F	\N	2018-03-02 12:00:59	2018-06-14 19:51:03	\N
4	1	1	1	3	2	LENS射出成型製程區	ST01		1F			\N	\N	虎躍廠-LENS射出成型製程區	\N	2018-03-02 10:42:03	2018-06-14 19:53:02	\N
58	1	1	3	11	4	SRD7_SE/ME(系統機電工程整合/機構工程) LAB			2F			\N	\N	民生廠-SRD7_SE/ME(系統機電工程整合/機構工程) Lab-2F	\N	2018-03-02 13:24:54	2018-03-02 13:24:54	\N
59	1	1	3	11	3	NSD 通訊設備實驗室			2F			\N	\N	民生廠-NSD 通訊設備實驗室-2F	\N	2018-03-02 13:25:42	2018-03-02 13:25:42	\N
60	1	1	3	11	4	SQA實驗室-3F			3F			\N	\N	民生廠-SQA實驗室-3F	\N	2018-03-02 13:26:29	2018-03-02 13:26:29	\N
61	1	1	3	11	4	CSD實驗室			3F			\N	\N	民生廠-CSD實驗室-3F	\N	2018-03-02 13:28:00	2018-03-02 13:28:00	\N
62	1	1	3	11	3	MBD 硬體開發實驗室			4F			\N	\N	民生廠-MBD 硬體開發實驗室-4F	\N	2018-03-02 13:29:26	2018-03-02 13:29:26	\N
63	1	1	3	11	4	MBD 軟體開發實驗室			4F			\N	\N	民生廠-MBD 軟體開發實驗室-4F	\N	2018-03-02 13:30:23	2018-03-02 13:30:23	\N
64	1	1	3	11	3	NSD 硬體開發實驗室			4F			\N	\N	民生廠-NSD 硬體開發實驗室-4F	\N	2018-03-02 13:31:52	2018-03-02 13:31:52	\N
65	1	1	3	11	4	CRD 軟體開發實驗室			4F			\N	\N	民生廠-CRD 軟體開發實驗室-4F	\N	2018-03-02 13:32:43	2018-03-02 13:32:43	\N
66	1	1	3	12	2	生產測試			1F			\N	\N	民生廠-生產測試-1F	\N	2018-03-02 13:35:23	2018-03-02 13:35:23	\N
67	1	1	3	12	4	軟體			1F			\N	\N	民生廠-軟體-1F	\N	2018-03-02 13:36:05	2018-03-02 13:36:05	\N
68	1	1	3	12	3	機構			1F			\N	\N	民生廠-機構-1F	\N	2018-03-02 13:36:42	2018-03-02 13:36:42	\N
69	1	1	3	12	4	可靠度			1F			\N	\N	民生廠-可靠度-1F	\N	2018-03-02 13:37:45	2018-03-02 13:37:45	\N
71	1	1	3	12	4	聲學			2F			\N	\N	民生廠-聲學-2F	\N	2018-03-02 13:40:14	2018-03-02 13:40:14	\N
72	1	1	3	12	4	3D天線無反射測試			2F			\N	\N	民生廠-3D天線無反射測試-2F	\N	2018-03-02 13:41:07	2018-03-02 13:41:07	\N
73	1	1	3	12	4	SAR測試			2F			\N	\N	民生廠-SAR測試-2F	\N	2018-03-02 13:41:44	2018-03-02 13:41:44	\N
74	1	1	3	12	3	綜合電子測試			2F			\N	\N	民生廠-綜合電子測試-2F	\N	2018-03-02 13:42:31	2018-03-02 13:42:31	\N
75	1	1	3	12	3	電波隔離測試			2F			\N	\N	民生廠-電波隔離測試-2F	\N	2018-03-02 13:45:05	2018-03-02 13:45:05	\N
86	1	1	4	14	2	成品倉			1F			\N	\N	中山廠-成品倉-1F	\N	2018-03-02 13:58:35	2018-03-02 13:58:35	\N
87	1	1	4	14	2	物料倉			1F			\N	\N	中山廠-物料倉-1F	\N	2018-03-02 13:59:04	2018-03-02 13:59:04	\N
76	1	1	3	12	3	光學測試			2F			\N	\N	民生廠-光學測試-2F	\N	2018-03-02 13:46:15	2018-03-02 13:46:15	\N
77	1	1	3	12	3	靜電測試			2F			\N	\N	民生廠-靜電測試-2F	\N	2018-03-02 13:49:05	2018-03-02 13:49:05	\N
78	1	1	3	12	3	生產測試			2F			\N	\N	民生廠-生產測試-2F	\N	2018-03-02 13:49:36	2018-03-02 13:49:36	\N
79	1	1	3	12	3	實驗室儀器測試			2F			\N	\N	民生廠-實驗室儀器測試-2F	\N	2018-03-02 13:50:21	2018-03-02 13:50:21	\N
80	1	1	4	13	4	TAM3			1F			\N	\N	中山廠-TAM3-1F	\N	2018-03-02 13:53:27	2018-03-02 13:53:27	\N
81	1	1	4	13	4	TAM3			2F			\N	\N	中山廠-TAM3-2F	\N	2018-03-02 13:54:00	2018-03-02 13:54:00	\N
105	1	1	5	22	1	4樓辦公室			2F			\N	\N	頂埔廠-4樓辦公室-2F	\N	2018-03-02 14:18:28	2018-03-02 14:18:28	\N
83	1	1	4	14	4	CMIT雲端實驗室			3F			\N	\N	中山廠-CMIT雲端實驗室-3F	\N	2018-03-02 13:56:08	2018-03-02 13:56:08	\N
88	1	1	4	14	2	電子物料倉			1F			\N	\N	中山廠-電子物料倉-1F	\N	2018-03-02 14:00:38	2018-03-02 14:00:38	\N
89	1	1	5	15	2	GRD 光學膜無塵室			1F			\N	\N	頂埔廠-GRD 光學膜無塵室-1F	\N	2018-03-02 14:01:44	2018-03-02 14:01:44	\N
90	1	1	5	16	2	GRD-G 無塵室			2F、3F			\N	\N	頂埔廠-GRD-G 無塵室-2、3F	\N	2018-03-02 14:03:35	2018-03-02 14:03:35	\N
91	1	1	5	17	2	SHZBG OLU 鍍膜			2F			\N	\N	頂埔廠-SHZBG OLU 鍍膜-2F	\N	2018-03-02 14:05:05	2018-03-02 14:05:05	\N
92	1	1	5	17	2	SHZBG OLU 精密組裝			1F			\N	\N	頂埔廠-SHZBG OLU 精密組裝-1F	\N	2018-03-02 14:05:46	2018-03-02 14:05:46	\N
93	1	1	5	17	2	SHZBG OLU 精密模具廠			1F			\N	\N	頂埔廠-SHZBG OLU 精密模具廠-1F	\N	2018-03-02 14:06:20	2018-03-02 14:06:20	\N
94	1	1	5	17	2	SHZBG OLU 精密射出成型			1F			\N	\N	頂埔廠-SHZBG OLU 精密射出成型-1F	\N	2018-03-02 14:07:31	2018-03-02 14:07:31	\N
95	1	1	5	15	4	2樓AGP實驗室			2F			\N	\N	頂埔廠-2樓AGP實驗室-2F	\N	2018-03-02 14:08:08	2018-03-02 14:08:08	\N
96	1	1	5	15	3	1樓雷射切割實驗室			1F			\N	\N	頂埔廠-1樓雷射切割實驗室-1F	\N	2018-03-02 14:09:04	2018-03-02 14:09:04	\N
97	1	1	5	17	3	1樓量測室、2樓環測室			1F、2F			\N	\N	頂埔廠-1樓量測室、2樓環測室	\N	2018-03-02 14:10:19	2018-03-02 14:10:19	\N
98	1	1	5	16	3	1.2.樓實驗室			1、2F			\N	\N	頂埔廠-1、2樓實驗室	\N	2018-03-02 14:11:14	2018-03-02 14:11:14	\N
99	1	1	5	18	4	3樓實驗室/辦公室、2樓實驗室			2、3F			\N	\N	頂埔廠-3樓實驗室/辦公室、2樓實驗室	\N	2018-03-02 14:12:23	2018-03-02 14:12:23	\N
100	1	1	5	15	1	1樓倉庫、2樓實驗室、3樓辦公室實驗室、4樓辦公室實驗室			全廠			\N	\N	頂埔廠-1樓倉庫、2樓實驗室、3樓辦公室實驗室、4樓辦公室實驗室-全廠	\N	2018-03-02 14:13:32	2018-03-02 14:13:32	\N
101	1	1	5	19	3	2樓實驗室			2F			\N	\N	頂埔廠-2樓實驗室-2F	\N	2018-03-02 14:14:10	2018-03-02 14:14:10	\N
102	1	1	5	15	3	2樓光學膜測試實驗室			2F			\N	\N	頂埔廠-2樓光學膜測試實驗室-2F	\N	2018-03-02 14:15:03	2018-03-02 14:15:03	\N
103	1	1	5	20	3	3樓辦公室/實驗室			3F			\N	\N	頂埔廠-3樓辦公室/實驗室-3F	\N	2018-03-02 14:16:03	2018-03-02 14:16:03	\N
104	1	1	5	21	1	2、4樓辦公室			2F			\N	\N	頂埔廠-2、4樓辦公室-2F	\N	2018-03-02 14:17:42	2018-03-02 14:17:42	\N
106	1	1	5	23	4	3樓辦公室/實驗室			3F			\N	\N	頂埔廠-3樓辦公室/實驗室-3F	\N	2018-03-02 14:19:11	2018-03-02 14:19:11	\N
108	1	1	5	25	3	2樓實驗室與辦公室、4樓辦公室			2、4F			\N	\N	頂埔廠-2樓實驗室與辦公室、4樓辦公室	\N	2018-03-02 14:21:28	2018-03-02 14:21:28	\N
16	1	1	1	6	3	T&A THERMAL實驗室	T&A-Thermal-Lab		4F			\N	\N	虎躍廠-T&A Thermal實驗室	\N	2018-03-02 11:12:06	2018-03-02 11:12:06	\N
70	1	1	3	12	4	震動測試	Shake-Testing		2F			\N	\N	民生廠-震動測試-2F	\N	2018-03-02 13:39:30	2018-03-02 13:39:30	\N
107	1	1	5	24	3	2樓實驗室與辦公室	2F-Lab-Office		2F			\N	\N	頂埔廠-2樓實驗室與辦公室-2F	\N	2018-03-02 14:19:52	2018-03-02 14:19:52	\N
31	1	1	1	1	2	沖壓區	FIT02		1F			\N	\N	虎躍廠-沖壓區	\N	2018-03-02 11:32:41	2018-06-14 19:50:39	\N
1	1	1	1	1	2	塗裝一線	FIT01		1F			\N	\N	虎躍廠-FIT	\N	2018-03-01 18:28:51	2018-08-27 11:37:03	\N
\.


--
-- TOC entry 2508 (class 0 OID 0)
-- Dependencies: 231
-- Name: unit_id_seq; Type: SEQUENCE SET; Schema: public; Owner: postgres
--

SELECT pg_catalog.setval('public.unit_id_seq', 1, false);


--
-- TOC entry 2454 (class 0 OID 17330)
-- Dependencies: 232
-- Data for Name: unit_type; Type: TABLE DATA; Schema: public; Owner: postgres
--

COPY public.unit_type (id, name, autofill, deleted_at) FROM stdin;
1	法人	\N	\N
2	製程	\N	\N
3	硬體實驗室	\N	\N
4	軟體實驗室	\N	\N
\.


--
-- TOC entry 2509 (class 0 OID 0)
-- Dependencies: 233
-- Name: unit_type_id_seq; Type: SEQUENCE SET; Schema: public; Owner: postgres
--

SELECT pg_catalog.setval('public.unit_type_id_seq', 4, true);


--
-- TOC entry 2456 (class 0 OID 17338)
-- Dependencies: 234
-- Data for Name: users; Type: TABLE DATA; Schema: public; Owner: postgres
--

COPY public.users (id, account, name, email, password, role, login_attempt, remember_token, created_at, updated_at, deleted_at) FROM stdin;
3	mark	Mark	mark@mail.foxconn.com	$2y$10$9sfBD9lxIeVyjiHHnWPuCui9EtYFpn.qxKPRnWzS7GkOl9pKgmnpC	checker	1	\N	2018-06-14 18:56:46	2018-06-14 18:56:46	\N
4	eddie	Eddie	eddie@mail.foxconn.com	$2y$10$pXtXw38pe81XpB3vlVc6zuSi9DF6h9RHBA7J8t.YuwyK9awKAdNzG	checker	1	\N	2018-06-14 18:56:46	2018-06-14 18:56:46	\N
5	wendy	Wendy	wendy@mail.foxconn.com	$2y$10$nEobekt4Se5xyZ5PKtaQiuIO0eLsPpH7/z4jHKRpg/MTrDXLxyKly	checker	1	\N	2018-06-14 18:56:46	2018-06-14 18:56:46	\N
6	andy	Andy	andy@mail.foxconn.com	$2y$10$fFxSTWYO2egMZnSBfPJnU.KQFDH5/sL5oJOII99f1Jlity79uQLE.	director	1	\N	2018-06-14 18:56:47	2018-06-14 18:56:47	\N
7	jessie	Jessie	jessie@mail.foxconn.com	$2y$10$UJKRMNfkltnQMa4LnwhAxemlsq/nnZMqvDceNoMRLezRYoUGXAlWS	director	1	\N	2018-06-14 18:56:47	2018-06-14 18:56:47	\N
2	betty	Betty		$2y$10$KC1C3bOHISg6Fr.aDqptc.t7NAQIYVtkZI.8SXYBKqz8iBcmBoHyS	checker	1	TR3vzrNibvosFoucGLiRaQm6D2YFN6AQjqloDPXVJvOfkR7tqqN7DvNlXmPw	2018-06-14 18:56:46	2018-06-14 18:56:46	\N
1	admin	Administrator		$2y$10$to3vSrLvqkhvD0VW/pGYKeId1SFRLKiZ/A869aWZt0LDxhDBwUAiW	admin	1	EnIRt5SglfGYhOVmBMQsbYtlyAXSEx3HPWxrmv69ppOQFMLYORN66Dv4t0vi	2018-06-14 18:56:46	2018-06-14 18:56:46	\N
\.


--
-- TOC entry 2510 (class 0 OID 0)
-- Dependencies: 235
-- Name: users_id_seq; Type: SEQUENCE SET; Schema: public; Owner: postgres
--

SELECT pg_catalog.setval('public.users_id_seq', 7, true);


--
-- TOC entry 2458 (class 0 OID 17347)
-- Dependencies: 236
-- Data for Name: work_point; Type: TABLE DATA; Schema: public; Owner: postgres
--

COPY public.work_point (id, p_id, sequence, event, charge_unit, remark, created_at, updated_at) FROM stdin;
1	1	1	未來檢查結果若發生異常，需定期追蹤查核且檢討改善並記錄。	TEC-SW-Lab、T&A-Thermal-Lab	每項記錄要依法保存下來。	2018-10-04 00:18:40	2018-10-04 00:18:40
2	1	2	特殊作業人員需完成特殊健檢。	T&A-Thermal-Lab	需完成特珠健檢。	2018-10-04 00:18:40	2018-10-04 00:18:40
3	1	3	部份機械設備並無設置緊急停止開關(EMO)，需妥善設置，並定期測試紀錄。	TEC-SW-Lab、AC-Power-Lab	紀錄需妥善留存。	2018-10-04 00:18:40	2018-10-04 00:18:40
4	1	4	區域滅火器需依法規定，不同區域的大小設置相對應的數量且測試可正常運作，並定期檢查和記錄。	AC-Power-Lab	可聯絡相關人員，請求協助購買。	2018-10-04 00:18:40	2018-10-04 00:18:40
\.


--
-- TOC entry 2511 (class 0 OID 0)
-- Dependencies: 237
-- Name: work_point_id_seq; Type: SEQUENCE SET; Schema: public; Owner: postgres
--

SELECT pg_catalog.setval('public.work_point_id_seq', 1, false);


--
-- TOC entry 2206 (class 2606 OID 17377)
-- Name: area area_pkey; Type: CONSTRAINT; Schema: public; Owner: postgres
--

ALTER TABLE ONLY public.area
    ADD CONSTRAINT area_pkey PRIMARY KEY (id);


--
-- TOC entry 2208 (class 2606 OID 17379)
-- Name: area area_uuid_unique; Type: CONSTRAINT; Schema: public; Owner: postgres
--

ALTER TABLE ONLY public.area
    ADD CONSTRAINT area_uuid_unique UNIQUE (uuid);


--
-- TOC entry 2214 (class 2606 OID 17381)
-- Name: check_bank check_bank_pkey; Type: CONSTRAINT; Schema: public; Owner: postgres
--

ALTER TABLE ONLY public.check_bank
    ADD CONSTRAINT check_bank_pkey PRIMARY KEY (id);


--
-- TOC entry 2216 (class 2606 OID 17383)
-- Name: check_bank check_bank_uuid_unique; Type: CONSTRAINT; Schema: public; Owner: postgres
--

ALTER TABLE ONLY public.check_bank
    ADD CONSTRAINT check_bank_uuid_unique UNIQUE (uuid);


--
-- TOC entry 2218 (class 2606 OID 17385)
-- Name: check_category check_category_pkey; Type: CONSTRAINT; Schema: public; Owner: postgres
--

ALTER TABLE ONLY public.check_category
    ADD CONSTRAINT check_category_pkey PRIMARY KEY (id);


--
-- TOC entry 2220 (class 2606 OID 17387)
-- Name: check_file check_file_pkey; Type: CONSTRAINT; Schema: public; Owner: postgres
--

ALTER TABLE ONLY public.check_file
    ADD CONSTRAINT check_file_pkey PRIMARY KEY (id);


--
-- TOC entry 2222 (class 2606 OID 17389)
-- Name: check_item check_item_pkey1; Type: CONSTRAINT; Schema: public; Owner: postgres
--

ALTER TABLE ONLY public.check_item
    ADD CONSTRAINT check_item_pkey1 PRIMARY KEY (id);


--
-- TOC entry 2210 (class 2606 OID 17391)
-- Name: check check_pkey; Type: CONSTRAINT; Schema: public; Owner: postgres
--

ALTER TABLE ONLY public."check"
    ADD CONSTRAINT check_pkey PRIMARY KEY (id);


--
-- TOC entry 2224 (class 2606 OID 17393)
-- Name: check_point check_point_pkey; Type: CONSTRAINT; Schema: public; Owner: postgres
--

ALTER TABLE ONLY public.check_point
    ADD CONSTRAINT check_point_pkey PRIMARY KEY (id);


--
-- TOC entry 2226 (class 2606 OID 17395)
-- Name: check_point check_point_uuid_unique; Type: CONSTRAINT; Schema: public; Owner: postgres
--

ALTER TABLE ONLY public.check_point
    ADD CONSTRAINT check_point_uuid_unique UNIQUE (uuid);


--
-- TOC entry 2228 (class 2606 OID 17397)
-- Name: check_record check_record_pkey; Type: CONSTRAINT; Schema: public; Owner: postgres
--

ALTER TABLE ONLY public.check_record
    ADD CONSTRAINT check_record_pkey PRIMARY KEY (id);


--
-- TOC entry 2230 (class 2606 OID 17399)
-- Name: check_record check_record_uuid_unique; Type: CONSTRAINT; Schema: public; Owner: postgres
--

ALTER TABLE ONLY public.check_record
    ADD CONSTRAINT check_record_uuid_unique UNIQUE (uuid);


--
-- TOC entry 2232 (class 2606 OID 17401)
-- Name: check_standard check_standard_pkey; Type: CONSTRAINT; Schema: public; Owner: postgres
--

ALTER TABLE ONLY public.check_standard
    ADD CONSTRAINT check_standard_pkey PRIMARY KEY (id);


--
-- TOC entry 2234 (class 2606 OID 17403)
-- Name: check_standard check_standard_uuid_unique; Type: CONSTRAINT; Schema: public; Owner: postgres
--

ALTER TABLE ONLY public.check_standard
    ADD CONSTRAINT check_standard_uuid_unique UNIQUE (uuid);


--
-- TOC entry 2236 (class 2606 OID 17405)
-- Name: check_status check_status_pkey; Type: CONSTRAINT; Schema: public; Owner: postgres
--

ALTER TABLE ONLY public.check_status
    ADD CONSTRAINT check_status_pkey PRIMARY KEY (id);


--
-- TOC entry 2212 (class 2606 OID 17407)
-- Name: check check_uuid_unique; Type: CONSTRAINT; Schema: public; Owner: postgres
--

ALTER TABLE ONLY public."check"
    ADD CONSTRAINT check_uuid_unique UNIQUE (uuid);


--
-- TOC entry 2238 (class 2606 OID 17409)
-- Name: company company_pkey; Type: CONSTRAINT; Schema: public; Owner: postgres
--

ALTER TABLE ONLY public.company
    ADD CONSTRAINT company_pkey PRIMARY KEY (id);


--
-- TOC entry 2240 (class 2606 OID 17411)
-- Name: company company_uuid_unique; Type: CONSTRAINT; Schema: public; Owner: postgres
--

ALTER TABLE ONLY public.company
    ADD CONSTRAINT company_uuid_unique UNIQUE (uuid);


--
-- TOC entry 2242 (class 2606 OID 17413)
-- Name: country country_pkey; Type: CONSTRAINT; Schema: public; Owner: postgres
--

ALTER TABLE ONLY public.country
    ADD CONSTRAINT country_pkey PRIMARY KEY (id);


--
-- TOC entry 2244 (class 2606 OID 17415)
-- Name: country country_uuid_unique; Type: CONSTRAINT; Schema: public; Owner: postgres
--

ALTER TABLE ONLY public.country
    ADD CONSTRAINT country_uuid_unique UNIQUE (uuid);


--
-- TOC entry 2246 (class 2606 OID 17417)
-- Name: examine_record examine_record_pkey; Type: CONSTRAINT; Schema: public; Owner: postgres
--

ALTER TABLE ONLY public.examine_record
    ADD CONSTRAINT examine_record_pkey PRIMARY KEY (id);


--
-- TOC entry 2248 (class 2606 OID 17419)
-- Name: migrations migrations_pkey; Type: CONSTRAINT; Schema: public; Owner: postgres
--

ALTER TABLE ONLY public.migrations
    ADD CONSTRAINT migrations_pkey PRIMARY KEY (id);


--
-- TOC entry 2250 (class 2606 OID 17421)
-- Name: oauth_access_tokens oauth_access_tokens_pkey; Type: CONSTRAINT; Schema: public; Owner: postgres
--

ALTER TABLE ONLY public.oauth_access_tokens
    ADD CONSTRAINT oauth_access_tokens_pkey PRIMARY KEY (id);


--
-- TOC entry 2253 (class 2606 OID 17423)
-- Name: oauth_auth_codes oauth_auth_codes_pkey; Type: CONSTRAINT; Schema: public; Owner: postgres
--

ALTER TABLE ONLY public.oauth_auth_codes
    ADD CONSTRAINT oauth_auth_codes_pkey PRIMARY KEY (id);


--
-- TOC entry 2255 (class 2606 OID 17425)
-- Name: oauth_clients oauth_clients_pkey; Type: CONSTRAINT; Schema: public; Owner: postgres
--

ALTER TABLE ONLY public.oauth_clients
    ADD CONSTRAINT oauth_clients_pkey PRIMARY KEY (id);


--
-- TOC entry 2259 (class 2606 OID 17427)
-- Name: oauth_personal_access_clients oauth_personal_access_clients_pkey; Type: CONSTRAINT; Schema: public; Owner: postgres
--

ALTER TABLE ONLY public.oauth_personal_access_clients
    ADD CONSTRAINT oauth_personal_access_clients_pkey PRIMARY KEY (id);


--
-- TOC entry 2262 (class 2606 OID 17429)
-- Name: oauth_refresh_tokens oauth_refresh_tokens_pkey; Type: CONSTRAINT; Schema: public; Owner: postgres
--

ALTER TABLE ONLY public.oauth_refresh_tokens
    ADD CONSTRAINT oauth_refresh_tokens_pkey PRIMARY KEY (id);


--
-- TOC entry 2265 (class 2606 OID 17431)
-- Name: permissions permissions_pkey; Type: CONSTRAINT; Schema: public; Owner: postgres
--

ALTER TABLE ONLY public.permissions
    ADD CONSTRAINT permissions_pkey PRIMARY KEY (id);


--
-- TOC entry 2267 (class 2606 OID 17433)
-- Name: project project_pkey; Type: CONSTRAINT; Schema: public; Owner: postgres
--

ALTER TABLE ONLY public.project
    ADD CONSTRAINT project_pkey PRIMARY KEY (id);


--
-- TOC entry 2269 (class 2606 OID 17435)
-- Name: project_record project_record_pkey; Type: CONSTRAINT; Schema: public; Owner: postgres
--

ALTER TABLE ONLY public.project_record
    ADD CONSTRAINT project_record_pkey PRIMARY KEY (id);


--
-- TOC entry 2271 (class 2606 OID 17437)
-- Name: region region_pkey; Type: CONSTRAINT; Schema: public; Owner: postgres
--

ALTER TABLE ONLY public.region
    ADD CONSTRAINT region_pkey PRIMARY KEY (id);


--
-- TOC entry 2273 (class 2606 OID 17439)
-- Name: region region_uuid_unique; Type: CONSTRAINT; Schema: public; Owner: postgres
--

ALTER TABLE ONLY public.region
    ADD CONSTRAINT region_uuid_unique UNIQUE (uuid);


--
-- TOC entry 2277 (class 2606 OID 17441)
-- Name: roles_permissions roles_permissions_pkey; Type: CONSTRAINT; Schema: public; Owner: postgres
--

ALTER TABLE ONLY public.roles_permissions
    ADD CONSTRAINT roles_permissions_pkey PRIMARY KEY (role_id);


--
-- TOC entry 2275 (class 2606 OID 17443)
-- Name: roles roles_pkey; Type: CONSTRAINT; Schema: public; Owner: postgres
--

ALTER TABLE ONLY public.roles
    ADD CONSTRAINT roles_pkey PRIMARY KEY (id);


--
-- TOC entry 2279 (class 2606 OID 17445)
-- Name: unit unit_pkey; Type: CONSTRAINT; Schema: public; Owner: postgres
--

ALTER TABLE ONLY public.unit
    ADD CONSTRAINT unit_pkey PRIMARY KEY (id);


--
-- TOC entry 2283 (class 2606 OID 17447)
-- Name: unit_type unit_type_pkey; Type: CONSTRAINT; Schema: public; Owner: postgres
--

ALTER TABLE ONLY public.unit_type
    ADD CONSTRAINT unit_type_pkey PRIMARY KEY (id);


--
-- TOC entry 2281 (class 2606 OID 17449)
-- Name: unit unit_uuid_unique; Type: CONSTRAINT; Schema: public; Owner: postgres
--

ALTER TABLE ONLY public.unit
    ADD CONSTRAINT unit_uuid_unique UNIQUE (uuid);


--
-- TOC entry 2285 (class 2606 OID 17451)
-- Name: users users_account_unique; Type: CONSTRAINT; Schema: public; Owner: postgres
--

ALTER TABLE ONLY public.users
    ADD CONSTRAINT users_account_unique UNIQUE (account);


--
-- TOC entry 2287 (class 2606 OID 17453)
-- Name: users users_pkey; Type: CONSTRAINT; Schema: public; Owner: postgres
--

ALTER TABLE ONLY public.users
    ADD CONSTRAINT users_pkey PRIMARY KEY (id);


--
-- TOC entry 2289 (class 2606 OID 17455)
-- Name: work_point work_point_pkey; Type: CONSTRAINT; Schema: public; Owner: postgres
--

ALTER TABLE ONLY public.work_point
    ADD CONSTRAINT work_point_pkey PRIMARY KEY (id);


--
-- TOC entry 2251 (class 1259 OID 17456)
-- Name: oauth_access_tokens_user_id_index; Type: INDEX; Schema: public; Owner: postgres
--

CREATE INDEX oauth_access_tokens_user_id_index ON public.oauth_access_tokens USING btree (user_id);


--
-- TOC entry 2256 (class 1259 OID 17457)
-- Name: oauth_clients_user_id_index; Type: INDEX; Schema: public; Owner: postgres
--

CREATE INDEX oauth_clients_user_id_index ON public.oauth_clients USING btree (user_id);


--
-- TOC entry 2257 (class 1259 OID 17458)
-- Name: oauth_personal_access_clients_client_id_index; Type: INDEX; Schema: public; Owner: postgres
--

CREATE INDEX oauth_personal_access_clients_client_id_index ON public.oauth_personal_access_clients USING btree (client_id);


--
-- TOC entry 2260 (class 1259 OID 17459)
-- Name: oauth_refresh_tokens_access_token_id_index; Type: INDEX; Schema: public; Owner: postgres
--

CREATE INDEX oauth_refresh_tokens_access_token_id_index ON public.oauth_refresh_tokens USING btree (access_token_id);


--
-- TOC entry 2263 (class 1259 OID 17460)
-- Name: password_resets_email_index; Type: INDEX; Schema: public; Owner: postgres
--

CREATE INDEX password_resets_email_index ON public.password_resets USING btree (email);


-- Completed on 2018-10-04 16:01:02

--
--

