--
-- PostgreSQL database dump
--

-- Dumped from database version 9.6.10
-- Dumped by pg_dump version 9.6.10

-- Started on 2018-09-17 18:11:04

SET statement_timeout = 0;
SET lock_timeout = 0;
SET idle_in_transaction_session_timeout = 0;
SET client_encoding = 'UTF8';
SET standard_conforming_strings = on;
SELECT pg_catalog.set_config('search_path', '', false);
SET check_function_bodies = false;
SET client_min_messages = warning;
SET row_security = off;

SET default_tablespace = '';

SET default_with_oids = false;

--
-- TOC entry 188 (class 1259 OID 17164)
-- Name: check_bank; Type: TABLE; Schema: public; Owner: postgres
--

CREATE TABLE public.check_bank (
    id integer NOT NULL,
    content character varying(255) NOT NULL,
    remark character varying(255),
    project_created integer,
    sequence integer,
    deleted_at timestamp(0) without time zone,
    created_at timestamp(0) without time zone,
    updated_at timestamp(0) without time zone,
    uuid uuid
);


ALTER TABLE public.check_bank OWNER TO postgres;

--
-- TOC entry 189 (class 1259 OID 17170)
-- Name: check_bank_id_seq; Type: SEQUENCE; Schema: public; Owner: postgres
--

CREATE SEQUENCE public.check_bank_id_seq
    START WITH 1
    INCREMENT BY 1
    NO MINVALUE
    NO MAXVALUE
    CACHE 1;


ALTER TABLE public.check_bank_id_seq OWNER TO postgres;

--
-- TOC entry 2303 (class 0 OID 0)
-- Dependencies: 189
-- Name: check_bank_id_seq; Type: SEQUENCE OWNED BY; Schema: public; Owner: postgres
--

ALTER SEQUENCE public.check_bank_id_seq OWNED BY public.check_bank.id;


--
-- TOC entry 191 (class 1259 OID 17174)
-- Name: check_category; Type: TABLE; Schema: public; Owner: postgres
--

CREATE TABLE public.check_category (
    id integer DEFAULT nextval('public.check_category_id_seq'::regclass) NOT NULL,
    content character varying(255) NOT NULL,
    sequence integer NOT NULL,
    deleted_at timestamp(0) without time zone,
    created_at timestamp(0) without time zone,
    updated_at timestamp(0) without time zone,
    weight double precision
);


ALTER TABLE public.check_category OWNER TO postgres;

--
-- TOC entry 196 (class 1259 OID 17190)
-- Name: check_item; Type: TABLE; Schema: public; Owner: postgres
--

CREATE TABLE public.check_item (
    id integer DEFAULT nextval('public.check_item_id_seq'::regclass) NOT NULL,
    content character varying(255) NOT NULL,
    sequence integer NOT NULL,
    deleted_at timestamp(0) without time zone,
    created_at timestamp(0) without time zone,
    updated_at timestamp(0) without time zone,
    weight double precision
);


ALTER TABLE public.check_item OWNER TO postgres;

--
-- TOC entry 197 (class 1259 OID 17194)
-- Name: check_point; Type: TABLE; Schema: public; Owner: postgres
--

CREATE TABLE public.check_point (
    id integer NOT NULL,
    content character varying(255) NOT NULL,
    sequence integer,
    deleted_at timestamp(0) without time zone,
    created_at timestamp(0) without time zone,
    updated_at timestamp(0) without time zone,
    uuid uuid
);


ALTER TABLE public.check_point OWNER TO postgres;

--
-- TOC entry 198 (class 1259 OID 17197)
-- Name: check_point_id_seq; Type: SEQUENCE; Schema: public; Owner: postgres
--

CREATE SEQUENCE public.check_point_id_seq
    START WITH 1
    INCREMENT BY 1
    NO MINVALUE
    NO MAXVALUE
    CACHE 1;


ALTER TABLE public.check_point_id_seq OWNER TO postgres;

--
-- TOC entry 2304 (class 0 OID 0)
-- Dependencies: 198
-- Name: check_point_id_seq; Type: SEQUENCE OWNED BY; Schema: public; Owner: postgres
--

ALTER SEQUENCE public.check_point_id_seq OWNED BY public.check_point.id;


--
-- TOC entry 201 (class 1259 OID 17207)
-- Name: check_standard; Type: TABLE; Schema: public; Owner: postgres
--

CREATE TABLE public.check_standard (
    id integer NOT NULL,
    content text NOT NULL,
    sequence integer NOT NULL,
    check_bank_id integer NOT NULL,
    check_point_id integer,
    conform_score double precision NOT NULL,
    part_score double precision,
    deleted_at timestamp(0) without time zone,
    created_at timestamp(0) without time zone,
    updated_at timestamp(0) without time zone,
    uuid uuid,
    check_category_id integer,
    check_item_id integer,
    class integer
);


ALTER TABLE public.check_standard OWNER TO postgres;

--
-- TOC entry 202 (class 1259 OID 17213)
-- Name: check_standard_id_seq; Type: SEQUENCE; Schema: public; Owner: postgres
--

CREATE SEQUENCE public.check_standard_id_seq
    START WITH 1
    INCREMENT BY 1
    NO MINVALUE
    NO MAXVALUE
    CACHE 1;


ALTER TABLE public.check_standard_id_seq OWNER TO postgres;

--
-- TOC entry 2305 (class 0 OID 0)
-- Dependencies: 202
-- Name: check_standard_id_seq; Type: SEQUENCE OWNED BY; Schema: public; Owner: postgres
--

ALTER SEQUENCE public.check_standard_id_seq OWNED BY public.check_standard.id;


--
-- TOC entry 2152 (class 2604 OID 17357)
-- Name: check_bank id; Type: DEFAULT; Schema: public; Owner: postgres
--

ALTER TABLE ONLY public.check_bank ALTER COLUMN id SET DEFAULT nextval('public.check_bank_id_seq'::regclass);


--
-- TOC entry 2155 (class 2604 OID 17359)
-- Name: check_point id; Type: DEFAULT; Schema: public; Owner: postgres
--

ALTER TABLE ONLY public.check_point ALTER COLUMN id SET DEFAULT nextval('public.check_point_id_seq'::regclass);


--
-- TOC entry 2156 (class 2604 OID 17361)
-- Name: check_standard id; Type: DEFAULT; Schema: public; Owner: postgres
--

ALTER TABLE ONLY public.check_standard ALTER COLUMN id SET DEFAULT nextval('public.check_standard_id_seq'::regclass);


--
-- TOC entry 2290 (class 0 OID 17164)
-- Dependencies: 188
-- Data for Name: check_bank; Type: TABLE DATA; Schema: public; Owner: postgres
--

COPY public.check_bank (id, content, remark, project_created, sequence, deleted_at, created_at, updated_at, uuid) FROM stdin;
1	危險性	1.噴塗作業、2.防爆電氣、3.靜電控制、4.通風排氣、5.爆炸保護、6.烘烤作業(烤爐、剝漆爐)	0	\N	\N	2018-09-17 18:00:36	2018-09-17 18:00:36	bd2b338e-bbb4-5815-a406-5e1b90c66a34
2	人員因素	1.安全管理、2.整齊清潔、3.點火源管理、4.設備檢測與維護、5.緊急應變、6.教育訓練	0	\N	\N	2018-09-17 18:00:38	2018-09-17 18:00:38	d849e241-1370-5341-96d3-3b9b438a26a3
3	消防系統	1.手動滅火設備、2.自動滅火系統\n、3.火災偵測及報警系統、4.消防供水、5.消防系統檢測與維護	0	\N	\N	2018-09-17 18:00:38	2018-09-17 18:00:38	fb3040b9-7f7c-50be-b963-521bd722e528
4	建築結構	1.建築本體、2.防火區劃	0	\N	\N	2018-09-17 18:00:39	2018-09-17 18:00:39	0d08e540-659c-5111-8cab-ced8c398248c
\.


--
-- TOC entry 2306 (class 0 OID 0)
-- Dependencies: 189
-- Name: check_bank_id_seq; Type: SEQUENCE SET; Schema: public; Owner: postgres
--

SELECT pg_catalog.setval('public.check_bank_id_seq', 4, true);


--
-- TOC entry 2292 (class 0 OID 17174)
-- Dependencies: 191
-- Data for Name: check_category; Type: TABLE DATA; Schema: public; Owner: postgres
--

COPY public.check_category (id, content, sequence, deleted_at, created_at, updated_at, weight) FROM stdin;
1	噴塗作業	1	\N	2018-09-17 18:00:36	2018-09-17 18:00:36	0.20000000000000001
2	防爆電氣	2	\N	2018-09-17 18:00:36	2018-09-17 18:00:36	0.13
3	靜電控制	3	\N	2018-09-17 18:00:36	2018-09-17 18:00:36	0.17000000000000001
4	通風排氣	4	\N	2018-09-17 18:00:37	2018-09-17 18:00:37	0.28000000000000003
5	爆炸保護	5	\N	2018-09-17 18:00:37	2018-09-17 18:00:37	0.080000000000000002
6	烘烤作業(烤爐、剝漆爐)	6	\N	2018-09-17 18:00:37	2018-09-17 18:00:37	0.14000000000000001
7	安全管理	1	\N	2018-09-17 18:00:38	2018-09-17 18:00:38	0.080000000000000002
8	整齊清潔	2	\N	2018-09-17 18:00:38	2018-09-17 18:00:38	0.29999999999999999
19	防火區劃	2	\N	2018-09-17 18:00:39	2018-09-17 18:00:39	0.65000000000000002
18	建築本體	1	\N	2018-09-17 18:00:39	2018-09-17 18:00:39	0.34999999999999998
17	消防系統檢測與維護	5	\N	2018-09-17 18:00:39	2018-09-17 18:00:39	0.26000000000000001
16	消防供水	4	\N	2018-09-17 18:00:39	2018-09-17 18:00:39	0.14999999999999999
15	火災偵測及報警系統	3	\N	2018-09-17 18:00:39	2018-09-17 18:00:39	0.14000000000000001
14	自動滅火系統\n	2	\N	2018-09-17 18:00:39	2018-09-17 18:00:39	0.40000000000000002
13	手動滅火設備	1	\N	2018-09-17 18:00:38	2018-09-17 18:00:38	0.050000000000000003
12	教育訓練	6	\N	2018-09-17 18:00:38	2018-09-17 18:00:38	0.050000000000000003
11	緊急應變	5	\N	2018-09-17 18:00:38	2018-09-17 18:00:38	0.10000000000000001
10	設備檢測與維護	4	\N	2018-09-17 18:00:38	2018-09-17 18:00:38	0.34999999999999998
9	點火源管理	3	\N	2018-09-17 18:00:38	2018-09-17 18:00:38	0.12
\.


--
-- TOC entry 2293 (class 0 OID 17190)
-- Dependencies: 196
-- Data for Name: check_item; Type: TABLE DATA; Schema: public; Owner: postgres
--

COPY public.check_item (id, content, sequence, deleted_at, created_at, updated_at, weight) FROM stdin;
1	噴房	1	\N	2018-09-17 18:00:36	2018-09-17 18:00:36	0.10000000000000001
2	自動噴櫃	2	\N	2018-09-17 18:00:36	2018-09-17 18:00:36	0.14999999999999999
3	手動(補噴)噴櫃	3	\N	2018-09-17 18:00:36	2018-09-17 18:00:36	0.10000000000000001
4	安全聯鎖	4	\N	2018-09-17 18:00:36	2018-09-17 18:00:36	0.34999999999999998
5	手動急停按鈕	5	\N	2018-09-17 18:00:36	2018-09-17 18:00:36	0.29999999999999999
6	自動噴櫃	1	\N	2018-09-17 18:00:36	2018-09-17 18:00:36	0.59999999999999998
7	手動(補噴)噴櫃	2	\N	2018-09-17 18:00:36	2018-09-17 18:00:36	0.40000000000000002
8	人員	1	\N	2018-09-17 18:00:36	2018-09-17 18:00:36	0.14999999999999999
9	噴房地板	2	\N	2018-09-17 18:00:36	2018-09-17 18:00:36	0.10000000000000001
10	噴塗設備	3	\N	2018-09-17 18:00:36	2018-09-17 18:00:36	0.75
11	噴房空調	1	\N	2018-09-17 18:00:37	2018-09-17 18:00:37	0.050000000000000003
12	噴櫃排風系統	2	\N	2018-09-17 18:00:37	2018-09-17 18:00:37	0.14999999999999999
13	噴櫃排風設計	3	\N	2018-09-17 18:00:37	2018-09-17 18:00:37	0.5
14	安全聯鎖	4	\N	2018-09-17 18:00:37	2018-09-17 18:00:37	0.29999999999999999
15	噴房	1	\N	2018-09-17 18:00:37	2018-09-17 18:00:37	0.29999999999999999
16	回收/集塵設備	2	\N	2018-09-17 18:00:37	2018-09-17 18:00:37	0.29999999999999999
17	界面防護	3	\N	2018-09-17 18:00:37	2018-09-17 18:00:37	0.40000000000000002
18	溫度控制	1	\N	2018-09-17 18:00:37	2018-09-17 18:00:37	0.10000000000000001
19	燃氣管路	2	\N	2018-09-17 18:00:37	2018-09-17 18:00:37	0.25
20	燃氣安全	3	\N	2018-09-17 18:00:37	2018-09-17 18:00:37	0.25
21	排氣系統	4	\N	2018-09-17 18:00:38	2018-09-17 18:00:38	0.10000000000000001
22	安全聯鎖	5	\N	2018-09-17 18:00:38	2018-09-17 18:00:38	0.25
23	週邊淨空	6	\N	2018-09-17 18:00:38	2018-09-17 18:00:38	0.050000000000000003
24	有感領導	1	\N	2018-09-17 18:00:38	2018-09-17 18:00:38	0.20000000000000001
25	安全操作SOP	2	\N	2018-09-17 18:00:38	2018-09-17 18:00:38	0.40000000000000002
26	變更管理	3	\N	2018-09-17 18:00:38	2018-09-17 18:00:38	0.20000000000000001
27	承商管理	4	\N	2018-09-17 18:00:38	2018-09-17 18:00:38	0.20000000000000001
28	粉塵檢查清潔計畫	1	\N	2018-09-17 18:00:38	2018-09-17 18:00:38	0.34999999999999998
29	粉塵清潔方式	2	\N	2018-09-17 18:00:38	2018-09-17 18:00:38	0.25
30	噴槍清潔	3	\N	2018-09-17 18:00:38	2018-09-17 18:00:38	0.14999999999999999
31	粉末存量	4	\N	2018-09-17 18:00:38	2018-09-17 18:00:38	0.25
32	動火管制	1	\N	2018-09-17 18:00:38	2018-09-17 18:00:38	0.29999999999999999
33	吸菸管制	2	\N	2018-09-17 18:00:38	2018-09-17 18:00:38	0.29999999999999999
34	靜電防制	3	\N	2018-09-17 18:00:38	2018-09-17 18:00:38	0.40000000000000002
35	設備檢查測試維護SOP	1	\N	2018-09-17 18:00:38	2018-09-17 18:00:38	0.29999999999999999
36	設備檢測維護	2	\N	2018-09-17 18:00:38	2018-09-17 18:00:38	0.69999999999999996
37	應急計畫與演練	1	\N	2018-09-17 18:00:38	2018-09-17 18:00:38	0.5
38	緊急應變中心	2	\N	2018-09-17 18:00:38	2018-09-17 18:00:38	0.5
39	噴塗作業員工	1	\N	2018-09-17 18:00:38	2018-09-17 18:00:38	0.59999999999999998
40	一般員工	2	\N	2018-09-17 18:00:38	2018-09-17 18:00:38	0.40000000000000002
41	手提式滅火器	1	\N	2018-09-17 18:00:38	2018-09-17 18:00:38	0.34999999999999998
42	室內消火栓	2	\N	2018-09-17 18:00:39	2018-09-17 18:00:39	0.65000000000000002
43	噴塗車間(噴房以外)	1	\N	2018-09-17 18:00:39	2018-09-17 18:00:39	0.14999999999999999
44	噴房	2	\N	2018-09-17 18:00:39	2018-09-17 18:00:39	0.40000000000000002
45	噴櫃	3	\N	2018-09-17 18:00:39	2018-09-17 18:00:39	0.45000000000000001
46	火災偵測及報警系統	1	\N	2018-09-17 18:00:39	2018-09-17 18:00:39	0.20000000000000001
47	噴櫃火焰探測器	2	\N	2018-09-17 18:00:39	2018-09-17 18:00:39	0.80000000000000004
48	消防水池容量	1	\N	2018-09-17 18:00:39	2018-09-17 18:00:39	0.40000000000000002
49	消防泵	2	\N	2018-09-17 18:00:39	2018-09-17 18:00:39	0.59999999999999998
50	火警自動報警系統 	1	\N	2018-09-17 18:00:39	2018-09-17 18:00:39	0.14999999999999999
51	手提式滅火器	2	\N	2018-09-17 18:00:39	2018-09-17 18:00:39	0.050000000000000003
52	室內消火栓   	3	\N	2018-09-17 18:00:39	2018-09-17 18:00:39	0.10000000000000001
53	噴淋系統	4	\N	2018-09-17 18:00:39	2018-09-17 18:00:39	0.34999999999999998
54	消防泵	5	\N	2018-09-17 18:00:39	2018-09-17 18:00:39	0.34999999999999998
55	支撐結構	1	\N	2018-09-17 18:00:39	2018-09-17 18:00:39	0.69999999999999996
56	屋頂及外牆	2	\N	2018-09-17 18:00:39	2018-09-17 18:00:39	0.29999999999999999
57	塗裝車間與廠內其他區域	1	\N	2018-09-17 18:00:39	2018-09-17 18:00:39	0.29999999999999999
58	噴房	2	\N	2018-09-17 18:00:39	2018-09-17 18:00:39	0.69999999999999996
\.


--
-- TOC entry 2294 (class 0 OID 17194)
-- Dependencies: 197
-- Data for Name: check_point; Type: TABLE DATA; Schema: public; Owner: postgres
--

COPY public.check_point (id, content, sequence, deleted_at, created_at, updated_at, uuid) FROM stdin;
1	材質構造	1	\N	2018-09-17 18:00:36	2018-09-17 18:00:36	18f63c88-85a7-55d5-b87e-d9eacc09c366
2	完整性	2	\N	2018-09-17 18:00:36	2018-09-17 18:00:36	55e5b4c6-b141-5fca-8d92-fcd08cffd82e
3	材質	1	\N	2018-09-17 18:00:36	2018-09-17 18:00:36	3ee03e5f-f17c-544f-a250-118431d5f7dd
4	完整性	2	\N	2018-09-17 18:00:36	2018-09-17 18:00:36	c946464a-6b8e-55ac-902e-285e14ae01c6
5	材質	1	\N	2018-09-17 18:00:36	2018-09-17 18:00:36	95ef096f-e4f6-5349-a811-e860d95a435a
6	完整性	2	\N	2018-09-17 18:00:36	2018-09-17 18:00:36	6359bc34-fb01-5209-b753-2b362fbb89b3
7	輸送帶	1	\N	2018-09-17 18:00:36	2018-09-17 18:00:36	5501fac2-1b99-5547-92dd-85b939717d0a
8	噴槍安全距離	2	\N	2018-09-17 18:00:36	2018-09-17 18:00:36	4274989f-a481-58a0-980d-b10145ccbcea
9	位置	1	\N	2018-09-17 18:00:36	2018-09-17 18:00:36	837c93f7-370d-507e-acc1-86c8e5deecdd
10	聯鎖功能	2	\N	2018-09-17 18:00:36	2018-09-17 18:00:36	0a407a19-25b3-5f44-b21f-d361105ba7a7
11	防爆電氣	1	\N	2018-09-17 18:00:36	2018-09-17 18:00:36	a0a0de0f-bf2e-59bd-abf2-a2dd682b475d
12	燈具構造	2	\N	2018-09-17 18:00:36	2018-09-17 18:00:36	adbb3445-c6d2-5b28-ad82-c5ea782fde8d
13	燈具面溫	3	\N	2018-09-17 18:00:36	2018-09-17 18:00:36	9ef2aa22-cd2e-52d3-b042-024ab5a2015e
14	防爆電氣	1	\N	2018-09-17 18:00:36	2018-09-17 18:00:36	aed8fc33-7734-53fd-b9f4-4dddf9185596
15	燈具構造	2	\N	2018-09-17 18:00:36	2018-09-17 18:00:36	fac4470f-a0a4-56a0-b665-435d83fc2cf0
16	燈具面溫	3	\N	2018-09-17 18:00:36	2018-09-17 18:00:36	af65db15-2dd8-53bf-ae76-8280a057eeb1
17	設備及容器	1	\N	2018-09-17 18:00:36	2018-09-17 18:00:36	80e55c41-708e-5566-a8c7-940ed5be3984
18	供粉管路	2	\N	2018-09-17 18:00:36	2018-09-17 18:00:36	781a7755-175b-5e53-8e37-8c3d19834b31
19	手噴槍	3	\N	2018-09-17 18:00:36	2018-09-17 18:00:36	52ee857e-f801-55fd-916b-83eee916971b
20	回收/集塵設備濾袋	4	\N	2018-09-17 18:00:36	2018-09-17 18:00:36	4fd1cb6b-0852-5f91-962b-c03ac4b5a0b1
21	濾材	1	\N	2018-09-17 18:00:37	2018-09-17 18:00:37	1ecd0c5e-f6be-566d-a38d-19bbc4cd6deb
22	外氣供應	2	\N	2018-09-17 18:00:37	2018-09-17 18:00:37	a7122760-44dc-5b85-99c3-c2f5bd30c465
23	外部火災防護	3	\N	2018-09-17 18:00:37	2018-09-17 18:00:37	ce87eee8-2e15-5f44-bcbf-95dbb056ef43
24	獨立系統	1	\N	2018-09-17 18:00:37	2018-09-17 18:00:37	fd458231-a958-568a-b01b-ecc0bc0ad199
25	尾氣循環	2	\N	2018-09-17 18:00:37	2018-09-17 18:00:37	752648bb-7ca6-5e83-a8d8-eacfe15e1835
26	排風風量	1	\N	2018-09-17 18:00:37	2018-09-17 18:00:37	bbf66dcb-eae1-5aed-a34a-7f0ef085c84b
27	排風風速	2	\N	2018-09-17 18:00:37	2018-09-17 18:00:37	730c18af-ba50-5080-8369-7455b27acbda
28	噴櫃開口風速	3	\N	2018-09-17 18:00:37	2018-09-17 18:00:37	951da377-1131-584b-ab9a-a01733bb261e
29	位置	1	\N	2018-09-17 18:00:37	2018-09-17 18:00:37	2018c1e0-0ad4-55b0-a334-3f5446c9471a
30	洩爆	2	\N	2018-09-17 18:00:37	2018-09-17 18:00:37	8be6891c-ff00-53de-befe-82ffb48a1ce3
31	洩爆裝置認證	3	\N	2018-09-17 18:00:37	2018-09-17 18:00:37	cec073c1-6517-56bc-9e08-4a48ecfb1838
32	位置	1	\N	2018-09-17 18:00:37	2018-09-17 18:00:37	d6565637-bdf1-5173-980a-dce1d0608474
33	洩爆/抑爆	2	\N	2018-09-17 18:00:37	2018-09-17 18:00:37	4d6f031d-5ba5-5429-8df8-76daa6ad27b3
34	洩爆/抑爆裝置認證	3	\N	2018-09-17 18:00:37	2018-09-17 18:00:37	376001a5-cd96-5538-9b50-76fd64a43e6d
35	隔爆	1	\N	2018-09-17 18:00:37	2018-09-17 18:00:37	267bb956-9bcc-5632-88e4-81ec58f0ae36
36	隔爆裝置認證	2	\N	2018-09-17 18:00:37	2018-09-17 18:00:37	5977980e-bbc7-57a2-b063-51ec68a49ff4
37	超高溫聯鎖	1	\N	2018-09-17 18:00:37	2018-09-17 18:00:37	5f3489e7-c5e9-55ee-8e43-fe8de2fdde7d
38	管路敷設	1	\N	2018-09-17 18:00:37	2018-09-17 18:00:37	150c083b-fe26-5b0c-83ef-5a2cf7320857
39	安全閥	2	\N	2018-09-17 18:00:37	2018-09-17 18:00:37	6079520a-2396-546e-baf0-25df6679d4dc
40	閥門洩漏測試裝置	3	\N	2018-09-17 18:00:37	2018-09-17 18:00:37	80276c82-5622-54e9-8ca5-b7b86974b4af
41	手動遮斷閥	4	\N	2018-09-17 18:00:37	2018-09-17 18:00:37	43e5453b-8302-57b1-aa8b-9f8b090de4dd
42	壓力聯鎖	1	\N	2018-09-17 18:00:37	2018-09-17 18:00:37	33ed9ecb-bf4c-536e-8c9b-4b9f1c304a27
43	火焰偵測器	2	\N	2018-09-17 18:00:37	2018-09-17 18:00:37	72e99bbb-42f5-51a3-a32f-4ca71c1c3548
44	燃氣洩漏探測	3	\N	2018-09-17 18:00:37	2018-09-17 18:00:37	c8d646d0-f2b4-5416-b25e-ace88d5784d9
45	吹驅程序	1	\N	2018-09-17 18:00:38	2018-09-17 18:00:38	09773967-e73e-51e4-9a42-053b6d001cae
46	排氣管路	2	\N	2018-09-17 18:00:38	2018-09-17 18:00:38	61891984-64ef-5bf0-b020-9289e080be38
47	風機聯鎖	1	\N	2018-09-17 18:00:38	2018-09-17 18:00:38	3bdf9dc7-d723-56e4-972f-2fc970dc67b0
48	噴塗設備	1	\N	2018-09-17 18:00:38	2018-09-17 18:00:38	9a74727f-704d-59be-83b6-c50d9d7e0197
49	烘烤設備	2	\N	2018-09-17 18:00:38	2018-09-17 18:00:38	c91950d6-7d51-5f90-9d66-49b977b34572
50	爆炸保護裝置	3	\N	2018-09-17 18:00:38	2018-09-17 18:00:38	e6d5c0e2-192f-5eea-bd31-8c23fe753ea4
51	噴房自動滅火	1	\N	2018-09-17 18:00:39	2018-09-17 18:00:39	ece559cc-d79d-5bff-acbd-fd22307848c3
52	聯鎖功能	2	\N	2018-09-17 18:00:39	2018-09-17 18:00:39	dfd589b0-d885-55be-b3d3-c881278f7878
53	噴櫃自動滅火	1	\N	2018-09-17 18:00:39	2018-09-17 18:00:39	5cd94ba3-f6d2-5a03-9ffe-340146365b1d
54	聯鎖功能	2	\N	2018-09-17 18:00:39	2018-09-17 18:00:39	b387013f-ac73-5d77-80ec-5241ab664d8d
55	隔間牆	1	\N	2018-09-17 18:00:39	2018-09-17 18:00:39	17d3fd2a-cf4b-55c1-a940-7bab29a0dba3
56	門	2	\N	2018-09-17 18:00:39	2018-09-17 18:00:39	532b5788-4711-5ef5-a5dd-180756652639
57	窗	3	\N	2018-09-17 18:00:39	2018-09-17 18:00:39	eeecd6dc-3e73-5f9d-b5e4-eb521775d9f7
58	防火填塞	4	\N	2018-09-17 18:00:39	2018-09-17 18:00:39	a4056a93-204f-5409-8110-de021bb86c97
59	隔間牆	1	\N	2018-09-17 18:00:39	2018-09-17 18:00:39	637ddb68-d913-51e8-9014-eb193d34dc62
60	門	2	\N	2018-09-17 18:00:39	2018-09-17 18:00:39	56df444f-b8ea-53e1-a8cb-997f91fd72ce
61	窗	3	\N	2018-09-17 18:00:39	2018-09-17 18:00:39	61e9815a-0eff-5055-9975-a0a259d2d12d
62	防火填塞	4	\N	2018-09-17 18:00:40	2018-09-17 18:00:40	576d93f4-52ce-5f0a-a7be-4f9184a2c772
\.


--
-- TOC entry 2307 (class 0 OID 0)
-- Dependencies: 198
-- Name: check_point_id_seq; Type: SEQUENCE SET; Schema: public; Owner: postgres
--

SELECT pg_catalog.setval('public.check_point_id_seq', 62, true);


--
-- TOC entry 2296 (class 0 OID 17207)
-- Dependencies: 201
-- Data for Name: check_standard; Type: TABLE DATA; Schema: public; Owner: postgres
--

COPY public.check_standard (id, content, sequence, check_bank_id, check_point_id, conform_score, part_score, deleted_at, created_at, updated_at, uuid, check_category_id, check_item_id, class) FROM stdin;
1	金屬或不燃材質，牆面光滑不易累積殘餘物	0	1	1	100	\N	\N	2018-09-17 18:00:36	2018-09-17 18:00:36	142397ec-3d69-5b3a-a92d-102dd2f2877f	1	1	1
2		0	1	1	90	\N	\N	2018-09-17 18:00:36	2018-09-17 18:00:36	bac2c8d2-990a-5509-bd4c-785e85e6e86a	1	1	1
3	金屬或不燃材質，牆面有橫梁可能累積殘餘物	0	1	1	75	\N	\N	2018-09-17 18:00:36	2018-09-17 18:00:36	0416cc2f-4570-5836-8df4-c8f4077e215a	1	1	1
4		0	1	1	60	\N	\N	2018-09-17 18:00:36	2018-09-17 18:00:36	bd35a882-f695-56b4-b2a1-a87e5913f08a	1	1	1
5		0	1	1	40	\N	\N	2018-09-17 18:00:36	2018-09-17 18:00:36	9de61be0-1c4b-5cd6-acdb-7b3f5c32936c	1	1	1
6	可燃材質	0	1	1	0	\N	\N	2018-09-17 18:00:36	2018-09-17 18:00:36	22a87a57-27a0-5f10-99a8-b0d0aca764fc	1	1	1
7	牆面無非必要孔洞及縫隙，或填塞良好	0	1	2	100	\N	\N	2018-09-17 18:00:36	2018-09-17 18:00:36	490edfdf-c7fe-5ef7-8d9f-510acbbb1a6d	1	1	1
8		0	1	2	90	\N	\N	2018-09-17 18:00:36	2018-09-17 18:00:36	e445b092-52f2-5bff-888b-8ff9736576ab	1	1	1
9	有少數非必要孔洞或接縫未填塞	0	1	2	75	\N	\N	2018-09-17 18:00:36	2018-09-17 18:00:36	8beb1761-06e5-52dd-ae92-32d04f6b47f9	1	1	1
10		0	1	2	60	\N	\N	2018-09-17 18:00:36	2018-09-17 18:00:36	d1e8c3dc-a111-567d-a387-a760f754f2db	1	1	1
11	牆上有非工件進出開口，且常時可能開啟(如：風壓板)	0	1	2	40	\N	\N	2018-09-17 18:00:36	2018-09-17 18:00:36	334465f6-d1a5-5438-b57d-2c7d0308a468	1	1	1
12		0	1	2	0	\N	\N	2018-09-17 18:00:36	2018-09-17 18:00:36	6e9d2894-a064-5a53-9d89-9d8a653587ce	1	1	1
13	金屬或不燃材質	0	1	3	100	\N	\N	2018-09-17 18:00:36	2018-09-17 18:00:36	6f223330-5193-5c09-beeb-a48fa6facaa2	1	2	1
14		0	1	3	90	\N	\N	2018-09-17 18:00:36	2018-09-17 18:00:36	43a3e619-c816-53c6-8b23-d230c79ff47c	1	2	1
15	符合GB8624 B1難燃等級，可提出材質證明 	0	1	3	75	\N	\N	2018-09-17 18:00:36	2018-09-17 18:00:36	d2b3ce20-447e-5c8b-a795-420356079234	1	2	1
16		0	1	3	60	\N	\N	2018-09-17 18:00:36	2018-09-17 18:00:36	e476c82f-07a1-5edf-bf28-d6fd25f689b6	1	2	1
17	非使用不燃材質，無法提出材質證明	0	1	3	40	\N	\N	2018-09-17 18:00:36	2018-09-17 18:00:36	849510d6-ccbf-522a-8883-2cd372079364	1	2	1
18		0	1	3	0	\N	\N	2018-09-17 18:00:36	2018-09-17 18:00:36	a8fee96c-0aba-5c41-82ab-baf045241928	1	2	1
19	1.上方密封，僅工件進出及噴塗作業必要開口\n2.牆面無非必要孔洞及縫隙或填塞良好	0	1	4	100	\N	\N	2018-09-17 18:00:36	2018-09-17 18:00:36	a521cc83-b2e5-51c6-a165-f53897a4f857	1	2	1
20		0	1	4	90	\N	\N	2018-09-17 18:00:36	2018-09-17 18:00:36	4158b982-63e0-5e61-a2c3-54793dcbc4af	1	2	1
21	1.上方密封，僅工件進出及噴塗作業必要開口\n2.有少數非必要孔洞或接縫未填塞	0	1	4	75	\N	\N	2018-09-17 18:00:36	2018-09-17 18:00:36	1f335404-caf5-5b83-acef-01786f449239	1	2	1
22	噴櫃上方有流線開口	0	1	4	60	\N	\N	2018-09-17 18:00:36	2018-09-17 18:00:36	8ac4d1c4-7685-58a7-a31a-1cbe4e28d639	1	2	1
23	半開放式(一側無牆)	0	1	4	40	\N	\N	2018-09-17 18:00:36	2018-09-17 18:00:36	8c54e0f1-c8b7-5c41-a7a7-4ffcd2a72ae6	1	2	1
24		0	1	4	0	\N	\N	2018-09-17 18:00:36	2018-09-17 18:00:36	ac857001-2513-5e9e-9487-3d036ea67332	1	2	1
25	金屬或不燃材質	0	1	5	100	\N	\N	2018-09-17 18:00:36	2018-09-17 18:00:36	8c1238bc-8e02-528a-8f0f-b15943105a97	1	3	1
26		0	1	5	90	\N	\N	2018-09-17 18:00:36	2018-09-17 18:00:36	ba151b69-a458-5c6d-997c-afe68abd1317	1	3	1
27	符合GB8624 B1難燃等級，可提出材質證明 	0	1	5	75	\N	\N	2018-09-17 18:00:36	2018-09-17 18:00:36	f8904e2b-271c-5b44-9525-54367705a86d	1	3	1
28		0	1	5	60	\N	\N	2018-09-17 18:00:36	2018-09-17 18:00:36	93e03c36-0691-5e4b-985c-0e90d4a38584	1	3	1
29	非使用不燃材質，無法提出材質證明	0	1	5	40	\N	\N	2018-09-17 18:00:36	2018-09-17 18:00:36	a7d4658d-c5e7-579e-9dd4-d5022e946659	1	3	1
30		0	1	5	0	\N	\N	2018-09-17 18:00:36	2018-09-17 18:00:36	4c0e1c23-4c02-5c9c-af2d-936b02769aba	1	3	1
31	1.上方密封，僅工件進出及噴塗作業開口\n2.牆面無非必要孔洞及縫隙或填塞良好	0	1	6	100	\N	\N	2018-09-17 18:00:36	2018-09-17 18:00:36	89683a74-d5ed-50f0-a452-57f1cfa87fbb	1	3	1
32		0	1	6	90	\N	\N	2018-09-17 18:00:36	2018-09-17 18:00:36	bc7e7e66-b765-5d10-9c9b-e8edc3de13b1	1	3	1
33	1.上方密封，僅工件進出及噴塗作業開口\n2.有少數非必要孔洞或接縫未填塞	0	1	6	75	\N	\N	2018-09-17 18:00:36	2018-09-17 18:00:36	fcbb01c8-391a-5c36-af8f-1ab7ee94de82	1	3	1
34	噴櫃上方有流線開口	0	1	6	60	\N	\N	2018-09-17 18:00:36	2018-09-17 18:00:36	d888e211-1572-5f13-8b23-1e78ef899c37	1	3	1
35	半開放式(一側無牆)	0	1	6	40	\N	\N	2018-09-17 18:00:36	2018-09-17 18:00:36	fef4b947-08a6-58d1-868a-0d92c84a974d	1	3	1
36		0	1	6	0	\N	\N	2018-09-17 18:00:36	2018-09-17 18:00:36	1c30510d-ab8c-5179-b5ed-65da7a94c4a7	1	3	1
37	輸送帶與噴塗作業及供粉系統聯動	0	1	7	100	\N	\N	2018-09-17 18:00:36	2018-09-17 18:00:36	5c0c9110-7f4e-5620-8743-8cb150b7e435	1	4	1
38		0	1	7	90	\N	\N	2018-09-17 18:00:36	2018-09-17 18:00:36	2ac39c89-8b68-5167-b056-9a16395dd0fb	1	4	1
39		0	1	7	75	\N	\N	2018-09-17 18:00:36	2018-09-17 18:00:36	f8eb517a-ac9b-51c7-a62c-18ba89b003ed	1	4	1
40		0	1	7	60	\N	\N	2018-09-17 18:00:36	2018-09-17 18:00:36	a933dcf3-acb0-53d6-8cfb-ab0f1cb87f0a	1	4	1
41	未聯動	0	1	7	40	\N	\N	2018-09-17 18:00:36	2018-09-17 18:00:36	d192f785-ebff-526c-901f-cd1e36e67148	1	4	1
42		0	1	7	0	\N	\N	2018-09-17 18:00:36	2018-09-17 18:00:36	12a26892-7254-5a98-a61d-8d1f1ae7e3e0	1	4	1
43	噴槍電極與工件自動保持安全距離，並與噴槍電源聯鎖	0	1	8	100	\N	\N	2018-09-17 18:00:36	2018-09-17 18:00:36	da110550-a7f3-58ed-a40c-b7af468a35a1	1	4	1
44		0	1	8	90	\N	\N	2018-09-17 18:00:36	2018-09-17 18:00:36	77a68bf9-a5f7-598a-ba8a-be432e8b28f9	1	4	1
45	系統性(防呆)裝置自動保持安全距離，未與電源聯鎖	0	1	8	75	\N	\N	2018-09-17 18:00:36	2018-09-17 18:00:36	07697969-1ef7-57a0-9ee0-5ecff5a2dd11	1	4	1
46		0	1	8	60	\N	\N	2018-09-17 18:00:36	2018-09-17 18:00:36	6515af50-6261-5531-94e2-0da756396593	1	4	1
47		0	1	8	40	\N	\N	2018-09-17 18:00:36	2018-09-17 18:00:36	bc1f8660-1064-5c65-9b60-75e87c3505b1	1	4	1
48	無任何自動保持安全距離措施	0	1	8	0	\N	\N	2018-09-17 18:00:36	2018-09-17 18:00:36	d95ad10b-22ee-5405-9822-ac28c4ae566e	1	4	1
49	噴房出口或易於操作處	0	1	9	100	\N	\N	2018-09-17 18:00:36	2018-09-17 18:00:36	22a36a6f-c17c-5a56-9b3d-85f53510c1ec	1	5	1
50		0	1	9	90	\N	\N	2018-09-17 18:00:36	2018-09-17 18:00:36	f5be431e-94a5-5884-af51-15ab55adf7f9	1	5	1
51	設於噴房內部，不易操作	0	1	9	75	\N	\N	2018-09-17 18:00:36	2018-09-17 18:00:36	53d62553-7711-5fcf-bec4-13a941c248f9	1	5	1
52		0	1	9	60	\N	\N	2018-09-17 18:00:36	2018-09-17 18:00:36	dc1f9f84-f350-5acd-878f-8bf6a4f65b8d	1	5	1
53		0	1	9	40	\N	\N	2018-09-17 18:00:36	2018-09-17 18:00:36	9697d33d-5464-5507-98fd-4dba722cd039	1	5	1
54	未設置	0	1	9	0	\N	\N	2018-09-17 18:00:36	2018-09-17 18:00:36	2290aca1-7340-5ecb-9675-31d601f4836e	1	5	1
55	1.地區警報\n2.切斷供粉\n3.切斷噴塗\n4.切斷輸送帶	0	1	10	100	\N	\N	2018-09-17 18:00:36	2018-09-17 18:00:36	33fd6afe-ba79-53b7-b378-1f491c446cd1	1	5	1
56	滿足2、3、4	0	1	10	90	\N	\N	2018-09-17 18:00:36	2018-09-17 18:00:36	56f7695a-2baa-5e02-8f98-e3a12cbafa13	1	5	1
57	僅滿足3、4	0	1	10	75	\N	\N	2018-09-17 18:00:36	2018-09-17 18:00:36	b7ef1cc4-84a3-521f-8475-954981195855	1	5	1
58	僅滿足4	0	1	10	60	\N	\N	2018-09-17 18:00:36	2018-09-17 18:00:36	4632f926-b114-5ac3-887c-62939660dfc4	1	5	1
59		0	1	10	40	\N	\N	2018-09-17 18:00:36	2018-09-17 18:00:36	5a7d00e3-041f-5488-b5e6-a3d8f724d85e	1	5	1
60	未設置	0	1	10	0	\N	\N	2018-09-17 18:00:36	2018-09-17 18:00:36	8bc31f4c-9230-5852-8c00-59b553f20b0f	1	5	1
61	1.電氣設備選型符合防爆分區\n2.施工符合標準	0	1	11	100	\N	\N	2018-09-17 18:00:36	2018-09-17 18:00:36	73bc5d62-021f-5a2a-92bc-c2f06ab73148	2	6	2
62		0	1	11	90	\N	\N	2018-09-17 18:00:36	2018-09-17 18:00:36	64c2e54d-e0f0-5294-8ef6-4db19cfad4f3	2	6	2
63	1.電氣設備選型符合防爆分區\n2.施工符合標準，但管路未裝密封接頭	0	1	11	75	\N	\N	2018-09-17 18:00:36	2018-09-17 18:00:36	d0803ab1-faa6-5fc6-b27e-235c2427da7b	2	6	2
64		0	1	11	60	\N	\N	2018-09-17 18:00:36	2018-09-17 18:00:36	f5749717-608f-5d71-8849-ae7d0a2b993a	2	6	2
65	1.設備符合防爆分區\n2.管路接線裸露或施工不滿足防爆要求	0	1	11	40	\N	\N	2018-09-17 18:00:36	2018-09-17 18:00:36	f22fe94c-6a68-52c3-9540-13c561aac65d	2	6	2
66	設備型式不明或未設置防爆電氣	0	1	11	0	\N	\N	2018-09-17 18:00:36	2018-09-17 18:00:36	dc5f0265-d80e-52f7-ac51-de352601ec67	2	6	2
67	燈具整合於側牆或頂蓋、面板為防火玻璃、燈具防爆	0	1	12	100	\N	\N	2018-09-17 18:00:36	2018-09-17 18:00:36	e047b8b1-5f0a-5644-8260-c51a5603e456	2	6	2
68		0	1	12	90	\N	\N	2018-09-17 18:00:36	2018-09-17 18:00:36	9407b955-b964-5680-a976-3e2a44f6b750	2	6	2
69		0	1	12	75	\N	\N	2018-09-17 18:00:36	2018-09-17 18:00:36	af296e94-f397-5e86-abad-9aaad4d22953	2	6	2
70	燈具整合於牆面，但面板非防火玻璃	0	1	12	60	\N	\N	2018-09-17 18:00:36	2018-09-17 18:00:36	46d5bb2d-cbef-53a9-b0b8-ad064ba33d53	2	6	2
71	燈具未整合於牆面	0	1	12	40	\N	\N	2018-09-17 18:00:36	2018-09-17 18:00:36	2f9453bf-24b3-52fc-8922-cd93405dadf7	2	6	2
72		0	1	12	0	\N	\N	2018-09-17 18:00:36	2018-09-17 18:00:36	369e1021-6f52-531b-b4fd-7583d27c2282	2	6	2
73	面溫不高於室溫+11°C、93°C	0	1	13	100	\N	\N	2018-09-17 18:00:36	2018-09-17 18:00:36	fd72fa16-37b2-506a-a96e-f7a208fa70c2	2	6	2
74		0	1	13	90	\N	\N	2018-09-17 18:00:36	2018-09-17 18:00:36	8597a5ca-a3aa-5b8a-97f0-f4d3dd15a2d9	2	6	2
75		0	1	13	75	\N	\N	2018-09-17 18:00:36	2018-09-17 18:00:36	4d3114af-6653-5ed4-b0da-78b0ae4f7a74	2	6	2
76		0	1	13	60	\N	\N	2018-09-17 18:00:36	2018-09-17 18:00:36	f2b81b56-1c57-5d95-a55f-76b4780e6a5e	2	6	2
77	不滿足指引要求	0	1	13	40	\N	\N	2018-09-17 18:00:36	2018-09-17 18:00:36	f690e92d-1a8f-5ff9-bb5b-0b5a76a30abe	2	6	2
78		0	1	13	0	\N	\N	2018-09-17 18:00:36	2018-09-17 18:00:36	be15686c-2467-5bde-ba49-c2247cf2629c	2	6	2
79	1.電氣設備選型符合防爆分區\n2.施工符合標準	0	1	14	100	\N	\N	2018-09-17 18:00:36	2018-09-17 18:00:36	5af35f8d-8bb8-5853-8d94-dc03cedf54c9	2	7	2
80		0	1	14	90	\N	\N	2018-09-17 18:00:36	2018-09-17 18:00:36	d303bc8b-1d48-5aad-9e44-6f415b06c57f	2	7	2
81	1.電氣設備選型符合防爆分區\n2.施工符合標準，但管路未裝密封接頭	0	1	14	75	\N	\N	2018-09-17 18:00:36	2018-09-17 18:00:36	ee56eddc-48d8-5ebd-b9a9-ca253d7526ad	2	7	2
82		0	1	14	60	\N	\N	2018-09-17 18:00:36	2018-09-17 18:00:36	9009ca58-ebe3-5d73-9c6c-a1d37e3ef03a	2	7	2
83	1.設備符合防爆分區\n2.管路接線裸露或施工不滿足防爆要求	0	1	14	40	\N	\N	2018-09-17 18:00:36	2018-09-17 18:00:36	12973b3d-6208-5218-99e9-86c7731f10d6	2	7	2
84	設備型式不明或未設置防爆電氣	0	1	14	0	\N	\N	2018-09-17 18:00:36	2018-09-17 18:00:36	8258c6ee-be4a-513b-af65-a15e17786f7d	2	7	2
85	燈具整合於側牆或頂蓋、面板為防火玻璃、燈具防爆	0	1	15	100	\N	\N	2018-09-17 18:00:36	2018-09-17 18:00:36	41569f30-6f7d-5cd6-93b3-a7783946c1cf	2	7	2
86		0	1	15	90	\N	\N	2018-09-17 18:00:36	2018-09-17 18:00:36	7e6c2a9c-009a-5ddb-9163-c5200ea0c873	2	7	2
87		0	1	15	75	\N	\N	2018-09-17 18:00:36	2018-09-17 18:00:36	794b3d04-5c89-5e4a-a655-5a3c7edd25a1	2	7	2
88	燈具整合於牆面，但面板非防火玻璃	0	1	15	60	\N	\N	2018-09-17 18:00:36	2018-09-17 18:00:36	e81c3014-2f3d-5292-81df-2ad5d49dd9cd	2	7	2
89	燈具未整合於牆面	0	1	15	40	\N	\N	2018-09-17 18:00:36	2018-09-17 18:00:36	9045b203-fb0f-54d9-8164-f5ae7efc4f66	2	7	2
90		0	1	15	0	\N	\N	2018-09-17 18:00:36	2018-09-17 18:00:36	f07caf53-5b13-545e-895f-3986dc8712b8	2	7	2
91	面溫不高於室溫+11°C、93°C	0	1	16	100	\N	\N	2018-09-17 18:00:36	2018-09-17 18:00:36	9bbfd288-41a3-507c-9288-56bc50acac06	2	7	2
92		0	1	16	90	\N	\N	2018-09-17 18:00:36	2018-09-17 18:00:36	09ea4bbc-3e59-569b-8ba7-16c059a5b41a	2	7	2
93		0	1	16	75	\N	\N	2018-09-17 18:00:36	2018-09-17 18:00:36	79cc6828-592f-5699-90dd-dc9229fa0c99	2	7	2
94		0	1	16	60	\N	\N	2018-09-17 18:00:36	2018-09-17 18:00:36	bc4e7270-b042-5b33-8e65-53a00cec31e4	2	7	2
95	不滿足指引要求	0	1	16	40	\N	\N	2018-09-17 18:00:36	2018-09-17 18:00:36	69ec02f0-5ee0-5a5b-853e-a1f61140bd79	2	7	2
96		0	1	16	0	\N	\N	2018-09-17 18:00:36	2018-09-17 18:00:36	4b3c21f4-a86f-5f71-9a10-973a79afca86	2	7	2
97	進噴房前導除靜電	0	1	\N	100	\N	\N	2018-09-17 18:00:36	2018-09-17 18:00:36	2726f3cb-9c08-5b74-8487-c2828568b0a0	3	8	3
98		0	1	\N	90	\N	\N	2018-09-17 18:00:36	2018-09-17 18:00:36	dc0b24a3-d1c7-5704-9c9d-cc66d8cae5f3	3	8	3
99		0	1	\N	75	\N	\N	2018-09-17 18:00:36	2018-09-17 18:00:36	629d1d2b-c5f5-5e4d-b5be-9b7aac688055	3	8	3
100		0	1	\N	60	\N	\N	2018-09-17 18:00:36	2018-09-17 18:00:36	552667c0-7131-5d27-b937-65efd71fd92c	3	8	3
101		0	1	\N	40	\N	\N	2018-09-17 18:00:36	2018-09-17 18:00:36	80dfd3a8-6cac-5c59-b22c-ccceee35e838	3	8	3
102	無導除靜電措施	0	1	\N	0	\N	\N	2018-09-17 18:00:36	2018-09-17 18:00:36	7a8a25cb-9efa-5fbc-9822-10c65c06d2c2	3	8	3
103	導電材質，接地電阻小於10的6次方歐姆，有材質證明或實測資料	0	1	\N	100	\N	\N	2018-09-17 18:00:36	2018-09-17 18:00:36	f0f06ed4-5dc5-5df6-afef-3cd59fb5e9cf	3	9	3
104		0	1	\N	90	\N	\N	2018-09-17 18:00:36	2018-09-17 18:00:36	de482ba8-3655-5fda-9026-739d850bbb35	3	9	3
105	靜電消散材質，接地電阻小於10的10次方歐姆，有材質證明或實測資料	0	1	\N	75	\N	\N	2018-09-17 18:00:36	2018-09-17 18:00:36	4001810e-d4f8-5ae9-8214-4bff7d85358c	3	9	3
106		0	1	\N	60	\N	\N	2018-09-17 18:00:36	2018-09-17 18:00:36	da7eaad0-dcb1-5529-bdfd-ecc7960eb94e	3	9	3
107		0	1	\N	40	\N	\N	2018-09-17 18:00:36	2018-09-17 18:00:36	66470787-5209-5c4b-a01c-83b5b6579ad7	3	9	3
108	使用絕緣材料或無法提供材質證明	0	1	\N	0	\N	\N	2018-09-17 18:00:36	2018-09-17 18:00:36	12980896-7494-58f5-84ec-a359e3f5ba86	3	9	3
109	金屬設備外殼、工作台、容器、管線、風管等皆適當跨接及接地，接地電阻小於10的6次方歐姆，有實測資料	0	1	17	100	\N	\N	2018-09-17 18:00:36	2018-09-17 18:00:36	f942aafa-ab95-5d59-b20d-65b505e54b6a	3	10	3
110		0	1	17	90	\N	\N	2018-09-17 18:00:36	2018-09-17 18:00:36	38a563f3-00b3-564b-999b-7f7c9a73312d	3	10	3
111	皆適當接地，無實測資料	0	1	17	75	\N	\N	2018-09-17 18:00:36	2018-09-17 18:00:36	0f2388b4-30b0-5f33-aeca-b05261db41c9	3	10	3
112		0	1	17	60	\N	\N	2018-09-17 18:00:36	2018-09-17 18:00:36	0fa7b919-8688-5d81-8934-787cf326fb8f	3	10	3
113	部份設備未適當接地	0	1	17	40	\N	\N	2018-09-17 18:00:36	2018-09-17 18:00:36	e5325b0f-5621-55d7-9a3e-de5b7e2dd268	3	10	3
114		0	1	17	0	\N	\N	2018-09-17 18:00:36	2018-09-17 18:00:36	43215fdf-f1f1-5c84-ae77-032a1216f276	3	10	3
115	導電材質，接地電阻小於10的6次方歐姆，有材質證明或實測資料	0	1	18	100	\N	\N	2018-09-17 18:00:36	2018-09-17 18:00:36	87dbb3ae-2c70-5cd0-b3d1-58e9d7358aad	3	10	3
116		0	1	18	90	\N	\N	2018-09-17 18:00:36	2018-09-17 18:00:36	7108d82a-e462-56d0-9702-a390b331376e	3	10	3
117	靜電消散材質，接地電阻小於10的10次方歐姆，有材質證明或實測資料	0	1	18	75	\N	\N	2018-09-17 18:00:36	2018-09-17 18:00:36	2e435668-48b6-52d2-b45f-e485bbde65c4	3	10	3
118		0	1	18	60	\N	\N	2018-09-17 18:00:36	2018-09-17 18:00:36	3259d88d-2d19-56c6-8c79-8c95e12802bb	3	10	3
119		0	1	18	40	\N	\N	2018-09-17 18:00:36	2018-09-17 18:00:36	7c26756e-8fa6-5ee9-ab68-fb0f05065001	3	10	3
120	使用絕緣材料或無法提供材質證明	0	1	18	0	\N	\N	2018-09-17 18:00:36	2018-09-17 18:00:36	7b9ecc84-c163-5a66-bd0f-bf7fb34b9943	3	10	3
121	握柄為導電材質且接地，接地電阻小於10的6次方歐姆，有實測資料	0	1	19	100	\N	\N	2018-09-17 18:00:36	2018-09-17 18:00:36	22ad5a96-c612-5680-8f9b-ea2167a3cda2	3	10	3
122		0	1	19	90	\N	\N	2018-09-17 18:00:36	2018-09-17 18:00:36	c00a139d-53ab-59d7-a926-a523f44ef768	3	10	3
123	握柄為導電材質且適當接地，無實測資料	0	1	19	75	\N	\N	2018-09-17 18:00:36	2018-09-17 18:00:36	bbcf3fe1-b2ad-5800-8564-10b41f6e2848	3	10	3
124		0	1	19	60	\N	\N	2018-09-17 18:00:36	2018-09-17 18:00:36	0dfc4d5a-6564-5735-8ec5-f840671ecb2d	3	10	3
125	握柄為導電材質，未適當接地	0	1	19	40	\N	\N	2018-09-17 18:00:36	2018-09-17 18:00:36	1b7fccc1-c455-5186-a077-230929274fac	3	10	3
126	使用絕緣材料或無法提供材質證明	0	1	19	0	\N	\N	2018-09-17 18:00:36	2018-09-17 18:00:36	f7881bd1-2618-5964-88e1-e24b51d21219	3	10	3
127	靜電消散材質，接地電阻小於10的10次方歐姆，有材質證明或實測資料	0	1	20	100	\N	\N	2018-09-17 18:00:36	2018-09-17 18:00:36	09b2dfa5-2e94-5094-a975-3703db783da1	3	10	3
128		0	1	20	90	\N	\N	2018-09-17 18:00:36	2018-09-17 18:00:36	44895227-5d0f-5151-b3ac-ebe2cc8b23e6	3	10	3
129		0	1	20	75	\N	\N	2018-09-17 18:00:37	2018-09-17 18:00:37	f0daaa67-258c-5f55-a0fd-4779bc920b57	3	10	3
130		0	1	20	60	\N	\N	2018-09-17 18:00:37	2018-09-17 18:00:37	1894a964-6546-5a53-8ec4-539395982f28	3	10	3
131	使用絕緣材料或無法提供材質證明	0	1	20	40	\N	\N	2018-09-17 18:00:37	2018-09-17 18:00:37	e311158b-3bc9-59a5-8a9f-ec78901b8c93	3	10	3
132		0	1	20	0	\N	\N	2018-09-17 18:00:37	2018-09-17 18:00:37	43c10b6a-37ad-513e-9ad3-5d6e55146cbe	3	10	3
133	濾材符合ANSI/UL 900 Class1, 2	0	1	21	100	\N	\N	2018-09-17 18:00:37	2018-09-17 18:00:37	1573210d-1b8e-502e-807f-d7a9068dc81d	4	11	4
134	不可燃材料，有認證文件	0	1	21	90	\N	\N	2018-09-17 18:00:37	2018-09-17 18:00:37	5ce6134a-786d-54b3-8134-9aaffb8dda81	4	11	4
135		0	1	21	75	\N	\N	2018-09-17 18:00:37	2018-09-17 18:00:37	4c321247-6e52-5148-ba5d-c89748578a91	4	11	4
136		0	1	21	60	\N	\N	2018-09-17 18:00:37	2018-09-17 18:00:37	867b7375-b376-51cc-9ab8-4ca4656c9902	4	11	4
137	可燃材質或無認證文件	0	1	21	40	\N	\N	2018-09-17 18:00:37	2018-09-17 18:00:37	c38102cc-1cb1-5b55-a3dd-c7698f4f74de	4	11	4
138		0	1	21	0	\N	\N	2018-09-17 18:00:37	2018-09-17 18:00:37	d0ea1e09-b019-5ad4-8d14-23436b19013c	4	11	4
139	自外部引進潔淨新風	0	1	22	100	\N	\N	2018-09-17 18:00:37	2018-09-17 18:00:37	44e78e12-b341-564d-8c93-7d7b371ddbfe	4	11	4
140	廠內其他區域供應，該區未使用易燃化學品，有防火閥	0	1	22	90	\N	\N	2018-09-17 18:00:37	2018-09-17 18:00:37	16b791b7-7752-557c-9e9f-d6a339bbea53	4	11	4
141	廠內其他區域供應，該區使用易燃化學品，有防火閥	0	1	22	75	\N	\N	2018-09-17 18:00:37	2018-09-17 18:00:37	53e37e15-1c05-5a21-9373-a68d45b0f2b8	4	11	4
142	廠內其他區域供應，該區未使用易燃化學品，無防火閥	0	1	22	60	\N	\N	2018-09-17 18:00:37	2018-09-17 18:00:37	638bcb02-7fe5-57bd-9f4d-8e1b69da0880	4	11	4
143	廠內其他區域供應，該區使用易燃化學品，無防火閥	0	1	22	40	\N	\N	2018-09-17 18:00:37	2018-09-17 18:00:37	947466f3-5ce1-5a65-901a-98f466dddf7c	4	11	4
144		0	1	22	0	\N	\N	2018-09-17 18:00:37	2018-09-17 18:00:37	3cf821e2-f00c-5eaa-a569-89e61308f191	4	11	4
145	風機下游側裝設風管內煙感，車間外部火災時可聯動切斷風機	0	1	23	100	\N	\N	2018-09-17 18:00:37	2018-09-17 18:00:37	f0299c0d-4259-5891-ad7b-799f85974e61	4	11	4
146	新風室裝設天花板煙感，可聯動切斷風機	0	1	23	90	\N	\N	2018-09-17 18:00:37	2018-09-17 18:00:37	1ed4df16-b6c2-5195-a7ef-70378ba9ada2	4	11	4
147		0	1	23	75	\N	\N	2018-09-17 18:00:37	2018-09-17 18:00:37	d4b57c16-7304-5f23-baa7-767632967ee8	4	11	4
148		0	1	23	60	\N	\N	2018-09-17 18:00:37	2018-09-17 18:00:37	d9cc3832-d138-5d8f-939b-24dd3e664d6f	4	11	4
149	未聯動	0	1	23	40	\N	\N	2018-09-17 18:00:37	2018-09-17 18:00:37	dcdae6ba-a7ed-5eef-b81f-4af9faad3974	4	11	4
150		0	1	23	0	\N	\N	2018-09-17 18:00:37	2018-09-17 18:00:37	aae2ba92-7b7b-5fe9-a118-a0191a67715b	4	11	4
151	每一自動、手動噴塗區設獨立排氣/粉末回收系統，設備未共用，風管未於任何位置併聯	0	1	24	100	\N	\N	2018-09-17 18:00:37	2018-09-17 18:00:37	3f5d1607-a398-5a1d-b6f8-4617c545ce2a	4	12	4
152		0	1	24	90	\N	\N	2018-09-17 18:00:37	2018-09-17 18:00:37	333f31d6-8cc7-5be8-9e7d-d9268ae5dafd	4	12	4
153	噴塗區共用粉末回收系統，但風管連接處設抑爆或隔爆裝置	0	1	24	75	\N	\N	2018-09-17 18:00:37	2018-09-17 18:00:37	5e71eaf9-2f57-5aab-bdd8-dfa6c32bb03d	4	12	4
154		0	1	24	60	\N	\N	2018-09-17 18:00:37	2018-09-17 18:00:37	658bbdb5-6190-5e0e-8b71-bd2ddb07be71	4	12	4
155	回收系統共用或風管於任何位置併聯	0	1	24	40	\N	\N	2018-09-17 18:00:37	2018-09-17 18:00:37	17a8fdc9-4826-5de7-8bfe-142dc50cd361	4	12	4
156		0	1	24	0	\N	\N	2018-09-17 18:00:37	2018-09-17 18:00:37	082d15f1-842f-5a60-928a-eb4e486c36f5	4	12	4
157	回收系統尾氣排至屋外未循環	0	1	25	100	\N	\N	2018-09-17 18:00:37	2018-09-17 18:00:37	02bff99c-9bdc-57dc-b991-4e9ac406df9d	4	12	4
158	噴房內循環，但滿足4.3.1-7	0	1	25	90	\N	\N	2018-09-17 18:00:37	2018-09-17 18:00:37	c370bc86-4b1f-5b4a-90f6-d00acdf8f368	4	12	4
159		0	1	25	75	\N	\N	2018-09-17 18:00:37	2018-09-17 18:00:37	3df5eb56-3c2b-52b6-90e5-5d40d35d7455	4	12	4
160		0	1	25	60	\N	\N	2018-09-17 18:00:37	2018-09-17 18:00:37	e88cb38d-7269-5adf-93d2-ab9eded90362	4	12	4
161	噴房內循環，但4.3.1-7中有任一條無法滿足	0	1	25	40	\N	\N	2018-09-17 18:00:37	2018-09-17 18:00:37	2198c65f-0b96-534f-bda6-4a417d17c094	4	12	4
162		0	1	25	0	\N	\N	2018-09-17 18:00:37	2018-09-17 18:00:37	87816658-15f1-567f-b17f-dd39c75eec92	4	12	4
163	滿足最大粉塵濃度小於50%MEC，可提供計算書	0	1	26	100	\N	\N	2018-09-17 18:00:37	2018-09-17 18:00:37	1cf1c77f-c4bc-5f08-b246-b661fe649988	4	13	4
164		0	1	26	90	\N	\N	2018-09-17 18:00:37	2018-09-17 18:00:37	2d27f247-ec37-58d3-98e7-3cead409a786	4	13	4
165		0	1	26	75	\N	\N	2018-09-17 18:00:37	2018-09-17 18:00:37	d38a8aac-a830-528a-b56b-29bf4b8ea273	4	13	4
166		0	1	26	60	\N	\N	2018-09-17 18:00:37	2018-09-17 18:00:37	ce29c11b-2d4c-5e33-81f2-6a250d9bb534	4	13	4
167		0	1	26	40	\N	\N	2018-09-17 18:00:37	2018-09-17 18:00:37	06ed5afa-ba3d-5d34-aa97-63155859dec6	4	13	4
168	無法滿足最大粉塵濃度小於50%MEC，或無法提供計算書	0	1	26	0	\N	\N	2018-09-17 18:00:37	2018-09-17 18:00:37	e58be423-986d-5344-977a-5cf0976ff1fe	4	13	4
169	20 m/s及以上，有實測數據	0	1	27	100	\N	\N	2018-09-17 18:00:37	2018-09-17 18:00:37	ee4a363e-c4a8-5d5e-b777-63751ad43863	4	13	4
170	18 m/s及以上，有實測數據	0	1	27	90	\N	\N	2018-09-17 18:00:37	2018-09-17 18:00:37	77c00fa4-3b74-5d32-86a5-421d6509395f	4	13	4
171		0	1	27	75	\N	\N	2018-09-17 18:00:37	2018-09-17 18:00:37	2d84f8cf-e02a-5daa-83ea-97cb7f81456a	4	13	4
172		0	1	27	60	\N	\N	2018-09-17 18:00:37	2018-09-17 18:00:37	40501bfa-e584-56fc-bfd3-d712f369c38c	4	13	4
173	18m/s 以下或無實測數據	0	1	27	40	\N	\N	2018-09-17 18:00:37	2018-09-17 18:00:37	8062c65d-4258-5a35-a593-d92a887c01d8	4	13	4
174		0	1	27	0	\N	\N	2018-09-17 18:00:37	2018-09-17 18:00:37	ca62dc39-065c-5ac1-b240-8c44179dd740	4	13	4
175	0.6 m/s以上，有實測數據	0	1	28	100	\N	\N	2018-09-17 18:00:37	2018-09-17 18:00:37	1f41ebd1-02f2-5eda-ba14-6c1e5c24c28e	4	13	4
176	0.3m/s以上，有實測數據	0	1	28	90	\N	\N	2018-09-17 18:00:37	2018-09-17 18:00:37	110f7351-49a2-5940-8287-824d80a3c01d	4	13	4
177		0	1	28	75	\N	\N	2018-09-17 18:00:37	2018-09-17 18:00:37	4d9fba39-142d-5896-863e-8e980ee4f696	4	13	4
178		0	1	28	60	\N	\N	2018-09-17 18:00:37	2018-09-17 18:00:37	37116e36-9514-5c1e-a31f-069b6bbf89a9	4	13	4
179	0.3m/s以下或無實測數據	0	1	28	40	\N	\N	2018-09-17 18:00:37	2018-09-17 18:00:37	8100332e-f203-5363-8e29-30493dbbf014	4	13	4
180		0	1	28	0	\N	\N	2018-09-17 18:00:37	2018-09-17 18:00:37	5e855fce-4d46-5048-8e16-5548324ce546	4	13	4
181	排風與噴塗作業及供粉系統聯動	0	1	\N	100	\N	\N	2018-09-17 18:00:37	2018-09-17 18:00:37	992ffca7-4539-50d5-8d8c-02cc85ed7592	4	14	4
182		0	1	\N	90	\N	\N	2018-09-17 18:00:37	2018-09-17 18:00:37	7a585456-904d-5073-9cdb-d2817a397361	4	14	4
183		0	1	\N	75	\N	\N	2018-09-17 18:00:37	2018-09-17 18:00:37	77e3f98a-f711-5ef1-af22-b3194a438909	4	14	4
184		0	1	\N	60	\N	\N	2018-09-17 18:00:37	2018-09-17 18:00:37	bf9849e9-4b73-5fb2-bd3a-cb0ec3d31f45	4	14	4
185	未聯動	0	1	\N	40	\N	\N	2018-09-17 18:00:37	2018-09-17 18:00:37	b4c25a0d-b7fb-5ace-9398-5f9899fe7f2e	4	14	4
186		0	1	\N	0	\N	\N	2018-09-17 18:00:37	2018-09-17 18:00:37	ea9d5f86-ac4a-5803-9740-91e13726851c	4	14	4
187	屋外獨立建物	0	1	29	100	\N	\N	2018-09-17 18:00:37	2018-09-17 18:00:37	595101a2-bddd-5ffd-9990-e0a20e60ffbe	5	15	5
188	屋內、2面鄰外牆	0	1	29	90	\N	\N	2018-09-17 18:00:37	2018-09-17 18:00:37	81b045ce-f12e-5d38-81a7-56a2e8530563	5	15	5
189	屋內、1面鄰外牆	0	1	29	75	\N	\N	2018-09-17 18:00:37	2018-09-17 18:00:37	47753a45-d45e-57a8-b27f-050c540f6e1a	5	15	5
190	屋內、未鄰外牆	0	1	29	60	\N	\N	2018-09-17 18:00:37	2018-09-17 18:00:37	32af3750-b0d3-5011-8761-bfbfe26f70e7	5	15	5
191		0	1	29	40	\N	\N	2018-09-17 18:00:37	2018-09-17 18:00:37	945e9d33-2b73-55b1-8fda-f65959b5031d	5	15	5
192		0	1	29	0	\N	\N	2018-09-17 18:00:37	2018-09-17 18:00:37	985e1047-75ad-50b5-b305-81f48e14dd63	5	15	5
193	依指引4.1-2設置洩爆/抗爆牆，依相關標準設計，可提供計算書圖	0	1	30	100	\N	\N	2018-09-17 18:00:37	2018-09-17 18:00:37	9f9308f2-1286-584a-96cf-9b9a9b9f8dc9	5	15	5
194		0	1	30	90	\N	\N	2018-09-17 18:00:37	2018-09-17 18:00:37	d0e7b66a-19ce-556f-8945-2b37ad744ccc	5	15	5
195	透過屋頂洩爆(抗爆牆達屋頂)，依相關標準設計，可提供計算書圖	0	1	30	75	\N	\N	2018-09-17 18:00:37	2018-09-17 18:00:37	64d7ca70-8c9a-587b-ae28-4ffe95f7bcaa	5	15	5
196	透過屋頂洩爆(抗爆牆達屋頂)，但無法提出計算證明	0	1	30	60	\N	\N	2018-09-17 18:00:37	2018-09-17 18:00:37	98988bd5-9c1f-53d4-aa79-ef372c09136c	5	15	5
197	未安裝有效洩爆裝置	0	1	30	40	\N	\N	2018-09-17 18:00:37	2018-09-17 18:00:37	a1208678-668e-5e97-a7b3-893274024ac8	5	15	5
198		0	1	30	0	\N	\N	2018-09-17 18:00:37	2018-09-17 18:00:37	4137f799-c476-589a-840d-57abce18e6bc	5	15	5
199	裝置經合格機構認證	0	1	31	100	\N	\N	2018-09-17 18:00:37	2018-09-17 18:00:37	30c0580c-8596-5c6b-b3f4-b8a3ce6ee3a7	5	15	5
200		0	1	31	90	\N	\N	2018-09-17 18:00:37	2018-09-17 18:00:37	e0d6200b-bd1a-5898-899c-23ec23b39464	5	15	5
201		0	1	31	75	\N	\N	2018-09-17 18:00:37	2018-09-17 18:00:37	978133d2-f555-5469-9017-320e67475b9f	5	15	5
202	裝置未經合格機構認證，或無法提出證明	0	1	31	60	\N	\N	2018-09-17 18:00:37	2018-09-17 18:00:37	b314dc10-0170-55c3-ad69-36822b9f0110	5	15	5
203	未安裝有效洩爆裝置	0	1	31	40	\N	\N	2018-09-17 18:00:37	2018-09-17 18:00:37	1a2d7a91-5dc0-5401-9082-00b2b33773ca	5	15	5
204		0	1	31	0	\N	\N	2018-09-17 18:00:37	2018-09-17 18:00:37	ca542911-a179-5f7f-9470-8c7625ab0f04	5	15	5
205	屋外、噴房以外的獨立區劃	0	1	32	100	\N	\N	2018-09-17 18:00:37	2018-09-17 18:00:37	1864b61a-09bb-578d-8ffe-a86fd7d64ffa	5	16	5
206	屋內、噴房以外獨立區劃	0	1	32	90	\N	\N	2018-09-17 18:00:37	2018-09-17 18:00:37	cb97d490-aead-5e13-9e63-e787a9c7312d	5	16	5
207		0	1	32	75	\N	\N	2018-09-17 18:00:37	2018-09-17 18:00:37	a6eb2eeb-3f2f-5e02-883c-96fc12da8d6d	5	16	5
208	噴房內	0	1	32	60	\N	\N	2018-09-17 18:00:37	2018-09-17 18:00:37	a74988d8-d3e2-5733-adb8-f1d13750350b	5	16	5
209		0	1	32	40	\N	\N	2018-09-17 18:00:37	2018-09-17 18:00:37	eb846c39-a176-508f-9280-e12f497738e0	5	16	5
210		0	1	32	0	\N	\N	2018-09-17 18:00:37	2018-09-17 18:00:37	7ab35ab3-0e3e-5e57-b7e2-944884de7d09	5	16	5
211	依指引4.4.1設置洩爆裝置，依相關標準設計，可提供計算書圖	0	1	33	100	\N	\N	2018-09-17 18:00:37	2018-09-17 18:00:37	8c24fd41-fe3d-58d4-b3b2-6828dda40deb	5	16	5
212	依指引4.4.2設置抑爆裝置，依相關標準設計，可提供計算書圖	0	1	33	90	\N	\N	2018-09-17 18:00:37	2018-09-17 18:00:37	45af7d2b-2129-5e43-801b-1af3016d1e51	5	16	5
213		0	1	33	75	\N	\N	2018-09-17 18:00:37	2018-09-17 18:00:37	4c82673f-1ddc-5b79-bf6e-673cdcb755cb	5	16	5
214	有洩爆或抑爆裝置，但無法提出計算證明	0	1	33	60	\N	\N	2018-09-17 18:00:37	2018-09-17 18:00:37	179d7f80-aec9-5b1b-8f05-5f56c7154283	5	16	5
215	未安裝有效洩爆或抑爆裝置	0	1	33	40	\N	\N	2018-09-17 18:00:37	2018-09-17 18:00:37	b0db4c22-fed9-5f16-b97f-2b8e592d925a	5	16	5
216		0	1	33	0	\N	\N	2018-09-17 18:00:37	2018-09-17 18:00:37	65918f0f-0c43-5342-9f5a-f72bb9b1d38f	5	16	5
217	裝置經合格實驗室認證	0	1	34	100	\N	\N	2018-09-17 18:00:37	2018-09-17 18:00:37	10286e62-c59f-5870-b22d-7f4489a54b42	5	16	5
218		0	1	34	90	\N	\N	2018-09-17 18:00:37	2018-09-17 18:00:37	306b256b-1c48-528c-a3f4-6b8edb818fc1	5	16	5
219		0	1	34	75	\N	\N	2018-09-17 18:00:37	2018-09-17 18:00:37	465347c7-2c6f-51a4-aa32-a12d715c1c98	5	16	5
220	裝置未經合格實驗室認證，或無法提出證明	0	1	34	60	\N	\N	2018-09-17 18:00:37	2018-09-17 18:00:37	60d29242-b23d-5eb7-8929-040afd8a8675	5	16	5
221	未安裝有效洩爆或抑爆裝置	0	1	34	40	\N	\N	2018-09-17 18:00:37	2018-09-17 18:00:37	dafcf31c-671b-5b0e-97a8-bca9ae2d69fa	5	16	5
222		0	1	34	0	\N	\N	2018-09-17 18:00:37	2018-09-17 18:00:37	72330667-fa29-5e5f-88d2-906660d8d5ef	5	16	5
223	噴櫃與回收設備界面依指引4.4.3設置隔爆裝置，依相關標準設計，可提供計算書圖	0	1	35	100	\N	\N	2018-09-17 18:00:37	2018-09-17 18:00:37	2c0787e2-fcc4-59af-88fa-d6b747fb8ed7	5	17	5
224		0	1	35	90	\N	\N	2018-09-17 18:00:37	2018-09-17 18:00:37	bea1c3b8-5fbf-5360-abe4-1cdcfc6a20ac	5	17	5
225		0	1	35	75	\N	\N	2018-09-17 18:00:37	2018-09-17 18:00:37	ef4c6345-0d6d-51e1-97a1-0397e4040bef	5	17	5
226	有隔爆裝置，但無法提出計算證明	0	1	35	60	\N	\N	2018-09-17 18:00:37	2018-09-17 18:00:37	79153e7f-08c0-5fa5-bdb3-557a13e83714	5	17	5
227	未安裝有效隔爆裝置	0	1	35	40	\N	\N	2018-09-17 18:00:37	2018-09-17 18:00:37	9ab21e37-e16a-5698-96aa-71379ec6f413	5	17	5
228		0	1	35	0	\N	\N	2018-09-17 18:00:37	2018-09-17 18:00:37	cc706577-2e06-5851-b0de-32d42eb8fc8e	5	17	5
229	裝置經合格機構認證	0	1	36	100	\N	\N	2018-09-17 18:00:37	2018-09-17 18:00:37	658515ec-78cb-5ba9-8426-eb5eb7e1c43a	5	17	5
230		0	1	36	90	\N	\N	2018-09-17 18:00:37	2018-09-17 18:00:37	3b0a4339-a0ba-5f2d-9e0c-47a994019d72	5	17	5
231		0	1	36	75	\N	\N	2018-09-17 18:00:37	2018-09-17 18:00:37	28cb02d8-ffce-568c-9d48-31669f34afe8	5	17	5
232	裝置未經合格機構認證，或無法提出證明	0	1	36	60	\N	\N	2018-09-17 18:00:37	2018-09-17 18:00:37	0085184e-75b0-5ea9-859b-50543876757f	5	17	5
233	未安裝有效隔爆裝置	0	1	36	40	\N	\N	2018-09-17 18:00:37	2018-09-17 18:00:37	24c3a987-0145-553f-8911-2778683ea887	5	17	5
234		0	1	36	0	\N	\N	2018-09-17 18:00:37	2018-09-17 18:00:37	07b529c1-0968-519a-ab44-5b434907f1ca	5	17	5
235	1.獨立的實體開關切斷燃料供應\n2.小於[工作溫度+28°C]或[自燃  -55°C]\n3.聲光音響警報	0	1	37	100	\N	\N	2018-09-17 18:00:37	2018-09-17 18:00:37	361ba595-a748-57d5-8575-db1bf3809651	6	18	6
236		0	1	37	90	\N	\N	2018-09-17 18:00:37	2018-09-17 18:00:37	9267c650-90f4-5b4c-843d-0eac75ad6764	6	18	6
237	滿足1, 3，動作溫度設定不當	0	1	37	75	\N	\N	2018-09-17 18:00:37	2018-09-17 18:00:37	248b39e4-a8bd-5981-9528-1bba6fce09a2	6	18	6
238		0	1	37	60	\N	\N	2018-09-17 18:00:37	2018-09-17 18:00:37	0569eaea-58a3-5569-9786-38aae6f03529	6	18	6
239	未設獨立超高溫保護裝置	0	1	37	40	\N	\N	2018-09-17 18:00:37	2018-09-17 18:00:37	0722db51-9a93-584a-b1ad-50e6ddd65b2f	6	18	6
240		0	1	37	0	\N	\N	2018-09-17 18:00:37	2018-09-17 18:00:37	5d52ce57-be88-5962-91d8-2c59437a993b	6	18	6
241	1.路徑未經地下室或難以接近的密閉區域\n2. 不易受外力損壞或腐蝕	0	1	38	100	\N	\N	2018-09-17 18:00:37	2018-09-17 18:00:37	bd69830e-71cd-5232-b2f9-16be6c872f9e	6	19	6
242		0	1	38	90	\N	\N	2018-09-17 18:00:37	2018-09-17 18:00:37	949f4ef6-0080-5f8c-b5d5-70a3de4e5f7d	6	19	6
243		0	1	38	75	\N	\N	2018-09-17 18:00:37	2018-09-17 18:00:37	7ed36513-af58-5289-87ae-e3526b2c227d	6	19	6
244	路徑穿越地下室或難以接近的密閉區域	0	1	38	60	\N	\N	2018-09-17 18:00:37	2018-09-17 18:00:37	ece858f4-0f2b-5f98-a0b6-3a4e4ae29cb7	6	19	6
245	管路有明顯外力損壞或腐蝕現象	0	1	38	40	\N	\N	2018-09-17 18:00:37	2018-09-17 18:00:37	88431a14-95ca-5c41-a443-2965f2f116e4	6	19	6
246		0	1	38	0	\N	\N	2018-09-17 18:00:37	2018-09-17 18:00:37	8bc49ce4-7c03-5f2a-a6d1-d55aa396fa6d	6	19	6
247	1. 母火與主火管路獨立，各二個安全閥\n2. 超過117kW管路，至少一個閥門附關閉指示開關	0	1	39	100	\N	\N	2018-09-17 18:00:37	2018-09-17 18:00:37	9cb51ca5-fcab-57a5-bb5a-3e8a4f2f1392	6	19	6
248	1. 母火與主火管路獨立，各二個安全閥，但其中一個共用\n2. 滿足前項	0	1	39	90	\N	\N	2018-09-17 18:00:37	2018-09-17 18:00:37	82d6378c-6ad4-55cd-abe2-8cd486c43856	6	19	6
249		0	1	39	75	\N	\N	2018-09-17 18:00:37	2018-09-17 18:00:37	048384fc-1ba9-5aa3-9a8b-d49a2fcce18a	6	19	6
250	母火與主火管路各一個安全閥，無關閉指示開關	0	1	39	60	\N	\N	2018-09-17 18:00:37	2018-09-17 18:00:37	c6a36083-e971-5d6a-a483-f97087f734bb	6	19	6
251		0	1	39	40	\N	\N	2018-09-17 18:00:37	2018-09-17 18:00:37	5c17a085-79ad-551f-87b7-f2cc11659287	6	19	6
252	母火或主火無安全閥	0	1	39	0	\N	\N	2018-09-17 18:00:37	2018-09-17 18:00:37	60b2b32b-a5de-50af-9ae6-9c3af642de8d	6	19	6
253	安全閥下游側均設洩漏測試裝置	0	1	40	100	\N	\N	2018-09-17 18:00:37	2018-09-17 18:00:37	bdbb8eae-cd63-5afa-aa1f-0a503986f6fc	6	19	6
254		0	1	40	90	\N	\N	2018-09-17 18:00:37	2018-09-17 18:00:37	bafa4ab4-a3da-5962-889b-7dab33cd8e2f	6	19	6
255	半數(含)以上安全閥設洩漏測試裝置	0	1	40	75	\N	\N	2018-09-17 18:00:37	2018-09-17 18:00:37	a5724730-9a1e-5e98-b763-253311671852	6	19	6
256	半數以下設洩漏測試裝置	0	1	40	60	\N	\N	2018-09-17 18:00:37	2018-09-17 18:00:37	9490d292-b212-5d29-9e65-0e1c2ece05c3	6	19	6
257	完全無洩漏測試裝置	0	1	40	40	\N	\N	2018-09-17 18:00:37	2018-09-17 18:00:37	1263b25e-eab5-5745-b7ce-62820fb2ef83	6	19	6
258		0	1	40	0	\N	\N	2018-09-17 18:00:37	2018-09-17 18:00:37	ee54d950-b959-578e-9a89-03c6209706a3	6	19	6
259	1.位於爐區外易於接近處，洩漏時可迅速關閉\n2.均有明顯標示	0	1	41	100	\N	\N	2018-09-17 18:00:37	2018-09-17 18:00:37	50cd3d0f-23e0-5bd0-8a1c-c13061b5a7f7	6	19	6
260		0	1	41	90	\N	\N	2018-09-17 18:00:37	2018-09-17 18:00:37	5b335176-468e-51ea-b33a-4281d086d427	6	19	6
261	滿足1項，但有任一處缺乏明顯標示	0	1	41	75	\N	\N	2018-09-17 18:00:37	2018-09-17 18:00:37	801f4bb7-a63b-5a9e-876f-64a53ac25ba7	6	19	6
262		0	1	41	60	\N	\N	2018-09-17 18:00:37	2018-09-17 18:00:37	2da35ccc-7a53-5439-8e83-a9978f0483ca	6	19	6
263	位於爐區或人員不易接近處，洩漏時無法及時關閉	0	1	41	40	\N	\N	2018-09-17 18:00:37	2018-09-17 18:00:37	55d443be-7092-551a-8466-51aab6b8216e	6	19	6
264		0	1	41	0	\N	\N	2018-09-17 18:00:37	2018-09-17 18:00:37	874c28e5-174f-5e5a-83b4-a0ff478c4bf9	6	19	6
265	管路壓力過高或過低，可聯鎖關閉安全閥	0	1	42	100	\N	\N	2018-09-17 18:00:37	2018-09-17 18:00:37	cabae73a-432b-5a4b-822e-9b97f6f8599a	6	20	6
266		0	1	42	90	\N	\N	2018-09-17 18:00:37	2018-09-17 18:00:37	f3178c04-d441-561c-9509-51adcd3639fb	6	20	6
267		0	1	42	75	\N	\N	2018-09-17 18:00:37	2018-09-17 18:00:37	55112168-4655-5cdb-8927-a7bad1683446	6	20	6
268	僅高壓或低壓聯鎖	0	1	42	60	\N	\N	2018-09-17 18:00:37	2018-09-17 18:00:37	c9f63a0c-e809-5434-b870-ea3169826155	6	20	6
269	無壓力聯鎖	0	1	42	40	\N	\N	2018-09-17 18:00:37	2018-09-17 18:00:37	d029a48d-73cc-5588-8222-c12864a6a72e	6	20	6
270		0	1	42	0	\N	\N	2018-09-17 18:00:37	2018-09-17 18:00:37	f78150fc-b356-5806-acb9-baba3aeb926a	6	20	6
271	燃燒室設火焰偵測器，熄火時自動切斷燃料供應	0	1	43	100	\N	\N	2018-09-17 18:00:37	2018-09-17 18:00:37	e560fdb4-f71e-520c-af7e-1a9aad717396	6	20	6
272		0	1	43	90	\N	\N	2018-09-17 18:00:37	2018-09-17 18:00:37	2093d90d-9521-5e6f-aefb-30e3de621e63	6	20	6
273		0	1	43	75	\N	\N	2018-09-17 18:00:37	2018-09-17 18:00:37	ed81cf2a-491a-5d87-bf3b-35f99124db77	6	20	6
274		0	1	43	60	\N	\N	2018-09-17 18:00:37	2018-09-17 18:00:37	203b0aa7-4421-56b7-a899-630be4b7d84f	6	20	6
275	無火焰偵測器	0	1	43	40	\N	\N	2018-09-17 18:00:37	2018-09-17 18:00:37	245e9548-61ec-5556-b8df-5f63254bdfc9	6	20	6
276		0	1	43	0	\N	\N	2018-09-17 18:00:37	2018-09-17 18:00:37	65aa9dcb-0cad-548c-b6db-a2e8215b11fc	6	20	6
277	1.依空氣相對比重於高/低處設置\n2.燃燒器水平距離8m/4m範圍內\n3.訊號於常時有人處監控\n4.地區聲光報警	0	1	44	100	\N	\N	2018-09-17 18:00:37	2018-09-17 18:00:37	c73e0e37-3d91-58c9-a9ac-8439b96e0a02	6	20	6
278	滿足1~3	0	1	44	90	\N	\N	2018-09-17 18:00:37	2018-09-17 18:00:37	5e4e6046-5675-5882-bd37-1fdba32bfcdc	6	20	6
279	滿足1~2	0	1	44	75	\N	\N	2018-09-17 18:00:37	2018-09-17 18:00:37	ee90a4d8-140a-5522-a666-d885acb02688	6	20	6
280	僅滿足1	0	1	44	60	\N	\N	2018-09-17 18:00:37	2018-09-17 18:00:37	eb0376ec-68f6-542c-9522-67aa2573b1cc	6	20	6
281	未設洩漏探測器	0	1	44	40	\N	\N	2018-09-17 18:00:38	2018-09-17 18:00:38	60d99403-fdf8-5d38-aea3-b0dfb124ac37	6	20	6
282		0	1	44	0	\N	\N	2018-09-17 18:00:38	2018-09-17 18:00:38	e6ca57a0-1cac-5277-844a-8a0247a2ca87	6	20	6
283	1.操作程序明確\n2.換氣量為體積的4倍	0	1	45	100	\N	\N	2018-09-17 18:00:38	2018-09-17 18:00:38	f6a2b450-3117-511b-ac64-73c3022e2e3b	6	21	6
284		0	1	45	90	\N	\N	2018-09-17 18:00:38	2018-09-17 18:00:38	1e21b698-0169-5356-aeb7-debd88f32566	6	21	6
285		0	1	45	75	\N	\N	2018-09-17 18:00:38	2018-09-17 18:00:38	ae01b486-d828-5d6f-b8b4-5173c3ca9032	6	21	6
286	換氣量不足或無法提出證明	0	1	45	60	\N	\N	2018-09-17 18:00:38	2018-09-17 18:00:38	903202ad-15f9-53c6-ad9f-09615b9273ba	6	21	6
287	無明確吹驅程序	0	1	45	40	\N	\N	2018-09-17 18:00:38	2018-09-17 18:00:38	0c328f4e-585b-5f6d-a994-5b6193fff154	6	21	6
288		0	1	45	0	\N	\N	2018-09-17 18:00:38	2018-09-17 18:00:38	49d70d1f-56ee-5ea4-9bd7-2bd2a1e301ff	6	21	6
289	獨立，未與其他制程排氣併聯	0	1	46	100	\N	\N	2018-09-17 18:00:38	2018-09-17 18:00:38	f4b2b73e-20cf-5a64-8714-89688e211586	6	21	6
290		0	1	46	90	\N	\N	2018-09-17 18:00:38	2018-09-17 18:00:38	a5b2878b-0588-5090-9d64-d5b64ca2212c	6	21	6
291		0	1	46	75	\N	\N	2018-09-17 18:00:38	2018-09-17 18:00:38	4f2819e7-a5fa-523a-950f-85d9d3638780	6	21	6
292		0	1	46	60	\N	\N	2018-09-17 18:00:38	2018-09-17 18:00:38	20a5feae-f07d-51b3-b2e5-700e2e6b8b40	6	21	6
293	與其他制程排氣併聯	0	1	46	40	\N	\N	2018-09-17 18:00:38	2018-09-17 18:00:38	d1792a86-11a6-50a8-b278-10332b9245da	6	21	6
294		0	1	46	0	\N	\N	2018-09-17 18:00:38	2018-09-17 18:00:38	b16c5829-7817-56d6-a6c4-7c6aa8c69889	6	21	6
295	排氣風機、循環風機、燃燒室風機均與加熱系統聯動	0	1	47	100	\N	\N	2018-09-17 18:00:38	2018-09-17 18:00:38	9cdb083e-891a-5883-a208-c47c8c4515d3	6	22	6
296		0	1	47	90	\N	\N	2018-09-17 18:00:38	2018-09-17 18:00:38	e3eaa74e-41a1-5f35-8da3-199d2282466a	6	22	6
297		0	1	47	75	\N	\N	2018-09-17 18:00:38	2018-09-17 18:00:38	0e03ee78-0a60-5986-a1e9-ace2ffb670a7	6	22	6
298		0	1	47	60	\N	\N	2018-09-17 18:00:38	2018-09-17 18:00:38	4db8004f-35d2-55ff-8bf1-9d472e7cf3f4	6	22	6
299	任一風機未與加熱系統聯動	0	1	47	40	\N	\N	2018-09-17 18:00:38	2018-09-17 18:00:38	d2a7b9af-ce5e-59b3-a724-70857163f0c2	6	22	6
300		0	1	47	0	\N	\N	2018-09-17 18:00:38	2018-09-17 18:00:38	585b5858-0c18-54b9-bef1-e1a726bf253f	6	22	6
301	可燃物距離3m以上	0	1	\N	100	\N	\N	2018-09-17 18:00:38	2018-09-17 18:00:38	f33bd0e9-47da-5cf3-a598-9e5c192a2e2d	6	23	6
302	可燃物距離1.5m以上	0	1	\N	90	\N	\N	2018-09-17 18:00:38	2018-09-17 18:00:38	6ca60627-6029-5638-8127-dce5b43798d1	6	23	6
303		0	1	\N	75	\N	\N	2018-09-17 18:00:38	2018-09-17 18:00:38	fb4bdea7-a95e-55c4-8842-68c8145ae647	6	23	6
304		0	1	\N	60	\N	\N	2018-09-17 18:00:38	2018-09-17 18:00:38	53c7435f-40b4-5249-91d8-4eeac9bcd7a7	6	23	6
305	可燃物距離1m以內	0	1	\N	40	\N	\N	2018-09-17 18:00:38	2018-09-17 18:00:38	921b9b96-6395-5c0b-b16b-858336e4db2b	6	23	6
306		0	1	\N	0	\N	\N	2018-09-17 18:00:38	2018-09-17 18:00:38	8df1f214-aadf-5400-ae59-a15d98dbe577	6	23	6
307	事業群高層每月巡檢並參與EHS會議及活動	0	2	\N	100	\N	\N	2018-09-17 18:00:38	2018-09-17 18:00:38	2dff27c7-05e0-544a-afc8-1ffc4c6d12d0	7	24	1
308	事業處高層每月巡檢並參與EHS會議及活動	0	2	\N	90	\N	\N	2018-09-17 18:00:38	2018-09-17 18:00:38	f95e6bb2-829a-5dd2-bbf3-2aec185946f9	7	24	1
309	廠長級領導每月巡檢產線、參與EHS會議及活動	0	2	\N	75	\N	\N	2018-09-17 18:00:38	2018-09-17 18:00:38	5102a118-2d53-57ed-a954-3cafa6929e30	7	24	1
310		0	2	\N	60	\N	\N	2018-09-17 18:00:38	2018-09-17 18:00:38	c7864a7f-05de-58b4-89f0-8c0ecfb87406	7	24	1
311	無特定高層巡檢計畫	0	2	\N	40	\N	\N	2018-09-17 18:00:38	2018-09-17 18:00:38	6c438bf7-d7e4-50ef-ae4f-74c3d18d2f5e	7	24	1
312		0	2	\N	0	\N	\N	2018-09-17 18:00:38	2018-09-17 18:00:38	dd1ad209-3c0d-501d-baeb-6b797311d4b1	7	24	1
313	有詳盡安全操作SOP，輔以圖片說明，有員工訓練記錄	0	2	\N	100	\N	\N	2018-09-17 18:00:38	2018-09-17 18:00:38	5b7f6566-37c6-52a5-a01a-17c75ddc4ff8	7	25	1
314	有詳盡安全操作SOP，有員工訓練記錄	0	2	\N	90	\N	\N	2018-09-17 18:00:38	2018-09-17 18:00:38	f86a0a6a-e8fd-53ba-87de-387b25df5ef0	7	25	1
315		0	2	\N	75	\N	\N	2018-09-17 18:00:38	2018-09-17 18:00:38	63aaa5b5-1d3f-545a-a06a-323fa4b918d0	7	25	1
316	有安全操作SOP，內容不夠充實，或無員工訓練記錄\n(如：無風機提前開啟及延後關閉程序)	0	2	\N	60	\N	\N	2018-09-17 18:00:38	2018-09-17 18:00:38	16fb9449-9d35-5749-8f87-9e3d09d37306	7	25	1
317		0	2	\N	40	\N	\N	2018-09-17 18:00:38	2018-09-17 18:00:38	264833c0-6e28-545d-a27b-5bc4d0afba42	7	25	1
318	無安全操作SOP	0	2	\N	0	\N	\N	2018-09-17 18:00:38	2018-09-17 18:00:38	1cf2f88e-7ffd-59e8-a2f4-60d7785d86bf	7	25	1
319	有變更管理程序、表單，有員工訓練記錄	0	2	\N	100	\N	\N	2018-09-17 18:00:38	2018-09-17 18:00:38	452809eb-a0df-50f2-9853-8164f9a88381	7	26	1
320		0	2	\N	90	\N	\N	2018-09-17 18:00:38	2018-09-17 18:00:38	30ebddc8-94c2-5874-9014-22e037cd0ead	7	26	1
321		0	2	\N	75	\N	\N	2018-09-17 18:00:38	2018-09-17 18:00:38	23275d36-da95-518e-952b-2baf004da4d3	7	26	1
322	有變更管理程序，內容不夠充實，或無員工訓練記錄	0	2	\N	60	\N	\N	2018-09-17 18:00:38	2018-09-17 18:00:38	554ff6c4-5d59-535a-90ee-934ae9ad7eb6	7	26	1
323		0	2	\N	40	\N	\N	2018-09-17 18:00:38	2018-09-17 18:00:38	141d81ac-f7bb-59e7-a041-bc0caa73d2e9	7	26	1
324	無變更管理程序	0	2	\N	0	\N	\N	2018-09-17 18:00:38	2018-09-17 18:00:38	f2ab6c59-934a-5a83-a5de-0e91f9f57c5c	7	26	1
325	核發工作許可證前，進行承商教育及危害告知並留存記錄	0	2	\N	100	\N	\N	2018-09-17 18:00:38	2018-09-17 18:00:38	015bdaea-132c-5829-9c49-a5f56e25f145	7	27	1
326		0	2	\N	90	\N	\N	2018-09-17 18:00:38	2018-09-17 18:00:38	71061dc6-5e47-5dd7-b1fc-654e62502281	7	27	1
327		0	2	\N	75	\N	\N	2018-09-17 18:00:38	2018-09-17 18:00:38	82d16627-9a1f-5505-8e77-25904e206102	7	27	1
328	有承商工作程序，無執行記錄	0	2	\N	60	\N	\N	2018-09-17 18:00:38	2018-09-17 18:00:38	cc63efdc-97c8-540c-a6bd-9550def7cdb1	7	27	1
329		0	2	\N	40	\N	\N	2018-09-17 18:00:38	2018-09-17 18:00:38	07068620-9e86-575e-af80-40eb8d060a71	7	27	1
330	無承商工作許可制度	0	2	\N	0	\N	\N	2018-09-17 18:00:38	2018-09-17 18:00:38	6715b411-7014-5eb4-a334-0b1232b2f808	7	27	1
331	有噴房、噴櫃粉塵檢查及清潔計畫，含開放及隱蔽區域，執行記錄良好	0	2	\N	100	\N	\N	2018-09-17 18:00:38	2018-09-17 18:00:38	686fcd1c-91c0-538a-ba37-8e4b8ca967dd	8	28	2
332		0	2	\N	90	\N	\N	2018-09-17 18:00:38	2018-09-17 18:00:38	5140953a-edbb-56ba-a163-c9b376125d9f	8	28	2
333		0	2	\N	75	\N	\N	2018-09-17 18:00:38	2018-09-17 18:00:38	0ccf5103-def2-5c36-9d81-0521fc7b1d20	8	28	2
334	檢查及清潔計畫內容不完整，有執行記錄	0	2	\N	60	\N	\N	2018-09-17 18:00:38	2018-09-17 18:00:38	8e1e6917-16e9-5690-9f37-766745dc2077	8	28	2
335	未按計畫執行、或無執行記錄、或發現粉塵累積量明顯超標，顯未按規定清潔	0	2	\N	40	\N	\N	2018-09-17 18:00:38	2018-09-17 18:00:38	9bd7f2b8-8f7f-5308-b118-72ee70d1be3b	8	28	2
336		0	2	\N	0	\N	\N	2018-09-17 18:00:38	2018-09-17 18:00:38	527445b6-de5a-5b6f-8015-754e5f42632c	8	28	2
337	真空吸塵方式，吸塵器滿足指引5.2-7要求	0	2	\N	100	\N	\N	2018-09-17 18:00:38	2018-09-17 18:00:38	30724e3c-f200-5c29-ab9c-030b0941562e	8	29	2
338	使用擦拭或水洗方式清潔	0	2	\N	90	\N	\N	2018-09-17 18:00:38	2018-09-17 18:00:38	fb68ef97-184a-5e8f-9552-cf735548960d	8	29	2
339		0	2	\N	75	\N	\N	2018-09-17 18:00:38	2018-09-17 18:00:38	ea1f0c65-d1d6-5929-86da-4cb7d28351b1	8	29	2
340		0	2	\N	60	\N	\N	2018-09-17 18:00:38	2018-09-17 18:00:38	104d8439-5f60-5f2e-9d21-e1841650135b	8	29	2
341	真空吸塵方式，吸塵器不符合防爆分區	0	2	\N	40	\N	\N	2018-09-17 18:00:38	2018-09-17 18:00:38	287820db-4c8c-5cf2-8afb-8fa2c5d927d2	8	29	2
342	使用壓縮空氣吹除粉塵	0	2	\N	0	\N	\N	2018-09-17 18:00:38	2018-09-17 18:00:38	331b2781-c448-579d-b5b5-ec3d3e93a97d	8	29	2
343	1.於噴櫃範圍內\n2.持續排風狀態\n3.使用安全工具(不形成火源)	0	2	\N	100	\N	\N	2018-09-17 18:00:38	2018-09-17 18:00:38	221f5161-8f05-54fa-8a33-cc0ac70ed121	8	30	2
344		0	2	\N	90	\N	\N	2018-09-17 18:00:38	2018-09-17 18:00:38	48639005-9419-50c3-83c5-c9f7a40be415	8	30	2
345		0	2	\N	75	\N	\N	2018-09-17 18:00:38	2018-09-17 18:00:38	9fab148d-0d1f-5ad5-b316-d0fceaa09032	8	30	2
346		0	2	\N	60	\N	\N	2018-09-17 18:00:38	2018-09-17 18:00:38	714f128d-1710-5912-bf77-d752083a2138	8	30	2
347	1~3任一點不滿足	0	2	\N	40	\N	\N	2018-09-17 18:00:38	2018-09-17 18:00:38	1e59cf6a-4fa6-5f94-8e0c-a9bb72f813ff	8	30	2
348		0	2	\N	0	\N	\N	2018-09-17 18:00:38	2018-09-17 18:00:38	22e50d7c-073f-51fb-ab06-e4166e166337	8	30	2
349	1.噴房內新粉為當班用量\n2.回收粉每班移出噴房	0	2	\N	100	\N	\N	2018-09-17 18:00:38	2018-09-17 18:00:38	34d10bd2-a1da-5f0c-9302-2b4cbd8baedc	8	31	2
350		0	2	\N	90	\N	\N	2018-09-17 18:00:38	2018-09-17 18:00:38	2a37ddc0-260c-572d-beeb-e30b84357b5a	8	31	2
351		0	2	\N	75	\N	\N	2018-09-17 18:00:38	2018-09-17 18:00:38	d90a2d8e-c01d-5a0d-9fed-9364dea8f65d	8	31	2
352		0	2	\N	60	\N	\N	2018-09-17 18:00:38	2018-09-17 18:00:38	16820c59-3b6d-5bac-8ff3-655ad5ce5bd6	8	31	2
353	任一點不滿足	0	2	\N	40	\N	\N	2018-09-17 18:00:38	2018-09-17 18:00:38	70bc9d29-cb7f-59c8-974f-e442760f3728	8	31	2
354		0	2	\N	0	\N	\N	2018-09-17 18:00:38	2018-09-17 18:00:38	fd83be6d-9192-55d4-aa41-757033a59096	8	31	2
355	每班重簽，遵守動火前中後安全事項	0	2	\N	100	\N	\N	2018-09-17 18:00:38	2018-09-17 18:00:38	905718a6-43a1-5603-9eea-a9984610eb8c	9	32	3
356	經簽核後允許於夜間執行動火作業	0	2	\N	90	\N	\N	2018-09-17 18:00:38	2018-09-17 18:00:38	8698911e-9ba1-57e2-9f3e-33e64c8b62c5	9	32	3
357		0	2	\N	75	\N	\N	2018-09-17 18:00:38	2018-09-17 18:00:38	f3c3341e-edf0-5a0c-be2e-654fbae87e7b	9	32	3
358	動火作業有簽核，但發現動火作業前中后未依規定進行安全檢查	0	2	\N	60	\N	\N	2018-09-17 18:00:38	2018-09-17 18:00:38	10e2c29d-8733-5b07-9c41-84b8709e4484	9	32	3
359		0	2	\N	40	\N	\N	2018-09-17 18:00:38	2018-09-17 18:00:38	842baaae-921c-5f35-91bd-443e2d639ed5	9	32	3
360	無動火作業程序，且無審批、監護、檢查等工作程序	0	2	\N	0	\N	\N	2018-09-17 18:00:38	2018-09-17 18:00:38	ae8cbd4e-54d6-55e3-8d72-51671f96a30a	9	32	3
361	嚴格吸菸管制，適當聲明與標示，完全無違規	0	2	\N	100	\N	\N	2018-09-17 18:00:38	2018-09-17 18:00:38	427455be-6828-5df9-ae2b-e6d01e023448	9	33	3
362		0	2	\N	90	\N	\N	2018-09-17 18:00:38	2018-09-17 18:00:38	1a470b17-e94b-5abb-a4e7-85be853bf834	9	33	3
363		0	2	\N	75	\N	\N	2018-09-17 18:00:38	2018-09-17 18:00:38	f053f5a2-9494-54e3-9574-0a566283f90f	9	33	3
364		0	2	\N	60	\N	\N	2018-09-17 18:00:38	2018-09-17 18:00:38	1d918a0a-6127-5b75-8589-6d0413935cae	9	33	3
365		0	2	\N	40	\N	\N	2018-09-17 18:00:38	2018-09-17 18:00:38	5f97fd8f-c43c-51e2-8a38-95075270e706	9	33	3
366	有違規吸菸事實(如：車間內發現煙頭)	0	2	\N	0	\N	\N	2018-09-17 18:00:38	2018-09-17 18:00:38	c543902e-ff5f-52e0-9468-c2f1f368feba	9	33	3
367	人員進入噴房穿著防靜電服、鞋、帽	0	2	\N	100	\N	\N	2018-09-17 18:00:38	2018-09-17 18:00:38	a55ce5f7-07ae-58df-8e03-722413ad4e8b	9	34	3
368		0	2	\N	90	\N	\N	2018-09-17 18:00:38	2018-09-17 18:00:38	f8453cd7-6dda-5f59-b7c1-e0f731228642	9	34	3
369		0	2	\N	75	\N	\N	2018-09-17 18:00:38	2018-09-17 18:00:38	e89a61b5-c037-5904-a2b0-c99cb7da1a59	9	34	3
370		0	2	\N	60	\N	\N	2018-09-17 18:00:38	2018-09-17 18:00:38	dd03c08e-032e-5e00-9a20-64dd8a6344c4	9	34	3
371		0	2	\N	40	\N	\N	2018-09-17 18:00:38	2018-09-17 18:00:38	5db2c2ee-6b36-5b5d-9f2c-f621e9ee869d	9	34	3
372	發現違規事實	0	2	\N	0	\N	\N	2018-09-17 18:00:38	2018-09-17 18:00:38	e32fe0d9-047c-5e14-b259-2b15d5300a58	9	34	3
373	有詳盡SOP，輔以圖片說明，有員工訓練記錄	0	2	\N	100	\N	\N	2018-09-17 18:00:38	2018-09-17 18:00:38	79122c06-6a5c-5c96-bdea-a15bb6a2e045	10	35	4
374	有詳盡SOP，有員工訓練記錄	0	2	\N	90	\N	\N	2018-09-17 18:00:38	2018-09-17 18:00:38	e28219a1-836c-5bac-9f38-c01402f91553	10	35	4
375		0	2	\N	75	\N	\N	2018-09-17 18:00:38	2018-09-17 18:00:38	40c464bc-f716-5ba5-a317-3d0a00dede89	10	35	4
376	有SOP，內容不夠充實，或無員工訓練記錄	0	2	\N	60	\N	\N	2018-09-17 18:00:38	2018-09-17 18:00:38	11a49bcb-ffcc-59bf-b1db-2b0072654232	10	35	4
377		0	2	\N	40	\N	\N	2018-09-17 18:00:38	2018-09-17 18:00:38	18ab6a29-9abd-5ac1-bb62-238cdd6e2675	10	35	4
378	無SOP	0	2	\N	0	\N	\N	2018-09-17 18:00:38	2018-09-17 18:00:38	640d4d06-ff7d-59dd-ae06-5f22d2e698ba	10	35	4
379	1.建立完整檢測維保計畫(參考指引5.1-6)\n2.保護裝置及急停開關每二週測試一次\n3.執行記錄良好	0	2	48	100	\N	\N	2018-09-17 18:00:38	2018-09-17 18:00:38	4ac44c4c-bb8e-5c72-8462-7e240c56a059	10	36	4
380		0	2	48	90	\N	\N	2018-09-17 18:00:38	2018-09-17 18:00:38	d1935bcb-0e7f-5129-bfeb-53a8bfb50514	10	36	4
381	依據事業單位檢測維保計畫實施，執行記錄良好	0	2	48	75	\N	\N	2018-09-17 18:00:38	2018-09-17 18:00:38	4861eb73-de5a-564e-a1ce-a565483ef3b8	10	36	4
382		0	2	48	60	\N	\N	2018-09-17 18:00:38	2018-09-17 18:00:38	e101aa9f-9e9c-5e24-aa94-8283a3cc0891	10	36	4
383	未依計畫執行、或無執行記錄、或發現延期保養未經事先核准	0	2	48	40	\N	\N	2018-09-17 18:00:38	2018-09-17 18:00:38	14c9e811-48bc-5f57-b545-1ca16d62bc7b	10	36	4
384	無檢測及維保計畫	0	2	48	0	\N	\N	2018-09-17 18:00:38	2018-09-17 18:00:38	6d39cf3c-2fb9-5ff5-97bd-6d2927c68f46	10	36	4
385	1.依製造商建議建立完整檢查維保計畫\n2.保護裝置(參考指引5.4-2)每二週測試一次\n3.執行記錄良好	0	2	49	100	\N	\N	2018-09-17 18:00:38	2018-09-17 18:00:38	246ad85b-5a55-558e-8822-a10ee1d37510	10	36	4
386		0	2	49	90	\N	\N	2018-09-17 18:00:38	2018-09-17 18:00:38	9233a73d-5d04-5a6d-be00-88c1d5cbd7e7	10	36	4
387	依據事業單位檢測維保計畫實施，執行記錄良好	0	2	49	75	\N	\N	2018-09-17 18:00:38	2018-09-17 18:00:38	209a1bd6-33b5-51c3-b812-710c6f4309d8	10	36	4
388		0	2	49	60	\N	\N	2018-09-17 18:00:38	2018-09-17 18:00:38	17b8fcea-c086-5faa-b0c5-df06ec7f7f1c	10	36	4
389	未依計畫執行、或無執行記錄、或發現延期測試未經事先核准	0	2	49	40	\N	\N	2018-09-17 18:00:38	2018-09-17 18:00:38	6d2000f9-ce0a-53c7-bf99-bf7e9b226c57	10	36	4
390	無測試計畫	0	2	49	0	\N	\N	2018-09-17 18:00:38	2018-09-17 18:00:38	87e2e2e0-a60e-5da1-b5f5-c21ac814c7bb	10	36	4
391	洩爆、抑爆及隔爆裝置(參考指引5.3)建立完整檢查維保計畫，執行記錄良好	0	2	50	100	\N	\N	2018-09-17 18:00:38	2018-09-17 18:00:38	4345bce9-52d8-5b23-87b7-b74966d8edc4	10	36	4
392		0	2	50	90	\N	\N	2018-09-17 18:00:38	2018-09-17 18:00:38	830b2b0c-145a-5e54-afba-e7d703778e22	10	36	4
393	依據事業單位檢測維保計畫實施，執行記錄良好	0	2	50	75	\N	\N	2018-09-17 18:00:38	2018-09-17 18:00:38	34eee1f7-9879-53e2-9387-1a9e244ff478	10	36	4
394		0	2	50	60	\N	\N	2018-09-17 18:00:38	2018-09-17 18:00:38	a10b6303-bfa4-5c91-8cec-4168495f6e86	10	36	4
395	未依計畫執行、或無執行記錄、或發現延期保養未經事先核准	0	2	50	40	\N	\N	2018-09-17 18:00:38	2018-09-17 18:00:38	c77fb140-50c4-5025-8937-10d6d88cecba	10	36	4
396	無檢測及維保計畫	0	2	50	0	\N	\N	2018-09-17 18:00:38	2018-09-17 18:00:38	5b801702-d835-500a-9bd0-72a167477661	10	36	4
397	(1)計劃書應包括對噴塗線危險源所編制的專項應變計劃，至少包括火災、粉塵爆炸等項目\n(2)應急演練至少每半年1次，並留存記錄	0	2	\N	100	\N	\N	2018-09-17 18:00:38	2018-09-17 18:00:38	8918becb-1a50-5b67-934f-e7f27612b42a	11	37	5
398		0	2	\N	90	\N	\N	2018-09-17 18:00:38	2018-09-17 18:00:38	6c7943ba-1492-5672-acc5-db46035dc96e	11	37	5
399		0	2	\N	75	\N	\N	2018-09-17 18:00:38	2018-09-17 18:00:38	b238fafb-80ab-52d4-a735-076d3910b0cc	11	37	5
400	僅一般性應急計畫，無特定危險源專項計畫，有演練記錄	0	2	\N	60	\N	\N	2018-09-17 18:00:38	2018-09-17 18:00:38	7d8e8ce1-3dd2-510e-875d-98294c39d58c	11	37	5
401		0	2	\N	40	\N	\N	2018-09-17 18:00:38	2018-09-17 18:00:38	c1cdb026-5ede-5623-a145-8c34cf7d30df	11	37	5
402	無應急預案和演練	0	2	\N	0	\N	\N	2018-09-17 18:00:38	2018-09-17 18:00:38	6a30f325-f424-55cc-b05c-0a40e2955a8a	11	37	5
403	警報傳送緊急應變中心或者消防控制室， 人員24小時值班，明確了解應變流程	0	2	\N	100	\N	\N	2018-09-17 18:00:38	2018-09-17 18:00:38	e73e0dca-56e8-554a-924b-0947537e2f73	11	38	5
404		0	2	\N	90	\N	\N	2018-09-17 18:00:38	2018-09-17 18:00:38	5a3ea189-e73b-5240-a6d2-f6ae07479c0c	11	38	5
405		0	2	\N	75	\N	\N	2018-09-17 18:00:38	2018-09-17 18:00:38	0c047d0d-0a1d-5366-b975-54f0c55a94a9	11	38	5
406	個別區域警報屏蔽，無法傳送至緊急應變中心或消防控制室	0	2	\N	60	\N	\N	2018-09-17 18:00:38	2018-09-17 18:00:38	bf79c7cf-001a-5f92-9a80-ab3a34312092	11	38	5
407	緊急應變中心或消防控制室非24小時值班	0	2	\N	40	\N	\N	2018-09-17 18:00:38	2018-09-17 18:00:38	c3e8b283-bc17-5b63-9fd6-0d99abb46a8b	11	38	5
408	警報完全無法傳送至緊急應變中心和消防控制室	0	2	\N	0	\N	\N	2018-09-17 18:00:38	2018-09-17 18:00:38	3df536c3-414a-5c28-883d-e6149cc69ba0	11	38	5
409	經特殊風險教育訓練，持證上崗	0	2	\N	100	\N	\N	2018-09-17 18:00:38	2018-09-17 18:00:38	bd12e59a-a170-5862-8d4f-ad1b781162f3	12	39	6
410		0	2	\N	90	\N	\N	2018-09-17 18:00:38	2018-09-17 18:00:38	f9cd37de-475f-59ae-aab0-de9ab21aaab7	12	39	6
411	培訓內容不完整，有培訓記錄	0	2	\N	75	\N	\N	2018-09-17 18:00:38	2018-09-17 18:00:38	8ee611da-744c-52c7-888b-afc36e7b2cfe	12	39	6
412		0	2	\N	60	\N	\N	2018-09-17 18:00:38	2018-09-17 18:00:38	684c3040-66e9-5768-98ae-cb9341352fa7	12	39	6
413		0	2	\N	40	\N	\N	2018-09-17 18:00:38	2018-09-17 18:00:38	c55fec24-567b-5701-bed3-d4f4f2008875	12	39	6
414	無持證上崗制度，或無培訓記錄	0	2	\N	0	\N	\N	2018-09-17 18:00:38	2018-09-17 18:00:38	d546ecea-9487-55e6-b443-09eda6463c7a	12	39	6
415	包括噴塗線健康危害、安全知識與個人護具使用，有培訓記錄	0	2	\N	100	\N	\N	2018-09-17 18:00:38	2018-09-17 18:00:38	08b02ba5-217a-5156-88b7-e68af357b984	12	40	6
416		0	2	\N	90	\N	\N	2018-09-17 18:00:38	2018-09-17 18:00:38	33fb7891-713e-5c1d-8856-5f3f91b63905	12	40	6
417	培訓內容不完整，有培訓記錄	0	2	\N	75	\N	\N	2018-09-17 18:00:38	2018-09-17 18:00:38	69184574-2902-511d-b56d-0a56adcac336	12	40	6
418		0	2	\N	60	\N	\N	2018-09-17 18:00:38	2018-09-17 18:00:38	b9e3686e-5ec4-5115-a402-b536f0d4ad66	12	40	6
419		0	2	\N	40	\N	\N	2018-09-17 18:00:38	2018-09-17 18:00:38	d29bd703-c79d-5d4d-9180-d5d10af8054c	12	40	6
420	無培訓記錄	0	2	\N	0	\N	\N	2018-09-17 18:00:38	2018-09-17 18:00:38	f3a701ae-6f5f-5a1c-a955-7677c3c3412f	12	40	6
421	滅火器型式、數量、功能、標示均良好	0	3	\N	100	\N	\N	2018-09-17 18:00:38	2018-09-17 18:00:38	62c60813-80a6-5188-b5a8-717304620d30	13	41	1
422		0	3	\N	90	\N	\N	2018-09-17 18:00:38	2018-09-17 18:00:38	8653bdf1-3a10-541e-8ab2-121eef2732d4	13	41	1
423		0	3	\N	75	\N	\N	2018-09-17 18:00:38	2018-09-17 18:00:38	b94cfd7b-fde5-5134-9628-f925e875620e	13	41	1
424	滅火器未放在指定地點、受阻礙不易取得或標示不明	0	3	\N	60	\N	\N	2018-09-17 18:00:38	2018-09-17 18:00:38	f1f46aea-4a28-538a-a1b1-c6cd4de81d54	13	41	1
425	瓶身腐蝕、損壞或壓力不足，明顯影響滅火功能	0	3	\N	40	\N	\N	2018-09-17 18:00:38	2018-09-17 18:00:38	e5b89ad2-83c5-54db-ba7a-96907c620c56	13	41	1
426	未依規定設置滅火器	0	3	\N	0	\N	\N	2018-09-17 18:00:39	2018-09-17 18:00:39	ca0c046a-9cba-5bc4-850a-728180ca24cb	13	41	1
427	室內栓數量、功能、標示均良好	0	3	\N	100	\N	\N	2018-09-17 18:00:39	2018-09-17 18:00:39	434e5636-ee0f-58d3-b824-085dbd543687	13	42	1
428		0	3	\N	90	\N	\N	2018-09-17 18:00:39	2018-09-17 18:00:39	360edf48-6bc3-5502-abcb-6cc217a966ac	13	42	1
429		0	3	\N	75	\N	\N	2018-09-17 18:00:39	2018-09-17 18:00:39	a1306e92-7421-5338-aa86-27551b3dd6e6	13	42	1
430	消火栓箱體損壞、標示不清、或箱內發現雜物	0	3	\N	60	\N	\N	2018-09-17 18:00:39	2018-09-17 18:00:39	393f0b8f-f56f-54e3-8755-94f83680ea9c	13	42	1
431	瞄子、水帶損壞，影響正常功能	0	3	\N	40	\N	\N	2018-09-17 18:00:39	2018-09-17 18:00:39	8322f895-f506-541a-8eba-f1c2cd526b6c	13	42	1
432	瞄子或水帶缺失、或障礙物阻擋，完全無法提供滅火功能	0	3	\N	0	\N	\N	2018-09-17 18:00:39	2018-09-17 18:00:39	f28899e5-06e8-5abf-9af1-1a4b5d0a1b52	13	42	1
433	車間內全面安裝自動滅火系統	0	3	\N	100	\N	\N	2018-09-17 18:00:39	2018-09-17 18:00:39	b1f74182-2232-5786-a29c-2be862a1f071	14	43	2
434		0	3	\N	90	\N	\N	2018-09-17 18:00:39	2018-09-17 18:00:39	d902f106-320a-541b-882d-ea405f67c97c	14	43	2
435		0	3	\N	75	\N	\N	2018-09-17 18:00:39	2018-09-17 18:00:39	a2adda08-9476-53ca-b32a-0ab0f9f2e6b8	14	43	2
436	車間內部份區域安裝自動滅火	0	3	\N	60	\N	\N	2018-09-17 18:00:39	2018-09-17 18:00:39	0c77bb2d-d5d9-5435-a4dd-480a5e10b42d	14	43	2
437		0	3	\N	40	\N	\N	2018-09-17 18:00:39	2018-09-17 18:00:39	1c41b51c-04cb-5bf1-949a-85b3a61fba04	14	43	2
438	未裝設自動滅火系統	0	3	\N	0	\N	\N	2018-09-17 18:00:39	2018-09-17 18:00:39	b9abff0f-e6b3-5fc2-9c0c-02e3d4d5d44c	14	43	2
439	依NFPA或國標設計，具足夠滅火效能，能提供計算書圖	0	3	51	100	\N	\N	2018-09-17 18:00:39	2018-09-17 18:00:39	edc243ac-f326-5b28-9ba1-608f1558f327	14	44	2
440		0	3	51	90	\N	\N	2018-09-17 18:00:39	2018-09-17 18:00:39	5bc15c64-7e84-58fc-ba71-6996948f7862	14	44	2
441		0	3	51	75	\N	\N	2018-09-17 18:00:39	2018-09-17 18:00:39	48d5b320-1c33-5bbf-95c7-37c1c99c523e	14	44	2
442		0	3	51	60	\N	\N	2018-09-17 18:00:39	2018-09-17 18:00:39	4b82fb9e-0d54-50dd-8145-fc191fd8dfa2	14	44	2
443	依國標設計，滅火效能不足(如：放水密度不足)或無證明資料	0	3	51	40	\N	\N	2018-09-17 18:00:39	2018-09-17 18:00:39	f638c49b-c08b-544c-ba9b-15d2355bc60a	14	44	2
444	未裝設自動滅火系統	0	3	51	0	\N	\N	2018-09-17 18:00:39	2018-09-17 18:00:39	fb2dfa78-fa72-5c8d-8c22-1f56cda33d03	14	44	2
445	1.地區警報\n2.移報至火警系統\n3.切斷供粉\n4.切斷噴塗\n5.切斷輸送帶	0	3	52	100	\N	\N	2018-09-17 18:00:39	2018-09-17 18:00:39	d4d86857-85b2-53b9-806c-1bc3c0a2c245	14	44	2
446		0	3	52	90	\N	\N	2018-09-17 18:00:39	2018-09-17 18:00:39	f9b7baaf-48e3-5268-907d-e383ebb0b25e	14	44	2
447	任一項不滿足	0	3	52	75	\N	\N	2018-09-17 18:00:39	2018-09-17 18:00:39	8f8e7bf6-1850-562f-b7a6-e9ee2b4a8a25	14	44	2
448	任二項不滿足	0	3	52	60	\N	\N	2018-09-17 18:00:39	2018-09-17 18:00:39	5e0b295c-fcc1-5174-b4ea-6d34bd865051	14	44	2
449	任三項不滿足	0	3	52	40	\N	\N	2018-09-17 18:00:39	2018-09-17 18:00:39	5385edba-19a9-5d5f-a866-3799604c522e	14	44	2
450		0	3	52	0	\N	\N	2018-09-17 18:00:39	2018-09-17 18:00:39	7e91f71b-0008-5407-ad65-3b635d6ac150	14	44	2
451	1.開放濕式自動系統或氣體系統，由火焰探測器啟動\n2.噴房出口或易於操作處設手動啟動開關	0	3	53	100	\N	\N	2018-09-17 18:00:39	2018-09-17 18:00:39	54681cff-0306-54b4-a2c6-9c640e40f9bb	14	45	2
452	1.開放濕式自動系統或氣體系統，由火焰探測器啟動\n2.無手動啟動開關或位置不易接近	0	3	53	90	\N	\N	2018-09-17 18:00:39	2018-09-17 18:00:39	275ef46e-73d0-5c4e-a843-829c70c32917	14	45	2
453	密閉濕式自動系統，無法由火焰探測器啟動	0	3	53	75	\N	\N	2018-09-17 18:00:39	2018-09-17 18:00:39	283193d7-fd96-5eaa-b79b-566824f0c8a0	14	45	2
454	安裝滅火系統，採取手動啟動	0	3	53	60	\N	\N	2018-09-17 18:00:39	2018-09-17 18:00:39	95ad5f9d-5cab-55af-bda3-007e0e6cb24c	14	45	2
455		0	3	53	40	\N	\N	2018-09-17 18:00:39	2018-09-17 18:00:39	bda14e3d-1437-5504-b167-c13edd1f5707	14	45	2
456	未裝設自動滅火系統	0	3	53	0	\N	\N	2018-09-17 18:00:39	2018-09-17 18:00:39	57e87667-c6b7-596f-ba8d-f443ec4f9b26	14	45	2
457	1.地區警報\n2.移報至火警系統\n3.切斷供粉\n4.切斷噴塗\n5.切斷輸送帶\n6.停止排氣\n7.關閉隔離閥門\n8.切斷噴塗系統電源	0	3	54	100	\N	\N	2018-09-17 18:00:39	2018-09-17 18:00:39	0bdec068-d6e5-5bee-990d-94b2000ecded	14	45	2
458		0	3	54	90	\N	\N	2018-09-17 18:00:39	2018-09-17 18:00:39	8c4122d9-3b88-57ba-ab9d-b9b8512bdbe0	14	45	2
459	任一項不滿足	0	3	54	75	\N	\N	2018-09-17 18:00:39	2018-09-17 18:00:39	25518cc3-1acf-523d-9959-6fd2cedbe29e	14	45	2
460	任二項不滿足	0	3	54	60	\N	\N	2018-09-17 18:00:39	2018-09-17 18:00:39	ecac2b0a-4572-57b4-8351-f346863245b4	14	45	2
461	任三項不滿足	0	3	54	40	\N	\N	2018-09-17 18:00:39	2018-09-17 18:00:39	c42de7cc-99d3-56c8-aa51-9349d2df0b35	14	45	2
462		0	3	54	0	\N	\N	2018-09-17 18:00:39	2018-09-17 18:00:39	c8c24e09-6154-590c-a771-adc29eb392fe	14	45	2
463	車間內探測器型式、數量、功能良好，訊號傳至常時有人的中控室	0	3	\N	100	\N	\N	2018-09-17 18:00:39	2018-09-17 18:00:39	581a50ef-1838-5872-bdd6-cdc7b9df926b	15	46	3
464		0	3	\N	90	\N	\N	2018-09-17 18:00:39	2018-09-17 18:00:39	a1c156a1-cb11-5543-bbf8-2fb008fc51b5	15	46	3
465		0	3	\N	75	\N	\N	2018-09-17 18:00:39	2018-09-17 18:00:39	52c79c43-a339-5080-a30c-68ad42df8c07	15	46	3
466	車間內任何一處探測器故障或訊號受屏蔽	0	3	\N	60	\N	\N	2018-09-17 18:00:39	2018-09-17 18:00:39	d0f4aef8-23da-5d1e-a207-90f4c6127c53	15	46	3
467		0	3	\N	40	\N	\N	2018-09-17 18:00:39	2018-09-17 18:00:39	c60aeaee-377e-5f5f-bb45-ef47ef9e47cd	15	46	3
468	探測器型式錯誤或功能受損，導致無法正常動作，或訊號未傳至中控室	0	3	\N	0	\N	\N	2018-09-17 18:00:39	2018-09-17 18:00:39	9e0e7a02-0513-5460-8165-b8f06ef4a591	15	46	3
469	1.安裝一至數個，角度覆蓋全區\n2.反應時間0.5秒	0	3	\N	100	\N	\N	2018-09-17 18:00:39	2018-09-17 18:00:39	d0b6df18-d104-5ee4-9d78-a41fe8a458c2	15	47	3
470		0	3	\N	90	\N	\N	2018-09-17 18:00:39	2018-09-17 18:00:39	5948735d-f2c8-576d-8bf8-ad3e434c9b89	15	47	3
471	滿足1，不滿足2	0	3	\N	75	\N	\N	2018-09-17 18:00:39	2018-09-17 18:00:39	43e2ddd9-e624-585a-8ee0-1ce04585d79e	15	47	3
472	裝設角度無法覆蓋全區，且不滿足2項	0	3	\N	60	\N	\N	2018-09-17 18:00:39	2018-09-17 18:00:39	6d4f618f-fd76-585e-a622-77af904e0d3b	15	47	3
473	安裝方式錯誤或未安裝火焰探測器	0	3	\N	40	\N	\N	2018-09-17 18:00:39	2018-09-17 18:00:39	517ea2ce-4474-5497-86c0-ca5fc6c17d91	15	47	3
474		0	3	\N	0	\N	\N	2018-09-17 18:00:39	2018-09-17 18:00:39	fc7c0e17-d4f4-52c5-9f83-60a8233f8277	15	47	3
475	依NFPA或國標進行水力計算，能提供計算書/圖紙；通過當地政府消防驗收，能提供驗收資料	0	3	\N	100	\N	\N	2018-09-17 18:00:39	2018-09-17 18:00:39	7b11a382-c5df-540b-aa94-46259afd38d8	16	48	4
476		0	3	\N	90	\N	\N	2018-09-17 18:00:39	2018-09-17 18:00:39	04fec9cd-751c-55fc-90d2-2a837585605c	16	48	4
477		0	3	\N	75	\N	\N	2018-09-17 18:00:39	2018-09-17 18:00:39	930d7e81-a5ad-519c-97b1-ef05d8e37492	16	48	4
478		0	3	\N	60	\N	\N	2018-09-17 18:00:39	2018-09-17 18:00:39	85ef3a1d-8202-5b4f-b5cf-b646d1286305	16	48	4
479	依國標設計，通過當地政府消防驗收，但無法提供計算書/圖紙或驗收資料	0	3	\N	40	\N	\N	2018-09-17 18:00:39	2018-09-17 18:00:39	9399a873-36c2-5e62-9d3f-7656ccd71b4f	16	48	4
480	查勘時消防水池水量不足或嚴重缺失以及無消防水池	0	3	\N	0	\N	\N	2018-09-17 18:00:39	2018-09-17 18:00:39	d6c2c16d-e82b-5747-9490-a78bb34c80ed	16	48	4
481	電動泵、柴油泵一用一備，UL/FM認證	0	3	\N	100	\N	\N	2018-09-17 18:00:39	2018-09-17 18:00:39	570b2f34-dea9-5a9f-acec-8d3a2be428b5	16	49	4
482	兩台均為UL/FM認證電動泵，有緊急電源	0	3	\N	90	\N	\N	2018-09-17 18:00:39	2018-09-17 18:00:39	0a84f250-e7f9-5b2b-be4a-0bae8c108789	16	49	4
483	電動泵、柴油泵一用一備\n或兩台電動泵，有緊急電源	0	3	\N	75	\N	\N	2018-09-17 18:00:39	2018-09-17 18:00:39	25a34335-1901-55ba-add5-c289fbda04a8	16	49	4
484	兩台均為電動泵，無緊急電源	0	3	\N	60	\N	\N	2018-09-17 18:00:39	2018-09-17 18:00:39	c097340a-5c7a-51c7-9361-a9cc57e53c66	16	49	4
485	查勘時任一消防泵故障或處於手動模式	0	3	\N	40	\N	\N	2018-09-17 18:00:39	2018-09-17 18:00:39	575b7316-c46f-5215-937a-38cc929aab56	16	49	4
486	查勘時主備泵均故障或均處於手動模式	0	3	\N	0	\N	\N	2018-09-17 18:00:39	2018-09-17 18:00:39	3e5ec45b-acd1-552a-8573-5fd048271da3	16	49	4
487	(1)有規律的檢查、測試及保養排程，記錄完整\n(2)對缺失實施追蹤，均已改善完成	0	3	\N	100	\N	\N	2018-09-17 18:00:39	2018-09-17 18:00:39	dc72bc51-ec68-525c-828c-a825a78ab5e9	17	50	5
488		0	3	\N	90	\N	\N	2018-09-17 18:00:39	2018-09-17 18:00:39	cb17d73f-2baa-5bb0-b49b-e25a7ec338f8	17	50	5
489	(1)有規律的檢查、測試及保養排程，記錄完整\n(2)檢查及測試結果有缺失，尚未改善完成	0	3	\N	75	\N	\N	2018-09-17 18:00:39	2018-09-17 18:00:39	c4250b91-d811-5ca4-8ef0-5f3f833a6373	17	50	5
490	(1)檢查、測試及保養項目或記錄有缺漏，或\n(2)未對缺失實施追蹤改善	0	3	\N	60	\N	\N	2018-09-17 18:00:39	2018-09-17 18:00:39	87c60acf-dad0-5432-9444-62df98c94241	17	50	5
491	任一處現況與記錄不符	0	3	\N	40	\N	\N	2018-09-17 18:00:39	2018-09-17 18:00:39	d4b0c78e-f107-55c4-b296-0dd4e42f6f9b	17	50	5
492	無檢查、測試及保養記錄	0	3	\N	0	\N	\N	2018-09-17 18:00:39	2018-09-17 18:00:39	50958f81-ee6d-5b32-ba68-d7eb3cc3dc04	17	50	5
493	(1)有規律的檢查、測試及保養排程，記錄完整\n(2)對缺失實施追蹤，均已改善完成	0	3	\N	100	\N	\N	2018-09-17 18:00:39	2018-09-17 18:00:39	ef2e94f9-588e-5106-8dda-fc8e6db87946	17	51	5
494		0	3	\N	90	\N	\N	2018-09-17 18:00:39	2018-09-17 18:00:39	9aacfb55-d3e3-55a6-b3e9-ccd2e4a0b896	17	51	5
495	(1)有規律的檢查、測試及保養排程，記錄完整\n(2)檢查及測試結果有缺失，尚未改善完成	0	3	\N	75	\N	\N	2018-09-17 18:00:39	2018-09-17 18:00:39	6f23f912-eb8b-5ef3-ad52-f2a7a12bc119	17	51	5
496	(1)檢查、測試及保養項目或記錄有缺漏，或\n(2)未對缺失實施追蹤改善	0	3	\N	60	\N	\N	2018-09-17 18:00:39	2018-09-17 18:00:39	776dc751-fbd2-52ae-a5b1-419dfbc1ac69	17	51	5
497	任一處現況與記錄不符	0	3	\N	40	\N	\N	2018-09-17 18:00:39	2018-09-17 18:00:39	8a270568-5ebf-58fd-9f26-ca24e85cb2f3	17	51	5
498	無檢查、測試及保養記錄	0	3	\N	0	\N	\N	2018-09-17 18:00:39	2018-09-17 18:00:39	95f1ff7a-489e-5faf-806a-ce9b21bcac21	17	51	5
499	(1)有規律的檢查、測試及保養排程，記錄完整\n(2)對缺失實施追蹤，均已改善完成	0	3	\N	100	\N	\N	2018-09-17 18:00:39	2018-09-17 18:00:39	43653b68-923a-52b3-a83f-86d9029560d3	17	52	5
500		0	3	\N	90	\N	\N	2018-09-17 18:00:39	2018-09-17 18:00:39	5b2b8fa6-ba28-5e49-a1e2-04e320b81231	17	52	5
501	(1)有規律的檢查、測試及保養排程，記錄完整\n(2)檢查及測試結果有缺失，尚未改善完成	0	3	\N	75	\N	\N	2018-09-17 18:00:39	2018-09-17 18:00:39	5191adf7-f1de-5e6f-923e-6a0ed519b835	17	52	5
502	(1)檢查、測試及保養項目或記錄有缺漏，或\n(2)未對缺失實施追蹤改善	0	3	\N	60	\N	\N	2018-09-17 18:00:39	2018-09-17 18:00:39	e1df0b48-0001-54f6-adce-bf48618fd61b	17	52	5
503	任一處現況與記錄不符	0	3	\N	40	\N	\N	2018-09-17 18:00:39	2018-09-17 18:00:39	c97106c7-371a-5173-bd11-b1e12744fe45	17	52	5
504	無檢查、測試及保養記錄	0	3	\N	0	\N	\N	2018-09-17 18:00:39	2018-09-17 18:00:39	0872bd17-36c2-5456-9865-024ae08bf4b3	17	52	5
505	(1)有規律的檢查、測試及保養排程，記錄完整\n(2)對缺失實施追蹤，均已改善完成	0	3	\N	100	\N	\N	2018-09-17 18:00:39	2018-09-17 18:00:39	31335fc1-6c4f-5f75-83a2-e7e339179784	17	53	5
506		0	3	\N	90	\N	\N	2018-09-17 18:00:39	2018-09-17 18:00:39	625402a3-006d-54be-8373-67e5c4c12ba1	17	53	5
507	(1)有規律的檢查、測試及保養排程，記錄完整\n(2)檢查及測試結果有缺失，尚未改善完成	0	3	\N	75	\N	\N	2018-09-17 18:00:39	2018-09-17 18:00:39	40dd68de-3d64-5ca0-a38f-98ddc55b800b	17	53	5
508	(1)檢查、測試及保養項目或記錄有缺漏，或\n(2)未對缺失實施追蹤改善\n(如：噴櫃內噴頭積塵嚴重)	0	3	\N	60	\N	\N	2018-09-17 18:00:39	2018-09-17 18:00:39	3d3dd0fd-9054-5dca-879f-7f624c078fcd	17	53	5
509	任一處現況與記錄不符	0	3	\N	40	\N	\N	2018-09-17 18:00:39	2018-09-17 18:00:39	9b52dd04-440b-5183-82e2-71c45d446f59	17	53	5
510	無檢查、測試及保養記錄	0	3	\N	0	\N	\N	2018-09-17 18:00:39	2018-09-17 18:00:39	8a1cb839-f41f-5fad-bd97-2cd6b3bbd3cf	17	53	5
511	(1)有規律的檢查、測試及保養排程，記錄完整\n(2)對缺失實施追蹤，均已改善完成	0	3	\N	100	\N	\N	2018-09-17 18:00:39	2018-09-17 18:00:39	25d05f28-d6cc-5f59-bd5b-9a0570a46513	17	54	5
512		0	3	\N	90	\N	\N	2018-09-17 18:00:39	2018-09-17 18:00:39	eaafd0c2-dc5f-5950-9a8e-ac2c80177fa9	17	54	5
513	(1)有規律的檢查、測試及保養排程，記錄完整\n(2)檢查及測試結果有缺失，尚未改善完成	0	3	\N	75	\N	\N	2018-09-17 18:00:39	2018-09-17 18:00:39	5732664f-8cda-5c57-8905-d952c85965fe	17	54	5
574		0	4	62	60	\N	\N	2018-09-17 18:00:40	2018-09-17 18:00:40	fbd18aa3-5bd9-50e1-96a3-3411d4d76b08	19	58	2
514	(1)檢查、測試及保養項目或記錄有缺漏，或\n(2)未對缺失實施追蹤改善\n(如：未進行性能曲線測試)	0	3	\N	60	\N	\N	2018-09-17 18:00:39	2018-09-17 18:00:39	0169e017-8361-577c-9cac-934645bff6bd	17	54	5
515	任一處現況與記錄不符	0	3	\N	40	\N	\N	2018-09-17 18:00:39	2018-09-17 18:00:39	7875d536-de6e-521d-a7ca-cce2087be790	17	54	5
516	無檢查、測試及保養記錄	0	3	\N	0	\N	\N	2018-09-17 18:00:39	2018-09-17 18:00:39	196310d4-7831-5251-bc4f-79508b529837	17	54	5
517	依GB50016耐火一級設計，防火時效：\n1.柱3hr\n2.梁2hr	0	4	\N	100	\N	\N	2018-09-17 18:00:39	2018-09-17 18:00:39	f9ab550f-43a8-526d-a60e-4fcae91e88a0	18	55	1
518	依GB50016耐火二級設計，防火時效：\n1.柱2.5hr\n2.梁1.5hr	0	4	\N	90	\N	\N	2018-09-17 18:00:39	2018-09-17 18:00:39	2d15d243-73f5-555f-b91c-ba0e3cabd90d	18	55	1
519	依GB50016耐火三級設計，防火時效：\n1.柱2hr\n2.梁1hr	0	4	\N	75	\N	\N	2018-09-17 18:00:39	2018-09-17 18:00:39	5f4a5ca2-e4f6-530d-9288-22bf5824c420	18	55	1
520		0	4	\N	60	\N	\N	2018-09-17 18:00:39	2018-09-17 18:00:39	f5dc8ff8-f70f-5598-9d99-d3a122ab0fa5	18	55	1
521		0	4	\N	40	\N	\N	2018-09-17 18:00:39	2018-09-17 18:00:39	1973b7be-f706-57d4-8c71-28a794ce3823	18	55	1
522	鋼構梁柱且未施作防火被覆層	0	4	\N	0	\N	\N	2018-09-17 18:00:39	2018-09-17 18:00:39	d0267eb1-3963-50b0-9417-31ad2dc07184	18	55	1
523	皆為RC構造	0	4	\N	100	\N	\N	2018-09-17 18:00:39	2018-09-17 18:00:39	81acffc7-6ca5-59fa-95f8-2ea4d525828b	18	56	1
524		0	4	\N	90	\N	\N	2018-09-17 18:00:39	2018-09-17 18:00:39	1de78504-8237-599d-aebc-874788cf1c45	18	56	1
525	RC外牆、鋼構屋頂	0	4	\N	75	\N	\N	2018-09-17 18:00:39	2018-09-17 18:00:39	ff6606fd-2a61-5a45-b38a-00214163def7	18	56	1
526	外牆或屋頂採用PVC塗層布	0	4	\N	60	\N	\N	2018-09-17 18:00:39	2018-09-17 18:00:39	a1da6fe8-b2c5-5f19-af9b-ce0716d87f4a	18	56	1
527		0	4	\N	40	\N	\N	2018-09-17 18:00:39	2018-09-17 18:00:39	a63d62f5-745a-5c84-a878-674593222692	18	56	1
528		0	4	\N	0	\N	\N	2018-09-17 18:00:39	2018-09-17 18:00:39	c37574cd-5409-5006-b44b-f77de8d29c9c	18	56	1
529	2小時防火時效	0	4	55	100	\N	\N	2018-09-17 18:00:39	2018-09-17 18:00:39	5598163d-90dc-5c31-a070-bdb5b575df26	19	57	2
530		0	4	55	90	\N	\N	2018-09-17 18:00:39	2018-09-17 18:00:39	bebe9d7a-e31b-57f3-843b-d2adbd45c289	19	57	2
531		0	4	55	75	\N	\N	2018-09-17 18:00:39	2018-09-17 18:00:39	0e95868b-fdf1-520d-9d5a-e8bf4c3a533e	19	57	2
532		0	4	55	60	\N	\N	2018-09-17 18:00:39	2018-09-17 18:00:39	e4f66720-6323-571f-a328-cdfe4d078955	19	57	2
533	無同等時效或無法提供資料	0	4	55	40	\N	\N	2018-09-17 18:00:39	2018-09-17 18:00:39	91df8749-3f99-5e33-955a-c3806fe037c0	19	57	2
534	可燃材質，或金屬板加可燃夾芯	0	4	55	0	\N	\N	2018-09-17 18:00:39	2018-09-17 18:00:39	0e674923-b335-5423-bf2a-0ba2695bab33	19	57	2
535	經認證1.5小時防火時效，可自動關閉的防火門	0	4	56	100	\N	\N	2018-09-17 18:00:39	2018-09-17 18:00:39	56fab8e8-ea8d-5a56-8fb4-42a64c77bd72	19	57	2
536		0	4	56	90	\N	\N	2018-09-17 18:00:39	2018-09-17 18:00:39	52965a71-a378-5bda-b0b0-a2978ed85bbb	19	57	2
537		0	4	56	75	\N	\N	2018-09-17 18:00:39	2018-09-17 18:00:39	14a3eeda-5e9b-53e8-91d6-b21f8b323214	19	57	2
538		0	4	56	60	\N	\N	2018-09-17 18:00:39	2018-09-17 18:00:39	5a01835d-d5cb-56d6-9198-0deadfc677b2	19	57	2
539	1.無法提供認證資料\n2.無閉門器或損壞	0	4	56	40	\N	\N	2018-09-17 18:00:39	2018-09-17 18:00:39	6314d2ad-cb7e-5d51-949a-7392f402cb28	19	57	2
540		0	4	56	0	\N	\N	2018-09-17 18:00:39	2018-09-17 18:00:39	bf8a1e62-60f7-54cc-9a63-668510132a57	19	57	2
541	經認證2小時時效防火玻璃及金屬框架	0	4	57	100	\N	\N	2018-09-17 18:00:39	2018-09-17 18:00:39	7263e041-9006-550f-ab20-1920d11592c7	19	57	2
542		0	4	57	90	\N	\N	2018-09-17 18:00:39	2018-09-17 18:00:39	f6f5e106-5f9f-5dfb-9cdc-9d59c9acca82	19	57	2
543		0	4	57	75	\N	\N	2018-09-17 18:00:39	2018-09-17 18:00:39	c4dce789-fd77-5d78-9c4f-445635056ef6	19	57	2
544		0	4	57	60	\N	\N	2018-09-17 18:00:39	2018-09-17 18:00:39	8f5641bf-1313-5346-8a51-ea503b43e5ed	19	57	2
545	無同等時效或無法提供資料	0	4	57	40	\N	\N	2018-09-17 18:00:39	2018-09-17 18:00:39	fc291f97-3c68-5afd-a0f9-da3763c1d0f0	19	57	2
546		0	4	57	0	\N	\N	2018-09-17 18:00:39	2018-09-17 18:00:39	c1ce284d-e698-5999-ac7b-29c9a92d92c1	19	57	2
547	與牆面同等2小時時效、認證工法	0	4	58	100	\N	\N	2018-09-17 18:00:39	2018-09-17 18:00:39	f3339253-66ed-57fd-9eec-39b5a2257e36	19	57	2
548		0	4	58	90	\N	\N	2018-09-17 18:00:39	2018-09-17 18:00:39	aaef6118-09b5-5c89-b124-de4535989187	19	57	2
549		0	4	58	75	\N	\N	2018-09-17 18:00:39	2018-09-17 18:00:39	656e13ef-bf6d-53d4-a4ae-81cf809a83ac	19	57	2
550		0	4	58	60	\N	\N	2018-09-17 18:00:39	2018-09-17 18:00:39	e5122731-5b76-5dd0-ac97-bc6309e4110f	19	57	2
551	無同等時效或無法提供資料	0	4	58	40	\N	\N	2018-09-17 18:00:39	2018-09-17 18:00:39	ce33d3a0-69cf-537e-8455-b8a733953589	19	57	2
552		0	4	58	0	\N	\N	2018-09-17 18:00:39	2018-09-17 18:00:39	becd4541-b50e-520c-ac7b-5b67eb50d586	19	57	2
553	2小時防火時效	0	4	59	100	\N	\N	2018-09-17 18:00:39	2018-09-17 18:00:39	d64e293f-443d-5e20-a8dd-4c5991aef36d	19	58	2
554		0	4	59	90	\N	\N	2018-09-17 18:00:39	2018-09-17 18:00:39	d9d9d48b-fe5b-535b-bf2f-a6007caabfed	19	58	2
555	1小時防火時效	0	4	59	75	\N	\N	2018-09-17 18:00:39	2018-09-17 18:00:39	73f73f78-691c-50ab-a547-98c310caea52	19	58	2
556		0	4	59	60	\N	\N	2018-09-17 18:00:39	2018-09-17 18:00:39	efa93cbd-dcfe-5064-84a8-d1ecfed7a083	19	58	2
557	無同等時效或無法提供資料	0	4	59	40	\N	\N	2018-09-17 18:00:39	2018-09-17 18:00:39	41d1069b-cad3-542b-902c-b5f0babc2904	19	58	2
558	可燃材質，或金屬板加可燃夾芯	0	4	59	0	\N	\N	2018-09-17 18:00:39	2018-09-17 18:00:39	961adad5-414f-53bc-a9e2-03507dd82a55	19	58	2
559	經認證1.5小時防火時效、可自動關閉的防火門	0	4	60	100	\N	\N	2018-09-17 18:00:39	2018-09-17 18:00:39	f7579b64-d266-556e-9383-91834bcaf0d2	19	58	2
560		0	4	60	90	\N	\N	2018-09-17 18:00:39	2018-09-17 18:00:39	33e8012e-c956-5bc9-ab2d-c46cf4132da0	19	58	2
561	經認證1小時防火時效、可自動關閉的防火門	0	4	60	75	\N	\N	2018-09-17 18:00:39	2018-09-17 18:00:39	78827f14-ada8-51bf-8bce-022c7b72be11	19	58	2
562		0	4	60	60	\N	\N	2018-09-17 18:00:39	2018-09-17 18:00:39	3fc3e1cf-f961-56ce-b0be-0573eb22259b	19	58	2
563	1.無法提供認證資料\n2.無閉門器或損壞	0	4	60	40	\N	\N	2018-09-17 18:00:39	2018-09-17 18:00:39	f172e52e-b01d-5bc0-be6d-d308fbd1b110	19	58	2
564		0	4	60	0	\N	\N	2018-09-17 18:00:39	2018-09-17 18:00:39	553da0a3-4cae-573b-9f06-f26b287c47f4	19	58	2
565	經認證2小時時效防火玻璃及金屬框架	0	4	61	100	\N	\N	2018-09-17 18:00:39	2018-09-17 18:00:39	64339da6-7016-52a8-a99d-6b17fe1c4184	19	58	2
566		0	4	61	90	\N	\N	2018-09-17 18:00:39	2018-09-17 18:00:39	669da5aa-92c8-50bc-a8b8-d112d3bdbbeb	19	58	2
567	經認證1小時時效防火玻璃及金屬框架	0	4	61	75	\N	\N	2018-09-17 18:00:39	2018-09-17 18:00:39	0a78b83d-e5be-5eb6-89fc-cdbe6c5a708b	19	58	2
568		0	4	61	60	\N	\N	2018-09-17 18:00:39	2018-09-17 18:00:39	cf755f39-d37f-5cfe-9e7f-6bfad252979a	19	58	2
569	無同等時效或無法提供資料	0	4	61	40	\N	\N	2018-09-17 18:00:39	2018-09-17 18:00:39	a437973d-f995-5549-8444-efd7a0c731f4	19	58	2
570		0	4	61	0	\N	\N	2018-09-17 18:00:39	2018-09-17 18:00:39	4cc6598d-c00c-596a-87a0-c57678958671	19	58	2
571	與牆面同等2小時時效、認證工法	0	4	62	100	\N	\N	2018-09-17 18:00:40	2018-09-17 18:00:40	58374c39-48ee-576d-85ee-e7dacd2dddbc	19	58	2
572		0	4	62	90	\N	\N	2018-09-17 18:00:40	2018-09-17 18:00:40	a5f34fbe-5796-5aa9-ab68-7077efd5221e	19	58	2
573	1小時防火時效、認證工法	0	4	62	75	\N	\N	2018-09-17 18:00:40	2018-09-17 18:00:40	3027ae04-fc2a-57fd-b208-2c7a90229d6c	19	58	2
575	無同等時效或無法提供資料	0	4	62	40	\N	\N	2018-09-17 18:00:40	2018-09-17 18:00:40	e54dc155-513c-5834-a5f4-83086b4fb53c	19	58	2
576		0	4	62	0	\N	\N	2018-09-17 18:00:40	2018-09-17 18:00:40	e028c3ef-7eda-5732-9713-32cf242c2cfb	19	58	2
\.


--
-- TOC entry 2308 (class 0 OID 0)
-- Dependencies: 202
-- Name: check_standard_id_seq; Type: SEQUENCE SET; Schema: public; Owner: postgres
--

SELECT pg_catalog.setval('public.check_standard_id_seq', 576, true);


--
-- TOC entry 2158 (class 2606 OID 17381)
-- Name: check_bank check_bank_pkey; Type: CONSTRAINT; Schema: public; Owner: postgres
--

ALTER TABLE ONLY public.check_bank
    ADD CONSTRAINT check_bank_pkey PRIMARY KEY (id);


--
-- TOC entry 2160 (class 2606 OID 17383)
-- Name: check_bank check_bank_uuid_unique; Type: CONSTRAINT; Schema: public; Owner: postgres
--

ALTER TABLE ONLY public.check_bank
    ADD CONSTRAINT check_bank_uuid_unique UNIQUE (uuid);


--
-- TOC entry 2162 (class 2606 OID 17385)
-- Name: check_category check_category_pkey; Type: CONSTRAINT; Schema: public; Owner: postgres
--

ALTER TABLE ONLY public.check_category
    ADD CONSTRAINT check_category_pkey PRIMARY KEY (id);


--
-- TOC entry 2164 (class 2606 OID 17389)
-- Name: check_item check_item_pkey1; Type: CONSTRAINT; Schema: public; Owner: postgres
--

ALTER TABLE ONLY public.check_item
    ADD CONSTRAINT check_item_pkey1 PRIMARY KEY (id);


--
-- TOC entry 2166 (class 2606 OID 17393)
-- Name: check_point check_point_pkey; Type: CONSTRAINT; Schema: public; Owner: postgres
--

ALTER TABLE ONLY public.check_point
    ADD CONSTRAINT check_point_pkey PRIMARY KEY (id);


--
-- TOC entry 2168 (class 2606 OID 17395)
-- Name: check_point check_point_uuid_unique; Type: CONSTRAINT; Schema: public; Owner: postgres
--

ALTER TABLE ONLY public.check_point
    ADD CONSTRAINT check_point_uuid_unique UNIQUE (uuid);


--
-- TOC entry 2170 (class 2606 OID 17401)
-- Name: check_standard check_standard_pkey; Type: CONSTRAINT; Schema: public; Owner: postgres
--

ALTER TABLE ONLY public.check_standard
    ADD CONSTRAINT check_standard_pkey PRIMARY KEY (id);


--
-- TOC entry 2172 (class 2606 OID 17403)
-- Name: check_standard check_standard_uuid_unique; Type: CONSTRAINT; Schema: public; Owner: postgres
--

ALTER TABLE ONLY public.check_standard
    ADD CONSTRAINT check_standard_uuid_unique UNIQUE (uuid);


-- Completed on 2018-09-17 18:11:04

--
-- PostgreSQL database dump complete
--

