--
--


-- Started on 2018-09-17 11:25:44


--
-- TOC entry 1 (class 3079 OID 12387)
-- Name: plpgsql; Type: EXTENSION; Schema: -; Owner: 
--

CREATE EXTENSION IF NOT EXISTS plpgsql WITH SCHEMA pg_catalog;


--
-- TOC entry 2467 (class 0 OID 0)
-- Dependencies: 1
-- Name: EXTENSION plpgsql; Type: COMMENT; Schema: -; Owner: 
--

COMMENT ON EXTENSION plpgsql IS 'PL/pgSQL procedural language';




--
-- TOC entry 185 (class 1259 OID 16831)
-- Name: area; Type: TABLE; Schema: public; Owner: postgres
--

CREATE TABLE public.area (
    id integer NOT NULL,
    country_id integer NOT NULL,
    region_id integer NOT NULL,
    name character varying(255) NOT NULL,
    remark character varying(255),
    deleted_at timestamp(0) without time zone,
    created_at timestamp(0) without time zone,
    updated_at timestamp(0) without time zone,
    uuid uuid
);


ALTER TABLE public.area OWNER TO postgres;

--
-- TOC entry 186 (class 1259 OID 16837)
-- Name: area_id_seq; Type: SEQUENCE; Schema: public; Owner: postgres
--

CREATE SEQUENCE public.area_id_seq
    START WITH 1
    INCREMENT BY 1
    NO MINVALUE
    NO MAXVALUE
    CACHE 1;


ALTER TABLE public.area_id_seq OWNER TO postgres;

--
-- TOC entry 2468 (class 0 OID 0)
-- Dependencies: 186
-- Name: area_id_seq; Type: SEQUENCE OWNED BY; Schema: public; Owner: postgres
--

ALTER SEQUENCE public.area_id_seq OWNED BY public.area.id;


--
-- TOC entry 187 (class 1259 OID 16839)
-- Name: check; Type: TABLE; Schema: public; Owner: postgres
--

CREATE TABLE public."check" (
    id integer NOT NULL,
    p_id integer NOT NULL,
    unit_id integer NOT NULL,
    create_user_id integer NOT NULL,
    finish_user_id integer NOT NULL,
    examine_user_id integer,
    score double precision,
    remark character varying(255),
    is_draft integer NOT NULL,
    is_examine integer NOT NULL,
    created_at timestamp(0) without time zone,
    updated_at timestamp(0) without time zone,
    examine_date timestamp(0) without time zone,
    deleted_at timestamp(0) without time zone,
    uuid uuid
);


ALTER TABLE public."check" OWNER TO postgres;

--
-- TOC entry 188 (class 1259 OID 16842)
-- Name: check_bank; Type: TABLE; Schema: public; Owner: postgres
--

CREATE TABLE public.check_bank (
    id integer NOT NULL,
    content character varying(255) NOT NULL,
    remark character varying(255),
    project_created integer,
    sequence integer,
    deleted_at timestamp(0) without time zone,
    created_at timestamp(0) without time zone,
    updated_at timestamp(0) without time zone,
    uuid uuid
);


ALTER TABLE public.check_bank OWNER TO postgres;

--
-- TOC entry 189 (class 1259 OID 16848)
-- Name: check_bank_id_seq; Type: SEQUENCE; Schema: public; Owner: postgres
--

CREATE SEQUENCE public.check_bank_id_seq
    START WITH 1
    INCREMENT BY 1
    NO MINVALUE
    NO MAXVALUE
    CACHE 1;


ALTER TABLE public.check_bank_id_seq OWNER TO postgres;

--
-- TOC entry 2469 (class 0 OID 0)
-- Dependencies: 189
-- Name: check_bank_id_seq; Type: SEQUENCE OWNED BY; Schema: public; Owner: postgres
--

ALTER SEQUENCE public.check_bank_id_seq OWNED BY public.check_bank.id;


--
-- TOC entry 234 (class 1259 OID 17130)
-- Name: check_category_id_seq; Type: SEQUENCE; Schema: public; Owner: postgres
--

CREATE SEQUENCE public.check_category_id_seq
    START WITH 1
    INCREMENT BY 1
    NO MINVALUE
    NO MAXVALUE
    CACHE 1;


ALTER TABLE public.check_category_id_seq OWNER TO postgres;

--
-- TOC entry 235 (class 1259 OID 17132)
-- Name: check_category; Type: TABLE; Schema: public; Owner: postgres
--

CREATE TABLE public.check_category (
    id integer DEFAULT nextval('public.check_category_id_seq'::regclass) NOT NULL,
    content character varying(255) NOT NULL,
    sequence integer NOT NULL,
    deleted_at timestamp(0) without time zone,
    created_at timestamp(0) without time zone,
    updated_at timestamp(0) without time zone,
    weight double precision
);


ALTER TABLE public.check_category OWNER TO postgres;

--
-- TOC entry 190 (class 1259 OID 16850)
-- Name: check_file; Type: TABLE; Schema: public; Owner: postgres
--

CREATE TABLE public.check_file (
    id integer NOT NULL,
    check_id integer NOT NULL,
    standard_id character varying(255),
    file_name character varying(255)
);


ALTER TABLE public.check_file OWNER TO postgres;

--
-- TOC entry 191 (class 1259 OID 16856)
-- Name: check_file_id_seq; Type: SEQUENCE; Schema: public; Owner: postgres
--

CREATE SEQUENCE public.check_file_id_seq
    START WITH 1
    INCREMENT BY 1
    NO MINVALUE
    NO MAXVALUE
    CACHE 1;


ALTER TABLE public.check_file_id_seq OWNER TO postgres;

--
-- TOC entry 2470 (class 0 OID 0)
-- Dependencies: 191
-- Name: check_file_id_seq; Type: SEQUENCE OWNED BY; Schema: public; Owner: postgres
--

ALTER SEQUENCE public.check_file_id_seq OWNED BY public.check_file.id;


--
-- TOC entry 192 (class 1259 OID 16858)
-- Name: check_id_seq; Type: SEQUENCE; Schema: public; Owner: postgres
--

CREATE SEQUENCE public.check_id_seq
    START WITH 1
    INCREMENT BY 1
    NO MINVALUE
    NO MAXVALUE
    CACHE 1;


ALTER TABLE public.check_id_seq OWNER TO postgres;

--
-- TOC entry 2471 (class 0 OID 0)
-- Dependencies: 192
-- Name: check_id_seq; Type: SEQUENCE OWNED BY; Schema: public; Owner: postgres
--

ALTER SEQUENCE public.check_id_seq OWNED BY public."check".id;


--
-- TOC entry 236 (class 1259 OID 17138)
-- Name: check_item_id_seq; Type: SEQUENCE; Schema: public; Owner: postgres
--

CREATE SEQUENCE public.check_item_id_seq
    START WITH 1
    INCREMENT BY 1
    NO MINVALUE
    NO MAXVALUE
    CACHE 1;


ALTER TABLE public.check_item_id_seq OWNER TO postgres;

--
-- TOC entry 237 (class 1259 OID 17140)
-- Name: check_item; Type: TABLE; Schema: public; Owner: postgres
--

CREATE TABLE public.check_item (
    id integer DEFAULT nextval('public.check_item_id_seq'::regclass) NOT NULL,
    content character varying(255) NOT NULL,
    sequence integer NOT NULL,
    deleted_at timestamp(0) without time zone,
    created_at timestamp(0) without time zone,
    updated_at timestamp(0) without time zone,
    weight double precision
);


ALTER TABLE public.check_item OWNER TO postgres;

--
-- TOC entry 193 (class 1259 OID 16860)
-- Name: check_point; Type: TABLE; Schema: public; Owner: postgres
--

CREATE TABLE public.check_point (
    id integer NOT NULL,
    content character varying(255) NOT NULL,
    sequence integer,
    deleted_at timestamp(0) without time zone,
    created_at timestamp(0) without time zone,
    updated_at timestamp(0) without time zone,
    uuid uuid
);


ALTER TABLE public.check_point OWNER TO postgres;

--
-- TOC entry 194 (class 1259 OID 16863)
-- Name: check_point_id_seq; Type: SEQUENCE; Schema: public; Owner: postgres
--

CREATE SEQUENCE public.check_point_id_seq
    START WITH 1
    INCREMENT BY 1
    NO MINVALUE
    NO MAXVALUE
    CACHE 1;


ALTER TABLE public.check_point_id_seq OWNER TO postgres;

--
-- TOC entry 2472 (class 0 OID 0)
-- Dependencies: 194
-- Name: check_point_id_seq; Type: SEQUENCE OWNED BY; Schema: public; Owner: postgres
--

ALTER SEQUENCE public.check_point_id_seq OWNED BY public.check_point.id;


--
-- TOC entry 195 (class 1259 OID 16865)
-- Name: check_record; Type: TABLE; Schema: public; Owner: postgres
--

CREATE TABLE public.check_record (
    id integer NOT NULL,
    check_id integer NOT NULL,
    check_bank_id integer NOT NULL,
    check_point_id integer,
    check_standard_id integer NOT NULL,
    check_status_id integer,
    remark character varying(255),
    check_bank_content character varying(255),
    check_point_content character varying(255),
    check_standard_content text,
    check_status_content character varying(255),
    check_status_score double precision,
    update_of_times integer,
    image text,
    image2 text,
    image3 text,
    uuid uuid,
    check_category_id integer,
    check_item_id integer,
    class integer,
    check_category_content character varying(255),
    check_item_content character varying(255)
);


ALTER TABLE public.check_record OWNER TO postgres;

--
-- TOC entry 196 (class 1259 OID 16871)
-- Name: check_record_id_seq; Type: SEQUENCE; Schema: public; Owner: postgres
--

CREATE SEQUENCE public.check_record_id_seq
    START WITH 1
    INCREMENT BY 1
    NO MINVALUE
    NO MAXVALUE
    CACHE 1;


ALTER TABLE public.check_record_id_seq OWNER TO postgres;

--
-- TOC entry 2473 (class 0 OID 0)
-- Dependencies: 196
-- Name: check_record_id_seq; Type: SEQUENCE OWNED BY; Schema: public; Owner: postgres
--

ALTER SEQUENCE public.check_record_id_seq OWNED BY public.check_record.id;


--
-- TOC entry 197 (class 1259 OID 16873)
-- Name: check_standard; Type: TABLE; Schema: public; Owner: postgres
--

CREATE TABLE public.check_standard (
    id integer NOT NULL,
    content text NOT NULL,
    sequence integer NOT NULL,
    check_bank_id integer NOT NULL,
    check_point_id integer,
    conform_score double precision NOT NULL,
    part_score double precision,
    deleted_at timestamp(0) without time zone,
    created_at timestamp(0) without time zone,
    updated_at timestamp(0) without time zone,
    uuid uuid,
    check_category_id integer,
    check_item_id integer,
    class integer
);


ALTER TABLE public.check_standard OWNER TO postgres;

--
-- TOC entry 198 (class 1259 OID 16879)
-- Name: check_standard_id_seq; Type: SEQUENCE; Schema: public; Owner: postgres
--

CREATE SEQUENCE public.check_standard_id_seq
    START WITH 1
    INCREMENT BY 1
    NO MINVALUE
    NO MAXVALUE
    CACHE 1;


ALTER TABLE public.check_standard_id_seq OWNER TO postgres;

--
-- TOC entry 2474 (class 0 OID 0)
-- Dependencies: 198
-- Name: check_standard_id_seq; Type: SEQUENCE OWNED BY; Schema: public; Owner: postgres
--

ALTER SEQUENCE public.check_standard_id_seq OWNED BY public.check_standard.id;


--
-- TOC entry 199 (class 1259 OID 16881)
-- Name: check_status; Type: TABLE; Schema: public; Owner: postgres
--

CREATE TABLE public.check_status (
    id integer NOT NULL,
    content character varying(255) NOT NULL
);


ALTER TABLE public.check_status OWNER TO postgres;

--
-- TOC entry 200 (class 1259 OID 16884)
-- Name: check_status_id_seq; Type: SEQUENCE; Schema: public; Owner: postgres
--

CREATE SEQUENCE public.check_status_id_seq
    START WITH 1
    INCREMENT BY 1
    NO MINVALUE
    NO MAXVALUE
    CACHE 1;


ALTER TABLE public.check_status_id_seq OWNER TO postgres;

--
-- TOC entry 2475 (class 0 OID 0)
-- Dependencies: 200
-- Name: check_status_id_seq; Type: SEQUENCE OWNED BY; Schema: public; Owner: postgres
--

ALTER SEQUENCE public.check_status_id_seq OWNED BY public.check_status.id;


--
-- TOC entry 201 (class 1259 OID 16886)
-- Name: company; Type: TABLE; Schema: public; Owner: postgres
--

CREATE TABLE public.company (
    id integer NOT NULL,
    country_id integer NOT NULL,
    region_id integer NOT NULL,
    area_id integer NOT NULL,
    name character varying(255) NOT NULL,
    alias character varying(255),
    remark character varying(255),
    deleted_at timestamp(0) without time zone,
    created_at timestamp(0) without time zone,
    updated_at timestamp(0) without time zone,
    uuid uuid
);


ALTER TABLE public.company OWNER TO postgres;

--
-- TOC entry 202 (class 1259 OID 16892)
-- Name: company_id_seq; Type: SEQUENCE; Schema: public; Owner: postgres
--

CREATE SEQUENCE public.company_id_seq
    START WITH 1
    INCREMENT BY 1
    NO MINVALUE
    NO MAXVALUE
    CACHE 1;


ALTER TABLE public.company_id_seq OWNER TO postgres;

--
-- TOC entry 2476 (class 0 OID 0)
-- Dependencies: 202
-- Name: company_id_seq; Type: SEQUENCE OWNED BY; Schema: public; Owner: postgres
--

ALTER SEQUENCE public.company_id_seq OWNED BY public.company.id;


--
-- TOC entry 203 (class 1259 OID 16894)
-- Name: country; Type: TABLE; Schema: public; Owner: postgres
--

CREATE TABLE public.country (
    id integer NOT NULL,
    name character varying(255) NOT NULL,
    remark character varying(255),
    deleted_at timestamp(0) without time zone,
    created_at timestamp(0) without time zone,
    updated_at timestamp(0) without time zone,
    uuid uuid
);


ALTER TABLE public.country OWNER TO postgres;

--
-- TOC entry 204 (class 1259 OID 16900)
-- Name: country_id_seq; Type: SEQUENCE; Schema: public; Owner: postgres
--

CREATE SEQUENCE public.country_id_seq
    START WITH 1
    INCREMENT BY 1
    NO MINVALUE
    NO MAXVALUE
    CACHE 1;


ALTER TABLE public.country_id_seq OWNER TO postgres;

--
-- TOC entry 2477 (class 0 OID 0)
-- Dependencies: 204
-- Name: country_id_seq; Type: SEQUENCE OWNED BY; Schema: public; Owner: postgres
--

ALTER SEQUENCE public.country_id_seq OWNED BY public.country.id;


--
-- TOC entry 205 (class 1259 OID 16902)
-- Name: examine_record; Type: TABLE; Schema: public; Owner: postgres
--

CREATE TABLE public.examine_record (
    id integer NOT NULL,
    check_id integer NOT NULL,
    check_bank_id integer NOT NULL,
    check_point_id integer NOT NULL,
    check_standard_id integer NOT NULL,
    check_status_id integer NOT NULL,
    remark character varying(255),
    check_bank_content character varying(255) NOT NULL,
    check_point_content character varying(255) NOT NULL,
    check_standard_content text NOT NULL,
    check_status_content character varying(255) NOT NULL,
    check_status_score integer NOT NULL,
    image text,
    image2 text,
    image3 text,
    examine_user_id integer NOT NULL,
    update_date timestamp(0) without time zone NOT NULL
);


ALTER TABLE public.examine_record OWNER TO postgres;

--
-- TOC entry 206 (class 1259 OID 16908)
-- Name: examine_record_id_seq; Type: SEQUENCE; Schema: public; Owner: postgres
--

CREATE SEQUENCE public.examine_record_id_seq
    START WITH 1
    INCREMENT BY 1
    NO MINVALUE
    NO MAXVALUE
    CACHE 1;


ALTER TABLE public.examine_record_id_seq OWNER TO postgres;

--
-- TOC entry 2478 (class 0 OID 0)
-- Dependencies: 206
-- Name: examine_record_id_seq; Type: SEQUENCE OWNED BY; Schema: public; Owner: postgres
--

ALTER SEQUENCE public.examine_record_id_seq OWNED BY public.examine_record.id;


--
-- TOC entry 207 (class 1259 OID 16910)
-- Name: migrations; Type: TABLE; Schema: public; Owner: postgres
--

CREATE TABLE public.migrations (
    id integer NOT NULL,
    migration character varying(255) NOT NULL,
    batch integer NOT NULL
);


ALTER TABLE public.migrations OWNER TO postgres;

--
-- TOC entry 208 (class 1259 OID 16913)
-- Name: migrations_id_seq; Type: SEQUENCE; Schema: public; Owner: postgres
--

CREATE SEQUENCE public.migrations_id_seq
    START WITH 1
    INCREMENT BY 1
    NO MINVALUE
    NO MAXVALUE
    CACHE 1;


ALTER TABLE public.migrations_id_seq OWNER TO postgres;

--
-- TOC entry 2479 (class 0 OID 0)
-- Dependencies: 208
-- Name: migrations_id_seq; Type: SEQUENCE OWNED BY; Schema: public; Owner: postgres
--

ALTER SEQUENCE public.migrations_id_seq OWNED BY public.migrations.id;

--
-- TOC entry 210 (class 1259 OID 16921)
-- Name: oauth_auth_codes; Type: TABLE; Schema: public; Owner: postgres
--

CREATE TABLE public.oauth_auth_codes (
    id character varying(100) NOT NULL,
    user_id integer NOT NULL,
    client_id integer NOT NULL,
    scopes text,
    revoked boolean NOT NULL,
    expires_at timestamp(0) without time zone
);


ALTER TABLE public.oauth_auth_codes OWNER TO postgres;

--
-- TOC entry 212 (class 1259 OID 16933)
-- Name: oauth_clients_id_seq; Type: SEQUENCE; Schema: public; Owner: postgres
--

CREATE SEQUENCE public.oauth_clients_id_seq
    START WITH 1
    INCREMENT BY 1
    NO MINVALUE
    NO MAXVALUE
    CACHE 1;


ALTER TABLE public.oauth_clients_id_seq OWNER TO postgres;

--
-- TOC entry 2480 (class 0 OID 0)
-- Dependencies: 212
-- Name: oauth_clients_id_seq; Type: SEQUENCE OWNED BY; Schema: public; Owner: postgres
--

ALTER SEQUENCE public.oauth_clients_id_seq OWNED BY public.oauth_clients.id;


--
-- TOC entry 213 (class 1259 OID 16935)
-- Name: oauth_personal_access_clients; Type: TABLE; Schema: public; Owner: postgres
--

CREATE TABLE public.oauth_personal_access_clients (
    id integer NOT NULL,
    client_id integer NOT NULL,
    created_at timestamp(0) without time zone,
    updated_at timestamp(0) without time zone
);


ALTER TABLE public.oauth_personal_access_clients OWNER TO postgres;

--
-- TOC entry 214 (class 1259 OID 16938)
-- Name: oauth_personal_access_clients_id_seq; Type: SEQUENCE; Schema: public; Owner: postgres
--

CREATE SEQUENCE public.oauth_personal_access_clients_id_seq
    START WITH 1
    INCREMENT BY 1
    NO MINVALUE
    NO MAXVALUE
    CACHE 1;


ALTER TABLE public.oauth_personal_access_clients_id_seq OWNER TO postgres;

--
-- TOC entry 2481 (class 0 OID 0)
-- Dependencies: 214
-- Name: oauth_personal_access_clients_id_seq; Type: SEQUENCE OWNED BY; Schema: public; Owner: postgres
--

ALTER SEQUENCE public.oauth_personal_access_clients_id_seq OWNED BY public.oauth_personal_access_clients.id;

--
-- TOC entry 217 (class 1259 OID 16949)
-- Name: permissions; Type: TABLE; Schema: public; Owner: postgres
--

CREATE TABLE public.permissions (
    id character varying(255) NOT NULL,
    name character varying(255)
);


ALTER TABLE public.permissions OWNER TO postgres;

--
-- TOC entry 218 (class 1259 OID 16955)
-- Name: project; Type: TABLE; Schema: public; Owner: postgres
--

CREATE TABLE public.project (
    id integer NOT NULL,
    parent_id integer NOT NULL,
    index integer NOT NULL,
    name character varying(255) NOT NULL,
    status integer NOT NULL,
    bank_id character varying(255),
    owner character varying(255),
    start_date character varying(255),
    end_date character varying(255),
    remark character varying(255),
    deleted_at timestamp(0) without time zone,
    created_at timestamp(0) without time zone,
    updated_at timestamp(0) without time zone
);


ALTER TABLE public.project OWNER TO postgres;

--
-- TOC entry 219 (class 1259 OID 16961)
-- Name: project_id_seq; Type: SEQUENCE; Schema: public; Owner: postgres
--

CREATE SEQUENCE public.project_id_seq
    START WITH 1
    INCREMENT BY 1
    NO MINVALUE
    NO MAXVALUE
    CACHE 1;


ALTER TABLE public.project_id_seq OWNER TO postgres;

--
-- TOC entry 2482 (class 0 OID 0)
-- Dependencies: 219
-- Name: project_id_seq; Type: SEQUENCE OWNED BY; Schema: public; Owner: postgres
--

ALTER SEQUENCE public.project_id_seq OWNED BY public.project.id;


--
-- TOC entry 220 (class 1259 OID 16963)
-- Name: project_record; Type: TABLE; Schema: public; Owner: postgres
--

CREATE TABLE public.project_record (
    id integer NOT NULL,
    p_id integer NOT NULL,
    unit_id integer NOT NULL,
    bank_id character varying(255) NOT NULL
);


ALTER TABLE public.project_record OWNER TO postgres;

--
-- TOC entry 221 (class 1259 OID 16966)
-- Name: project_record_id_seq; Type: SEQUENCE; Schema: public; Owner: postgres
--

CREATE SEQUENCE public.project_record_id_seq
    START WITH 1
    INCREMENT BY 1
    NO MINVALUE
    NO MAXVALUE
    CACHE 1;


ALTER TABLE public.project_record_id_seq OWNER TO postgres;

--
-- TOC entry 2483 (class 0 OID 0)
-- Dependencies: 221
-- Name: project_record_id_seq; Type: SEQUENCE OWNED BY; Schema: public; Owner: postgres
--

ALTER SEQUENCE public.project_record_id_seq OWNED BY public.project_record.id;


--
-- TOC entry 222 (class 1259 OID 16968)
-- Name: region; Type: TABLE; Schema: public; Owner: postgres
--

CREATE TABLE public.region (
    id integer NOT NULL,
    country_id integer NOT NULL,
    name character varying(255) NOT NULL,
    remark character varying(255),
    deleted_at timestamp(0) without time zone,
    created_at timestamp(0) without time zone,
    updated_at timestamp(0) without time zone,
    uuid uuid
);


ALTER TABLE public.region OWNER TO postgres;

--
-- TOC entry 223 (class 1259 OID 16974)
-- Name: region_id_seq; Type: SEQUENCE; Schema: public; Owner: postgres
--

CREATE SEQUENCE public.region_id_seq
    START WITH 1
    INCREMENT BY 1
    NO MINVALUE
    NO MAXVALUE
    CACHE 1;


ALTER TABLE public.region_id_seq OWNER TO postgres;

--
-- TOC entry 2484 (class 0 OID 0)
-- Dependencies: 223
-- Name: region_id_seq; Type: SEQUENCE OWNED BY; Schema: public; Owner: postgres
--

ALTER SEQUENCE public.region_id_seq OWNED BY public.region.id;


--
-- TOC entry 224 (class 1259 OID 16976)
-- Name: roles; Type: TABLE; Schema: public; Owner: postgres
--

CREATE TABLE public.roles (
    id character varying(255) NOT NULL,
    name character varying(255),
    permission_id text
);


ALTER TABLE public.roles OWNER TO postgres;

--
-- TOC entry 225 (class 1259 OID 16982)
-- Name: roles_permissions; Type: TABLE; Schema: public; Owner: postgres
--

CREATE TABLE public.roles_permissions (
    role_id character varying(255) NOT NULL,
    permission_id character varying(255)
);


ALTER TABLE public.roles_permissions OWNER TO postgres;

--
-- TOC entry 226 (class 1259 OID 16988)
-- Name: unit; Type: TABLE; Schema: public; Owner: postgres
--

CREATE TABLE public.unit (
    id integer NOT NULL,
    country_id integer NOT NULL,
    region_id integer NOT NULL,
    area_id integer NOT NULL,
    company_id integer NOT NULL,
    type_id integer NOT NULL,
    name character varying(255) NOT NULL,
    alias character varying(255),
    business character varying(255),
    floor character varying(255),
    location character varying(255),
    contact character varying(255),
    bank_id text,
    owner text,
    remark character varying(255),
    deleted_at timestamp(0) without time zone,
    created_at timestamp(0) without time zone,
    updated_at timestamp(0) without time zone,
    uuid uuid
);


ALTER TABLE public.unit OWNER TO postgres;

--
-- TOC entry 227 (class 1259 OID 16994)
-- Name: unit_id_seq; Type: SEQUENCE; Schema: public; Owner: postgres
--

CREATE SEQUENCE public.unit_id_seq
    START WITH 1
    INCREMENT BY 1
    NO MINVALUE
    NO MAXVALUE
    CACHE 1;


ALTER TABLE public.unit_id_seq OWNER TO postgres;

--
-- TOC entry 2485 (class 0 OID 0)
-- Dependencies: 227
-- Name: unit_id_seq; Type: SEQUENCE OWNED BY; Schema: public; Owner: postgres
--

ALTER SEQUENCE public.unit_id_seq OWNED BY public.unit.id;


--
-- TOC entry 228 (class 1259 OID 16996)
-- Name: unit_type; Type: TABLE; Schema: public; Owner: postgres
--

CREATE TABLE public.unit_type (
    id integer NOT NULL,
    name character varying(255) NOT NULL,
    autofill character varying(255),
    deleted_at timestamp(0) without time zone
);


ALTER TABLE public.unit_type OWNER TO postgres;

--
-- TOC entry 229 (class 1259 OID 17002)
-- Name: unit_type_id_seq; Type: SEQUENCE; Schema: public; Owner: postgres
--

CREATE SEQUENCE public.unit_type_id_seq
    START WITH 1
    INCREMENT BY 1
    NO MINVALUE
    NO MAXVALUE
    CACHE 1;


ALTER TABLE public.unit_type_id_seq OWNER TO postgres;

--
-- TOC entry 2486 (class 0 OID 0)
-- Dependencies: 229
-- Name: unit_type_id_seq; Type: SEQUENCE OWNED BY; Schema: public; Owner: postgres
--

ALTER SEQUENCE public.unit_type_id_seq OWNED BY public.unit_type.id;

--
-- TOC entry 231 (class 1259 OID 17010)
-- Name: users_id_seq; Type: SEQUENCE; Schema: public; Owner: postgres
--

CREATE SEQUENCE public.users_id_seq
    START WITH 1
    INCREMENT BY 1
    NO MINVALUE
    NO MAXVALUE
    CACHE 1;


ALTER TABLE public.users_id_seq OWNER TO postgres;

--
-- TOC entry 2487 (class 0 OID 0)
-- Dependencies: 231
-- Name: users_id_seq; Type: SEQUENCE OWNED BY; Schema: public; Owner: postgres
--

ALTER SEQUENCE public.users_id_seq OWNED BY public.users.id;


--
-- TOC entry 232 (class 1259 OID 17012)
-- Name: work_point; Type: TABLE; Schema: public; Owner: postgres
--

CREATE TABLE public.work_point (
    id integer NOT NULL,
    p_id integer NOT NULL,
    sequence integer NOT NULL,
    event character varying(255) NOT NULL,
    charge_unit character varying(255) NOT NULL,
    remark character varying(255),
    created_at timestamp(0) without time zone,
    updated_at timestamp(0) without time zone
);


ALTER TABLE public.work_point OWNER TO postgres;

--
-- TOC entry 233 (class 1259 OID 17018)
-- Name: work_point_id_seq; Type: SEQUENCE; Schema: public; Owner: postgres
--

CREATE SEQUENCE public.work_point_id_seq
    START WITH 1
    INCREMENT BY 1
    NO MINVALUE
    NO MAXVALUE
    CACHE 1;


ALTER TABLE public.work_point_id_seq OWNER TO postgres;

--
-- TOC entry 2488 (class 0 OID 0)
-- Dependencies: 233
-- Name: work_point_id_seq; Type: SEQUENCE OWNED BY; Schema: public; Owner: postgres
--

ALTER SEQUENCE public.work_point_id_seq OWNED BY public.work_point.id;


--
-- TOC entry 2182 (class 2604 OID 17020)
-- Name: area id; Type: DEFAULT; Schema: public; Owner: postgres
--

ALTER TABLE ONLY public.area ALTER COLUMN id SET DEFAULT nextval('public.area_id_seq'::regclass);


--
-- TOC entry 2183 (class 2604 OID 17021)
-- Name: check id; Type: DEFAULT; Schema: public; Owner: postgres
--

ALTER TABLE ONLY public."check" ALTER COLUMN id SET DEFAULT nextval('public.check_id_seq'::regclass);


--
-- TOC entry 2184 (class 2604 OID 17022)
-- Name: check_bank id; Type: DEFAULT; Schema: public; Owner: postgres
--

ALTER TABLE ONLY public.check_bank ALTER COLUMN id SET DEFAULT nextval('public.check_bank_id_seq'::regclass);


--
-- TOC entry 2185 (class 2604 OID 17023)
-- Name: check_file id; Type: DEFAULT; Schema: public; Owner: postgres
--

ALTER TABLE ONLY public.check_file ALTER COLUMN id SET DEFAULT nextval('public.check_file_id_seq'::regclass);


--
-- TOC entry 2186 (class 2604 OID 17024)
-- Name: check_point id; Type: DEFAULT; Schema: public; Owner: postgres
--

ALTER TABLE ONLY public.check_point ALTER COLUMN id SET DEFAULT nextval('public.check_point_id_seq'::regclass);


--
-- TOC entry 2187 (class 2604 OID 17025)
-- Name: check_record id; Type: DEFAULT; Schema: public; Owner: postgres
--

ALTER TABLE ONLY public.check_record ALTER COLUMN id SET DEFAULT nextval('public.check_record_id_seq'::regclass);


--
-- TOC entry 2188 (class 2604 OID 17026)
-- Name: check_standard id; Type: DEFAULT; Schema: public; Owner: postgres
--

ALTER TABLE ONLY public.check_standard ALTER COLUMN id SET DEFAULT nextval('public.check_standard_id_seq'::regclass);


--
-- TOC entry 2189 (class 2604 OID 17027)
-- Name: check_status id; Type: DEFAULT; Schema: public; Owner: postgres
--

ALTER TABLE ONLY public.check_status ALTER COLUMN id SET DEFAULT nextval('public.check_status_id_seq'::regclass);


--
-- TOC entry 2190 (class 2604 OID 17028)
-- Name: company id; Type: DEFAULT; Schema: public; Owner: postgres
--

ALTER TABLE ONLY public.company ALTER COLUMN id SET DEFAULT nextval('public.company_id_seq'::regclass);


--
-- TOC entry 2191 (class 2604 OID 17029)
-- Name: country id; Type: DEFAULT; Schema: public; Owner: postgres
--

ALTER TABLE ONLY public.country ALTER COLUMN id SET DEFAULT nextval('public.country_id_seq'::regclass);


--
-- TOC entry 2192 (class 2604 OID 17030)
-- Name: examine_record id; Type: DEFAULT; Schema: public; Owner: postgres
--

ALTER TABLE ONLY public.examine_record ALTER COLUMN id SET DEFAULT nextval('public.examine_record_id_seq'::regclass);


--
-- TOC entry 2193 (class 2604 OID 17031)
-- Name: migrations id; Type: DEFAULT; Schema: public; Owner: postgres
--

ALTER TABLE ONLY public.migrations ALTER COLUMN id SET DEFAULT nextval('public.migrations_id_seq'::regclass);


--
-- TOC entry 2195 (class 2604 OID 17033)
-- Name: oauth_personal_access_clients id; Type: DEFAULT; Schema: public; Owner: postgres
--

ALTER TABLE ONLY public.oauth_personal_access_clients ALTER COLUMN id SET DEFAULT nextval('public.oauth_personal_access_clients_id_seq'::regclass);


--
-- TOC entry 2196 (class 2604 OID 17034)
-- Name: project id; Type: DEFAULT; Schema: public; Owner: postgres
--

ALTER TABLE ONLY public.project ALTER COLUMN id SET DEFAULT nextval('public.project_id_seq'::regclass);


--
-- TOC entry 2197 (class 2604 OID 17035)
-- Name: project_record id; Type: DEFAULT; Schema: public; Owner: postgres
--

ALTER TABLE ONLY public.project_record ALTER COLUMN id SET DEFAULT nextval('public.project_record_id_seq'::regclass);


--
-- TOC entry 2198 (class 2604 OID 17036)
-- Name: region id; Type: DEFAULT; Schema: public; Owner: postgres
--

ALTER TABLE ONLY public.region ALTER COLUMN id SET DEFAULT nextval('public.region_id_seq'::regclass);


--
-- TOC entry 2199 (class 2604 OID 17037)
-- Name: unit id; Type: DEFAULT; Schema: public; Owner: postgres
--

ALTER TABLE ONLY public.unit ALTER COLUMN id SET DEFAULT nextval('public.unit_id_seq'::regclass);


--
-- TOC entry 2200 (class 2604 OID 17038)
-- Name: unit_type id; Type: DEFAULT; Schema: public; Owner: postgres
--

ALTER TABLE ONLY public.unit_type ALTER COLUMN id SET DEFAULT nextval('public.unit_type_id_seq'::regclass);


--
-- TOC entry 2202 (class 2604 OID 17040)
-- Name: work_point id; Type: DEFAULT; Schema: public; Owner: postgres
--

ALTER TABLE ONLY public.work_point ALTER COLUMN id SET DEFAULT nextval('public.work_point_id_seq'::regclass);


--
-- TOC entry 2407 (class 0 OID 16831)
-- Dependencies: 185
-- Data for Name: area; Type: TABLE DATA; Schema: public; Owner: postgres
--

COPY public.area (id, country_id, region_id, name, remark, deleted_at, created_at, updated_at, uuid) FROM stdin;
1	1	1	虎躍廠	Hu-Yao Factory	\N	2018-03-01 16:42:18	2018-03-01 16:42:18	\N
2	1	1	中山二廠	Zhong-Shan 2nd Factory	\N	2018-03-01 16:47:06	2018-03-01 16:47:06	\N
3	1	1	民生廠	Min-Sheng Factory	\N	2018-03-01 16:48:05	2018-03-01 16:48:05	\N
4	1	1	中山廠	Zhong-Shan Factory	\N	2018-03-01 16:49:00	2018-03-01 16:49:00	\N
5	1	1	頂埔廠	Ding-Pu Factory	\N	2018-03-01 16:49:59	2018-03-01 16:49:59	\N
\.



--
-- TOC entry 2409 (class 0 OID 16839)
-- Dependencies: 187
-- Data for Name: check; Type: TABLE DATA; Schema: public; Owner: postgres
--

COPY public."check" (id, p_id, unit_id, create_user_id, finish_user_id, examine_user_id, score, remark, is_draft, is_examine, created_at, updated_at, examine_date, deleted_at, uuid) FROM stdin;
7	4	107	5	5	6	79	PU723-2-2樓實驗室與辦公室-check	0	1	2017-09-19 11:43:33	2017-09-24 09:52:28	2017-12-23 18:12:32	\N	dda3e62e-d30c-5132-8abe-028f1e255853
1	1	16	2	2	6	80	AC168-T&A THERMAL實驗室-check	0	1	2017-01-20 10:36:04	2017-01-22 09:58:21	2017-05-19 10:36:04	\N	8f43efec-1da8-56ab-890b-5031cb08580a
2	1	17	2	3	6	85	AC168-TEC SW實驗室-check	0	1	2017-02-12 12:49:32	2017-03-02 18:23:39	2017-06-10 19:21:32	\N	bde484d7-22e1-5f06-86cc-d0685e050745
3	1	18	3	3	7	83	AC168-AC POWER實驗室-check	0	1	2017-05-28 15:25:16	2017-07-01 20:21:47	2017-07-20 12:19:25	\N	2473bd31-5665-5083-910a-640d91a0a0ab
4	3	46	2	2	7	82	PU723-1-化學實驗室-check	0	1	2017-07-10 11:40:54	2017-07-24 16:59:20	2017-09-27 16:59:20	\N	7304ea58-22f7-53b0-a48b-a0dddd2965a3
5	3	51	3	3	7	75	PU723-1-SWITCH 實驗室-check	0	1	2017-07-12 13:21:15	2017-08-30 17:19:36	2017-10-23 17:07:22	\N	856fe4dc-ea17-5b01-91b5-60c1e1f933f7
6	4	70	4	4	7	84	PU723-2-震動測試-check	0	1	2017-09-07 15:21:38	2017-11-21 09:46:14	2017-12-04 13:14:25	\N	e94f00b8-e897-5072-ba1d-4a8d6f0f5c61
8	10	1	1	1	1	98		0	1	2018-06-14 19:15:42	2018-06-14 19:15:46	2018-06-14 19:17:27	\N	ad1eb328-c1da-5932-8186-d32939cd2e37
9	10	4	3	3	1	98	手機上傳： 	0	1	2018-06-14 19:42:19	2018-06-14 19:43:37	2018-06-14 19:47:20	\N	7ddc664d-0f44-5a67-932a-18003e9ebdfc
10	10	31	3	3	1	99	手機上傳： 	0	1	2018-06-14 20:04:06	2018-06-14 20:05:09	2018-06-14 20:09:22	\N	81d2da69-a161-543a-9f07-47bfbd50c45d
15	10	34	3	3	\N	50	手機上傳： 	0	0	2018-06-15 17:26:45	2018-06-15 17:38:05	\N	\N	06823f72-fbc3-5a15-a77e-b9375e900abc
16	7	8	1	1	\N	97		0	0	2018-07-03 10:03:26	2018-07-03 10:25:37	\N	\N	dddb5049-ee62-58dc-a83e-046534a6f6d3
17	7	9	1	1	\N	97		1	0	2018-07-03 10:26:40	2018-07-03 10:26:40	\N	\N	2aa3d10c-0953-55a7-b775-8a90e8f826d2
18	12	37	1	1	\N	1600		0	0	2018-09-17 09:03:05	2018-09-17 09:03:05	\N	\N	a92d2e5d-a164-51e5-b861-44211e67637b
19	13	1	1	1	\N	1600		0	0	2018-09-17 10:07:18	2018-09-17 10:07:18	\N	\N	51d33df5-b2ff-5ac9-b165-92ca37e04741
\.


--
-- TOC entry 2410 (class 0 OID 16842)
-- Dependencies: 188
-- Data for Name: check_bank; Type: TABLE DATA; Schema: public; Owner: postgres
--

COPY public.check_bank (id, content, remark, project_created, sequence, deleted_at, created_at, updated_at, uuid) FROM stdin;
2	機械設備/化學品管理	1.電氣/機械 安全裝置、2.起重吊掛機具安全裝置、3.化學品作業管理、4.安全標示	0	\N	\N	2018-06-14 18:56:47	2018-06-14 18:56:47	d849e241-1370-5341-96d3-3b9b438a26a3
3	消防設備/建築物安全	1.消防火警設備、2.作業環境及通道	0	\N	\N	2018-06-14 18:56:47	2018-06-14 18:56:47	fb3040b9-7f7c-50be-b963-521bd722e528
4	安全組織	1.安全衛生組織、2.職業安全衛生管理計畫及系統、3.職業安全衛生委員會(300人以上未滿500人者)、4.醫謢人員配置	0	\N	\N	2018-06-14 18:56:47	2018-06-14 18:56:47	0d08e540-659c-5111-8cab-ced8c398248c
5	安全管理(法人)	1.安全巡檢、2.意外事故調查、3.承攬商管理、4.教育訓練規劃執行、5.緊急應變系統建立	0	\N	\N	2018-06-14 18:56:47	2018-06-14 18:56:47	540a71a8-5efd-5af7-9fe9-a8bcbcbb5d4f
7	安全管理	1.安全衛生管理、2.證照/教育訓練、3.自動檢查管理、4.個人防護具/應變/急救器材、5.緊急應變組織、6.作業環境監測、7.特殊健康檢查	1	\N	\N	2018-06-14 19:14:15	2018-06-14 19:14:15	ff2c6ea6-b1a8-5b2b-baa9-82b65185e965
8	機械設備/化學品管理	1.電氣/機械 安全裝置、2.起重吊掛機具安全裝置、3.化學品作業管理、4.安全標示	1	\N	\N	2018-06-14 19:14:15	2018-06-14 19:14:15	74a523bb-498b-5330-ad1a-b38b6b9e18bc
1	安全管理	1.安全衛生管理、2.證照/教育訓練、3.自動檢查管理、4.個人防護具/應變/急救器材、5.緊急應變組織、6.作業環境監測、7.特殊健康檢查	0	\N	\N	2018-06-14 18:56:47	2018-06-27 12:06:19	bd2b338e-bbb4-5815-a406-5e1b90c66a34
9	消防系統	1.手動滅火設備、2.自動滅火系統、3.火災偵測及報警系統、4.消防供水、5.消防系統檢測與維護	0	\N	\N	2018-06-14 19:14:15	2018-07-31 11:55:37	92845a89-924d-56a5-bdf4-cab968313832
6	消防設備/建築物安全(法人)	1.升降機、2.電氣設備管控(變壓器、配電盤)、3.建物安全管理、4.消防安全管理、5.消防系統、6.室內、外消防栓、7.自動警報設備、8.化學品庫房/放置區、9.廚房	0	\N	\N	2018-06-14 18:56:47	2018-07-31 18:04:13	b6a3e012-bae4-59f4-99e8-8fe2e6ee495c
10	測試1	測試1	0	\N	\N	2018-09-11 17:12:56	2018-09-11 17:12:56	6033caf4-8fa0-5f26-94d7-42a214d5835e
11	0913	0913	0	\N	\N	2018-09-13 19:03:47	2018-09-13 19:03:47	b478acb6-3fb6-5199-9b4b-d3cc0554f7d6
12	0913	0913	0	\N	\N	2018-09-13 19:10:26	2018-09-14 09:18:50	2f38a79f-bd6d-5357-8035-e2801f0e2891
13	消防系統	0913	0	\N	\N	2018-09-13 19:12:24	2018-09-14 11:34:27	a24f24ad-06c3-5a82-bbe9-a0ce5218dfe5
\.



--
-- TOC entry 2457 (class 0 OID 17132)
-- Dependencies: 235
-- Data for Name: check_category; Type: TABLE DATA; Schema: public; Owner: postgres
--

COPY public.check_category (id, content, sequence, deleted_at, created_at, updated_at, weight) FROM stdin;
1	1	1	\N	2018-09-11 17:12:56	2018-09-11 17:12:56	\N
2	2	1	\N	2018-09-11 17:12:56	2018-09-11 17:12:56	\N
3	1	1	\N	2018-09-13 19:03:47	2018-09-13 19:03:47	1
4	1	1	\N	2018-09-13 19:10:26	2018-09-14 09:18:50	1
6	2	1	2018-09-14 11:21:50	2018-09-14 09:22:56	2018-09-14 09:22:56	0.29999999999999999
5	手動滅火設備	1	\N	2018-09-13 19:12:24	2018-09-14 11:34:27	0.050000000000000003
7	自動滅火系統 	1	\N	2018-09-14 11:21:50	2018-09-14 11:34:27	0.40000000000000002
8	火災偵測及報警系統	1	\N	2018-09-14 11:34:28	2018-09-14 11:34:28	0.14000000000000001
9	消防供水	1	\N	2018-09-14 11:34:28	2018-09-14 11:34:28	0.14999999999999999
10	消防系統檢測與維護	1	\N	2018-09-14 11:34:28	2018-09-14 11:34:28	0.26000000000000001
\.



--
-- TOC entry 2412 (class 0 OID 16850)
-- Dependencies: 190
-- Data for Name: check_file; Type: TABLE DATA; Schema: public; Owner: postgres
--

COPY public.check_file (id, check_id, standard_id, file_name) FROM stdin;
\.



--
-- TOC entry 2459 (class 0 OID 17140)
-- Dependencies: 237
-- Data for Name: check_item; Type: TABLE DATA; Schema: public; Owner: postgres
--

COPY public.check_item (id, content, sequence, deleted_at, created_at, updated_at, weight) FROM stdin;
1	1.1	1	\N	2018-09-11 17:12:56	2018-09-11 17:12:56	\N
2	2.1	1	\N	2018-09-11 17:12:56	2018-09-11 17:12:56	\N
5	1.3	3	\N	2018-09-13 19:03:47	2018-09-13 19:03:47	0.5
3	1.1	1	\N	2018-09-13 19:03:47	2018-09-13 19:03:47	0.59999999999999998
4	1.2	2	\N	2018-09-13 19:03:47	2018-09-13 19:03:47	0.40000000000000002
6	1.1	1	\N	2018-09-13 19:10:26	2018-09-14 09:18:50	0.5
7	1.2	2	\N	2018-09-13 19:10:26	2018-09-14 09:18:50	0.5
9	1.2	2	2018-09-14 11:21:50	2018-09-13 19:12:24	2018-09-14 09:22:56	0.69999999999999996
10	2.1	1	2018-09-14 11:21:50	2018-09-14 09:22:56	2018-09-14 09:22:56	1
8	手提式滅火器	1	\N	2018-09-13 19:12:24	2018-09-14 11:34:27	0.34999999999999998
11	室內消火栓	2	\N	2018-09-14 11:21:50	2018-09-14 11:34:27	0.65000000000000002
12	噴塗車間(噴房以外)	1	\N	2018-09-14 11:21:50	2018-09-14 11:34:27	0.14999999999999999
13	噴房	2	\N	2018-09-14 11:34:28	2018-09-14 11:34:28	0.40000000000000002
14	噴櫃	3	\N	2018-09-14 11:34:28	2018-09-14 11:34:28	0.45000000000000001
15	火災偵測及報警系統\t	1	\N	2018-09-14 11:34:28	2018-09-14 11:34:28	0.20000000000000001
16	噴櫃火焰探測器\t	2	\N	2018-09-14 11:34:28	2018-09-14 11:34:28	0.80000000000000004
17	消防水池容量\t	1	\N	2018-09-14 11:34:28	2018-09-14 11:34:28	0.40000000000000002
18	消防泵\t	2	\N	2018-09-14 11:34:28	2018-09-14 11:34:28	0.59999999999999998
19	火警自動報警系統 \t	1	\N	2018-09-14 11:34:28	2018-09-14 11:34:28	0.14999999999999999
20	手提式滅火器\t	2	\N	2018-09-14 11:34:28	2018-09-14 11:34:28	0.050000000000000003
21	室內消火栓   \t	3	\N	2018-09-14 11:34:28	2018-09-14 11:34:28	0.10000000000000001
22	噴淋系統\t	4	\N	2018-09-14 11:34:28	2018-09-14 11:34:28	0.34999999999999998
23	消防泵\t	5	\N	2018-09-14 11:34:28	2018-09-14 11:34:28	0.34999999999999998
\.



--
-- TOC entry 2415 (class 0 OID 16860)
-- Dependencies: 193
-- Data for Name: check_point; Type: TABLE DATA; Schema: public; Owner: postgres
--

COPY public.check_point (id, content, sequence, deleted_at, created_at, updated_at, uuid) FROM stdin;
3	自動檢查管理	3	\N	2018-06-14 18:56:47	2018-06-27 12:06:19	3ee03e5f-f17c-544f-a250-118431d5f7dd
4	個人防護具/應變/急救器材	4	\N	2018-06-14 18:56:47	2018-06-27 12:06:19	c946464a-6b8e-55ac-902e-285e14ae01c6
5	緊急應變組織	5	\N	2018-06-14 18:56:47	2018-06-27 12:06:19	95ef096f-e4f6-5349-a811-e860d95a435a
6	作業環境監測	6	\N	2018-06-14 18:56:47	2018-06-27 12:06:19	6359bc34-fb01-5209-b753-2b362fbb89b3
7	特殊健康檢查	7	\N	2018-06-14 18:56:47	2018-06-27 12:06:19	5501fac2-1b99-5547-92dd-85b939717d0a
45	44444	8	2018-06-27 12:06:19	2018-06-27 11:26:57	2018-06-27 12:04:59	09773967-e73e-51e4-9a42-053b6d001cae
8	電氣/機械 安全裝置	1	\N	2018-06-14 18:56:47	2018-06-14 18:56:47	4274989f-a481-58a0-980d-b10145ccbcea
9	起重吊掛機具安全裝置	2	\N	2018-06-14 18:56:47	2018-06-14 18:56:47	837c93f7-370d-507e-acc1-86c8e5deecdd
10	化學品作業管理	3	\N	2018-06-14 18:56:47	2018-06-14 18:56:47	0a407a19-25b3-5f44-b21f-d361105ba7a7
11	安全標示	4	\N	2018-06-14 18:56:47	2018-06-14 18:56:47	a0a0de0f-bf2e-59bd-abf2-a2dd682b475d
12	消防火警設備	1	\N	2018-06-14 18:56:47	2018-06-14 18:56:47	adbb3445-c6d2-5b28-ad82-c5ea782fde8d
13	作業環境及通道	2	\N	2018-06-14 18:56:47	2018-06-14 18:56:47	9ef2aa22-cd2e-52d3-b042-024ab5a2015e
14	安全衛生組織	1	\N	2018-06-14 18:56:47	2018-06-14 18:56:47	aed8fc33-7734-53fd-b9f4-4dddf9185596
15	職業安全衛生管理計畫及系統	2	\N	2018-06-14 18:56:47	2018-06-14 18:56:47	fac4470f-a0a4-56a0-b665-435d83fc2cf0
16	職業安全衛生委員會(300人以上未滿500人者)	3	\N	2018-06-14 18:56:47	2018-06-14 18:56:47	af65db15-2dd8-53bf-ae76-8280a057eeb1
17	醫謢人員配置	4	\N	2018-06-14 18:56:47	2018-06-14 18:56:47	80e55c41-708e-5566-a8c7-940ed5be3984
18	安全巡檢	1	\N	2018-06-14 18:56:47	2018-06-14 18:56:47	781a7755-175b-5e53-8e37-8c3d19834b31
19	意外事故調查	2	\N	2018-06-14 18:56:47	2018-06-14 18:56:47	52ee857e-f801-55fd-916b-83eee916971b
20	承攬商管理	3	\N	2018-06-14 18:56:47	2018-06-14 18:56:47	4fd1cb6b-0852-5f91-962b-c03ac4b5a0b1
21	教育訓練規劃執行	4	\N	2018-06-14 18:56:47	2018-06-14 18:56:47	1ecd0c5e-f6be-566d-a38d-19bbc4cd6deb
22	緊急應變系統建立	5	\N	2018-06-14 18:56:47	2018-06-14 18:56:47	a7122760-44dc-5b85-99c3-c2f5bd30c465
32	安全衛生管理	1	\N	2018-06-14 19:14:15	2018-06-14 19:14:15	d6565637-bdf1-5173-980a-dce1d0608474
33	證照/教育訓練	2	\N	2018-06-14 19:14:15	2018-06-14 19:14:15	4d6f031d-5ba5-5429-8df8-76daa6ad27b3
34	自動檢查管理	3	\N	2018-06-14 19:14:15	2018-06-14 19:14:15	376001a5-cd96-5538-9b50-76fd64a43e6d
35	個人防護具/應變/急救器材	4	\N	2018-06-14 19:14:15	2018-06-14 19:14:15	267bb956-9bcc-5632-88e4-81ec58f0ae36
36	緊急應變組織	5	\N	2018-06-14 19:14:15	2018-06-14 19:14:15	5977980e-bbc7-57a2-b063-51ec68a49ff4
37	作業環境監測	6	\N	2018-06-14 19:14:15	2018-06-14 19:14:15	5f3489e7-c5e9-55ee-8e43-fe8de2fdde7d
38	特殊健康檢查	7	\N	2018-06-14 19:14:15	2018-06-14 19:14:15	150c083b-fe26-5b0c-83ef-5a2cf7320857
39	電氣/機械 安全裝置	1	\N	2018-06-14 19:14:15	2018-06-14 19:14:15	6079520a-2396-546e-baf0-25df6679d4dc
40	起重吊掛機具安全裝置	2	\N	2018-06-14 19:14:15	2018-06-14 19:14:15	80276c82-5622-54e9-8ca5-b7b86974b4af
41	化學品作業管理	3	\N	2018-06-14 19:14:15	2018-06-14 19:14:15	43e5453b-8302-57b1-aa8b-9f8b090de4dd
42	安全標示	4	\N	2018-06-14 19:14:15	2018-06-14 19:14:15	33ed9ecb-bf4c-536e-8c9b-4b9f1c304a27
1	安全衛生管理	1	\N	2018-06-14 18:56:47	2018-06-27 12:06:19	18f63c88-85a7-55d5-b87e-d9eacc09c366
2	證照/教育訓練	2	\N	2018-06-14 18:56:47	2018-06-27 12:06:19	55e5b4c6-b141-5fca-8d92-fcd08cffd82e
43	手動滅火設備	1	\N	2018-06-14 19:14:15	2018-07-31 11:55:37	72e99bbb-42f5-51a3-a32f-4ca71c1c3548
44	自動滅火系統	2	\N	2018-06-14 19:14:15	2018-07-31 11:55:37	c8d646d0-f2b4-5416-b25e-ace88d5784d9
47	火災偵測及報警系統	3	\N	2018-07-31 11:51:44	2018-07-31 11:55:37	3bdf9dc7-d723-56e4-972f-2fc970dc67b0
48	消防供水	4	\N	2018-07-31 11:51:44	2018-07-31 11:55:37	9a74727f-704d-59be-83b6-c50d9d7e0197
49	消防系統檢測與維護	5	\N	2018-07-31 11:51:44	2018-07-31 11:55:37	c91950d6-7d51-5f90-9d66-49b977b34572
23	升降機	1	\N	2018-06-14 18:56:47	2018-07-31 18:04:13	ce87eee8-2e15-5f44-bcbf-95dbb056ef43
24	電氣設備管控(變壓器、配電盤)	2	\N	2018-06-14 18:56:47	2018-07-31 18:04:13	fd458231-a958-568a-b01b-ecc0bc0ad199
25	建物安全管理	3	\N	2018-06-14 18:56:47	2018-07-31 18:04:13	752648bb-7ca6-5e83-a8d8-eacfe15e1835
26	消防安全管理	4	\N	2018-06-14 18:56:47	2018-07-31 18:04:13	bbf66dcb-eae1-5aed-a34a-7f0ef085c84b
27	消防系統	5	\N	2018-06-14 18:56:47	2018-07-31 18:04:13	730c18af-ba50-5080-8369-7455b27acbda
28	室內、外消防栓	6	\N	2018-06-14 18:56:47	2018-07-31 18:04:13	951da377-1131-584b-ab9a-a01733bb261e
29	自動警報設備	7	\N	2018-06-14 18:56:47	2018-07-31 18:04:13	2018c1e0-0ad4-55b0-a334-3f5446c9471a
30	化學品庫房/放置區	8	\N	2018-06-14 18:56:47	2018-07-31 18:04:13	8be6891c-ff00-53de-befe-82ffb48a1ce3
31	廚房	9	\N	2018-06-14 18:56:47	2018-07-31 18:04:13	cec073c1-6517-56bc-9e08-4a48ecfb1838
46	廚房	10	\N	2018-06-27 17:14:29	2018-07-31 18:04:14	61891984-64ef-5bf0-b020-9289e080be38
50	2.1.1	1	\N	2018-09-11 17:12:56	2018-09-11 17:12:56	e6d5c0e2-192f-5eea-bd31-8c23fe753ea4
51	1.2.1.	1	\N	2018-09-13 19:03:47	2018-09-13 19:03:47	ece559cc-d79d-5bff-acbd-fd22307848c3
52	1.2.1	1	\N	2018-09-13 19:10:26	2018-09-14 09:18:50	dfd589b0-d885-55be-b3d3-c881278f7878
53	1.2.1.	1	2018-09-14 11:21:50	2018-09-13 19:12:24	2018-09-14 09:22:56	5cd94ba3-f6d2-5a03-9ffe-340146365b1d
54	噴房自動滅火	1	\N	2018-09-14 11:34:28	2018-09-14 11:34:28	b387013f-ac73-5d77-80ec-5241ab664d8d
55	聯鎖功能	2	\N	2018-09-14 11:34:28	2018-09-14 11:34:28	17d3fd2a-cf4b-55c1-a940-7bab29a0dba3
56	噴櫃自動滅火	1	\N	2018-09-14 11:34:28	2018-09-14 11:34:28	532b5788-4711-5ef5-a5dd-180756652639
57	聯鎖功能	2	\N	2018-09-14 11:34:28	2018-09-14 11:34:28	eeecd6dc-3e73-5f9d-b5e4-eb521775d9f7
\.



--
-- TOC entry 2417 (class 0 OID 16865)
-- Dependencies: 195
-- Data for Name: check_record; Type: TABLE DATA; Schema: public; Owner: postgres
--

COPY public.check_record (id, check_id, check_bank_id, check_point_id, check_standard_id, check_status_id, remark, check_bank_content, check_point_content, check_standard_content, check_status_content, check_status_score, update_of_times, image, image2, image3, uuid, check_category_id, check_item_id, class, check_category_content, check_item_content) FROM stdin;
12	1	1	4	12	1		安全管理	個人防護具/應變/急救器材	是否設置適當之個人防護用具？是否有檢點紀錄？	符合	2	\N	\N	\N	\N	5ea8d664-fe8c-55e5-902c-4e57bbeffdf2	\N	\N	\N	\N	\N
13	1	1	4	13	1		安全管理	個人防護具/應變/急救器材	現場人員是否確實使用個人防護具？	符合	2	\N	\N	\N	\N	37cb7891-97ec-598d-b879-89776c7a4477	\N	\N	\N	\N	\N
15	1	1	4	15	1		安全管理	個人防護具/應變/急救器材	廠區/作業區域是否設置急救箱？藥品是否過期？是否有檢點紀錄？	符合	2	\N	\N	\N	\N	06823f72-fbc3-5a15-a77e-b9375e900abc	\N	\N	\N	\N	\N
16	1	1	4	16	1		安全管理	個人防護具/應變/急救器材	使用特殊化學品之場所是否設置緊急沖淋裝置？是否有檢點紀錄？	符合	2	\N	\N	\N	\N	dddb5049-ee62-58dc-a83e-046534a6f6d3	\N	\N	\N	\N	\N
17	1	1	5	17	1		安全管理	緊急應變組織	是否成立緊急應變組織(人員清單定期更新、人員是否了解自己職掌)？	符合	2	\N	\N	\N	\N	2aa3d10c-0953-55a7-b775-8a90e8f826d2	\N	\N	\N	\N	\N
18	1	1	5	18	1		安全管理	緊急應變組織	是否參與勞安處舉辦之訓練及演練？單位內是否擬定緊急應變計畫並依計畫辦理演練？	符合	2	\N	\N	\N	\N	a92d2e5d-a164-51e5-b861-44211e67637b	\N	\N	\N	\N	\N
19	1	1	6	19	1		安全管理	作業環境監測	是否針對所有物理性(噪音、二氧化碳、照度)及化學性(化學品及氣體)物質進行暴露採樣？	符合	2	\N	\N	\N	\N	51d33df5-b2ff-5ac9-b165-92ca37e04741	\N	\N	\N	\N	\N
20	1	1	7	20	2		安全管理	特殊健康檢查	特殊作業人員是否完成特殊健檢？	不符合	0	\N	\N	\N	\N	5cfdae2c-022e-5538-821b-2ac1ae1ae358	\N	\N	\N	\N	\N
21	1	2	8	21	1		機械設備/化學品管理	電氣/機械 安全裝置	機械設備是否完成安全查核？是否張貼安全查核貼紙？	符合	2	\N	\N	\N	\N	a73824b3-db9c-5e87-8530-6bc60350c133	\N	\N	\N	\N	\N
22	1	2	8	22	1		機械設備/化學品管理	電氣/機械 安全裝置	機台臨時電氣配線或移動式電線，是否依規定架空配設或設置必要之安全防護措施？	符合	2	\N	\N	\N	\N	abcbed3a-4761-5c08-b65c-1f9256a82cc7	\N	\N	\N	\N	\N
23	1	2	8	23	1		機械設備/化學品管理	電氣/機械 安全裝置	機械設備是否設置緊急停止開關(EMO)？是否有測試紀錄？	符合	2	\N	\N	\N	\N	77cd1c64-fecc-5e06-b460-fcafae38e973	\N	\N	\N	\N	\N
24	1	2	8	24	1		機械設備/化學品管理	電氣/機械 安全裝置	機械設備之安全防護開關(光電裝置、過溫保護裝置、安全連鎖裝置、過電流保護裝置)是否足夠？是否有測試紀錄？	符合	2	\N	\N	\N	\N	82a9f830-5df7-55dd-bab2-de5fc4cdc864	\N	\N	\N	\N	\N
25	1	2	9	25	1		機械設備/化學品管理	起重吊掛機具安全裝置	起重機具是否檢查合格？是否標示最大荷重？	符合	2	\N	\N	\N	\N	996a3f78-18ff-59bc-be74-7d440141a332	\N	\N	\N	\N	\N
27	1	2	9	27	1		機械設備/化學品管理	起重吊掛機具安全裝置	起重機操作按鈕標示是否中文（東西南北）？橫行導軌底部是否對應標示東西南北？	符合	2	\N	\N	\N	\N	439e2ef8-f4cd-5a54-950b-b86b449f339b	\N	\N	\N	\N	\N
28	1	2	10	28	2		機械設備/化學品管理	化學品作業管理	化學品標示、內容及化學品清單、安全資料表是否正確？	不符合	0	\N	\N	\N	\N	919d7ed2-5ae6-528e-b69f-5a99c24fce4e	\N	\N	\N	\N	\N
29	1	2	10	29	1		機械設備/化學品管理	化學品作業管理	化學品存量(每週)是否超過安全管制量，儲存是否合乎規定？化學品儲存是否使用防溢座？	符合	2	\N	\N	\N	\N	a3f23e19-ccfd-556d-ba27-4b3f4c3ff4a4	\N	\N	\N	\N	\N
30	1	2	10	30	1		機械設備/化學品管理	化學品作業管理	化學品存放區1.8公尺下是否無電氣插座？	符合	2	\N	\N	\N	\N	c3f24827-4d9a-5bdb-b1db-695a4d0e4249	\N	\N	\N	\N	\N
31	1	2	10	31	1		機械設備/化學品管理	化學品作業管理	化學品是否有專屬儲存區？酸、鹼與有機是否分開放置？	符合	2	\N	\N	\N	\N	5ca1db79-e93b-5fdb-9885-36fe1ec323d9	\N	\N	\N	\N	\N
33	1	2	10	33	1		機械設備/化學品管理	化學品作業管理	化學品操作/儲存區域，是否設置通風排氣裝置？其動作是否正常？	符合	2	\N	\N	\N	\N	290e0729-ce53-5398-adee-5554b0e09e2d	\N	\N	\N	\N	\N
34	1	2	10	34	1		機械設備/化學品管理	化學品作業管理	含/擦拭過化學品之廢棄物是否妥善處理？收集至含蓋收集桶？	符合	2	\N	\N	\N	\N	4e55ca9f-5aa1-52b2-9327-c2ed659e4cfb	\N	\N	\N	\N	\N
36	1	2	11	36	1		機械設備/化學品管理	安全標示	噪音、有機、特化、粉塵作業場所，是否張貼作業場所標示？	符合	2	\N	\N	\N	\N	1fc5af34-84f0-599b-aaad-57a8bcef70d0	\N	\N	\N	\N	\N
35	1	2	10	35	2		機械設備/化學品管理	化學品作業管理	化學品操作/儲存區域，是否有監測設備(氣體偵測器、洩漏警報裝置及監視器)？	不符合	0	\N	\N	\N	\N	39b1e342-2aaa-54b6-9d1a-e7661ae879a1	\N	\N	\N	\N	\N
2	1	1	1	2	3	無留存記錄	安全管理	安全衛生管理	單位內工安幹事/窗口是否有效傳達安全衛生相關資訊？是否有留存紀錄？	部份符合	1	\N	/images/P1/U1/i_2.jpg	\N	\N	bde484d7-22e1-5f06-86cc-d0685e050745	\N	\N	\N	\N	\N
26	1	2	9	26	2		機械設備/化學品管理	起重吊掛機具安全裝置	吊鉤、舌片、鋼索、安全警報裝置是否功能正常？	不符合	0	\N	\N	\N	\N	a143c8e5-4763-5ec8-84be-b3f347a4a72c	\N	\N	\N	\N	\N
14	1	1	4	14	2	需設置適當之應變器材且定期安排檢點紀錄。	安全管理	個人防護具/應變/急救器材	是否設置適當之應變器材？是否有檢點紀錄？	不符合	0	2	\N	\N	\N	af3b4549-e1ac-503a-8d50-2d047cf62a49	\N	\N	\N	\N	\N
1	1	1	1	1	1		安全管理	安全衛生管理	單位內是否有工安幹事/窗口？	符合	2	1	/images/P1/U1/i_1.jpg	/images/P1/U1/i2_1.jpg	/images/P1/U1/i3_1.jpg	8f43efec-1da8-56ab-890b-5031cb08580a	\N	\N	\N	\N	\N
6	1	1	2	6	1		安全管理	證照/教育訓練	法定證照之複訓時數是否符合要求？	符合	2	\N	/images/P1/U1/i_6.jpg	\N	\N	e94f00b8-e897-5072-ba1d-4a8d6f0f5c61	\N	\N	\N	\N	\N
4	1	1	2	4	1		安全管理	證照/教育訓練	危險性機械設備或特殊作業人員證照是否足夠(有機、特化、粉塵、固定起重機、吊掛、高壓氣操作人員、堆高機)？	符合	2	1	/images/P1/U1/i_4.jpg	/images/P1/U1/i2_3.jpg	/images/P1/U1/i3_2.jpg	7304ea58-22f7-53b0-a48b-a0dddd2965a3	\N	\N	\N	\N	\N
7	1	1	2	7	1		安全管理	證照/教育訓練	在職人員安全衛生教育訓練是否符合三年三小時規定？	符合	2	\N	/images/P1/U1/i_7.jpg	\N	\N	dda3e62e-d30c-5132-8abe-028f1e255853	\N	\N	\N	\N	\N
8	1	1	2	8	1		安全管理	證照/教育訓練	各類製程操作標準、規範是否齊全？是否有訓練記錄或上崗證？	符合	2	\N	/images/P1/U1/i_8.jpg	\N	\N	ad1eb328-c1da-5932-8186-d32939cd2e37	\N	\N	\N	\N	\N
9	1	1	3	9	1		安全管理	自動檢查管理	是否訂定自動檢查計畫？(是否明確指出檢查項目、  時間、方法、人員、實施程序及安全注意事項)	符合	2	\N	/images/P1/U1/i_9.jpg	\N	\N	7ddc664d-0f44-5a67-932a-18003e9ebdfc	\N	\N	\N	\N	\N
3	1	1	1	3	1		安全管理	安全衛生管理	單位作業環境變更時是否申請變更管理？	符合	2	\N	/images/P1/U1/i_3.jpg	/images/P1/U1/i2_2.jpg	\N	2473bd31-5665-5083-910a-640d91a0a0ab	\N	\N	\N	\N	\N
10	1	1	3	10	1		安全管理	自動檢查管理	法定自動檢查項目是否完整納入清單？	符合	2	\N	/images/P1/U1/i_10.jpg	\N	\N	81d2da69-a161-543a-9f07-47bfbd50c45d	\N	\N	\N	\N	\N
38	1	3	12	38	1		消防設備/建築物安全	消防火警設備	滅火器是否放置明顯位置？是否因作業方便移動？	符合	2	\N	\N	\N	\N	c5ac483c-6bb4-5b6c-8265-c2c36d092fd5	\N	\N	\N	\N	\N
39	1	3	12	39	1		消防設備/建築物安全	消防火警設備	消防栓箱周圍無堆積物品或礙緊急操作情形？	符合	2	\N	\N	\N	\N	4e41b6e2-f658-58f4-affb-720dea3de763	\N	\N	\N	\N	\N
40	1	3	12	40	1		消防設備/建築物安全	消防火警設備	緊急照明燈數量是否充足？是否正常作動？	符合	2	\N	\N	\N	\N	2be79fc8-9bf8-50d4-8248-f943eb4ea87d	\N	\N	\N	\N	\N
41	1	3	12	41	2		消防設備/建築物安全	消防火警設備	緊急出口指示燈、逃生方向指示燈數量是否充足？位置是否適當？	不符合	0	\N	\N	\N	\N	39705e33-e0e2-5dda-90aa-99872ee96a80	\N	\N	\N	\N	\N
42	1	3	12	42	1		消防設備/建築物安全	消防火警設備	緊急廣播喇叭是否正常？	符合	2	\N	\N	\N	\N	8163442b-b7f2-53d8-9381-5fd589b10245	\N	\N	\N	\N	\N
43	1	3	12	43	1		消防設備/建築物安全	消防火警設備	單位變更或重新配置時是否重新配置消防火警設備？	符合	2	\N	\N	\N	\N	4e3d6e88-c84c-5262-a984-4d296a4df6f0	\N	\N	\N	\N	\N
44	1	3	12	44	1		消防設備/建築物安全	消防火警設備	區域滅火器是否足夠？	符合	2	\N	\N	\N	\N	d4640c19-29fd-5bb8-8173-6a76c98ed9c2	\N	\N	\N	\N	\N
45	1	3	12	45	1		消防設備/建築物安全	消防火警設備	管路穿孔位置，是否使用防火填塞？	符合	2	\N	\N	\N	\N	afdf785d-d886-5499-b589-ddcdbdfc8497	\N	\N	\N	\N	\N
46	1	3	13	46	1		消防設備/建築物安全	作業環境及通道	逃生通道及安全門是否暢通？	符合	2	\N	\N	\N	\N	f022ffb7-4abe-5339-b1c3-92e0855891a2	\N	\N	\N	\N	\N
47	1	3	13	47	1		消防設備/建築物安全	作業環境及通道	機台/機櫃等是否已固定？	符合	2	\N	\N	\N	\N	5bad24fe-19f3-5b0d-9d82-eacaa706565d	\N	\N	\N	\N	\N
48	1	3	13	48	1		消防設備/建築物安全	作業環境及通道	是否實施5S管理？	符合	2	\N	\N	\N	\N	5b9c0cdb-4da1-541f-9cc6-e5c41e3e0f1e	\N	\N	\N	\N	\N
49	1	3	13	49	1		消防設備/建築物安全	作業環境及通道	現場照明是否充足？	符合	2	\N	\N	\N	\N	3fa33e82-7cd9-549e-ba67-6dd1dfeb94ca	\N	\N	\N	\N	\N
50	1	3	13	50	1		消防設備/建築物安全	作業環境及通道	物料堆放地點是否影響作業照明、自動滅火設備或滅火器？	符合	2	\N	\N	\N	\N	af28705c-3696-50d2-8433-a71b99b814d9	\N	\N	\N	\N	\N
51	2	1	1	1	2		安全管理	安全衛生管理	單位內是否有工安幹事/窗口？	不符合	0	\N	\N	\N	\N	d8c366f8-ef7d-5f1d-88db-52588b385cfd	\N	\N	\N	\N	\N
52	2	1	1	2	1		安全管理	安全衛生管理	單位內工安幹事/窗口是否有效傳達安全衛生相關資訊？是否有留存紀錄？	符合	2	\N	\N	\N	\N	edacef95-ff6e-5c88-b962-9dd701136cd6	\N	\N	\N	\N	\N
53	2	1	1	3	1		安全管理	安全衛生管理	單位作業環境變更時是否申請變更管理？	符合	2	\N	\N	\N	\N	24505700-faea-5df0-85c7-5169f660cd0d	\N	\N	\N	\N	\N
54	2	1	2	4	3		安全管理	證照/教育訓練	危險性機械設備或特殊作業人員證照是否足夠(有機、特化、粉塵、固定起重機、吊掛、高壓氣操作人員、堆高機)？	部份符合	1	\N	\N	\N	\N	d19a5177-128d-5481-b2e4-510b4ed7bbcd	\N	\N	\N	\N	\N
55	2	1	2	5	1		安全管理	證照/教育訓練	是否有足夠的合格急救人員？	符合	2	\N	\N	\N	\N	6443e5b5-a858-5acc-bbca-c34f4dbec6ac	\N	\N	\N	\N	\N
56	2	1	2	6	1		安全管理	證照/教育訓練	法定證照之複訓時數是否符合要求？	符合	2	\N	\N	\N	\N	ee68de63-9b88-5db8-8c97-8b4ac46831e8	\N	\N	\N	\N	\N
57	2	1	2	7	1		安全管理	證照/教育訓練	在職人員安全衛生教育訓練是否符合三年三小時規定？	符合	2	\N	\N	\N	\N	9913f5fb-75a8-5347-9f12-1bea22102a5a	\N	\N	\N	\N	\N
58	2	1	2	8	1		安全管理	證照/教育訓練	各類製程操作標準、規範是否齊全？是否有訓練記錄或上崗證？	符合	2	\N	\N	\N	\N	6363d002-8cb8-53c9-b67a-df097f5419d3	\N	\N	\N	\N	\N
59	2	1	3	9	1		安全管理	自動檢查管理	是否訂定自動檢查計畫？(是否明確指出檢查項目、  時間、方法、人員、實施程序及安全注意事項)	符合	2	\N	\N	\N	\N	64304ac7-6978-51af-862c-504b6a3a85e3	\N	\N	\N	\N	\N
60	2	1	3	10	1		安全管理	自動檢查管理	法定自動檢查項目是否完整納入清單？	符合	2	\N	\N	\N	\N	4e5dcd23-1f31-56da-9dee-427bb2761b6c	\N	\N	\N	\N	\N
61	2	1	3	11	2		安全管理	自動檢查管理	檢查結果異常是否追蹤查核及檢討改善？記錄是否依法保存？	不符合	0	\N	\N	\N	\N	f45d20bc-7219-56b0-a482-ba4c2b324124	\N	\N	\N	\N	\N
62	2	1	4	12	1		安全管理	個人防護具/應變/急救器材	是否設置適當之個人防護用具？是否有檢點紀錄？	符合	2	\N	\N	\N	\N	633a8c04-af04-56fa-93ac-9d2c3f8c24ed	\N	\N	\N	\N	\N
63	2	1	4	13	1		安全管理	個人防護具/應變/急救器材	現場人員是否確實使用個人防護具？	符合	2	\N	\N	\N	\N	4e820a8e-4a26-598f-9296-45a87252fc81	\N	\N	\N	\N	\N
64	2	1	4	14	1		安全管理	個人防護具/應變/急救器材	是否設置適當之應變器材？是否有檢點紀錄？	符合	2	\N	\N	\N	\N	116cee1d-2a96-5b5d-9a56-0bb0159bdb05	\N	\N	\N	\N	\N
65	2	1	4	15	1		安全管理	個人防護具/應變/急救器材	廠區/作業區域是否設置急救箱？藥品是否過期？是否有檢點紀錄？	符合	2	\N	\N	\N	\N	3d23da85-4787-56fd-a921-0b75032ff544	\N	\N	\N	\N	\N
66	2	1	4	16	1		安全管理	個人防護具/應變/急救器材	使用特殊化學品之場所是否設置緊急沖淋裝置？是否有檢點紀錄？	符合	2	\N	\N	\N	\N	d6495f89-76ff-5d55-93f4-d8bf915a8d1f	\N	\N	\N	\N	\N
67	2	1	5	17	1		安全管理	緊急應變組織	是否成立緊急應變組織(人員清單定期更新、人員是否了解自己職掌)？	符合	2	\N	\N	\N	\N	cae9fc64-da9c-5fc0-b785-98bc1f374b17	\N	\N	\N	\N	\N
68	2	1	5	18	1		安全管理	緊急應變組織	是否參與勞安處舉辦之訓練及演練？單位內是否擬定緊急應變計畫並依計畫辦理演練？	符合	2	\N	\N	\N	\N	9bf06e84-f1a4-5f4e-a53e-382dfe30180e	\N	\N	\N	\N	\N
69	2	1	6	19	2		安全管理	作業環境監測	是否針對所有物理性(噪音、二氧化碳、照度)及化學性(化學品及氣體)物質進行暴露採樣？	不符合	0	\N	\N	\N	\N	c311aba7-6ae8-548b-be59-55514f895c9a	\N	\N	\N	\N	\N
70	2	1	7	20	1		安全管理	特殊健康檢查	特殊作業人員是否完成特殊健檢？	符合	2	\N	\N	\N	\N	4f4cdc45-0009-515e-86ca-0920d1f4dbb4	\N	\N	\N	\N	\N
71	2	2	8	21	1		機械設備/化學品管理	電氣/機械 安全裝置	機械設備是否完成安全查核？是否張貼安全查核貼紙？	符合	2	\N	\N	\N	\N	a74db02e-0a1f-5b17-b6d8-df8ab27099ee	\N	\N	\N	\N	\N
72	2	2	8	22	1		機械設備/化學品管理	電氣/機械 安全裝置	機台臨時電氣配線或移動式電線，是否依規定架空配設或設置必要之安全防護措施？	符合	2	\N	\N	\N	\N	483740d7-b7f8-53c3-98e5-0939b8a4dd18	\N	\N	\N	\N	\N
74	2	2	8	24	1		機械設備/化學品管理	電氣/機械 安全裝置	機械設備之安全防護開關(光電裝置、過溫保護裝置、安全連鎖裝置、過電流保護裝置)是否足夠？是否有測試紀錄？	符合	2	\N	\N	\N	\N	692be378-a85b-565c-af37-57728a46c051	\N	\N	\N	\N	\N
75	2	2	9	25	1		機械設備/化學品管理	起重吊掛機具安全裝置	起重機具是否檢查合格？是否標示最大荷重？	符合	2	\N	\N	\N	\N	834b3f26-a059-52c4-9b22-1bb803b36a9d	\N	\N	\N	\N	\N
73	2	2	8	23	2	機械設備需安排測試並記錄。	機械設備/化學品管理	電氣/機械 安全裝置	機械設備是否設置緊急停止開關(EMO)？是否有測試紀錄？	不符合	0	1	\N	\N	\N	624fc936-e88e-551e-ac25-d9a62ef50f78	\N	\N	\N	\N	\N
116	3	1	4	16	1		安全管理	個人防護具/應變/急救器材	使用特殊化學品之場所是否設置緊急沖淋裝置？是否有檢點紀錄？	符合	2	\N	\N	\N	\N	29012329-7c3a-523f-bab8-f53ce5129907	\N	\N	\N	\N	\N
77	2	2	9	27	1		機械設備/化學品管理	起重吊掛機具安全裝置	起重機操作按鈕標示是否中文（東西南北）？橫行導軌底部是否對應標示東西南北？	符合	2	\N	\N	\N	\N	d761ef7d-01c9-5ed5-80c8-f828ae299a5d	\N	\N	\N	\N	\N
78	2	2	10	28	1		機械設備/化學品管理	化學品作業管理	化學品標示、內容及化學品清單、安全資料表是否正確？	符合	2	\N	\N	\N	\N	d677c62a-4e8d-52da-8815-93bff184bec3	\N	\N	\N	\N	\N
79	2	2	10	29	1		機械設備/化學品管理	化學品作業管理	化學品存量(每週)是否超過安全管制量，儲存是否合乎規定？化學品儲存是否使用防溢座？	符合	2	\N	\N	\N	\N	459f1fb8-9b96-5063-8226-d48392e59132	\N	\N	\N	\N	\N
80	2	2	10	30	1		機械設備/化學品管理	化學品作業管理	化學品存放區1.8公尺下是否無電氣插座？	符合	2	\N	\N	\N	\N	9dda8073-240d-5fae-8c5f-20a81087bb14	\N	\N	\N	\N	\N
81	2	2	10	31	1		機械設備/化學品管理	化學品作業管理	化學品是否有專屬儲存區？酸、鹼與有機是否分開放置？	符合	2	\N	\N	\N	\N	f9b6edb1-fb42-5e3d-bb2c-6d6eb3a83a1d	\N	\N	\N	\N	\N
82	2	2	10	32	2		機械設備/化學品管理	化學品作業管理	鋼瓶是否使用鏈條固定？未使用之鋼瓶是否蓋上鋼瓶帽？瓶身是否完整？	不符合	0	\N	\N	\N	\N	f5325748-5727-554c-b0cc-cea1c7a1cbbc	\N	\N	\N	\N	\N
83	2	2	10	33	1		機械設備/化學品管理	化學品作業管理	化學品操作/儲存區域，是否設置通風排氣裝置？其動作是否正常？	符合	2	\N	\N	\N	\N	03255d3d-ed78-5ce8-97d5-7f565ffbb85f	\N	\N	\N	\N	\N
84	2	2	10	34	1		機械設備/化學品管理	化學品作業管理	含/擦拭過化學品之廢棄物是否妥善處理？收集至含蓋收集桶？	符合	2	\N	\N	\N	\N	3b195db6-25d1-572a-8472-1dfa6eb61217	\N	\N	\N	\N	\N
85	2	2	10	35	1		機械設備/化學品管理	化學品作業管理	化學品操作/儲存區域，是否有監測設備(氣體偵測器、洩漏警報裝置及監視器)？	符合	2	\N	\N	\N	\N	ae3497a2-add0-521b-a03c-fca2f21c6dc2	\N	\N	\N	\N	\N
86	2	2	11	36	1		機械設備/化學品管理	安全標示	噪音、有機、特化、粉塵作業場所，是否張貼作業場所標示？	符合	2	\N	\N	\N	\N	84164c3c-0a7a-5f72-8335-7b06769ae3b4	\N	\N	\N	\N	\N
87	2	3	12	37	1		消防設備/建築物安全	消防火警設備	作業區域是否設置適當之自動滅火系統？	符合	2	\N	\N	\N	\N	78d11c36-04b2-5e66-914c-6dab912fea15	\N	\N	\N	\N	\N
88	2	3	12	38	2		消防設備/建築物安全	消防火警設備	滅火器是否放置明顯位置？是否因作業方便移動？	不符合	0	\N	\N	\N	\N	b9a2430b-930a-5ce3-a7f6-11c423fcd640	\N	\N	\N	\N	\N
89	2	3	12	39	1		消防設備/建築物安全	消防火警設備	消防栓箱周圍無堆積物品或礙緊急操作情形？	符合	2	\N	\N	\N	\N	610ba8c0-164f-5884-9d44-cca67c441fb5	\N	\N	\N	\N	\N
90	2	3	12	40	1		消防設備/建築物安全	消防火警設備	緊急照明燈數量是否充足？是否正常作動？	符合	2	\N	\N	\N	\N	93efcef1-01ad-53b4-b9c0-f8dc84e424f1	\N	\N	\N	\N	\N
91	2	3	12	41	3		消防設備/建築物安全	消防火警設備	緊急出口指示燈、逃生方向指示燈數量是否充足？位置是否適當？	部份符合	1	\N	\N	\N	\N	af6ca3f6-2b5a-5fcf-906b-fb0461ad0d80	\N	\N	\N	\N	\N
92	2	3	12	42	1		消防設備/建築物安全	消防火警設備	緊急廣播喇叭是否正常？	符合	2	\N	\N	\N	\N	2c792209-01d0-5fbc-bb1a-07f1b2e506d0	\N	\N	\N	\N	\N
93	2	3	12	43	1		消防設備/建築物安全	消防火警設備	單位變更或重新配置時是否重新配置消防火警設備？	符合	2	\N	\N	\N	\N	ede2e7ae-09f8-5506-b591-2b6689f2d2cc	\N	\N	\N	\N	\N
94	2	3	12	44	1		消防設備/建築物安全	消防火警設備	區域滅火器是否足夠？	符合	2	\N	\N	\N	\N	a4adc80e-8757-5ce1-9cf6-e8298d709ce0	\N	\N	\N	\N	\N
95	2	3	12	45	1		消防設備/建築物安全	消防火警設備	管路穿孔位置，是否使用防火填塞？	符合	2	\N	\N	\N	\N	cbbd76b1-c968-5544-9993-15e8253730db	\N	\N	\N	\N	\N
96	2	3	13	46	1		消防設備/建築物安全	作業環境及通道	逃生通道及安全門是否暢通？	符合	2	\N	\N	\N	\N	c590028c-4a0d-5b12-bcf7-95bb0c0855ab	\N	\N	\N	\N	\N
97	2	3	13	47	1		消防設備/建築物安全	作業環境及通道	機台/機櫃等是否已固定？	符合	2	\N	\N	\N	\N	b6f98a44-e7e1-5598-9ebc-a325b4484887	\N	\N	\N	\N	\N
98	2	3	13	48	1		消防設備/建築物安全	作業環境及通道	是否實施5S管理？	符合	2	\N	\N	\N	\N	3143ddda-0447-508b-8f24-ba7fa9fccf3e	\N	\N	\N	\N	\N
100	2	3	13	50	1		消防設備/建築物安全	作業環境及通道	物料堆放地點是否影響作業照明、自動滅火設備或滅火器？	符合	2	\N	\N	\N	\N	77fc27ea-b707-55db-af6f-06756a777b2e	\N	\N	\N	\N	\N
101	3	1	1	1	2		安全管理	安全衛生管理	單位內是否有工安幹事/窗口？	不符合	0	\N	\N	\N	\N	2941fcc0-beeb-5ed7-ba0d-75a19339ec33	\N	\N	\N	\N	\N
102	3	1	1	2	1		安全管理	安全衛生管理	單位內工安幹事/窗口是否有效傳達安全衛生相關資訊？是否有留存紀錄？	符合	2	\N	\N	\N	\N	63bea5a5-0d28-535f-9c05-d28ff2de9373	\N	\N	\N	\N	\N
103	3	1	1	3	1		安全管理	安全衛生管理	單位作業環境變更時是否申請變更管理？	符合	2	\N	\N	\N	\N	dd71bb55-e7bd-5022-ade6-6bb79c14a7fe	\N	\N	\N	\N	\N
104	3	1	2	4	3		安全管理	證照/教育訓練	危險性機械設備或特殊作業人員證照是否足夠(有機、特化、粉塵、固定起重機、吊掛、高壓氣操作人員、堆高機)？	部份符合	1	\N	\N	\N	\N	4531957a-9477-57c7-83ef-7b02cc3e67a4	\N	\N	\N	\N	\N
105	3	1	2	5	1		安全管理	證照/教育訓練	是否有足夠的合格急救人員？	符合	2	\N	\N	\N	\N	50658697-10ed-5740-a930-08699ebe7c09	\N	\N	\N	\N	\N
106	3	1	2	6	1		安全管理	證照/教育訓練	法定證照之複訓時數是否符合要求？	符合	2	\N	\N	\N	\N	ecc8dfa2-5175-546f-934c-7456875edbfa	\N	\N	\N	\N	\N
107	3	1	2	7	2		安全管理	證照/教育訓練	在職人員安全衛生教育訓練是否符合三年三小時規定？	不符合	0	\N	\N	\N	\N	8f90d55b-c667-51a4-b27d-470fad951967	\N	\N	\N	\N	\N
108	3	1	2	8	1		安全管理	證照/教育訓練	各類製程操作標準、規範是否齊全？是否有訓練記錄或上崗證？	符合	2	\N	\N	\N	\N	fc338e81-ea34-58f5-9e20-009b3f2955e7	\N	\N	\N	\N	\N
109	3	1	3	9	1		安全管理	自動檢查管理	是否訂定自動檢查計畫？(是否明確指出檢查項目、  時間、方法、人員、實施程序及安全注意事項)	符合	2	\N	\N	\N	\N	27a0f65d-3f59-50e8-b728-c2b2df3ce656	\N	\N	\N	\N	\N
110	3	1	3	10	1		安全管理	自動檢查管理	法定自動檢查項目是否完整納入清單？	符合	2	\N	\N	\N	\N	93361ebf-b2c4-54e1-a3cc-596c05f08a42	\N	\N	\N	\N	\N
111	3	1	3	11	1		安全管理	自動檢查管理	檢查結果異常是否追蹤查核及檢討改善？記錄是否依法保存？	符合	2	\N	\N	\N	\N	c2ac208a-d4e1-59f8-9284-39a9cf6e9f7e	\N	\N	\N	\N	\N
112	3	1	4	12	1		安全管理	個人防護具/應變/急救器材	是否設置適當之個人防護用具？是否有檢點紀錄？	符合	2	\N	\N	\N	\N	c82f1236-78b9-5a89-8613-6ee07cddf733	\N	\N	\N	\N	\N
113	3	1	4	13	1		安全管理	個人防護具/應變/急救器材	現場人員是否確實使用個人防護具？	符合	2	\N	\N	\N	\N	9876813f-f0bc-5d5c-a996-fc5473fa5dba	\N	\N	\N	\N	\N
114	3	1	4	14	2		安全管理	個人防護具/應變/急救器材	是否設置適當之應變器材？是否有檢點紀錄？	不符合	0	\N	\N	\N	\N	5ba6decb-b425-5e39-a30b-a8961417fb2c	\N	\N	\N	\N	\N
115	3	1	4	15	1		安全管理	個人防護具/應變/急救器材	廠區/作業區域是否設置急救箱？藥品是否過期？是否有檢點紀錄？	符合	2	\N	\N	\N	\N	44d78fe2-a1a5-5eba-982a-4a5e4c4f8695	\N	\N	\N	\N	\N
117	3	1	5	17	1		安全管理	緊急應變組織	是否成立緊急應變組織(人員清單定期更新、人員是否了解自己職掌)？	符合	2	\N	\N	\N	\N	db351021-c7aa-5482-8d64-ce7c74fb9dc5	\N	\N	\N	\N	\N
118	3	1	5	18	1		安全管理	緊急應變組織	是否參與勞安處舉辦之訓練及演練？單位內是否擬定緊急應變計畫並依計畫辦理演練？	符合	2	\N	\N	\N	\N	f020e8a1-1ac5-5135-8b32-3ae4c2891c30	\N	\N	\N	\N	\N
119	3	1	6	19	3		安全管理	作業環境監測	是否針對所有物理性(噪音、二氧化碳、照度)及化學性(化學品及氣體)物質進行暴露採樣？	部份符合	1	\N	\N	\N	\N	beb794c3-72b9-5bb5-b34e-8dca30b4d882	\N	\N	\N	\N	\N
120	3	1	7	20	1		安全管理	特殊健康檢查	特殊作業人員是否完成特殊健檢？	符合	2	\N	\N	\N	\N	5eefe85b-4fc2-5115-92cd-f30a47641d1c	\N	\N	\N	\N	\N
121	3	2	8	21	1		機械設備/化學品管理	電氣/機械 安全裝置	機械設備是否完成安全查核？是否張貼安全查核貼紙？	符合	2	\N	\N	\N	\N	c685c1bc-e1ca-52a6-9077-95829150d1c9	\N	\N	\N	\N	\N
122	3	2	8	22	1		機械設備/化學品管理	電氣/機械 安全裝置	機台臨時電氣配線或移動式電線，是否依規定架空配設或設置必要之安全防護措施？	符合	2	\N	\N	\N	\N	b78f3ec3-b180-5e5a-9306-10466dcf6c88	\N	\N	\N	\N	\N
123	3	2	8	23	2		機械設備/化學品管理	電氣/機械 安全裝置	機械設備是否設置緊急停止開關(EMO)？是否有測試紀錄？	不符合	0	\N	\N	\N	\N	3133688a-001e-5fa4-85c7-99bc06606c1e	\N	\N	\N	\N	\N
124	3	2	8	24	1		機械設備/化學品管理	電氣/機械 安全裝置	機械設備之安全防護開關(光電裝置、過溫保護裝置、安全連鎖裝置、過電流保護裝置)是否足夠？是否有測試紀錄？	符合	2	\N	\N	\N	\N	0b5b8715-6093-5193-9172-1d157f311340	\N	\N	\N	\N	\N
125	3	2	9	25	1		機械設備/化學品管理	起重吊掛機具安全裝置	起重機具是否檢查合格？是否標示最大荷重？	符合	2	\N	\N	\N	\N	7aee9b30-f8e3-563b-b97b-2043e855a88a	\N	\N	\N	\N	\N
126	3	2	9	26	1		機械設備/化學品管理	起重吊掛機具安全裝置	吊鉤、舌片、鋼索、安全警報裝置是否功能正常？	符合	2	\N	\N	\N	\N	8cd18eb3-5679-5776-8224-61b51a10909f	\N	\N	\N	\N	\N
127	3	2	9	27	1		機械設備/化學品管理	起重吊掛機具安全裝置	起重機操作按鈕標示是否中文（東西南北）？橫行導軌底部是否對應標示東西南北？	符合	2	\N	\N	\N	\N	ce4e6454-2659-59ad-8c6c-fb380576e03d	\N	\N	\N	\N	\N
128	3	2	10	28	2		機械設備/化學品管理	化學品作業管理	化學品標示、內容及化學品清單、安全資料表是否正確？	不符合	0	\N	\N	\N	\N	ffd1a605-26e4-5fe8-9702-470a86c30fc3	\N	\N	\N	\N	\N
129	3	2	10	29	1		機械設備/化學品管理	化學品作業管理	化學品存量(每週)是否超過安全管制量，儲存是否合乎規定？化學品儲存是否使用防溢座？	符合	2	\N	\N	\N	\N	30bf2c14-361d-57c5-9e69-bda2f890002e	\N	\N	\N	\N	\N
130	3	2	10	30	1		機械設備/化學品管理	化學品作業管理	化學品存放區1.8公尺下是否無電氣插座？	符合	2	\N	\N	\N	\N	f9a839cd-5511-573e-85e9-011c10ef432c	\N	\N	\N	\N	\N
131	3	2	10	31	1		機械設備/化學品管理	化學品作業管理	化學品是否有專屬儲存區？酸、鹼與有機是否分開放置？	符合	2	\N	\N	\N	\N	c0a8ddda-7851-5503-8749-97fe53223c47	\N	\N	\N	\N	\N
132	3	2	10	32	1		機械設備/化學品管理	化學品作業管理	鋼瓶是否使用鏈條固定？未使用之鋼瓶是否蓋上鋼瓶帽？瓶身是否完整？	符合	2	\N	\N	\N	\N	68e868db-cb54-5b1a-a6fb-0934211a2a89	\N	\N	\N	\N	\N
133	3	2	10	33	1		機械設備/化學品管理	化學品作業管理	化學品操作/儲存區域，是否設置通風排氣裝置？其動作是否正常？	符合	2	\N	\N	\N	\N	246ae1d4-04d3-519e-b2c1-e5df22905ad8	\N	\N	\N	\N	\N
134	3	2	10	34	2		機械設備/化學品管理	化學品作業管理	含/擦拭過化學品之廢棄物是否妥善處理？收集至含蓋收集桶？	不符合	0	\N	\N	\N	\N	d562975f-9e73-53c8-82bc-a55c36a17cc9	\N	\N	\N	\N	\N
135	3	2	10	35	1		機械設備/化學品管理	化學品作業管理	化學品操作/儲存區域，是否有監測設備(氣體偵測器、洩漏警報裝置及監視器)？	符合	2	\N	\N	\N	\N	3d44510e-e552-5d6f-83b5-1c52b2e872eb	\N	\N	\N	\N	\N
136	3	2	11	36	1		機械設備/化學品管理	安全標示	噪音、有機、特化、粉塵作業場所，是否張貼作業場所標示？	符合	2	\N	\N	\N	\N	47999ec4-c324-575a-8d8a-0bc0752995a0	\N	\N	\N	\N	\N
137	3	3	12	37	3		消防設備/建築物安全	消防火警設備	作業區域是否設置適當之自動滅火系統？	部份符合	1	\N	\N	\N	\N	8d5cd8c4-88a3-5cb6-a41f-ad7d7118e6da	\N	\N	\N	\N	\N
138	3	3	12	38	1		消防設備/建築物安全	消防火警設備	滅火器是否放置明顯位置？是否因作業方便移動？	符合	2	\N	\N	\N	\N	b3eb13ea-f606-5824-b847-ff6d7bab2943	\N	\N	\N	\N	\N
139	3	3	12	39	1		消防設備/建築物安全	消防火警設備	消防栓箱周圍無堆積物品或礙緊急操作情形？	符合	2	\N	\N	\N	\N	63326af7-3e08-524e-9e25-c68db5b4051e	\N	\N	\N	\N	\N
140	3	3	12	40	1		消防設備/建築物安全	消防火警設備	緊急照明燈數量是否充足？是否正常作動？	符合	2	\N	\N	\N	\N	ffc4ea6b-860d-511e-ac47-831dd3340302	\N	\N	\N	\N	\N
141	3	3	12	41	1		消防設備/建築物安全	消防火警設備	緊急出口指示燈、逃生方向指示燈數量是否充足？位置是否適當？	符合	2	\N	\N	\N	\N	9c6490ba-bea7-51de-a159-3433fd821130	\N	\N	\N	\N	\N
142	3	3	12	42	1		消防設備/建築物安全	消防火警設備	緊急廣播喇叭是否正常？	符合	2	\N	\N	\N	\N	e12519ed-5772-5028-9b58-0ec06127918d	\N	\N	\N	\N	\N
143	3	3	12	43	1		消防設備/建築物安全	消防火警設備	單位變更或重新配置時是否重新配置消防火警設備？	符合	2	\N	\N	\N	\N	c7004ffd-f9d2-5205-9201-9167d4597f3e	\N	\N	\N	\N	\N
144	3	3	12	44	2		消防設備/建築物安全	消防火警設備	區域滅火器是否足夠？	不符合	0	\N	\N	\N	\N	08c7c720-65e0-5a94-93ef-0b36f2e18cb4	\N	\N	\N	\N	\N
145	3	3	12	45	1		消防設備/建築物安全	消防火警設備	管路穿孔位置，是否使用防火填塞？	符合	2	\N	\N	\N	\N	91566905-73d8-5fd7-b93b-02636835a75d	\N	\N	\N	\N	\N
146	3	3	13	46	1		消防設備/建築物安全	作業環境及通道	逃生通道及安全門是否暢通？	符合	2	\N	\N	\N	\N	680b62fb-d0fe-5cfc-845b-c9bf0064e981	\N	\N	\N	\N	\N
147	3	3	13	47	1		消防設備/建築物安全	作業環境及通道	機台/機櫃等是否已固定？	符合	2	\N	\N	\N	\N	da126e05-74a8-5098-8bf3-af84cc54d8f4	\N	\N	\N	\N	\N
148	3	3	13	48	1		消防設備/建築物安全	作業環境及通道	是否實施5S管理？	符合	2	\N	\N	\N	\N	256a0a2a-d7eb-549c-87be-4f9a4277c244	\N	\N	\N	\N	\N
149	3	3	13	49	1		消防設備/建築物安全	作業環境及通道	現場照明是否充足？	符合	2	\N	\N	\N	\N	be53467d-2d48-5607-b3df-098c3eb82d67	\N	\N	\N	\N	\N
150	3	3	13	50	1		消防設備/建築物安全	作業環境及通道	物料堆放地點是否影響作業照明、自動滅火設備或滅火器？	符合	2	\N	\N	\N	\N	4429d5a2-823f-5c5a-9e98-7239bf2e839b	\N	\N	\N	\N	\N
151	4	1	1	1	1		安全管理	安全衛生管理	單位內是否有工安幹事/窗口？	符合	2	\N	\N	\N	\N	a5e8332c-7cdd-5760-bb25-348215fb957a	\N	\N	\N	\N	\N
152	4	1	1	2	2		安全管理	安全衛生管理	單位內工安幹事/窗口是否有效傳達安全衛生相關資訊？是否有留存紀錄？	不符合	0	\N	\N	\N	\N	dab03483-d08c-524a-b94e-cf7645e93943	\N	\N	\N	\N	\N
153	4	1	1	3	1		安全管理	安全衛生管理	單位作業環境變更時是否申請變更管理？	符合	2	\N	\N	\N	\N	dea40e99-3c63-5de1-ab7e-dbf41687ed4a	\N	\N	\N	\N	\N
154	4	1	2	4	1		安全管理	證照/教育訓練	危險性機械設備或特殊作業人員證照是否足夠(有機、特化、粉塵、固定起重機、吊掛、高壓氣操作人員、堆高機)？	符合	2	\N	\N	\N	\N	a886385f-bdbe-5d3a-bf3c-5b94456766fe	\N	\N	\N	\N	\N
156	4	1	2	6	1		安全管理	證照/教育訓練	法定證照之複訓時數是否符合要求？	符合	2	\N	\N	\N	\N	cb252c15-7c63-5762-b0e6-4c8c0940ae91	\N	\N	\N	\N	\N
157	4	1	2	7	1		安全管理	證照/教育訓練	在職人員安全衛生教育訓練是否符合三年三小時規定？	符合	2	\N	\N	\N	\N	13bc1911-354e-511f-aa46-252b9a4a3525	\N	\N	\N	\N	\N
158	4	1	2	8	1		安全管理	證照/教育訓練	各類製程操作標準、規範是否齊全？是否有訓練記錄或上崗證？	符合	2	\N	\N	\N	\N	f6a73e1d-1626-56f9-a502-54e32b8f0c89	\N	\N	\N	\N	\N
159	4	1	3	9	2		安全管理	自動檢查管理	是否訂定自動檢查計畫？(是否明確指出檢查項目、  時間、方法、人員、實施程序及安全注意事項)	不符合	0	\N	\N	\N	\N	3d819475-b2eb-5e8f-854e-5078e0cb1c18	\N	\N	\N	\N	\N
160	4	1	3	10	1		安全管理	自動檢查管理	法定自動檢查項目是否完整納入清單？	符合	2	\N	\N	\N	\N	eddf8bcf-d9fc-5ece-8f77-6b20b3b7bb5c	\N	\N	\N	\N	\N
161	4	1	3	11	1		安全管理	自動檢查管理	檢查結果異常是否追蹤查核及檢討改善？記錄是否依法保存？	符合	2	\N	\N	\N	\N	06134a3f-d844-5353-87da-2f5f12c1a74d	\N	\N	\N	\N	\N
162	4	1	4	12	1		安全管理	個人防護具/應變/急救器材	是否設置適當之個人防護用具？是否有檢點紀錄？	符合	2	\N	\N	\N	\N	5d871dd1-92e5-5990-bc5a-471c76711f27	\N	\N	\N	\N	\N
164	4	1	4	14	1		安全管理	個人防護具/應變/急救器材	是否設置適當之應變器材？是否有檢點紀錄？	符合	2	\N	\N	\N	\N	4df3d939-edb3-51ea-a879-0450a47e743e	\N	\N	\N	\N	\N
165	4	1	4	15	1		安全管理	個人防護具/應變/急救器材	廠區/作業區域是否設置急救箱？藥品是否過期？是否有檢點紀錄？	符合	2	\N	\N	\N	\N	93a544e8-cd07-5371-9eb0-5206376b8a0c	\N	\N	\N	\N	\N
166	4	1	4	16	2		安全管理	個人防護具/應變/急救器材	使用特殊化學品之場所是否設置緊急沖淋裝置？是否有檢點紀錄？	不符合	0	\N	\N	\N	\N	5a23f527-b615-5ae6-8113-d62f64a682a0	\N	\N	\N	\N	\N
167	4	1	5	17	1		安全管理	緊急應變組織	是否成立緊急應變組織(人員清單定期更新、人員是否了解自己職掌)？	符合	2	\N	\N	\N	\N	527f2480-bdfc-54fa-b88c-96edd02728cd	\N	\N	\N	\N	\N
168	4	1	5	18	1		安全管理	緊急應變組織	是否參與勞安處舉辦之訓練及演練？單位內是否擬定緊急應變計畫並依計畫辦理演練？	符合	2	\N	\N	\N	\N	1136cee6-b2e2-5c6e-bb4e-a7a941a9f0fe	\N	\N	\N	\N	\N
169	4	1	6	19	1		安全管理	作業環境監測	是否針對所有物理性(噪音、二氧化碳、照度)及化學性(化學品及氣體)物質進行暴露採樣？	符合	2	\N	\N	\N	\N	9e3762d0-4aca-550a-afbb-e62425ef831d	\N	\N	\N	\N	\N
170	4	1	7	20	1		安全管理	特殊健康檢查	特殊作業人員是否完成特殊健檢？	符合	2	\N	\N	\N	\N	65e7d685-b6a9-53fe-94ce-cb17a36ed3af	\N	\N	\N	\N	\N
172	4	2	8	22	1		機械設備/化學品管理	電氣/機械 安全裝置	機台臨時電氣配線或移動式電線，是否依規定架空配設或設置必要之安全防護措施？	符合	2	\N	\N	\N	\N	e23670db-0d79-53e4-8c12-065b9a90e9de	\N	\N	\N	\N	\N
173	4	2	8	23	1		機械設備/化學品管理	電氣/機械 安全裝置	機械設備是否設置緊急停止開關(EMO)？是否有測試紀錄？	符合	2	\N	\N	\N	\N	ad20602a-585a-5575-ab75-9fdb9d56a9d5	\N	\N	\N	\N	\N
174	4	2	8	24	1		機械設備/化學品管理	電氣/機械 安全裝置	機械設備之安全防護開關(光電裝置、過溫保護裝置、安全連鎖裝置、過電流保護裝置)是否足夠？是否有測試紀錄？	符合	2	\N	\N	\N	\N	9b68c79c-0a3e-526f-be9d-c057d25ccc30	\N	\N	\N	\N	\N
175	4	2	9	25	3		機械設備/化學品管理	起重吊掛機具安全裝置	起重機具是否檢查合格？是否標示最大荷重？	部份符合	1	\N	\N	\N	\N	60c5b2ed-b112-5bb5-99e4-88e147355766	\N	\N	\N	\N	\N
176	4	2	9	26	1		機械設備/化學品管理	起重吊掛機具安全裝置	吊鉤、舌片、鋼索、安全警報裝置是否功能正常？	符合	2	\N	\N	\N	\N	ee6f41e0-223b-5900-bb06-a69148482cdc	\N	\N	\N	\N	\N
177	4	2	9	27	1		機械設備/化學品管理	起重吊掛機具安全裝置	起重機操作按鈕標示是否中文（東西南北）？橫行導軌底部是否對應標示東西南北？	符合	2	\N	\N	\N	\N	d008c4ce-ecbe-5fb7-93d2-60818b6cd81d	\N	\N	\N	\N	\N
178	4	2	10	28	1		機械設備/化學品管理	化學品作業管理	化學品標示、內容及化學品清單、安全資料表是否正確？	符合	2	\N	\N	\N	\N	47472521-1348-50ca-83f5-6739ab740b0f	\N	\N	\N	\N	\N
179	4	2	10	29	1		機械設備/化學品管理	化學品作業管理	化學品存量(每週)是否超過安全管制量，儲存是否合乎規定？化學品儲存是否使用防溢座？	符合	2	\N	\N	\N	\N	02264dde-e71a-57c7-9071-e868c14fb883	\N	\N	\N	\N	\N
180	4	2	10	30	1		機械設備/化學品管理	化學品作業管理	化學品存放區1.8公尺下是否無電氣插座？	符合	2	\N	\N	\N	\N	1c98847f-868c-53c8-bc99-258a1545766d	\N	\N	\N	\N	\N
181	4	2	10	31	1		機械設備/化學品管理	化學品作業管理	化學品是否有專屬儲存區？酸、鹼與有機是否分開放置？	符合	2	\N	\N	\N	\N	dfe240cc-36d8-5021-b36d-12f68a64b327	\N	\N	\N	\N	\N
182	4	2	10	32	1		機械設備/化學品管理	化學品作業管理	鋼瓶是否使用鏈條固定？未使用之鋼瓶是否蓋上鋼瓶帽？瓶身是否完整？	符合	2	\N	\N	\N	\N	6ff52a1a-a824-512a-82fd-c20d743b7583	\N	\N	\N	\N	\N
183	4	2	10	33	2		機械設備/化學品管理	化學品作業管理	化學品操作/儲存區域，是否設置通風排氣裝置？其動作是否正常？	不符合	0	\N	\N	\N	\N	5c97c620-8207-50bf-be54-ce7ab84d0b89	\N	\N	\N	\N	\N
184	4	2	10	34	1		機械設備/化學品管理	化學品作業管理	含/擦拭過化學品之廢棄物是否妥善處理？收集至含蓋收集桶？	符合	2	\N	\N	\N	\N	eaea327f-34f7-50fa-a822-d5bac41c482d	\N	\N	\N	\N	\N
185	4	2	10	35	1		機械設備/化學品管理	化學品作業管理	化學品操作/儲存區域，是否有監測設備(氣體偵測器、洩漏警報裝置及監視器)？	符合	2	\N	\N	\N	\N	1ee436d0-a723-5b4c-9116-42d7d60eac49	\N	\N	\N	\N	\N
186	4	2	11	36	1		機械設備/化學品管理	安全標示	噪音、有機、特化、粉塵作業場所，是否張貼作業場所標示？	符合	2	\N	\N	\N	\N	ea427773-9235-5272-a5b8-b8093f1f9250	\N	\N	\N	\N	\N
187	4	3	12	37	1		消防設備/建築物安全	消防火警設備	作業區域是否設置適當之自動滅火系統？	符合	2	\N	\N	\N	\N	6633c6c8-707e-5386-82ac-3cf55f9d02d4	\N	\N	\N	\N	\N
188	4	3	12	38	3		消防設備/建築物安全	消防火警設備	滅火器是否放置明顯位置？是否因作業方便移動？	部份符合	1	\N	\N	\N	\N	e6f49058-7918-548b-8ad9-4a4c6b4bd5fe	\N	\N	\N	\N	\N
189	4	3	12	39	3		消防設備/建築物安全	消防火警設備	消防栓箱周圍無堆積物品或礙緊急操作情形？	部份符合	1	\N	\N	\N	\N	d9c2126a-5ddf-523f-a1cc-e562d6d0e791	\N	\N	\N	\N	\N
155	4	1	2	5	2	合格急救人員不足 。	安全管理	證照/教育訓練	是否有足夠的合格急救人員？	不符合	0	1	\N	\N	\N	2b6d3f0c-de16-51b5-a727-428daef250d2	\N	\N	\N	\N	\N
191	4	3	12	41	1		消防設備/建築物安全	消防火警設備	緊急出口指示燈、逃生方向指示燈數量是否充足？位置是否適當？	符合	2	\N	\N	\N	\N	6c7b47e4-d203-55fc-b5ef-0e0ebaf26e58	\N	\N	\N	\N	\N
192	4	3	12	42	1		消防設備/建築物安全	消防火警設備	緊急廣播喇叭是否正常？	符合	2	\N	\N	\N	\N	06f23ca3-d2dc-5daf-8ae0-8a68987926ce	\N	\N	\N	\N	\N
193	4	3	12	43	1		消防設備/建築物安全	消防火警設備	單位變更或重新配置時是否重新配置消防火警設備？	符合	2	\N	\N	\N	\N	7ad0be12-b43f-5f8b-8060-b5c216845679	\N	\N	\N	\N	\N
194	4	3	12	44	1		消防設備/建築物安全	消防火警設備	區域滅火器是否足夠？	符合	2	\N	\N	\N	\N	832d973c-78f1-5e71-9f0e-679b09e0a620	\N	\N	\N	\N	\N
195	4	3	12	45	1		消防設備/建築物安全	消防火警設備	管路穿孔位置，是否使用防火填塞？	符合	2	\N	\N	\N	\N	03f76e91-96b4-5a16-9ef8-7892a7e78110	\N	\N	\N	\N	\N
196	4	3	13	46	1		消防設備/建築物安全	作業環境及通道	逃生通道及安全門是否暢通？	符合	2	\N	\N	\N	\N	d9bead27-3a58-5f78-bd99-1a68acf973c1	\N	\N	\N	\N	\N
197	4	3	13	47	1		消防設備/建築物安全	作業環境及通道	機台/機櫃等是否已固定？	符合	2	\N	\N	\N	\N	e6e14418-2b92-54d9-8260-45a3ddd5c9b1	\N	\N	\N	\N	\N
198	4	3	13	48	1		消防設備/建築物安全	作業環境及通道	是否實施5S管理？	符合	2	\N	\N	\N	\N	ce0f6bd7-e6fb-548b-b4ca-eb3190ba7511	\N	\N	\N	\N	\N
199	4	3	13	49	1		消防設備/建築物安全	作業環境及通道	現場照明是否充足？	符合	2	\N	\N	\N	\N	d23afab7-343b-575e-984e-d8710a347a36	\N	\N	\N	\N	\N
200	4	3	13	50	2		消防設備/建築物安全	作業環境及通道	物料堆放地點是否影響作業照明、自動滅火設備或滅火器？	不符合	0	\N	\N	\N	\N	77144cbe-469c-5a62-8414-fdae3d8fbab2	\N	\N	\N	\N	\N
202	5	1	1	2	3		安全管理	安全衛生管理	單位內工安幹事/窗口是否有效傳達安全衛生相關資訊？是否有留存紀錄？	部份符合	1	\N	\N	\N	\N	f486038b-525f-5f1e-81b5-94f37a57b925	\N	\N	\N	\N	\N
203	5	1	1	3	3		安全管理	安全衛生管理	單位作業環境變更時是否申請變更管理？	部份符合	1	\N	\N	\N	\N	cabbbd8a-2c35-56fc-9b3a-556b05b062dc	\N	\N	\N	\N	\N
204	5	1	2	4	1		安全管理	證照/教育訓練	危險性機械設備或特殊作業人員證照是否足夠(有機、特化、粉塵、固定起重機、吊掛、高壓氣操作人員、堆高機)？	符合	2	\N	\N	\N	\N	afc4ae9b-3e59-5a69-8a7b-ff85228870f5	\N	\N	\N	\N	\N
205	5	1	2	5	1		安全管理	證照/教育訓練	是否有足夠的合格急救人員？	符合	2	\N	\N	\N	\N	3a2b28a3-37d9-5daf-b7aa-328202f8ae10	\N	\N	\N	\N	\N
206	5	1	2	6	1		安全管理	證照/教育訓練	法定證照之複訓時數是否符合要求？	符合	2	\N	\N	\N	\N	a611cb91-d462-5fd6-9f01-614ed927886e	\N	\N	\N	\N	\N
207	5	1	2	7	1		安全管理	證照/教育訓練	在職人員安全衛生教育訓練是否符合三年三小時規定？	符合	2	\N	\N	\N	\N	9f5fe369-20bb-5f08-8d0f-3c2b9572c29a	\N	\N	\N	\N	\N
208	5	1	2	8	1		安全管理	證照/教育訓練	各類製程操作標準、規範是否齊全？是否有訓練記錄或上崗證？	符合	2	\N	\N	\N	\N	0f5646d0-ca72-5562-83bc-0d8c152f050e	\N	\N	\N	\N	\N
209	5	1	3	9	1		安全管理	自動檢查管理	是否訂定自動檢查計畫？(是否明確指出檢查項目、  時間、方法、人員、實施程序及安全注意事項)	符合	2	\N	\N	\N	\N	2a90f49b-ddaf-533c-9560-4afa2eae3761	\N	\N	\N	\N	\N
210	5	1	3	10	1		安全管理	自動檢查管理	法定自動檢查項目是否完整納入清單？	符合	2	\N	\N	\N	\N	d63e3e27-e1eb-5c4c-9f60-4b2ca7e3093e	\N	\N	\N	\N	\N
211	5	1	3	11	1		安全管理	自動檢查管理	檢查結果異常是否追蹤查核及檢討改善？記錄是否依法保存？	符合	2	\N	\N	\N	\N	90ace0ae-1185-5200-84d0-1c50b4fddf1f	\N	\N	\N	\N	\N
212	5	1	4	12	1		安全管理	個人防護具/應變/急救器材	是否設置適當之個人防護用具？是否有檢點紀錄？	符合	2	\N	\N	\N	\N	12791414-06ae-5a60-994f-ac9badfc89ae	\N	\N	\N	\N	\N
213	5	1	4	13	1		安全管理	個人防護具/應變/急救器材	現場人員是否確實使用個人防護具？	符合	2	\N	\N	\N	\N	c54879dd-732c-53c8-a506-cd0cd35f29df	\N	\N	\N	\N	\N
214	5	1	4	14	3		安全管理	個人防護具/應變/急救器材	是否設置適當之應變器材？是否有檢點紀錄？	部份符合	1	\N	\N	\N	\N	4b011e2f-cc12-5934-ac06-53123a03b484	\N	\N	\N	\N	\N
215	5	1	4	15	1		安全管理	個人防護具/應變/急救器材	廠區/作業區域是否設置急救箱？藥品是否過期？是否有檢點紀錄？	符合	2	\N	\N	\N	\N	4874de12-86aa-57cd-b50f-deedc06420eb	\N	\N	\N	\N	\N
216	5	1	4	16	1		安全管理	個人防護具/應變/急救器材	使用特殊化學品之場所是否設置緊急沖淋裝置？是否有檢點紀錄？	符合	2	\N	\N	\N	\N	9a642923-65cb-5941-a5bc-7ebac9534566	\N	\N	\N	\N	\N
217	5	1	5	17	1		安全管理	緊急應變組織	是否成立緊急應變組織(人員清單定期更新、人員是否了解自己職掌)？	符合	2	\N	\N	\N	\N	fdbe0258-8fd7-53e8-922a-6e12836ba7a7	\N	\N	\N	\N	\N
218	5	1	5	18	1		安全管理	緊急應變組織	是否參與勞安處舉辦之訓練及演練？單位內是否擬定緊急應變計畫並依計畫辦理演練？	符合	2	\N	\N	\N	\N	4f367aa8-30de-52a5-929a-0e3a50c3bb43	\N	\N	\N	\N	\N
219	5	1	6	19	1		安全管理	作業環境監測	是否針對所有物理性(噪音、二氧化碳、照度)及化學性(化學品及氣體)物質進行暴露採樣？	符合	2	\N	\N	\N	\N	358dd593-2e3e-5bdf-8095-133b0eaf604f	\N	\N	\N	\N	\N
220	5	1	7	20	2		安全管理	特殊健康檢查	特殊作業人員是否完成特殊健檢？	不符合	0	\N	\N	\N	\N	01113583-be58-513b-9147-da7965bedb80	\N	\N	\N	\N	\N
222	5	2	8	22	1		機械設備/化學品管理	電氣/機械 安全裝置	機台臨時電氣配線或移動式電線，是否依規定架空配設或設置必要之安全防護措施？	符合	2	\N	\N	\N	\N	133888e4-73e9-5b80-8c11-585a63fb3f8b	\N	\N	\N	\N	\N
223	5	2	8	23	1		機械設備/化學品管理	電氣/機械 安全裝置	機械設備是否設置緊急停止開關(EMO)？是否有測試紀錄？	符合	2	\N	\N	\N	\N	37021fb1-581c-504d-8a6d-a5eb98842705	\N	\N	\N	\N	\N
224	5	2	8	24	1		機械設備/化學品管理	電氣/機械 安全裝置	機械設備之安全防護開關(光電裝置、過溫保護裝置、安全連鎖裝置、過電流保護裝置)是否足夠？是否有測試紀錄？	符合	2	\N	\N	\N	\N	08a912d9-a692-5f36-a4ed-8a52b610fdf9	\N	\N	\N	\N	\N
225	5	2	9	25	2		機械設備/化學品管理	起重吊掛機具安全裝置	起重機具是否檢查合格？是否標示最大荷重？	不符合	0	\N	\N	\N	\N	dc59309b-5f0d-55e6-8fb3-accaeb4e9b7c	\N	\N	\N	\N	\N
226	5	2	9	26	1		機械設備/化學品管理	起重吊掛機具安全裝置	吊鉤、舌片、鋼索、安全警報裝置是否功能正常？	符合	2	\N	\N	\N	\N	cafb2f78-1551-505e-a43d-779dc8ef5aca	\N	\N	\N	\N	\N
227	5	2	9	27	1		機械設備/化學品管理	起重吊掛機具安全裝置	起重機操作按鈕標示是否中文（東西南北）？橫行導軌底部是否對應標示東西南北？	符合	2	\N	\N	\N	\N	06014339-0a0f-5638-8e34-d2c80f6547a5	\N	\N	\N	\N	\N
296	6	6	29	96	1		消防設備/建築物安全(法人)	自動警報設備	各樓層各居室內是否皆有火警探測器?	符合	2	\N	\N	\N	\N	a472a477-2c01-5e45-9292-3b6cb0545728	\N	\N	\N	\N	\N
201	5	1	1	1	1		安全管理	安全衛生管理	單位內是否有工安幹事/窗口？	符合	2	2	\N	\N	\N	fd48fe26-79ad-5395-9529-ac387de0b20c	\N	\N	\N	\N	\N
228	5	2	10	28	2		機械設備/化學品管理	化學品作業管理	化學品標示、內容及化學品清單、安全資料表是否正確？	不符合	0	\N	\N	\N	\N	59cd00dd-2acb-5379-866e-cf5c737610ab	\N	\N	\N	\N	\N
229	5	2	10	29	2		機械設備/化學品管理	化學品作業管理	化學品存量(每週)是否超過安全管制量，儲存是否合乎規定？化學品儲存是否使用防溢座？	不符合	0	\N	\N	\N	\N	e333c826-4586-546f-82a4-756c91222439	\N	\N	\N	\N	\N
230	5	2	10	30	1		機械設備/化學品管理	化學品作業管理	化學品存放區1.8公尺下是否無電氣插座？	符合	2	\N	\N	\N	\N	2d345896-2fdf-546e-8e00-87c2355b46d4	\N	\N	\N	\N	\N
231	5	2	10	31	1		機械設備/化學品管理	化學品作業管理	化學品是否有專屬儲存區？酸、鹼與有機是否分開放置？	符合	2	\N	\N	\N	\N	42a5b8dc-df89-51c1-9c66-2bf3d53ad02a	\N	\N	\N	\N	\N
232	5	2	10	32	1		機械設備/化學品管理	化學品作業管理	鋼瓶是否使用鏈條固定？未使用之鋼瓶是否蓋上鋼瓶帽？瓶身是否完整？	符合	2	\N	\N	\N	\N	11f4aab8-cd34-5c2e-9d68-5d6a0d5df1ae	\N	\N	\N	\N	\N
233	5	2	10	33	1		機械設備/化學品管理	化學品作業管理	化學品操作/儲存區域，是否設置通風排氣裝置？其動作是否正常？	符合	2	\N	\N	\N	\N	e8d30c61-e509-5c2d-afe8-2bac2dc2be86	\N	\N	\N	\N	\N
334	7	6	25	84	1		消防設備/建築物安全(法人)	建物安全管理	建築物室內裝修是否依法進行申報?	符合	2	\N	\N	\N	\N	ce4e91dc-3e1f-563e-bc9b-2822e540df3b	\N	\N	\N	\N	\N
234	5	2	10	34	2		機械設備/化學品管理	化學品作業管理	含/擦拭過化學品之廢棄物是否妥善處理？收集至含蓋收集桶？	不符合	0	\N	\N	\N	\N	d358a288-a3e9-55fe-93a5-83391c626325	\N	\N	\N	\N	\N
235	5	2	10	35	1		機械設備/化學品管理	化學品作業管理	化學品操作/儲存區域，是否有監測設備(氣體偵測器、洩漏警報裝置及監視器)？	符合	2	\N	\N	\N	\N	f1fbe0ee-8ed2-5b3b-a9e6-8b524d8020ed	\N	\N	\N	\N	\N
236	5	2	11	36	1		機械設備/化學品管理	安全標示	噪音、有機、特化、粉塵作業場所，是否張貼作業場所標示？	符合	2	\N	\N	\N	\N	53a4e960-c0f8-5691-b274-2599047a954b	\N	\N	\N	\N	\N
237	5	3	12	37	1		消防設備/建築物安全	消防火警設備	作業區域是否設置適當之自動滅火系統？	符合	2	\N	\N	\N	\N	885d637d-9f1a-548b-9018-b8f4c1771a11	\N	\N	\N	\N	\N
238	5	3	12	38	2		消防設備/建築物安全	消防火警設備	滅火器是否放置明顯位置？是否因作業方便移動？	不符合	0	\N	\N	\N	\N	d06492d0-4796-569b-80e3-913080a58146	\N	\N	\N	\N	\N
239	5	3	12	39	2		消防設備/建築物安全	消防火警設備	消防栓箱周圍無堆積物品或礙緊急操作情形？	不符合	0	\N	\N	\N	\N	2e745919-ab5e-5b49-88fc-af0c6287134f	\N	\N	\N	\N	\N
240	5	3	12	40	1		消防設備/建築物安全	消防火警設備	緊急照明燈數量是否充足？是否正常作動？	符合	2	\N	\N	\N	\N	2377a7b0-10f4-5efd-a9e3-2d07d3702af4	\N	\N	\N	\N	\N
241	5	3	12	41	1		消防設備/建築物安全	消防火警設備	緊急出口指示燈、逃生方向指示燈數量是否充足？位置是否適當？	符合	2	\N	\N	\N	\N	b283da17-d1dc-50a9-a9af-ffe47cfcddb7	\N	\N	\N	\N	\N
242	5	3	12	42	1		消防設備/建築物安全	消防火警設備	緊急廣播喇叭是否正常？	符合	2	\N	\N	\N	\N	9c58999c-787c-53fb-bcef-e806d43ef139	\N	\N	\N	\N	\N
243	5	3	12	43	1		消防設備/建築物安全	消防火警設備	單位變更或重新配置時是否重新配置消防火警設備？	符合	2	\N	\N	\N	\N	6f491ab9-9ea7-58e7-97d3-319ddee1fc58	\N	\N	\N	\N	\N
244	5	3	12	44	1		消防設備/建築物安全	消防火警設備	區域滅火器是否足夠？	符合	2	\N	\N	\N	\N	a2002eec-a179-564c-825c-1726dc98105a	\N	\N	\N	\N	\N
245	5	3	12	45	1		消防設備/建築物安全	消防火警設備	管路穿孔位置，是否使用防火填塞？	符合	2	\N	\N	\N	\N	044228f0-9e17-5bde-97e0-f0fa7b9a86a3	\N	\N	\N	\N	\N
246	5	3	13	46	2		消防設備/建築物安全	作業環境及通道	逃生通道及安全門是否暢通？	不符合	0	\N	\N	\N	\N	eb71ffcc-684c-5165-925b-360090e52cd8	\N	\N	\N	\N	\N
247	5	3	13	47	2		消防設備/建築物安全	作業環境及通道	機台/機櫃等是否已固定？	不符合	0	\N	\N	\N	\N	6b02ede3-e46e-550b-ba84-80c4f0a0f34f	\N	\N	\N	\N	\N
248	5	3	13	48	2		消防設備/建築物安全	作業環境及通道	是否實施5S管理？	不符合	0	\N	\N	\N	\N	ee0e2ee6-851f-5b96-a92a-d3c3f76ce4e6	\N	\N	\N	\N	\N
249	5	3	13	49	1		消防設備/建築物安全	作業環境及通道	現場照明是否充足？	符合	2	\N	\N	\N	\N	b455adc9-9e81-5297-942e-a82474753e1d	\N	\N	\N	\N	\N
250	5	3	13	50	1		消防設備/建築物安全	作業環境及通道	物料堆放地點是否影響作業照明、自動滅火設備或滅火器？	符合	2	\N	\N	\N	\N	a1e00576-d119-5cd1-b143-2477ca7c67c8	\N	\N	\N	\N	\N
251	6	4	14	51	1		安全組織	安全衛生組織	職業安全衛生專責人員數量是否符合法定要求？<br>\r\na. 未滿30人者；丙種職業安全衛生業務主管。<br>\r\nb. 30人以上未滿100人者；乙種職業安全衛生業務主管。<br>\r\nc. 100人以上未滿300人者；甲種職業安全衛生業務主管及職業安全衛生管理員各一人。<br>\r\nd. 300人以上未滿500人者；甲種職業安全衛生業務主管一人、職業安全（衛生）管理師一人及職業安全衛生管理員一人以上。<br>\r\ne. 500人以上未滿1000人者；甲種職業安全衛生業務主管一人、職業安全（衛生）管理師一人及職業安全衛生管理員各二人以上。<br>\r\nf. 1000人以上者；甲種職業安全衛生業務主管一人、職業安全（衛生）管理師二人及職業安全衛生管理員各二人以上。	符合	2	\N	\N	\N	\N	d0a9ef22-d0e1-5707-8c01-9867deabdf2e	\N	\N	\N	\N	\N
252	6	4	14	52	2		安全組織	安全衛生組織	設有總機構者：<br>\r\na. 500人以上未滿1000人者；甲種職業安全衛生業務主管及職業安全衛生管理員各一人以上。<br>\r\nb. 超過1000人者；甲種職業安全衛生業務主管、職業安全（衛生）管理師及職業安全衛生管理員各一人以上。	不符合	0	\N	\N	\N	\N	2d0a5761-bbf1-5e22-bb34-fc9232c043da	\N	\N	\N	\N	\N
253	6	4	14	53	1		安全組織	安全衛生組織	職業安全衛生組織是否向勞檢單位報備完成?	符合	2	\N	\N	\N	\N	4d6ba1e1-af8b-5b71-bd88-9cea2763ece9	\N	\N	\N	\N	\N
254	6	4	15	54	2		安全組織	職業安全衛生管理計畫及系統	是否依據廠區規模、特性訂定職業安全衛生管理計畫？<br>\r\na. 30人以下廠區，以執行記錄或文件代替。<br>\r\nb. 30人以上(含)廠區，訂定管理計畫。<br>\r\nc. 100人以上(含)廠區，應訂定管理計畫及職業安全衛生管理規章。<br>\r\nd. 300人以上(含)廠區，計畫應包括：政策、組織設計、規劃與實施、評估、改善措施	不符合	0	\N	\N	\N	\N	50151bef-109d-5e3e-b694-a5ef257ffeb6	\N	\N	\N	\N	\N
255	6	4	15	55	1		安全組織	職業安全衛生管理計畫及系統	是否推動職業安全衛生管理系統？(一類200人、二類500人)	符合	2	\N	\N	\N	\N	c43241f4-1b2c-5e34-9f9c-07f11f85c52f	\N	\N	\N	\N	\N
257	6	4	16	57	1		安全組織	職業安全衛生委員會(300人以上未滿500人者)	單位內是否有工安幹事之連繫窗口？	符合	2	\N	\N	\N	\N	1fc55378-d25d-59f1-8bfa-b18ff8225a92	\N	\N	\N	\N	\N
258	6	4	16	58	1		安全組織	職業安全衛生委員會(300人以上未滿500人者)	廠區是否每季舉行安全衛生委員會及會議記錄公告？	符合	2	\N	\N	\N	\N	9e740481-11a8-524e-9dbd-b43ed5819a6e	\N	\N	\N	\N	\N
259	6	4	17	59	1		安全組織	醫謢人員配置	是否設置足夠的護理人員？是否與醫護人員辦理現場訪視，資料是否留存？	符合	2	\N	\N	\N	\N	32d0effc-884d-56db-bb9e-df9356727762	\N	\N	\N	\N	\N
260	6	4	17	60	1		安全組織	醫謢人員配置	從事職業健康臨廠服務之醫師資格及頻率是否符合法令要求？	符合	2	\N	\N	\N	\N	204942cc-a8f6-54d9-b9b2-9f445e38d869	\N	\N	\N	\N	\N
261	6	5	18	61	2		安全管理(法人)	安全巡檢	安衛管理單位是否排定計畫定期進行安全巡視？巡檢紀錄是否留存？	不符合	0	\N	\N	\N	\N	9ae897d5-7838-5c1e-b7e2-7e623cce0f58	\N	\N	\N	\N	\N
262	6	5	19	62	1		安全管理(法人)	意外事故調查	是否有意外事故通報及管理流程？	符合	2	\N	\N	\N	\N	0a86cfb1-69bd-5289-b6d2-4faeb7dce9a5	\N	\N	\N	\N	\N
263	6	5	19	63	1		安全管理(法人)	意外事故調查	職災是否依法定期申報？	符合	2	\N	\N	\N	\N	b691e18f-a7c3-5e28-a3a8-acef7231c0c2	\N	\N	\N	\N	\N
264	6	5	20	64	1		安全管理(法人)	承攬商管理	是否有制定承攬商管理制度？承攬商入廠是否申請？是否定期召開協議組織會議？	符合	2	\N	\N	\N	\N	642cd3bd-ade8-5e70-9b53-67ced3b5d517	\N	\N	\N	\N	\N
265	6	5	20	65	1		安全管理(法人)	承攬商管理	是否有制定動火作業管21乙炔、砂輪機等產生明火設備)是否符合安全規定？	符合	2	\N	\N	\N	\N	e42b3580-2cf6-5cd4-a3ea-1c3405a56dfa	\N	\N	\N	\N	\N
266	6	5	21	66	1		安全管理(法人)	教育訓練規劃執行	新進人員是否進行安全衛生教育訓練？訓練資料是否留存備查？	符合	2	\N	\N	\N	\N	7ec4864c-0a63-5d62-8f09-8b2a4b7d45ae	\N	\N	\N	\N	\N
335	7	6	25	85	1		消防設備/建築物安全(法人)	建物安全管理	是否定期進行建築物公共安全檢查及申報?	符合	2	\N	\N	\N	\N	9f74938a-17c1-54f5-bb39-5cef00831408	\N	\N	\N	\N	\N
267	6	5	21	67	1		安全管理(法人)	教育訓練規劃執行	危險性機械設備及特殊作業人員等法定證照是否足夠(業務主管、有機、特化、粉塵、固定起重機、吊掛、高壓氣操作人員、堆高機、急救人員)，每班是否皆有人員？	符合	2	\N	\N	\N	\N	a0a2d5ad-4fac-5b0d-9b6f-db8cf2967f0e	\N	\N	\N	\N	\N
268	6	5	21	68	1		安全管理(法人)	教育訓練規劃執行	危險性機械設備及特殊作業人員等法定證照複訓時數是否符合？	符合	2	\N	\N	\N	\N	385d7a97-b4f6-5f6a-a884-251fa640aae0	\N	\N	\N	\N	\N
269	6	5	21	69	1		安全管理(法人)	教育訓練規劃執行	使用危險物、有害物是否實施危害通識教育訓練？訓練資料是否留存備查？	符合	2	\N	\N	\N	\N	71c8b777-fc74-5a2b-a59b-4692c9a4e2ad	\N	\N	\N	\N	\N
271	6	5	22	71	1		安全管理(法人)	緊急應變系統建立	是否成立緊急應變組織，人員清單定期更新(人員是否了解自己為緊急應變組織成員)？	符合	2	\N	\N	\N	\N	a45c606e-4214-58d8-9548-85df40851bb8	\N	\N	\N	\N	\N
272	6	5	22	72	1		安全管理(法人)	緊急應變系統建立	是否針對可能+C24:D45發生之緊急狀況發展緊急應變計劃或流程，(包含以下緊急狀況：天然災害，如地震；製程損失，如火災、化學品洩漏等)？	符合	2	\N	\N	\N	\N	304860ce-10f3-55eb-a27e-e7abc9b30d20	\N	\N	\N	\N	\N
273	6	5	22	73	1		安全管理(法人)	緊急應變系統建立	是否依計畫辦理訓練及演練？	符合	2	\N	\N	\N	\N	6d7712d2-f5b3-51dd-82ba-666e1489193f	\N	\N	\N	\N	\N
274	6	5	22	74	1		安全管理(法人)	緊急應變系統建立	緊急應變器材是否放置於易取得之地點？	符合	2	\N	\N	\N	\N	59236ff5-36ab-5772-8ae9-1ca571cdd574	\N	\N	\N	\N	\N
275	6	5	22	75	1		安全管理(法人)	緊急應變系統建立	廠區指揮官手冊是否定期更新？	符合	2	\N	\N	\N	\N	a160cec2-1ba7-5981-85e2-7ceeb94a17fe	\N	\N	\N	\N	\N
276	6	6	23	76	2		消防設備/建築物安全(法人)	升降機	升降機是否標示額定荷重及安全說明？	不符合	0	\N	\N	\N	\N	b411fb92-e830-5b58-b177-3180a68feba6	\N	\N	\N	\N	\N
277	6	6	23	77	1		消防設備/建築物安全(法人)	升降機	升降機是否檢查合格並於有效期限內？並妥善張貼合格證？	符合	2	\N	\N	\N	\N	b105404e-f913-5eb7-82c7-d8f96a8dc49a	\N	\N	\N	\N	\N
278	6	6	24	78	1		消防設備/建築物安全(法人)	電氣設備管控(變壓器、配電盤)	高低壓電氣室及變電站是否納入自動檢查(檢查紀錄或委託專業機構檢修紀錄)？	符合	2	\N	\N	\N	\N	1e22b375-171f-5e8a-8285-e11534cb1efb	\N	\N	\N	\N	\N
279	6	6	24	79	1		消防設備/建築物安全(法人)	電氣設備管控(變壓器、配電盤)	電站或電氣室是否設置圍籬？門禁上鎖管制？並設警告標示？	符合	2	\N	\N	\N	\N	d5522399-8293-5a5c-839a-817c75fbbb42	\N	\N	\N	\N	\N
280	6	6	24	80	1		消防設備/建築物安全(法人)	電氣設備管控(變壓器、配電盤)	柴油發電機未依計劃定期測試並紀錄測試結果？	符合	2	\N	\N	\N	\N	e9484b31-b2da-56c3-a985-b88f0dd4001d	\N	\N	\N	\N	\N
281	6	6	24	81	1		消防設備/建築物安全(法人)	電氣設備管控(變壓器、配電盤)	是否已有建立及執行電器設置IR Scaner檢測？	符合	2	\N	\N	\N	\N	a4234cf6-c09f-5317-b19e-dc58ad3f65a1	\N	\N	\N	\N	\N
282	6	6	25	82	1		消防設備/建築物安全(法人)	建物安全管理	防火門是否保持常關？安全門是否上鎖？	符合	2	\N	\N	\N	\N	c7a20a98-36b7-512f-9e70-7b2d9afd0182	\N	\N	\N	\N	\N
283	6	6	25	83	1		消防設備/建築物安全(法人)	建物安全管理	是否設置逃生動線圖？逃生通道是否暢通？	符合	2	\N	\N	\N	\N	49d89ace-153b-5bb4-94dc-5986986700f0	\N	\N	\N	\N	\N
284	6	6	25	84	2		消防設備/建築物安全(法人)	建物安全管理	建築物室內裝修是否依法進行申報?	不符合	0	\N	\N	\N	\N	b36ac4a6-a1e9-5a6e-9171-91cefd47921a	\N	\N	\N	\N	\N
285	6	6	25	85	1		消防設備/建築物安全(法人)	建物安全管理	是否定期進行建築物公共安全檢查及申報?	符合	2	\N	\N	\N	\N	1b1de417-618a-558f-8af5-6d5355e2e9bd	\N	\N	\N	\N	\N
286	6	6	26	86	1		消防設備/建築物安全(法人)	消防安全管理	消防每年是否依法進行檢修申報?	符合	2	\N	\N	\N	\N	e23a6f42-c82a-5a8f-b2b2-a6074c194857	\N	\N	\N	\N	\N
287	6	6	26	87	3		消防設備/建築物安全(法人)	消防安全管理	消防每半年是否依法進行自衛消防編組申報?	部份符合	1	\N	\N	\N	\N	23662cd1-c0da-5b4e-b6b4-fb691e3e7765	\N	\N	\N	\N	\N
288	6	6	26	88	1		消防設備/建築物安全(法人)	消防安全管理	防火管理員是否依規定提報及訓練?是否完成複訓？	符合	2	\N	\N	\N	\N	2ab922e9-70fc-54e4-beab-5ee01de2d380	\N	\N	\N	\N	\N
289	6	6	27	89	1		消防設備/建築物安全(法人)	消防系統	是否制定維護保養及檢查測試之項目與週期？消防Pump是否有定期測試保養？	符合	2	\N	\N	\N	\N	00ae05a1-3d77-5897-8fb2-e43483f647a0	\N	\N	\N	\N	\N
290	6	6	27	90	1		消防設備/建築物安全(法人)	消防系統	確認管路是否正常持壓？Pump是否設置於自動開啟狀態？	符合	2	\N	\N	\N	\N	f904b6d9-2c7e-5ebb-87c3-eff5184adcd2	\N	\N	\N	\N	\N
291	6	6	27	91	1		消防設備/建築物安全(法人)	消防系統	是否設有有自動滅火系統？	符合	2	\N	\N	\N	\N	746ba2a1-2fce-5c83-9eb0-b5847e4a0334	\N	\N	\N	\N	\N
292	6	6	28	92	3		消防設備/建築物安全(法人)	室內、外消防栓	是否有室外消防栓開啟工具？水帶（兩條）是否無潮濕或破損現象？瞄子是否完整？	部份符合	1	\N	\N	\N	\N	e0059694-66fa-5931-accd-4d7d8545aa7c	\N	\N	\N	\N	\N
293	6	6	28	93	1		消防設備/建築物安全(法人)	室內、外消防栓	檢視消防栓箱前是否無遮蔽物，周圍無堆積物品有礙緊急操作情形？	符合	2	\N	\N	\N	\N	ae829e95-ccc4-55d4-b360-13ac1b38e033	\N	\N	\N	\N	\N
294	6	6	29	94	1		消防設備/建築物安全(法人)	自動警報設備	是否已建置消防系統中斷管理程序? 火警授信總機是否有原因不明之隔離？	符合	2	\N	\N	\N	\N	62f40b58-958a-5f52-b45a-e7f3691b27cd	\N	\N	\N	\N	\N
295	6	6	29	95	3		消防設備/建築物安全(法人)	自動警報設備	火警鈴按鈕，測試火災指示燈、地區表示燈及音響裝置是否能正常啟動？	部份符合	1	\N	\N	\N	\N	956fbc2d-3f04-5a03-87a8-77d4692c6299	\N	\N	\N	\N	\N
297	6	6	30	97	1		消防設備/建築物安全(法人)	化學品庫房/放置區	不相容化學品是否分開儲放？	符合	2	\N	\N	\N	\N	f5707d9b-5f39-5206-a9f0-f4483b051449	\N	\N	\N	\N	\N
298	6	6	30	98	1		消防設備/建築物安全(法人)	化學品庫房/放置區	是否設置足夠安全防護設備(換氣設備、偵測器、防液堤等)	符合	2	\N	\N	\N	\N	66ebd023-3c2b-5fd1-b29e-3d099b2687f4	\N	\N	\N	\N	\N
299	6	6	31	99	1		消防設備/建築物安全(法人)	廚房	是否設置瓦斯偵測器及隔離閥，並定期測試？	符合	2	\N	\N	\N	\N	3962821c-c51a-5079-86c9-807bb8e642b5	\N	\N	\N	\N	\N
300	6	6	31	100	1		消防設備/建築物安全(法人)	廚房	是否設置廚房滅火系統，並定期測試？	符合	2	\N	\N	\N	\N	09e5b9bd-3bc6-52e9-ab9d-8e8c25309fe6	\N	\N	\N	\N	\N
336	7	6	26	86	1		消防設備/建築物安全(法人)	消防安全管理	消防每年是否依法進行檢修申報?	符合	2	\N	\N	\N	\N	fcbf97b3-7505-5cbb-a2ba-434fe1b1ec47	\N	\N	\N	\N	\N
337	7	6	26	87	1		消防設備/建築物安全(法人)	消防安全管理	消防每半年是否依法進行自衛消防編組申報?	符合	2	\N	\N	\N	\N	db362e91-888d-5a12-b22e-3f9d3671f31f	\N	\N	\N	\N	\N
338	7	6	26	88	2		消防設備/建築物安全(法人)	消防安全管理	防火管理員是否依規定提報及訓練?是否完成複訓？	不符合	0	\N	\N	\N	\N	760019d7-2de5-5127-a725-10ec6dd7651f	\N	\N	\N	\N	\N
339	7	6	27	89	2		消防設備/建築物安全(法人)	消防系統	是否制定維護保養及檢查測試之項目與週期？消防Pump是否有定期測試保養？	不符合	0	\N	\N	\N	\N	c7015de5-8094-5ac3-9f22-ee7476b42667	\N	\N	\N	\N	\N
301	7	4	14	51	1		安全組織	安全衛生組織	職業安全衛生專責人員數量是否符合法定要求？<br>\r\na. 未滿30人者；丙種職業安全衛生業務主管。<br>\r\nb. 30人以上未滿100人者；乙種職業安全衛生業務主管。<br>\r\nc. 100人以上未滿300人者；甲種職業安全衛生業務主管及職業安全衛生管理員各一人。<br>\r\nd. 300人以上未滿500人者；甲種職業安全衛生業務主管一人、職業安全（衛生）管理師一人及職業安全衛生管理員一人以上。<br>\r\ne. 500人以上未滿1000人者；甲種職業安全衛生業務主管一人、職業安全（衛生）管理師一人及職業安全衛生管理員各二人以上。<br>\r\nf. 1000人以上者；甲種職業安全衛生業務主管一人、職業安全（衛生）管理師二人及職業安全衛生管理員各二人以上。	符合	2	\N	\N	\N	\N	50313c31-8879-5df8-b117-d01af674c5f6	\N	\N	\N	\N	\N
302	7	4	14	52	1		安全組織	安全衛生組織	設有總機構者：<br>\r\na. 500人以上未滿1000人者；甲種職業安全衛生業務主管及職業安全衛生管理員各一人以上。<br>\r\nb. 超過1000人者；甲種職業安全衛生業務主管、職業安全（衛生）管理師及職業安全衛生管理員各一人以上。	符合	2	\N	\N	\N	\N	57816237-b82f-5619-bff5-ba1e234eb70f	\N	\N	\N	\N	\N
303	7	4	14	53	1		安全組織	安全衛生組織	職業安全衛生組織是否向勞檢單位報備完成?	符合	2	\N	\N	\N	\N	3b2e36bd-082b-550d-82a5-3c12da2bfe06	\N	\N	\N	\N	\N
304	7	4	15	54	3		安全組織	職業安全衛生管理計畫及系統	是否依據廠區規模、特性訂定職業安全衛生管理計畫？<br>\r\na. 30人以下廠區，以執行記錄或文件代替。<br>\r\nb. 30人以上(含)廠區，訂定管理計畫。<br>\r\nc. 100人以上(含)廠區，應訂定管理計畫及職業安全衛生管理規章。<br>\r\nd. 300人以上(含)廠區，計畫應包括：政策、組織設計、規劃與實施、評估、改善措施	部份符合	1	\N	\N	\N	\N	9824134d-c96e-5345-bb8a-8883825af778	\N	\N	\N	\N	\N
305	7	4	15	55	1		安全組織	職業安全衛生管理計畫及系統	是否推動職業安全衛生管理系統？(一類200人、二類500人)	符合	2	\N	\N	\N	\N	185010b3-9951-5201-96fa-9c12ec3436b3	\N	\N	\N	\N	\N
306	7	4	16	56	2		安全組織	職業安全衛生委員會(300人以上未滿500人者)	組織成員是否含有工程技術人員、醫護人員？	不符合	0	\N	\N	\N	\N	ac5e5ca3-e6c7-5eee-abf4-9b01952ce584	\N	\N	\N	\N	\N
307	7	4	16	57	1		安全組織	職業安全衛生委員會(300人以上未滿500人者)	單位內是否有工安幹事之連繫窗口？	符合	2	\N	\N	\N	\N	359b2b82-177b-5916-88e8-7bc162da6a81	\N	\N	\N	\N	\N
308	7	4	16	58	1		安全組織	職業安全衛生委員會(300人以上未滿500人者)	廠區是否每季舉行安全衛生委員會及會議記錄公告？	符合	2	\N	\N	\N	\N	174387af-9fe7-5e49-8908-01004d0bd8d6	\N	\N	\N	\N	\N
309	7	4	17	59	1		安全組織	醫謢人員配置	是否設置足夠的護理人員？是否與醫護人員辦理現場訪視，資料是否留存？	符合	2	\N	\N	\N	\N	311c91bf-849b-5d06-9ef1-4d0d9396c6e8	\N	\N	\N	\N	\N
310	7	4	17	60	1		安全組織	醫謢人員配置	從事職業健康臨廠服務之醫師資格及頻率是否符合法令要求？	符合	2	\N	\N	\N	\N	048a6192-81ea-5232-a9bf-7cf980d9113f	\N	\N	\N	\N	\N
312	7	5	19	62	1		安全管理(法人)	意外事故調查	是否有意外事故通報及管理流程？	符合	2	\N	\N	\N	\N	7b14b8a5-1d57-50c8-bbbf-a70020e6c207	\N	\N	\N	\N	\N
313	7	5	19	63	1		安全管理(法人)	意外事故調查	職災是否依法定期申報？	符合	2	\N	\N	\N	\N	3731d0f7-7513-5d33-9dcb-ed66475e3d09	\N	\N	\N	\N	\N
314	7	5	20	64	1		安全管理(法人)	承攬商管理	是否有制定承攬商管理制度？承攬商入廠是否申請？是否定期召開協議組織會議？	符合	2	\N	\N	\N	\N	0a80e491-2eb4-5856-a3e8-237b8ce23e11	\N	\N	\N	\N	\N
315	7	5	20	65	1		安全管理(法人)	承攬商管理	是否有制定動火作業管21乙炔、砂輪機等產生明火設備)是否符合安全規定？	符合	2	\N	\N	\N	\N	ab05e822-bcbd-5b8d-a18c-085e2aecb627	\N	\N	\N	\N	\N
316	7	5	21	66	1		安全管理(法人)	教育訓練規劃執行	新進人員是否進行安全衛生教育訓練？訓練資料是否留存備查？	符合	2	\N	\N	\N	\N	d3f46037-1618-5efc-9435-e795cc0753fe	\N	\N	\N	\N	\N
318	7	5	21	68	1		安全管理(法人)	教育訓練規劃執行	危險性機械設備及特殊作業人員等法定證照複訓時數是否符合？	符合	2	\N	\N	\N	\N	e969b9f0-a959-5869-921f-13c9bd935fa0	\N	\N	\N	\N	\N
319	7	5	21	69	1		安全管理(法人)	教育訓練規劃執行	使用危險物、有害物是否實施危害通識教育訓練？訓練資料是否留存備查？	符合	2	\N	\N	\N	\N	312cd2e7-1b85-5e50-96be-80999f585888	\N	\N	\N	\N	\N
320	7	5	21	70	1		安全管理(法人)	教育訓練規劃執行	一般勞工是否實施在職安全衛生教育訓練(三年三小時)？訓練資料是否留存備查？	符合	2	\N	\N	\N	\N	ebceb6f7-01a2-5820-95c6-b73611bd7f22	\N	\N	\N	\N	\N
321	7	5	22	71	3		安全管理(法人)	緊急應變系統建立	是否成立緊急應變組織，人員清單定期更新(人員是否了解自己為緊急應變組織成員)？	部份符合	1	\N	\N	\N	\N	ba4f0997-1ede-54e9-b6ab-54a1decae69c	\N	\N	\N	\N	\N
322	7	5	22	72	3		安全管理(法人)	緊急應變系統建立	是否針對可能+C24:D45發生之緊急狀況發展緊急應變計劃或流程，(包含以下緊急狀況：天然災害，如地震；製程損失，如火災、化學品洩漏等)？	部份符合	1	\N	\N	\N	\N	f85fc138-3f4f-5a34-bbda-889fcc9cbf31	\N	\N	\N	\N	\N
323	7	5	22	73	1		安全管理(法人)	緊急應變系統建立	是否依計畫辦理訓練及演練？	符合	2	\N	\N	\N	\N	399851ea-1c56-5da6-a898-62db3bbe187c	\N	\N	\N	\N	\N
324	7	5	22	74	2		安全管理(法人)	緊急應變系統建立	緊急應變器材是否放置於易取得之地點？	不符合	0	\N	\N	\N	\N	17e94265-92c2-52ac-a1b7-39bee985456f	\N	\N	\N	\N	\N
325	7	5	22	75	2		安全管理(法人)	緊急應變系統建立	廠區指揮官手冊是否定期更新？	不符合	0	\N	\N	\N	\N	8fe0aaa2-ac2f-57d6-8c8d-da301e3a54d9	\N	\N	\N	\N	\N
326	7	6	23	76	2		消防設備/建築物安全(法人)	升降機	升降機是否標示額定荷重及安全說明？	不符合	0	\N	\N	\N	\N	1af0def7-56ae-5551-8b0d-f8e28e955f93	\N	\N	\N	\N	\N
327	7	6	23	77	1		消防設備/建築物安全(法人)	升降機	升降機是否檢查合格並於有效期限內？並妥善張貼合格證？	符合	2	\N	\N	\N	\N	fd224a72-db28-5c0a-acdd-d8fed68cf7e4	\N	\N	\N	\N	\N
328	7	6	24	78	1		消防設備/建築物安全(法人)	電氣設備管控(變壓器、配電盤)	高低壓電氣室及變電站是否納入自動檢查(檢查紀錄或委託專業機構檢修紀錄)？	符合	2	\N	\N	\N	\N	ff4663cd-7756-5104-8f48-26db3fbd5985	\N	\N	\N	\N	\N
329	7	6	24	79	1		消防設備/建築物安全(法人)	電氣設備管控(變壓器、配電盤)	電站或電氣室是否設置圍籬？門禁上鎖管制？並設警告標示？	符合	2	\N	\N	\N	\N	63559885-d3d4-5f58-a83e-0f7131b0d03a	\N	\N	\N	\N	\N
330	7	6	24	80	1		消防設備/建築物安全(法人)	電氣設備管控(變壓器、配電盤)	柴油發電機未依計劃定期測試並紀錄測試結果？	符合	2	\N	\N	\N	\N	b2317150-2839-5b6d-9244-6f87ca8130b5	\N	\N	\N	\N	\N
331	7	6	24	81	3		消防設備/建築物安全(法人)	電氣設備管控(變壓器、配電盤)	是否已有建立及執行電器設置IR Scaner檢測？	部份符合	1	\N	\N	\N	\N	dfaba76b-6909-5e3d-9589-1267e6577023	\N	\N	\N	\N	\N
332	7	6	25	82	1		消防設備/建築物安全(法人)	建物安全管理	防火門是否保持常關？安全門是否上鎖？	符合	2	\N	\N	\N	\N	b8dd3516-47c7-5e14-8fcd-4a4d5c3ad1b7	\N	\N	\N	\N	\N
333	7	6	25	83	1		消防設備/建築物安全(法人)	建物安全管理	是否設置逃生動線圖？逃生通道是否暢通？	符合	2	\N	\N	\N	\N	175babae-1abb-54b9-99e4-dce8b7f16307	\N	\N	\N	\N	\N
340	7	6	27	90	1		消防設備/建築物安全(法人)	消防系統	確認管路是否正常持壓？Pump是否設置於自動開啟狀態？	符合	2	\N	\N	\N	\N	1a46a67b-115b-557e-8d37-28b040572462	\N	\N	\N	\N	\N
341	7	6	27	91	1		消防設備/建築物安全(法人)	消防系統	是否設有有自動滅火系統？	符合	2	\N	\N	\N	\N	afcf6e8f-b033-512e-b165-1280b58e5883	\N	\N	\N	\N	\N
342	7	6	28	92	1		消防設備/建築物安全(法人)	室內、外消防栓	是否有室外消防栓開啟工具？水帶（兩條）是否無潮濕或破損現象？瞄子是否完整？	符合	2	\N	\N	\N	\N	41986a2c-772d-5c48-9aee-d03e7a753272	\N	\N	\N	\N	\N
343	7	6	28	93	1		消防設備/建築物安全(法人)	室內、外消防栓	檢視消防栓箱前是否無遮蔽物，周圍無堆積物品有礙緊急操作情形？	符合	2	\N	\N	\N	\N	9d5dda55-adbb-5575-97f4-0d3d9cd0d3c2	\N	\N	\N	\N	\N
344	7	6	29	94	2		消防設備/建築物安全(法人)	自動警報設備	是否已建置消防系統中斷管理程序? 火警授信總機是否有原因不明之隔離？	不符合	0	\N	\N	\N	\N	6530aa31-a8fe-5c80-80f9-67aec4807d90	\N	\N	\N	\N	\N
345	7	6	29	95	1		消防設備/建築物安全(法人)	自動警報設備	火警鈴按鈕，測試火災指示燈、地區表示燈及音響裝置是否能正常啟動？	符合	2	\N	\N	\N	\N	6851271c-9d6b-5d83-bce8-ece44bbd1965	\N	\N	\N	\N	\N
346	7	6	29	96	1		消防設備/建築物安全(法人)	自動警報設備	各樓層各居室內是否皆有火警探測器?	符合	2	\N	\N	\N	\N	2893c2ed-c3a5-5ba0-9659-5e72476013c3	\N	\N	\N	\N	\N
347	7	6	30	97	1		消防設備/建築物安全(法人)	化學品庫房/放置區	不相容化學品是否分開儲放？	符合	2	\N	\N	\N	\N	35421f41-2e05-5634-8d02-824eaba1535b	\N	\N	\N	\N	\N
348	7	6	30	98	1		消防設備/建築物安全(法人)	化學品庫房/放置區	是否設置足夠安全防護設備(換氣設備、偵測器、防液堤等)	符合	2	\N	\N	\N	\N	d0f3c451-71f7-5a47-a125-cdbd35d63cbb	\N	\N	\N	\N	\N
349	7	6	31	99	3		消防設備/建築物安全(法人)	廚房	是否設置瓦斯偵測器及隔離閥，並定期測試？	部份符合	1	\N	\N	\N	\N	aa356ca0-fbb3-5fd0-bb2b-5b38ccb1c6e2	\N	\N	\N	\N	\N
350	7	6	31	100	2		消防設備/建築物安全(法人)	廚房	是否設置廚房滅火系統，並定期測試？	不符合	0	\N	\N	\N	\N	029d21d6-4e79-5a78-85ac-fdca31c14b48	\N	\N	\N	\N	\N
99	2	3	13	49	1		消防設備/建築物安全	作業環境及通道	現場照明是否充足？	符合	2	1	\N	\N	\N	8804f764-2c79-50d3-842b-a1130890b391	\N	\N	\N	\N	\N
171	4	2	8	21	1		機械設備/化學品管理	電氣/機械 安全裝置	機械設備是否完成安全查核？是否張貼安全查核貼紙？	符合	2	1	\N	\N	\N	cd91ac43-5596-5649-a40a-5ad241d170a3	\N	\N	\N	\N	\N
11	1	1	3	11	3	部份記錄並無依法保存。	安全管理	自動檢查管理	檢查結果異常是否追蹤查核及檢討改善？記錄是否依法保存？	部份符合	1	\N	\N	\N	\N	0eb4e457-65c1-5e70-9e34-5065c533c6ec	\N	\N	\N	\N	\N
32	1	2	10	32	2		機械設備/化學品管理	化學品作業管理	鋼瓶是否使用鏈條固定？未使用之鋼瓶是否蓋上鋼瓶帽？瓶身是否完整？	不符合	0	\N	\N	\N	\N	a7b63423-5647-5975-88b4-d6796788610d	\N	\N	\N	\N	\N
37	1	3	12	37	2		消防設備/建築物安全	消防火警設備	作業區域是否設置適當之自動滅火系統？	不符合	0	\N	\N	\N	\N	db644e84-c7a1-54df-af37-e14f8aadef16	\N	\N	\N	\N	\N
76	2	2	9	26	3	部份安全警報裝置已損壞，需立即更換。	機械設備/化學品管理	起重吊掛機具安全裝置	吊鉤、舌片、鋼索、安全警報裝置是否功能正常？	部份符合	1	1	\N	\N	\N	90d27f79-f643-5d91-b3ca-54912dc91f89	\N	\N	\N	\N	\N
163	4	1	4	13	2	個人防護具不足，需補足。	安全管理	個人防護具/應變/急救器材	現場人員是否確實使用個人防護具？	不符合	0	2	\N	\N	\N	63ae8a3e-49cc-5694-b90f-42018b92edba	\N	\N	\N	\N	\N
190	4	3	12	40	3	部份緊急照明燈數量不足，且少數能正常作動，需補足更換。	消防設備/建築物安全	消防火警設備	緊急照明燈數量是否充足？是否正常作動？	部份符合	1	2	\N	\N	\N	e771e905-e6f1-57e8-a11a-5730ddcf199f	\N	\N	\N	\N	\N
221	5	2	8	21	2	機械設備尚未完成安全查核，且查核完需張貼安全查核貼紙。	機械設備/化學品管理	電氣/機械 安全裝置	機械設備是否完成安全查核？是否張貼安全查核貼紙？	不符合	0	2	\N	\N	\N	5317beac-c486-5596-b8a7-d83948ac1142	\N	\N	\N	\N	\N
270	6	5	21	70	2	需妥善實施在職安全衛生教育訓練，並將訓練資料留存備查。	安全管理(法人)	教育訓練規劃執行	一般勞工是否實施在職安全衛生教育訓練(三年三小時)？訓練資料是否留存備查？	不符合	0	1	\N	\N	\N	d75df7a7-2dc2-55cc-b6db-831005a0a4bd	\N	\N	\N	\N	\N
5	1	1	2	5	2		安全管理	證照/教育訓練	是否有足夠的合格急救人員？	不符合	0	\N	/images/P1/U1/i_5.jpg	\N	\N	856fe4dc-ea17-5b01-91b5-60c1e1f933f7	\N	\N	\N	\N	\N
256	6	4	16	56	3	組織成員中，醫護人員不足。	安全組織	職業安全衛生委員會(300人以上未滿500人者)	組織成員是否含有工程技術人員、醫護人員？	部份符合	1	2	\N	\N	\N	44dddb0e-b599-5af2-b2e5-b66716404146	\N	\N	\N	\N	\N
311	7	5	18	61	1		安全管理(法人)	安全巡檢	安衛管理單位是否排定計畫定期進行安全巡視？巡檢紀錄是否留存？	符合	2	1	\N	\N	\N	b9ade72a-f892-5244-ab7f-6627092021f6	\N	\N	\N	\N	\N
317	7	5	21	67	1		安全管理(法人)	教育訓練規劃執行	危險性機械設備及特殊作業人員等法定證照是否足夠(業務主管、有機、特化、粉塵、固定起重機、吊掛、高壓氣操作人員、堆高機、急救人員)，每班是否皆有人員？	符合	2	1	\N	\N	\N	4e715b3b-3853-525e-98e5-2f15e1f24524	\N	\N	\N	\N	\N
451	10	8	41	128	1		機械設備/化學品管理	化學品作業管理	化學品標示、內容及化學品清單、安全資料表是否正確？	符合	2	\N	\N	\N	\N	32a008c2-7775-5f82-a545-37befee4d01c	\N	\N	\N	\N	\N
460	10	7	34	110	1		安全管理	自動檢查管理	法定自動檢查項目是否完整納入清單？	符合	2	\N	\N	\N	\N	1f17b0ad-c9d7-5b21-b8d3-ddbc792d4482	\N	\N	\N	\N	\N
351	8	7	32	101	1		安全管理	安全衛生管理	單位內是否有工安幹事/窗口？	符合	2	\N				ae39d4e5-71f9-52ee-a33f-9787890c2bc6	\N	\N	\N	\N	\N
352	8	7	32	102	1		安全管理	安全衛生管理	單位內工安幹事/窗口是否有效傳達安全衛生相關資訊？是否有留存紀錄？	符合	2	\N				8b7cfcfd-4c74-5365-83cc-1c0c875678da	\N	\N	\N	\N	\N
353	8	7	32	103	1		安全管理	安全衛生管理	單位作業環境變更時是否申請變更管理？	符合	2	\N				51f5bffa-f0c0-5281-828a-63634eb081d1	\N	\N	\N	\N	\N
354	8	7	33	104	1		安全管理	證照/教育訓練	危險性機械設備或特殊作業人員證照是否足夠(有機、特化、粉塵、固定起重機、吊掛、高壓氣操作人員、堆高機)？	符合	2	\N				8ced4e94-c281-5da4-96e9-db265fb76f68	\N	\N	\N	\N	\N
355	8	7	33	105	1		安全管理	證照/教育訓練	是否有足夠的合格急救人員？	符合	2	\N				bedaafee-b1d0-592f-b8b1-a07cee8b65ca	\N	\N	\N	\N	\N
356	8	7	33	106	1		安全管理	證照/教育訓練	法定證照之複訓時數是否符合要求？	符合	2	\N				0f3de1e8-c06f-523a-a286-7f2f79a70a05	\N	\N	\N	\N	\N
357	8	7	33	107	1		安全管理	證照/教育訓練	在職人員安全衛生教育訓練是否符合三年三小時規定？	符合	2	\N				72879ceb-d8f1-5eac-9086-285783eb6e65	\N	\N	\N	\N	\N
358	8	7	33	108	1		安全管理	證照/教育訓練	各類製程操作標準、規範是否齊全？是否有訓練記錄或上崗證？	符合	2	\N				7b7cbdb0-804b-5037-9411-189d233895dd	\N	\N	\N	\N	\N
359	8	7	34	109	1		安全管理	自動檢查管理	是否訂定自動檢查計畫？(是否明確指出檢查項目、  時間、方法、人員、實施程序及安全注意事項)	符合	2	\N				c50c038d-d478-5d07-b0b0-9e1fb8496df3	\N	\N	\N	\N	\N
360	8	7	34	110	1		安全管理	自動檢查管理	法定自動檢查項目是否完整納入清單？	符合	2	\N				cb7a4d0f-734b-5cef-80a5-7d60045b9705	\N	\N	\N	\N	\N
361	8	7	34	111	1		安全管理	自動檢查管理	檢查結果異常是否追蹤查核及檢討改善？記錄是否依法保存？	符合	2	\N				82be45fc-ca3a-5808-ae1b-4cfef940c349	\N	\N	\N	\N	\N
362	8	7	35	112	1		安全管理	個人防護具/應變/急救器材	是否設置適當之個人防護用具？是否有檢點紀錄？	符合	2	\N				fb29ba14-3458-594b-8bce-d4c48fdbf78a	\N	\N	\N	\N	\N
363	8	7	35	113	1		安全管理	個人防護具/應變/急救器材	現場人員是否確實使用個人防護具？	符合	2	\N				18b64ec9-ffd2-58bb-bb5f-a66fdb6242c0	\N	\N	\N	\N	\N
364	8	7	35	114	1		安全管理	個人防護具/應變/急救器材	是否設置適當之應變器材？是否有檢點紀錄？	符合	2	\N				13a97b53-dcc6-5402-af8a-e7d7c10297bf	\N	\N	\N	\N	\N
365	8	7	35	115	1		安全管理	個人防護具/應變/急救器材	廠區/作業區域是否設置急救箱？藥品是否過期？是否有檢點紀錄？	符合	2	\N				cc01cb86-ab8b-5c61-b326-b4ca574c7a59	\N	\N	\N	\N	\N
366	8	7	35	116	1		安全管理	個人防護具/應變/急救器材	使用特殊化學品之場所是否設置緊急沖淋裝置？是否有檢點紀錄？	符合	2	\N				ced303ca-594f-5466-8745-054f992782f0	\N	\N	\N	\N	\N
367	8	7	36	117	1		安全管理	緊急應變組織	是否成立緊急應變組織(人員清單定期更新、人員是否了解自己職掌)？	符合	2	\N				9a714e90-3285-5ce9-b202-43b94c8bfc18	\N	\N	\N	\N	\N
368	8	7	36	118	1		安全管理	緊急應變組織	是否參與勞安處舉辦之訓練及演練？單位內是否擬定緊急應變計畫並依計畫辦理演練？	符合	2	\N				8c230936-59c4-58d9-bd0e-64362791f502	\N	\N	\N	\N	\N
369	8	7	37	119	1		安全管理	作業環境監測	是否針對所有物理性(噪音、二氧化碳、照度)及化學性(化學品及氣體)物質進行暴露採樣？	符合	2	\N				aa4e5393-31cc-5ef8-9116-b459af300aea	\N	\N	\N	\N	\N
370	8	7	38	120	1		安全管理	特殊健康檢查	特殊作業人員是否完成特殊健檢？	符合	2	\N				e040a096-b0cc-5ed3-822e-60f964df24f6	\N	\N	\N	\N	\N
372	8	8	39	122	1		機械設備/化學品管理	電氣/機械 安全裝置	機台臨時電氣配線或移動式電線，是否依規定架空配設或設置必要之安全防護措施？	符合	2	\N				4f5a066b-7db4-516f-b76f-c67cce8b7c56	\N	\N	\N	\N	\N
373	8	8	39	123	1		機械設備/化學品管理	電氣/機械 安全裝置	機械設備是否設置緊急停止開關(EMO)？是否有測試紀錄？	符合	2	\N				9d10ee49-cc43-5a18-b636-0afa0b82ee31	\N	\N	\N	\N	\N
374	8	8	39	124	1		機械設備/化學品管理	電氣/機械 安全裝置	機械設備之安全防護開關(光電裝置、過溫保護裝置、安全連鎖裝置、過電流保護裝置)是否足夠？是否有測試紀錄？	符合	2	\N				f1f937ce-53e7-53e6-af70-ad0a4c785d79	\N	\N	\N	\N	\N
375	8	8	40	125	1		機械設備/化學品管理	起重吊掛機具安全裝置	起重機具是否檢查合格？是否標示最大荷重？	符合	2	\N				b0b6d4f1-2237-5d90-871b-04c336e7b068	\N	\N	\N	\N	\N
376	8	8	40	126	1		機械設備/化學品管理	起重吊掛機具安全裝置	吊鉤、舌片、鋼索、安全警報裝置是否功能正常？	符合	2	\N				8aad4e71-0709-56ff-b2ee-f52702cfc499	\N	\N	\N	\N	\N
377	8	8	40	127	1		機械設備/化學品管理	起重吊掛機具安全裝置	起重機操作按鈕標示是否中文（東西南北）？橫行導軌底部是否對應標示東西南北？	符合	2	\N				b0f9837c-9b88-579a-8815-069fda4bf4ff	\N	\N	\N	\N	\N
378	8	8	41	128	1		機械設備/化學品管理	化學品作業管理	化學品標示、內容及化學品清單、安全資料表是否正確？	符合	2	\N				2e993698-e65d-5ce2-9c47-ad72cc81f564	\N	\N	\N	\N	\N
379	8	8	41	129	1		機械設備/化學品管理	化學品作業管理	化學品存量(每週)是否超過安全管制量，儲存是否合乎規定？化學品儲存是否使用防溢座？	符合	2	\N				0821457f-f8e5-519c-9e26-5f8effc222ba	\N	\N	\N	\N	\N
380	8	8	41	130	1		機械設備/化學品管理	化學品作業管理	化學品存放區1.8公尺下是否無電氣插座？	符合	2	\N				83ee89a9-8c84-5cef-b9bf-1209ed781932	\N	\N	\N	\N	\N
381	8	8	41	131	1		機械設備/化學品管理	化學品作業管理	化學品是否有專屬儲存區？酸、鹼與有機是否分開放置？	符合	2	\N				11b51237-913c-55ea-ac20-4f9c63b3e109	\N	\N	\N	\N	\N
382	8	8	41	132	1		機械設備/化學品管理	化學品作業管理	鋼瓶是否使用鏈條固定？未使用之鋼瓶是否蓋上鋼瓶帽？瓶身是否完整？	符合	2	\N				b97417bb-2966-5f0d-9348-8a5776b7b0f8	\N	\N	\N	\N	\N
383	8	8	41	133	1		機械設備/化學品管理	化學品作業管理	化學品操作/儲存區域，是否設置通風排氣裝置？其動作是否正常？	符合	2	\N				9c6c39ad-51c0-54f9-bf23-b438c4d3a600	\N	\N	\N	\N	\N
371	8	8	39	121	1	okk	機械設備/化學品管理	電氣/機械 安全裝置	機械設備是否完成安全查核？是否張貼安全查核貼紙？	符合	2	1				9c784ecc-95f8-593a-b519-052ecced192e	\N	\N	\N	\N	\N
499	10	7	32	101	1		安全管理	安全衛生管理	單位內是否有工安幹事/窗口？	符合	2	\N	\N	\N	\N	808c5ebd-286d-5da2-97d8-cebff66b6baa	\N	\N	\N	\N	\N
384	8	8	41	134	1		機械設備/化學品管理	化學品作業管理	含/擦拭過化學品之廢棄物是否妥善處理？收集至含蓋收集桶？	符合	2	\N				3a064424-dfb9-5428-a6e0-3532de06a994	\N	\N	\N	\N	\N
385	8	8	41	135	1		機械設備/化學品管理	化學品作業管理	化學品操作/儲存區域，是否有監測設備(氣體偵測器、洩漏警報裝置及監視器)？	符合	2	\N				629573b8-dba9-52b0-912d-65b05a1f9855	\N	\N	\N	\N	\N
386	8	8	42	136	1		機械設備/化學品管理	安全標示	噪音、有機、特化、粉塵作業場所，是否張貼作業場所標示？	符合	2	\N				e8b3fdf1-036b-50a4-b126-2602bbad60f4	\N	\N	\N	\N	\N
387	8	9	43	137	1		消防設備/建築物安全	消防火警設備	作業區域是否設置適當之自動滅火系統？	符合	2	\N				049e071a-90ff-5bb1-8d58-7517594aa203	\N	\N	\N	\N	\N
388	8	9	43	138	1		消防設備/建築物安全	消防火警設備	滅火器是否放置明顯位置？是否因作業方便移動？	符合	2	\N				e2a03552-5451-5270-a2da-30819c08aea9	\N	\N	\N	\N	\N
389	8	9	43	139	3		消防設備/建築物安全	消防火警設備	消防栓箱周圍無堆積物品或礙緊急操作情形？	部份符合	1	\N				8332d19f-7e8b-5e81-9851-9536c4b9031b	\N	\N	\N	\N	\N
390	8	9	43	140	1		消防設備/建築物安全	消防火警設備	緊急照明燈數量是否充足？是否正常作動？	符合	2	\N				fbc5c070-ab27-5214-a0c8-647b00452f48	\N	\N	\N	\N	\N
391	8	9	43	141	1		消防設備/建築物安全	消防火警設備	緊急出口指示燈、逃生方向指示燈數量是否充足？位置是否適當？	符合	2	\N				f27afda0-c6a2-55e8-b37b-5aa7518db324	\N	\N	\N	\N	\N
392	8	9	43	142	1		消防設備/建築物安全	消防火警設備	緊急廣播喇叭是否正常？	符合	2	\N				df770f33-f883-5b1e-b18d-2117cd7a44f4	\N	\N	\N	\N	\N
393	8	9	43	143	1		消防設備/建築物安全	消防火警設備	單位變更或重新配置時是否重新配置消防火警設備？	符合	2	\N				bbb7b18c-9a51-5836-a809-459ea401a172	\N	\N	\N	\N	\N
394	8	9	43	144	1		消防設備/建築物安全	消防火警設備	區域滅火器是否足夠？	符合	2	\N				6b8a1e72-1c14-5b58-9234-441c518d2ba1	\N	\N	\N	\N	\N
395	8	9	43	145	1		消防設備/建築物安全	消防火警設備	管路穿孔位置，是否使用防火填塞？	符合	2	\N				4bcb4140-9324-5b73-b5d4-7e66735466b3	\N	\N	\N	\N	\N
396	8	9	44	146	1		消防設備/建築物安全	作業環境及通道	逃生通道及安全門是否暢通？	符合	2	\N				3a0f7826-7fbd-53df-82e1-5cdac67fa754	\N	\N	\N	\N	\N
397	8	9	44	147	1		消防設備/建築物安全	作業環境及通道	機台/機櫃等是否已固定？	符合	2	\N				cc8c899f-8e8c-5486-84ab-f737979ef053	\N	\N	\N	\N	\N
398	8	9	44	148	1		消防設備/建築物安全	作業環境及通道	是否實施5S管理？	符合	2	\N				f4f0007f-87df-5f73-b8c0-f7a1352650dd	\N	\N	\N	\N	\N
399	8	9	44	149	1		消防設備/建築物安全	作業環境及通道	現場照明是否充足？	符合	2	\N				47cd554c-7104-5189-89ca-db12f86cdfa8	\N	\N	\N	\N	\N
400	8	9	44	150	3	111	消防設備/建築物安全	作業環境及通道	物料堆放地點是否影響作業照明、自動滅火設備或滅火器？	部份符合	1	1				c60b7f6c-66d2-5c6b-a2d1-2c405fdd3344	\N	\N	\N	\N	\N
501	11	8	42	136	3		機械設備/化學品管理	安全標示	噪音、有機、特化、粉塵作業場所，是否張貼作業場所標示？	部分符合	1	\N	\N	\N	\N	18758059-ea18-576a-b7a0-606ccd92b2fd	\N	\N	\N	\N	\N
401	9	8	42	136	1		機械設備/化學品管理	安全標示	噪音、有機、特化、粉塵作業場所，是否張貼作業場所標示？	符合	2	\N	\N	\N	\N	4b1c64e9-87f5-5e03-b201-133ccf6c6a7a	\N	\N	\N	\N	\N
500	10	8	41	129	1		機械設備/化學品管理	化學品作業管理	化學品存量(每週)是否超過安全管制量，儲存是否合乎規定？化學品儲存是否使用防溢座？	符合	2	\N	\N	\N	\N	17388b18-6102-524a-8a76-63d03b4c24b3	\N	\N	\N	\N	\N
503	11	7	38	120	1		安全管理	特殊健康檢查	特殊作業人員是否完成特殊健檢？	符合	2	\N	\N	\N	\N	13eb3cb4-1fa2-537d-aac6-8a8bedcd7fa7	\N	\N	\N	\N	\N
504	11	8	41	134	1		機械設備/化學品管理	化學品作業管理	含/擦拭過化學品之廢棄物是否妥善處理？收集至含蓋收集桶？	符合	2	\N	\N	\N	\N	47ecc770-712b-5c97-9fb2-85f9fe0eacd8	\N	\N	\N	\N	\N
502	11	7	33	105	1		安全管理	證照/教育訓練	是否有足夠的合格急救人員？	符合	2	\N	\N	\N	\N	70876125-1303-5237-bdf9-e0561cb245d8	\N	\N	\N	\N	\N
506	11	8	39	122	2		機械設備/化學品管理	電氣/機械 安全裝置	機台臨時電氣配線或移動式電線，是否依規定架空配設或設置必要之安全防護措施？	不符合	0	\N	\N	\N	\N	4254c612-5782-5662-997f-15f90ba1a064	\N	\N	\N	\N	\N
505	11	7	37	119	2		安全管理	作業環境監測	是否針對所有物理性(噪音、二氧化碳、照度)及化學性(化學品及氣體)物質進行暴露採樣？	不符合	0	\N	\N	\N	\N	6f0d7369-61cf-5b1f-afe7-e0317905aeef	\N	\N	\N	\N	\N
507	11	9	43	145	2		消防設備/建築物安全	消防火警設備	管路穿孔位置，是否使用防火填塞？	不符合	0	\N	\N	\N	\N	80194cfa-e08c-513b-808c-631aa86cfa1c	\N	\N	\N	\N	\N
508	11	9	44	146	1		消防設備/建築物安全	作業環境及通道	逃生通道及安全門是否暢通？	符合	2	\N	\N	\N	\N	245c1e1e-b965-563a-9a4a-0c88970655ed	\N	\N	\N	\N	\N
509	11	8	41	128	3		機械設備/化學品管理	化學品作業管理	化學品標示、內容及化學品清單、安全資料表是否正確？	部分符合	1	\N	\N	\N	\N	7ba0c87e-d870-59f9-9717-fa090021301b	\N	\N	\N	\N	\N
510	11	9	43	143	4		消防設備/建築物安全	消防火警設備	單位變更或重新配置時是否重新配置消防火警設備？	不適用	-1	\N	\N	\N	\N	a89741cb-712d-5644-967e-4e964a0d41ce	\N	\N	\N	\N	\N
511	11	9	43	144	3		消防設備/建築物安全	消防火警設備	區域滅火器是否足夠？	部分符合	1	\N	\N	\N	\N	5e5deed3-898e-5df0-ab46-dc6816af65e2	\N	\N	\N	\N	\N
512	11	8	40	125	2		機械設備/化學品管理	起重吊掛機具安全裝置	起重機具是否檢查合格？是否標示最大荷重？	不符合	0	\N	\N	\N	\N	e712f4f8-bd7a-5cee-bb6d-3bcf2fb99c5e	\N	\N	\N	\N	\N
513	11	8	40	126	1		機械設備/化學品管理	起重吊掛機具安全裝置	吊鉤、舌片、鋼索、安全警報裝置是否功能正常？	符合	2	\N	\N	\N	\N	18d4aa30-52df-5f0c-bd09-d16a06500845	\N	\N	\N	\N	\N
515	11	8	41	135	4		機械設備/化學品管理	化學品作業管理	化學品操作/儲存區域，是否有監測設備(氣體偵測器、洩漏警報裝置及監視器)？	不適用	-1	\N	\N	\N	\N	772e692e-d169-5763-9843-f5deddaea0d6	\N	\N	\N	\N	\N
516	11	9	44	147	4		消防設備/建築物安全	作業環境及通道	機台/機櫃等是否已固定？	不適用	-1	\N	\N	\N	\N	76769a15-da65-55af-a023-f712de233bf7	\N	\N	\N	\N	\N
517	11	7	35	116	1		安全管理	個人防護具/應變/急救器材	使用特殊化學品之場所是否設置緊急沖淋裝置？是否有檢點紀錄？	符合	2	\N	\N	\N	\N	e4d16a4d-d803-5dfd-82a7-158d39f3c8f4	\N	\N	\N	\N	\N
518	11	7	35	115	2		安全管理	個人防護具/應變/急救器材	廠區/作業區域是否設置急救箱？藥品是否過期？是否有檢點紀錄？	不符合	0	\N	\N	\N	\N	cfa45357-019d-5724-9ae0-302e02cafdd7	\N	\N	\N	\N	\N
472	10	9	44	150	1	1	消防設備/建築物安全	作業環境及通道	物料堆放地點是否影響作業照明、自動滅火設備或滅火器？	符合	2	3				c986d706-c214-5e9f-9af0-33c95c9e4790	\N	\N	\N	\N	\N
402	9	7	33	105	1		安全管理	證照/教育訓練	是否有足夠的合格急救人員？	符合	2	\N	\N	\N	\N	508ba9dd-2f8d-561e-8d87-d0b26a909b46	\N	\N	\N	\N	\N
403	9	7	38	120	1		安全管理	特殊健康檢查	特殊作業人員是否完成特殊健檢？	符合	2	\N	\N	\N	\N	619948d2-c06b-511a-8026-4af965d16e91	\N	\N	\N	\N	\N
404	9	8	41	134	1		機械設備/化學品管理	化學品作業管理	含/擦拭過化學品之廢棄物是否妥善處理？收集至含蓋收集桶？	符合	2	\N	\N	\N	\N	403e6984-26a7-5dae-9a3e-7c3363c2f2ee	\N	\N	\N	\N	\N
405	9	7	37	119	1		安全管理	作業環境監測	是否針對所有物理性(噪音、二氧化碳、照度)及化學性(化學品及氣體)物質進行暴露採樣？	符合	2	\N	\N	\N	\N	e9c3621f-a19a-5243-b051-053babe1bdff	\N	\N	\N	\N	\N
407	9	9	43	145	1		消防設備/建築物安全	消防火警設備	管路穿孔位置，是否使用防火填塞？	符合	2	\N	\N	\N	\N	b4494f04-d942-504a-b55f-8e68ec85dbc1	\N	\N	\N	\N	\N
408	9	9	44	146	1		消防設備/建築物安全	作業環境及通道	逃生通道及安全門是否暢通？	符合	2	\N	\N	\N	\N	d142dc3b-a371-55e6-ab71-84b6114938a7	\N	\N	\N	\N	\N
422	9	8	39	121	1		機械設備/化學品管理	電氣/機械 安全裝置	機械設備是否完成安全查核？是否張貼安全查核貼紙？	符合	2	\N	\N	\N	\N	19186815-41a6-5773-bf67-fbc9cc18f01b	\N	\N	\N	\N	\N
423	9	7	34	110	1		安全管理	自動檢查管理	法定自動檢查項目是否完整納入清單？	符合	2	\N	\N	\N	\N	f473b5c5-5d35-58e0-a8ca-2d358a0fd0d8	\N	\N	\N	\N	\N
424	9	9	43	137	1		消防設備/建築物安全	消防火警設備	作業區域是否設置適當之自動滅火系統？	符合	2	\N	\N	\N	\N	d7f38bec-8125-5e9e-859b-f7686c941331	\N	\N	\N	\N	\N
452	10	8	41	135	1		機械設備/化學品管理	化學品作業管理	化學品操作/儲存區域，是否有監測設備(氣體偵測器、洩漏警報裝置及監視器)？	符合	2	\N	\N	\N	\N	520d75c1-bd16-5b44-a651-65736bbab4b3	\N	\N	\N	\N	\N
453	10	9	43	145	1		消防設備/建築物安全	消防火警設備	管路穿孔位置，是否使用防火填塞？	符合	2	\N	\N	\N	\N	e8ddcf24-6bd7-575e-ba25-a66165570cf2	\N	\N	\N	\N	\N
454	10	9	43	137	1		消防設備/建築物安全	消防火警設備	作業區域是否設置適當之自動滅火系統？	符合	2	\N	\N	\N	\N	38c769c2-fe63-5202-8561-599299e56df4	\N	\N	\N	\N	\N
455	10	7	32	102	1		安全管理	安全衛生管理	單位內工安幹事/窗口是否有效傳達安全衛生相關資訊？是否有留存紀錄？	符合	2	\N	\N	\N	\N	a54e6b6d-3818-5696-8acb-2b2438aa6403	\N	\N	\N	\N	\N
456	10	8	40	126	1		機械設備/化學品管理	起重吊掛機具安全裝置	吊鉤、舌片、鋼索、安全警報裝置是否功能正常？	符合	2	\N	\N	\N	\N	1c908955-7c43-55ea-a96f-560773bb14b5	\N	\N	\N	\N	\N
457	10	9	43	144	1		消防設備/建築物安全	消防火警設備	區域滅火器是否足夠？	符合	2	\N	\N	\N	\N	a8fdd594-3ccc-5e25-9109-118eeada1f45	\N	\N	\N	\N	\N
458	10	8	40	127	1		機械設備/化學品管理	起重吊掛機具安全裝置	起重機操作按鈕標示是否中文（東西南北）？橫行導軌底部是否對應標示東西南北？	符合	2	\N	\N	\N	\N	646ed0c2-73c5-5ec2-afd1-860b92047664	\N	\N	\N	\N	\N
459	10	7	33	106	1		安全管理	證照/教育訓練	法定證照之複訓時數是否符合要求？	符合	2	\N	\N	\N	\N	4d4dc98e-d736-5469-808a-1b450ac102e2	\N	\N	\N	\N	\N
461	10	7	36	118	1		安全管理	緊急應變組織	是否參與勞安處舉辦之訓練及演練？單位內是否擬定緊急應變計畫並依計畫辦理演練？	符合	2	\N	\N	\N	\N	cda1630a-1c9b-5354-b653-58b4cdf4de9e	\N	\N	\N	\N	\N
462	10	9	44	149	1		消防設備/建築物安全	作業環境及通道	現場照明是否充足？	符合	2	\N	\N	\N	\N	8b25a535-5914-5aa7-90dc-601f1c8ad1a7	\N	\N	\N	\N	\N
463	10	7	35	113	1		安全管理	個人防護具/應變/急救器材	現場人員是否確實使用個人防護具？	符合	2	\N	\N	\N	\N	ec65ec5b-30d8-5ef8-8c1b-5968a4ffc27b	\N	\N	\N	\N	\N
464	10	7	33	108	1		安全管理	證照/教育訓練	各類製程操作標準、規範是否齊全？是否有訓練記錄或上崗證？	符合	2	\N	\N	\N	\N	19e8b2cc-faa1-50de-9a96-7717b61494de	\N	\N	\N	\N	\N
465	10	7	34	109	1		安全管理	自動檢查管理	是否訂定自動檢查計畫？(是否明確指出檢查項目、  時間、方法、人員、實施程序及安全注意事項)	符合	2	\N	\N	\N	\N	aa2a686a-7f62-5481-a0a4-55bfdd9359ba	\N	\N	\N	\N	\N
466	10	8	39	122	1		機械設備/化學品管理	電氣/機械 安全裝置	機台臨時電氣配線或移動式電線，是否依規定架空配設或設置必要之安全防護措施？	符合	2	\N	\N	\N	\N	6b169f08-5e97-5e66-8167-073baab281e4	\N	\N	\N	\N	\N
467	10	9	43	138	1		消防設備/建築物安全	消防火警設備	滅火器是否放置明顯位置？是否因作業方便移動？	符合	2	\N	\N	\N	\N	72c83031-bcd5-5065-b4f2-aee94ae65c6e	\N	\N	\N	\N	\N
468	10	9	43	142	1		消防設備/建築物安全	消防火警設備	緊急廣播喇叭是否正常？	符合	2	\N	\N	\N	\N	a9d64ef2-83ed-5aba-91b1-57abcdb4b413	\N	\N	\N	\N	\N
470	10	7	37	119	1		安全管理	作業環境監測	是否針對所有物理性(噪音、二氧化碳、照度)及化學性(化學品及氣體)物質進行暴露採樣？	符合	2	\N	\N	\N	\N	62a1af48-e70b-5b5c-b0e9-abca6165a299	\N	\N	\N	\N	\N
471	10	9	43	140	1		消防設備/建築物安全	消防火警設備	緊急照明燈數量是否充足？是否正常作動？	符合	2	\N	\N	\N	\N	1ba21074-b630-53a3-aa67-2e7f16d6ad96	\N	\N	\N	\N	\N
473	10	8	39	124	1		機械設備/化學品管理	電氣/機械 安全裝置	機械設備之安全防護開關(光電裝置、過溫保護裝置、安全連鎖裝置、過電流保護裝置)是否足夠？是否有測試紀錄？	符合	2	\N	\N	\N	\N	fc0ecb9e-cc91-512c-94e4-4f56bb51c5af	\N	\N	\N	\N	\N
474	10	8	39	121	1		機械設備/化學品管理	電氣/機械 安全裝置	機械設備是否完成安全查核？是否張貼安全查核貼紙？	符合	2	\N	\N	\N	\N	be522df7-b848-5ff4-9d6f-8f8d096df292	\N	\N	\N	\N	\N
475	10	7	35	115	1		安全管理	個人防護具/應變/急救器材	廠區/作業區域是否設置急救箱？藥品是否過期？是否有檢點紀錄？	符合	2	\N	\N	\N	\N	784adf91-b18b-5e3b-a46d-016bf8f0082f	\N	\N	\N	\N	\N
476	10	8	41	134	1		機械設備/化學品管理	化學品作業管理	含/擦拭過化學品之廢棄物是否妥善處理？收集至含蓋收集桶？	符合	2	\N	\N	\N	\N	7ad8a7c5-ddb3-5491-8c40-2f96fefeaf70	\N	\N	\N	\N	\N
477	10	7	35	114	1		安全管理	個人防護具/應變/急救器材	是否設置適當之應變器材？是否有檢點紀錄？	符合	2	\N	\N	\N	\N	9d3673e6-b980-5ccb-914a-ff233fb32232	\N	\N	\N	\N	\N
478	10	7	34	111	1		安全管理	自動檢查管理	檢查結果異常是否追蹤查核及檢討改善？記錄是否依法保存？	符合	2	\N	\N	\N	\N	3ba445ff-9900-5721-a415-e11db2539b62	\N	\N	\N	\N	\N
479	10	8	41	131	1		機械設備/化學品管理	化學品作業管理	化學品是否有專屬儲存區？酸、鹼與有機是否分開放置？	符合	2	\N	\N	\N	\N	2783cefc-1d47-57e3-af77-cc18b5a251ea	\N	\N	\N	\N	\N
480	10	8	41	133	1		機械設備/化學品管理	化學品作業管理	化學品操作/儲存區域，是否設置通風排氣裝置？其動作是否正常？	符合	2	\N	\N	\N	\N	1cf6a723-564f-5a4e-943f-870210bf4d1a	\N	\N	\N	\N	\N
410	9	9	43	143	1		消防設備/建築物安全	消防火警設備	單位變更或重新配置時是否重新配置消防火警設備？	符合	2	\N	\N	\N	\N	15c1a40c-8117-5b6f-9408-78fa9825b809	\N	\N	\N	\N	\N
412	9	8	40	125	1		機械設備/化學品管理	起重吊掛機具安全裝置	起重機具是否檢查合格？是否標示最大荷重？	符合	2	\N	\N	\N	\N	7f053b3a-99f5-5bc4-a139-0248743e252a	\N	\N	\N	\N	\N
413	9	8	40	126	1		機械設備/化學品管理	起重吊掛機具安全裝置	吊鉤、舌片、鋼索、安全警報裝置是否功能正常？	符合	2	\N	\N	\N	\N	c6acc089-d4ae-59c6-ae2e-19d5ba0404e1	\N	\N	\N	\N	\N
414	9	8	41	129	3		機械設備/化學品管理	化學品作業管理	化學品存量(每週)是否超過安全管制量，儲存是否合乎規定？化學品儲存是否使用防溢座？	部分符合	1	\N	\N	\N	\N	8cb7010c-2026-574c-a849-f72aa3bf4317	\N	\N	\N	\N	\N
415	9	8	41	135	1		機械設備/化學品管理	化學品作業管理	化學品操作/儲存區域，是否有監測設備(氣體偵測器、洩漏警報裝置及監視器)？	符合	2	\N	\N	\N	\N	e61a9c63-8133-529f-8d65-2ee00978d43a	\N	\N	\N	\N	\N
416	9	9	44	147	1		消防設備/建築物安全	作業環境及通道	機台/機櫃等是否已固定？	符合	2	\N	\N	\N	\N	01835acb-c86f-50ff-a59b-852368e2fd64	\N	\N	\N	\N	\N
417	9	7	35	116	1		安全管理	個人防護具/應變/急救器材	使用特殊化學品之場所是否設置緊急沖淋裝置？是否有檢點紀錄？	符合	2	\N	\N	\N	\N	a8602bb7-02ae-5786-acfc-8812275f6008	\N	\N	\N	\N	\N
418	9	7	35	115	1		安全管理	個人防護具/應變/急救器材	廠區/作業區域是否設置急救箱？藥品是否過期？是否有檢點紀錄？	符合	2	\N	\N	\N	\N	0d6d9398-5e82-5d99-beb9-31e88fa69c34	\N	\N	\N	\N	\N
419	9	8	41	133	1		機械設備/化學品管理	化學品作業管理	化學品操作/儲存區域，是否設置通風排氣裝置？其動作是否正常？	符合	2	\N	\N	\N	\N	9ffcf290-fde1-567c-a882-4579dd657047	\N	\N	\N	\N	\N
420	9	7	32	102	1		安全管理	安全衛生管理	單位內工安幹事/窗口是否有效傳達安全衛生相關資訊？是否有留存紀錄？	符合	2	\N	\N	\N	\N	4dd15911-186e-58f3-8df0-d6f30d65bddb	\N	\N	\N	\N	\N
421	9	7	32	103	1		安全管理	安全衛生管理	單位作業環境變更時是否申請變更管理？	符合	2	\N	\N	\N	\N	093b92bf-1644-55ac-a950-aa3b9acc0e63	\N	\N	\N	\N	\N
425	9	7	36	117	1		安全管理	緊急應變組織	是否成立緊急應變組織(人員清單定期更新、人員是否了解自己職掌)？	符合	2	\N	\N	\N	\N	5f970e88-cf2e-50db-85fe-5808e900b051	\N	\N	\N	\N	\N
426	9	7	35	112	1		安全管理	個人防護具/應變/急救器材	是否設置適當之個人防護用具？是否有檢點紀錄？	符合	2	\N	\N	\N	\N	819c2664-96be-5bc0-88ec-437599ae87e7	\N	\N	\N	\N	\N
427	9	9	43	141	1		消防設備/建築物安全	消防火警設備	緊急出口指示燈、逃生方向指示燈數量是否充足？位置是否適當？	符合	2	\N	\N	\N	\N	820bb10c-5762-51c4-b72e-4f78ecc5c318	\N	\N	\N	\N	\N
429	9	9	44	149	1		消防設備/建築物安全	作業環境及通道	現場照明是否充足？	符合	2	\N	\N	\N	\N	67adb04a-6587-56e7-8ef7-f0b0b41164f3	\N	\N	\N	\N	\N
430	9	7	34	109	1		安全管理	自動檢查管理	是否訂定自動檢查計畫？(是否明確指出檢查項目、  時間、方法、人員、實施程序及安全注意事項)	符合	2	\N	\N	\N	\N	6aa5a992-5fda-5c2c-9fff-04a2aa9c7bac	\N	\N	\N	\N	\N
431	9	8	41	130	1		機械設備/化學品管理	化學品作業管理	化學品存放區1.8公尺下是否無電氣插座？	符合	2	\N	\N	\N	\N	85d812be-5768-5e28-918f-d552ca203621	\N	\N	\N	\N	\N
432	9	7	35	113	1		安全管理	個人防護具/應變/急救器材	現場人員是否確實使用個人防護具？	符合	2	\N	\N	\N	\N	92b89ec4-42e2-5d72-adaf-7000cb2f9492	\N	\N	\N	\N	\N
433	9	9	43	142	1		消防設備/建築物安全	消防火警設備	緊急廣播喇叭是否正常？	符合	2	\N	\N	\N	\N	dc3a3cc6-88a5-5350-b80d-a597e2b4480b	\N	\N	\N	\N	\N
434	9	7	33	108	1		安全管理	證照/教育訓練	各類製程操作標準、規範是否齊全？是否有訓練記錄或上崗證？	符合	2	\N	\N	\N	\N	a439519e-ade4-5b27-a398-3ebcf20a00ac	\N	\N	\N	\N	\N
435	9	7	33	106	1		安全管理	證照/教育訓練	法定證照之複訓時數是否符合要求？	符合	2	\N	\N	\N	\N	008d0ff8-0fda-5071-91df-747ff47b2f31	\N	\N	\N	\N	\N
436	9	9	43	140	1		消防設備/建築物安全	消防火警設備	緊急照明燈數量是否充足？是否正常作動？	符合	2	\N	\N	\N	\N	3d7afb0d-d85b-5b82-bef1-9c8ed6d00ebc	\N	\N	\N	\N	\N
437	9	7	33	107	1		安全管理	證照/教育訓練	在職人員安全衛生教育訓練是否符合三年三小時規定？	符合	2	\N	\N	\N	\N	7674bf75-e1be-574e-923d-b18c5d45067a	\N	\N	\N	\N	\N
438	9	8	40	127	1		機械設備/化學品管理	起重吊掛機具安全裝置	起重機操作按鈕標示是否中文（東西南北）？橫行導軌底部是否對應標示東西南北？	符合	2	\N	\N	\N	\N	e9bc79f0-bcc4-570e-8f27-210a85149c1f	\N	\N	\N	\N	\N
439	9	9	43	139	1		消防設備/建築物安全	消防火警設備	消防栓箱周圍無堆積物品或礙緊急操作情形？	符合	2	\N	\N	\N	\N	82433d11-84a3-5d86-841c-00671eb0ff83	\N	\N	\N	\N	\N
440	9	8	39	124	1		機械設備/化學品管理	電氣/機械 安全裝置	機械設備之安全防護開關(光電裝置、過溫保護裝置、安全連鎖裝置、過電流保護裝置)是否足夠？是否有測試紀錄？	符合	2	\N	\N	\N	\N	9d0d50c1-d714-5cc8-a5e2-0ec64729fa1c	\N	\N	\N	\N	\N
441	9	7	35	114	1		安全管理	個人防護具/應變/急救器材	是否設置適當之應變器材？是否有檢點紀錄？	符合	2	\N	\N	\N	\N	9becf422-128a-507e-aa8e-97a2fcde010a	\N	\N	\N	\N	\N
442	9	7	36	118	1		安全管理	緊急應變組織	是否參與勞安處舉辦之訓練及演練？單位內是否擬定緊急應變計畫並依計畫辦理演練？	符合	2	\N	\N	\N	\N	dbc014e9-86fe-5071-a10a-62173cc484f5	\N	\N	\N	\N	\N
443	9	9	44	148	1		消防設備/建築物安全	作業環境及通道	是否實施5S管理？	符合	2	\N	\N	\N	\N	4666c1ea-e3b1-55b0-98b6-4747217265f7	\N	\N	\N	\N	\N
444	9	7	32	101	1		安全管理	安全衛生管理	單位內是否有工安幹事/窗口？	符合	2	\N	\N	\N	\N	b3150682-5dfc-5c9a-b09d-0365cfe6772e	\N	\N	\N	\N	\N
445	9	7	34	111	1		安全管理	自動檢查管理	檢查結果異常是否追蹤查核及檢討改善？記錄是否依法保存？	符合	2	\N	\N	\N	\N	56829003-3054-5e6b-96f4-b7dca91b7e98	\N	\N	\N	\N	\N
446	9	9	43	138	1		消防設備/建築物安全	消防火警設備	滅火器是否放置明顯位置？是否因作業方便移動？	符合	2	\N	\N	\N	\N	52dc280b-54a5-5343-847c-edd66259aa3f	\N	\N	\N	\N	\N
447	9	9	44	150	1		消防設備/建築物安全	作業環境及通道	物料堆放地點是否影響作業照明、自動滅火設備或滅火器？	符合	2	\N	\N	\N	\N	0cd5997b-db64-54ab-bd99-9f33a927beb6	\N	\N	\N	\N	\N
448	9	7	33	104	1		安全管理	證照/教育訓練	危險性機械設備或特殊作業人員證照是否足夠(有機、特化、粉塵、固定起重機、吊掛、高壓氣操作人員、堆高機)？	符合	2	\N	\N	\N	\N	e81f52d6-de94-5b19-a666-5759c2bd5c03	\N	\N	\N	\N	\N
449	9	8	41	131	1		機械設備/化學品管理	化學品作業管理	化學品是否有專屬儲存區？酸、鹼與有機是否分開放置？	符合	2	\N	\N	\N	\N	4303f69d-c722-5e6f-b903-f5ec1fff14c2	\N	\N	\N	\N	\N
481	10	8	40	125	1		機械設備/化學品管理	起重吊掛機具安全裝置	起重機具是否檢查合格？是否標示最大荷重？	符合	2	\N	\N	\N	\N	71ea7891-6740-5a17-946a-32e762421b92	\N	\N	\N	\N	\N
411	9	9	43	144	3		消防設備/建築物安全	消防火警設備	區域滅火器是否足夠？	部分符合	1	\N	images/P10/U4/1_44_01_1528976614398.jpg	\N	\N	ca7a166b-6921-5821-8057-5abc71415b04	\N	\N	\N	\N	\N
450	9	8	41	132	1		機械設備/化學品管理	化學品作業管理	鋼瓶是否使用鏈條固定？未使用之鋼瓶是否蓋上鋼瓶帽？瓶身是否完整？	符合	2	\N	\N	\N	\N	8d6e674f-ef3b-568c-90a8-9185bd4b4e59	\N	\N	\N	\N	\N
469	10	9	44	146	3		消防設備/建築物安全	作業環境及通道	逃生通道及安全門是否暢通？	部分符合	1	\N	images/P10/U31/2_96_01_1528977899168.jpg	\N	\N	248550c2-dc11-589a-b016-98a92530e669	\N	\N	\N	\N	\N
482	10	8	42	136	1		機械設備/化學品管理	安全標示	噪音、有機、特化、粉塵作業場所，是否張貼作業場所標示？	符合	2	\N	\N	\N	\N	cf71e566-d9fc-54c4-a5ec-3e0810da898f	\N	\N	\N	\N	\N
483	10	9	43	143	1		消防設備/建築物安全	消防火警設備	單位變更或重新配置時是否重新配置消防火警設備？	符合	2	\N	\N	\N	\N	b972d1f3-fad8-5322-9cc0-4e8fcca00c48	\N	\N	\N	\N	\N
484	10	9	44	148	1		消防設備/建築物安全	作業環境及通道	是否實施5S管理？	符合	2	\N	\N	\N	\N	5bc90849-3027-5358-804c-5b2f3f3e9f56	\N	\N	\N	\N	\N
485	10	9	44	147	1		消防設備/建築物安全	作業環境及通道	機台/機櫃等是否已固定？	符合	2	\N	\N	\N	\N	899632b6-76b8-5f81-a820-b96901650bf3	\N	\N	\N	\N	\N
486	10	7	33	104	1		安全管理	證照/教育訓練	危險性機械設備或特殊作業人員證照是否足夠(有機、特化、粉塵、固定起重機、吊掛、高壓氣操作人員、堆高機)？	符合	2	\N	\N	\N	\N	59112b2d-0c92-5b7e-b035-66725f735dda	\N	\N	\N	\N	\N
487	10	8	39	123	1		機械設備/化學品管理	電氣/機械 安全裝置	機械設備是否設置緊急停止開關(EMO)？是否有測試紀錄？	符合	2	\N	\N	\N	\N	a405663e-6342-5703-835b-513b06839344	\N	\N	\N	\N	\N
488	10	7	36	117	1		安全管理	緊急應變組織	是否成立緊急應變組織(人員清單定期更新、人員是否了解自己職掌)？	符合	2	\N	\N	\N	\N	84c3302a-f904-5b85-9c87-13d179daac53	\N	\N	\N	\N	\N
489	10	9	43	141	1		消防設備/建築物安全	消防火警設備	緊急出口指示燈、逃生方向指示燈數量是否充足？位置是否適當？	符合	2	\N	\N	\N	\N	43166ad1-62fc-5def-beca-09aac56f9071	\N	\N	\N	\N	\N
490	10	7	35	112	1		安全管理	個人防護具/應變/急救器材	是否設置適當之個人防護用具？是否有檢點紀錄？	符合	2	\N	\N	\N	\N	7857d939-cdfb-5b5c-bb39-543b09597221	\N	\N	\N	\N	\N
491	10	7	33	105	1		安全管理	證照/教育訓練	是否有足夠的合格急救人員？	符合	2	\N	\N	\N	\N	1881d7d2-a395-517b-9c93-6bcb20d95b9a	\N	\N	\N	\N	\N
492	10	7	38	120	1		安全管理	特殊健康檢查	特殊作業人員是否完成特殊健檢？	符合	2	\N	\N	\N	\N	d5d92132-d686-5e85-b5d5-d6702ee866da	\N	\N	\N	\N	\N
493	10	7	33	107	1		安全管理	證照/教育訓練	在職人員安全衛生教育訓練是否符合三年三小時規定？	符合	2	\N	\N	\N	\N	e5590c29-32e2-5bef-88f3-cb50d490643b	\N	\N	\N	\N	\N
495	10	9	43	139	1		消防設備/建築物安全	消防火警設備	消防栓箱周圍無堆積物品或礙緊急操作情形？	符合	2	\N	\N	\N	\N	f6e2d8f4-4345-57e5-92a7-5c0c4b3d896d	\N	\N	\N	\N	\N
496	10	7	32	103	1		安全管理	安全衛生管理	單位作業環境變更時是否申請變更管理？	符合	2	\N	\N	\N	\N	f36791e4-a99c-5722-b071-3f512e099ffc	\N	\N	\N	\N	\N
497	10	7	35	116	1		安全管理	個人防護具/應變/急救器材	使用特殊化學品之場所是否設置緊急沖淋裝置？是否有檢點紀錄？	符合	2	\N	\N	\N	\N	2f7bd5d4-96bf-5574-8ce6-e28e2c9a3563	\N	\N	\N	\N	\N
498	10	8	41	130	1		機械設備/化學品管理	化學品作業管理	化學品存放區1.8公尺下是否無電氣插座？	符合	2	\N	\N	\N	\N	77a2b6f4-796d-56be-83f4-f516ab8cc946	\N	\N	\N	\N	\N
519	11	8	41	133	2		機械設備/化學品管理	化學品作業管理	化學品操作/儲存區域，是否設置通風排氣裝置？其動作是否正常？	不符合	0	\N	\N	\N	\N	fd025d52-591c-5a99-9015-484dfd101c6f	\N	\N	\N	\N	\N
520	11	7	32	102	1		安全管理	安全衛生管理	單位內工安幹事/窗口是否有效傳達安全衛生相關資訊？是否有留存紀錄？	符合	2	\N	\N	\N	\N	2987c6e4-8755-58f1-9eb8-68e321045869	\N	\N	\N	\N	\N
521	11	7	32	103	1		安全管理	安全衛生管理	單位作業環境變更時是否申請變更管理？	符合	2	\N	\N	\N	\N	a63d9396-2663-55fe-a150-1cb25d56ffda	\N	\N	\N	\N	\N
522	11	8	39	121	3		機械設備/化學品管理	電氣/機械 安全裝置	機械設備是否完成安全查核？是否張貼安全查核貼紙？	部分符合	1	\N	\N	\N	\N	7a3211fc-5794-5091-a794-cdf51a884fa6	\N	\N	\N	\N	\N
523	11	7	34	110	1		安全管理	自動檢查管理	法定自動檢查項目是否完整納入清單？	符合	2	\N	\N	\N	\N	5865f696-dd2d-5c0b-a07a-f5f5ac5e467b	\N	\N	\N	\N	\N
524	11	9	43	137	2		消防設備/建築物安全	消防火警設備	作業區域是否設置適當之自動滅火系統？	不符合	0	\N	\N	\N	\N	99c73502-3f22-5a24-aeb2-1a4e821daf89	\N	\N	\N	\N	\N
525	11	7	36	117	4		安全管理	緊急應變組織	是否成立緊急應變組織(人員清單定期更新、人員是否了解自己職掌)？	不適用	-1	\N	\N	\N	\N	6e98ef69-0ade-590c-a700-f3415e606fd0	\N	\N	\N	\N	\N
526	11	7	35	112	2		安全管理	個人防護具/應變/急救器材	是否設置適當之個人防護用具？是否有檢點紀錄？	不符合	0	\N	\N	\N	\N	4b13bde2-0d06-5a48-9b40-11cef3a648be	\N	\N	\N	\N	\N
527	11	9	43	141	2		消防設備/建築物安全	消防火警設備	緊急出口指示燈、逃生方向指示燈數量是否充足？位置是否適當？	不符合	0	\N	\N	\N	\N	9d17fd63-be5b-5bbe-b9f4-1661e06a9fb5	\N	\N	\N	\N	\N
528	11	8	39	123	1		機械設備/化學品管理	電氣/機械 安全裝置	機械設備是否設置緊急停止開關(EMO)？是否有測試紀錄？	符合	2	\N	\N	\N	\N	f78d9553-8279-561c-a6d4-8a936b26b168	\N	\N	\N	\N	\N
529	11	9	44	149	2		消防設備/建築物安全	作業環境及通道	現場照明是否充足？	不符合	0	\N	\N	\N	\N	b3fdb7ec-2edc-5708-b467-1d9b30788dec	\N	\N	\N	\N	\N
530	11	7	34	109	2		安全管理	自動檢查管理	是否訂定自動檢查計畫？(是否明確指出檢查項目、  時間、方法、人員、實施程序及安全注意事項)	不符合	0	\N	\N	\N	\N	0fd93cbf-02b1-50df-8113-5c90270a9199	\N	\N	\N	\N	\N
531	11	8	41	130	1		機械設備/化學品管理	化學品作業管理	化學品存放區1.8公尺下是否無電氣插座？	符合	2	\N	\N	\N	\N	bdadf900-a49f-594b-a0c1-97be8adc5a96	\N	\N	\N	\N	\N
532	11	7	35	113	1		安全管理	個人防護具/應變/急救器材	現場人員是否確實使用個人防護具？	符合	2	\N	\N	\N	\N	a6cb1cd2-e0d1-5e5c-9266-87e6ae255f25	\N	\N	\N	\N	\N
533	11	9	43	142	1		消防設備/建築物安全	消防火警設備	緊急廣播喇叭是否正常？	符合	2	\N	\N	\N	\N	962957c7-d622-523e-bde3-9fb8092d510d	\N	\N	\N	\N	\N
534	11	7	33	108	3		安全管理	證照/教育訓練	各類製程操作標準、規範是否齊全？是否有訓練記錄或上崗證？	部分符合	1	\N	\N	\N	\N	c6fb3326-3ec9-5afd-b4d4-7938221442c3	\N	\N	\N	\N	\N
535	11	7	33	106	1		安全管理	證照/教育訓練	法定證照之複訓時數是否符合要求？	符合	2	\N	\N	\N	\N	a64944e7-792b-5fc5-8ed9-3eaa85247fee	\N	\N	\N	\N	\N
536	11	9	43	140	3		消防設備/建築物安全	消防火警設備	緊急照明燈數量是否充足？是否正常作動？	部分符合	1	\N	\N	\N	\N	d03b8d6c-9eea-55a4-a649-0201b1897335	\N	\N	\N	\N	\N
549	11	8	41	131	4		機械設備/化學品管理	化學品作業管理	化學品是否有專屬儲存區？酸、鹼與有機是否分開放置？	不適用	-1	\N	\N	\N	\N	5bb1c163-c447-5002-a69e-f8e06328f926	\N	\N	\N	\N	\N
550	11	8	41	132	3		機械設備/化學品管理	化學品作業管理	鋼瓶是否使用鏈條固定？未使用之鋼瓶是否蓋上鋼瓶帽？瓶身是否完整？	部分符合	1	\N	\N	\N	\N	2abb240c-062c-5ec3-a2ee-88acace18900	\N	\N	\N	\N	\N
406	9	8	39	122	1		機械設備/化學品管理	電氣/機械 安全裝置	機台臨時電氣配線或移動式電線，是否依規定架空配設或設置必要之安全防護措施？	符合	2	\N	\N	\N	\N	b1579e5e-3efc-5adc-a266-22911541cb39	\N	\N	\N	\N	\N
409	9	8	41	128	1		機械設備/化學品管理	化學品作業管理	化學品標示、內容及化學品清單、安全資料表是否正確？	符合	2	\N	\N	\N	\N	b464ca4b-19f3-5e0a-9b9e-253b7f32ad25	\N	\N	\N	\N	\N
428	9	8	39	123	1		機械設備/化學品管理	電氣/機械 安全裝置	機械設備是否設置緊急停止開關(EMO)？是否有測試紀錄？	符合	2	\N	\N	\N	\N	f5388a4b-6d56-52e8-8a27-d588998a9259	\N	\N	\N	\N	\N
494	10	8	41	132	1		機械設備/化學品管理	化學品作業管理	鋼瓶是否使用鏈條固定？未使用之鋼瓶是否蓋上鋼瓶帽？瓶身是否完整？	符合	2	\N	\N	\N	\N	287b1625-01da-5d46-bead-7bd7f7dea73d	\N	\N	\N	\N	\N
514	11	8	41	129	2		機械設備/化學品管理	化學品作業管理	化學品存量(每週)是否超過安全管制量，儲存是否合乎規定？化學品儲存是否使用防溢座？	不符合	0	\N	\N	\N	\N	fdbe9fbc-c937-5cc8-b3cc-8dc87ed3ddf0	\N	\N	\N	\N	\N
537	11	7	33	107	1		安全管理	證照/教育訓練	在職人員安全衛生教育訓練是否符合三年三小時規定？	符合	2	\N	\N	\N	\N	7af0f29b-bb36-5879-9a7a-56ea99fcc5fa	\N	\N	\N	\N	\N
538	11	8	40	127	4		機械設備/化學品管理	起重吊掛機具安全裝置	起重機操作按鈕標示是否中文（東西南北）？橫行導軌底部是否對應標示東西南北？	不適用	-1	\N	\N	\N	\N	0345a3a0-adaa-581d-bc44-79ae46ecf6f3	\N	\N	\N	\N	\N
539	11	9	43	139	4		消防設備/建築物安全	消防火警設備	消防栓箱周圍無堆積物品或礙緊急操作情形？	不適用	-1	\N	\N	\N	\N	837a9911-4276-5fb7-be64-cbff25aac673	\N	\N	\N	\N	\N
540	11	8	39	124	3		機械設備/化學品管理	電氣/機械 安全裝置	機械設備之安全防護開關(光電裝置、過溫保護裝置、安全連鎖裝置、過電流保護裝置)是否足夠？是否有測試紀錄？	部分符合	1	\N	\N	\N	\N	3d96e0c7-074b-5cb3-ae71-48b40a45d32b	\N	\N	\N	\N	\N
541	11	7	35	114	3		安全管理	個人防護具/應變/急救器材	是否設置適當之應變器材？是否有檢點紀錄？	部分符合	1	\N	\N	\N	\N	d0c34a0b-4300-56b5-b1fb-a34ea46ffc29	\N	\N	\N	\N	\N
542	11	7	36	118	3		安全管理	緊急應變組織	是否參與勞安處舉辦之訓練及演練？單位內是否擬定緊急應變計畫並依計畫辦理演練？	部分符合	1	\N	\N	\N	\N	37ed7231-f6bf-568b-8715-c2f48fac8ec9	\N	\N	\N	\N	\N
543	11	9	44	148	3		消防設備/建築物安全	作業環境及通道	是否實施5S管理？	部分符合	1	\N	\N	\N	\N	1929fb4f-a9de-53f0-a3fe-a02acadb3880	\N	\N	\N	\N	\N
544	11	7	32	101	1		安全管理	安全衛生管理	單位內是否有工安幹事/窗口？	符合	2	\N	\N	\N	\N	8b8cae1b-2e92-54de-a4ae-e9d3c60bcc1b	\N	\N	\N	\N	\N
545	11	7	34	111	3		安全管理	自動檢查管理	檢查結果異常是否追蹤查核及檢討改善？記錄是否依法保存？	部分符合	1	\N	\N	\N	\N	ceffff7c-e841-5c4e-9c3b-ce97f3a88975	\N	\N	\N	\N	\N
546	11	9	43	138	1		消防設備/建築物安全	消防火警設備	滅火器是否放置明顯位置？是否因作業方便移動？	符合	2	\N	\N	\N	\N	ad9f2ffa-c672-5c36-ab76-4eda8bad1739	\N	\N	\N	\N	\N
547	11	9	44	150	1		消防設備/建築物安全	作業環境及通道	物料堆放地點是否影響作業照明、自動滅火設備或滅火器？	符合	2	\N	\N	\N	\N	a8c67496-9aa8-5dc7-9876-917dad4c5647	\N	\N	\N	\N	\N
548	11	7	33	104	1		安全管理	證照/教育訓練	危險性機械設備或特殊作業人員證照是否足夠(有機、特化、粉塵、固定起重機、吊掛、高壓氣操作人員、堆高機)？	符合	2	\N	\N	\N	\N	d3d04281-458e-554a-9f5c-3cde7271bf8b	\N	\N	\N	\N	\N
551	16	1	1	1	1		安全管理	安全衛生管理	單位內是否有工安幹事/窗口？	符合	2	\N				a8259a0d-522e-5922-ba6d-201622271db3	\N	\N	\N	\N	\N
552	16	1	1	2	1		安全管理	安全衛生管理	單位內工安幹事/窗口是否有效傳達安全衛生相關資訊？是否有留存紀錄？	符合	2	\N				865ad265-217c-54ca-bfb7-802b5dabac06	\N	\N	\N	\N	\N
553	16	1	1	3	1		安全管理	安全衛生管理	單位作業環境變更時是否申請變更管理？	符合	2	\N				5396e1e0-7644-5250-a11c-39d9a8ff85c1	\N	\N	\N	\N	\N
554	16	1	2	4	1		安全管理	證照/教育訓練	危險性機械設備或特殊作業人員證照是否足夠(有機、特化、粉塵、固定起重機、吊掛、高壓氣操作人員、堆高機)？	符合	2	\N				9a1b5b6a-8c3b-5d04-a22b-1d0509697517	\N	\N	\N	\N	\N
555	16	1	2	5	1		安全管理	證照/教育訓練	是否有足夠的合格急救人員？	符合	2	\N				81ff28b8-1744-5ec7-a005-9db08f9f5a69	\N	\N	\N	\N	\N
556	16	1	2	6	1		安全管理	證照/教育訓練	法定證照之複訓時數是否符合要求？	符合	2	\N				8440c645-36b9-5b46-82d8-d38dfc1132b0	\N	\N	\N	\N	\N
557	16	1	2	7	1		安全管理	證照/教育訓練	在職人員安全衛生教育訓練是否符合三年三小時規定？	符合	2	\N				4216a543-a441-5fab-8332-7da409aad90e	\N	\N	\N	\N	\N
558	16	1	2	8	1		安全管理	證照/教育訓練	各類製程操作標準、規範是否齊全？是否有訓練記錄或上崗證？	符合	2	\N				cfd01d0a-a7de-5e99-818e-80d3ab188c0d	\N	\N	\N	\N	\N
559	16	1	3	9	1		安全管理	自動檢查管理	是否訂定自動檢查計畫？(是否明確指出檢查項目、  時間、方法、人員、實施程序及安全注意事項)	符合	2	\N				1280df64-99a6-568d-bb0f-860351703362	\N	\N	\N	\N	\N
560	16	1	3	10	1		安全管理	自動檢查管理	法定自動檢查項目是否完整納入清單？	符合	2	\N				b38b6421-7cf2-5da2-bbff-cfd1443808f3	\N	\N	\N	\N	\N
561	16	1	3	11	1		安全管理	自動檢查管理	檢查結果異常是否追蹤查核及檢討改善？記錄是否依法保存？	符合	2	\N				b54dd8c4-6cb6-544e-86c4-eb433b58896b	\N	\N	\N	\N	\N
562	16	1	4	12	1		安全管理	個人防護具/應變/急救器材	是否設置適當之個人防護用具？是否有檢點紀錄？	符合	2	\N				272ecd8f-54c1-5f24-8505-40891cb91f60	\N	\N	\N	\N	\N
563	16	1	4	13	1		安全管理	個人防護具/應變/急救器材	現場人員是否確實使用個人防護具？	符合	2	\N				c100e574-bcb8-5ff2-9df4-afc986a1c6ce	\N	\N	\N	\N	\N
564	16	1	4	14	1		安全管理	個人防護具/應變/急救器材	是否設置適當之應變器材？是否有檢點紀錄？	符合	2	\N				ebecee28-bbf7-5f17-ba3c-c308e67862bc	\N	\N	\N	\N	\N
565	16	1	4	15	1		安全管理	個人防護具/應變/急救器材	廠區/作業區域是否設置急救箱？藥品是否過期？是否有檢點紀錄？	符合	2	\N				19fea459-a325-5c93-91ff-b062aca86c27	\N	\N	\N	\N	\N
566	16	1	4	16	1		安全管理	個人防護具/應變/急救器材	使用特殊化學品之場所是否設置緊急沖淋裝置？是否有檢點紀錄？	符合	2	\N				2ccfa0dd-1aa1-55f2-b035-df2e3e5af50b	\N	\N	\N	\N	\N
567	16	1	5	17	1		安全管理	緊急應變組織	是否成立緊急應變組織(人員清單定期更新、人員是否了解自己職掌)？	符合	2	\N				cc0f80bd-72df-5dcf-a873-6da4a5fa4221	\N	\N	\N	\N	\N
568	16	1	5	18	1		安全管理	緊急應變組織	是否參與勞安處舉辦之訓練及演練？單位內是否擬定緊急應變計畫並依計畫辦理演練？	符合	2	\N				ee53b9b6-8531-5b1a-91f3-80284132dcd6	\N	\N	\N	\N	\N
569	16	1	6	19	1		安全管理	作業環境監測	是否針對所有物理性(噪音、二氧化碳、照度)及化學性(化學品及氣體)物質進行暴露採樣？	符合	2	\N				5f2894d4-7542-5d44-aa71-b9fce012e904	\N	\N	\N	\N	\N
570	16	1	7	20	1		安全管理	特殊健康檢查	特殊作業人員是否完成特殊健檢？	符合	2	\N				96b6eaa6-9de0-5fdf-89f6-a701cde55bcb	\N	\N	\N	\N	\N
571	16	2	8	21	1		機械設備/化學品管理	電氣/機械 安全裝置	機械設備是否完成安全查核？是否張貼安全查核貼紙？	符合	2	\N				2b54041e-2e56-58e9-a8c6-c8fc215cb30c	\N	\N	\N	\N	\N
572	16	2	8	22	1		機械設備/化學品管理	電氣/機械 安全裝置	機台臨時電氣配線或移動式電線，是否依規定架空配設或設置必要之安全防護措施？	符合	2	\N				4ca3d414-bdd8-5bc2-b5a9-a57e1cf1f0b5	\N	\N	\N	\N	\N
573	16	2	8	23	1		機械設備/化學品管理	電氣/機械 安全裝置	機械設備是否設置緊急停止開關(EMO)？是否有測試紀錄？	符合	2	\N				be28039b-89cb-52ee-96ce-aa6be5b25644	\N	\N	\N	\N	\N
574	16	2	8	24	1		機械設備/化學品管理	電氣/機械 安全裝置	機械設備之安全防護開關(光電裝置、過溫保護裝置、安全連鎖裝置、過電流保護裝置)是否足夠？是否有測試紀錄？	符合	2	\N				2fcbde58-c38b-551b-8c68-c995d3c32d44	\N	\N	\N	\N	\N
575	16	2	9	25	1		機械設備/化學品管理	起重吊掛機具安全裝置	起重機具是否檢查合格？是否標示最大荷重？	符合	2	\N				85b113f7-8e74-524f-bef5-842c2659b753	\N	\N	\N	\N	\N
576	16	2	9	26	1		機械設備/化學品管理	起重吊掛機具安全裝置	吊鉤、舌片、鋼索、安全警報裝置是否功能正常？	符合	2	\N				f8410af2-096f-5f08-86e7-bd9050eb69cf	\N	\N	\N	\N	\N
577	16	2	9	27	1		機械設備/化學品管理	起重吊掛機具安全裝置	起重機操作按鈕標示是否中文（東西南北）？橫行導軌底部是否對應標示東西南北？	符合	2	\N				ab653aa9-a206-5f6a-9434-ba2cc7b649f1	\N	\N	\N	\N	\N
578	16	2	10	28	1		機械設備/化學品管理	化學品作業管理	化學品標示、內容及化學品清單、安全資料表是否正確？	符合	2	\N				bc26e30c-9aab-5ca7-80f4-88573d2a4dca	\N	\N	\N	\N	\N
579	16	2	10	29	1		機械設備/化學品管理	化學品作業管理	化學品存量(每週)是否超過安全管制量，儲存是否合乎規定？化學品儲存是否使用防溢座？	符合	2	\N				e21f99d7-6d1f-5d1e-9ebf-6b4b3caa3549	\N	\N	\N	\N	\N
580	16	2	10	30	1		機械設備/化學品管理	化學品作業管理	化學品存放區1.8公尺下是否無電氣插座？	符合	2	\N				7798af66-cc20-5a62-9c1a-e065704a3058	\N	\N	\N	\N	\N
581	16	2	10	31	1		機械設備/化學品管理	化學品作業管理	化學品是否有專屬儲存區？酸、鹼與有機是否分開放置？	符合	2	\N				5e9d7e8f-b506-5c0c-903e-87f612a596e4	\N	\N	\N	\N	\N
582	16	2	10	32	1		機械設備/化學品管理	化學品作業管理	鋼瓶是否使用鏈條固定？未使用之鋼瓶是否蓋上鋼瓶帽？瓶身是否完整？	符合	2	\N				623ab14c-be66-5df0-804e-43c41cba1be1	\N	\N	\N	\N	\N
583	16	2	10	33	1		機械設備/化學品管理	化學品作業管理	化學品操作/儲存區域，是否設置通風排氣裝置？其動作是否正常？	符合	2	\N				3e00ca39-1063-5b59-a89f-92bbe22e1fd9	\N	\N	\N	\N	\N
584	16	2	10	34	1		機械設備/化學品管理	化學品作業管理	含/擦拭過化學品之廢棄物是否妥善處理？收集至含蓋收集桶？	符合	2	\N				478c0dad-a266-545b-ae02-90ce8ce1a87c	\N	\N	\N	\N	\N
585	16	2	10	35	1		機械設備/化學品管理	化學品作業管理	化學品操作/儲存區域，是否有監測設備(氣體偵測器、洩漏警報裝置及監視器)？	符合	2	\N				ac3668e8-be4a-52c8-ba33-5583e504511d	\N	\N	\N	\N	\N
586	16	2	11	36	1		機械設備/化學品管理	安全標示	噪音、有機、特化、粉塵作業場所，是否張貼作業場所標示？	符合	2	\N				1e04b681-79f4-5aa1-bd87-2f52bc927aa9	\N	\N	\N	\N	\N
587	16	3	12	37	1		消防設備/建築物安全	消防火警設備	作業區域是否設置適當之自動滅火系統？	符合	2	\N				1efa7e23-3505-513f-b682-69c6c690ccb8	\N	\N	\N	\N	\N
588	16	3	12	38	1		消防設備/建築物安全	消防火警設備	滅火器是否放置明顯位置？是否因作業方便移動？	符合	2	\N				81374711-ab5f-5769-8714-16f0043fc626	\N	\N	\N	\N	\N
589	16	3	12	39	1		消防設備/建築物安全	消防火警設備	消防栓箱周圍無堆積物品或礙緊急操作情形？	符合	2	\N				a2321a06-ce7a-5dfd-8eaf-6fc0d0a1af35	\N	\N	\N	\N	\N
590	16	3	12	40	1		消防設備/建築物安全	消防火警設備	緊急照明燈數量是否充足？是否正常作動？	符合	2	\N				9d6e0347-7e5b-5b90-8796-ef15f0acbf0f	\N	\N	\N	\N	\N
591	16	3	12	41	1		消防設備/建築物安全	消防火警設備	緊急出口指示燈、逃生方向指示燈數量是否充足？位置是否適當？	符合	2	\N				d9fa9d27-8477-50e2-83f1-bbbe73f1f129	\N	\N	\N	\N	\N
592	16	3	12	42	1		消防設備/建築物安全	消防火警設備	緊急廣播喇叭是否正常？	符合	2	\N				aff14990-e03c-5d66-9e53-d407c5c082b2	\N	\N	\N	\N	\N
593	16	3	12	43	1		消防設備/建築物安全	消防火警設備	單位變更或重新配置時是否重新配置消防火警設備？	符合	2	\N				adf89de8-06eb-5fd7-a920-b624fddf3bf8	\N	\N	\N	\N	\N
594	16	3	12	44	1		消防設備/建築物安全	消防火警設備	區域滅火器是否足夠？	符合	2	\N				9014ace1-9a3b-5854-80e4-d3bfc34d5b88	\N	\N	\N	\N	\N
595	16	3	12	45	1		消防設備/建築物安全	消防火警設備	管路穿孔位置，是否使用防火填塞？	符合	2	\N				c16af8a0-ba54-598e-8b7c-ab112919fb5c	\N	\N	\N	\N	\N
596	16	3	13	46	1		消防設備/建築物安全	作業環境及通道	逃生通道及安全門是否暢通？	符合	2	\N				757aab7f-beb1-5cc8-beca-581f1da3a810	\N	\N	\N	\N	\N
597	16	3	13	47	1		消防設備/建築物安全	作業環境及通道	機台/機櫃等是否已固定？	符合	2	\N				51083744-cb92-52be-a8ac-eff69dae10f6	\N	\N	\N	\N	\N
598	16	3	13	48	1		消防設備/建築物安全	作業環境及通道	是否實施5S管理？	符合	2	\N				f9eb67f2-b294-5797-9138-3f588ffeabd3	\N	\N	\N	\N	\N
599	16	3	13	49	4		消防設備/建築物安全	作業環境及通道	現場照明是否充足？	不適用	0	\N				df1a23dd-0b75-512f-aab7-9c3e31210054	\N	\N	\N	\N	\N
600	16	3	13	50	3		消防設備/建築物安全	作業環境及通道	物料堆放地點是否影響作業照明、自動滅火設備或滅火器？	部份符合	1	\N				73455c82-32a9-5ada-826c-bd9a53d0c83f	\N	\N	\N	\N	\N
601	17	1	1	1	1		安全管理	安全衛生管理	單位內是否有工安幹事/窗口？	符合	2	\N				a88c0455-fff3-56ce-8995-9c619378ccea	\N	\N	\N	\N	\N
602	17	1	1	2	1		安全管理	安全衛生管理	單位內工安幹事/窗口是否有效傳達安全衛生相關資訊？是否有留存紀錄？	符合	2	\N				22b7e921-f0a1-5ff1-b065-036ea07d805b	\N	\N	\N	\N	\N
603	17	1	1	3	1		安全管理	安全衛生管理	單位作業環境變更時是否申請變更管理？	符合	2	\N				b488926e-1822-50b5-a860-64700bf071e1	\N	\N	\N	\N	\N
604	17	1	2	4	1		安全管理	證照/教育訓練	危險性機械設備或特殊作業人員證照是否足夠(有機、特化、粉塵、固定起重機、吊掛、高壓氣操作人員、堆高機)？	符合	2	\N				8415e873-0e08-5506-b59d-a0478ba3bb3d	\N	\N	\N	\N	\N
605	17	1	2	5	1		安全管理	證照/教育訓練	是否有足夠的合格急救人員？	符合	2	\N				53dce62f-6c4e-56e8-9211-110b107ce980	\N	\N	\N	\N	\N
606	17	1	2	6	1		安全管理	證照/教育訓練	法定證照之複訓時數是否符合要求？	符合	2	\N				c54d1940-6925-5aaf-b013-34a8c714e2b3	\N	\N	\N	\N	\N
607	17	1	2	7	1		安全管理	證照/教育訓練	在職人員安全衛生教育訓練是否符合三年三小時規定？	符合	2	\N				c74221e2-5008-570d-9d06-4b463033de49	\N	\N	\N	\N	\N
608	17	1	2	8	1		安全管理	證照/教育訓練	各類製程操作標準、規範是否齊全？是否有訓練記錄或上崗證？	符合	2	\N				0f8d36fc-cf9f-552d-bffd-59e1e406c44c	\N	\N	\N	\N	\N
609	17	1	3	9	1		安全管理	自動檢查管理	是否訂定自動檢查計畫？(是否明確指出檢查項目、  時間、方法、人員、實施程序及安全注意事項)	符合	2	\N				3adc6a08-c763-5843-a61e-369f6d1ea69e	\N	\N	\N	\N	\N
610	17	1	3	10	1		安全管理	自動檢查管理	法定自動檢查項目是否完整納入清單？	符合	2	\N				baac07b6-caa6-5bf1-b2d1-66b094e30c06	\N	\N	\N	\N	\N
611	17	1	3	11	1		安全管理	自動檢查管理	檢查結果異常是否追蹤查核及檢討改善？記錄是否依法保存？	符合	2	\N				23d230db-05b0-52c6-bf8f-49c84ab84edc	\N	\N	\N	\N	\N
612	17	1	4	12	1		安全管理	個人防護具/應變/急救器材	是否設置適當之個人防護用具？是否有檢點紀錄？	符合	2	\N				c80e8cf0-454d-5177-820c-95943493060c	\N	\N	\N	\N	\N
613	17	1	4	13	1		安全管理	個人防護具/應變/急救器材	現場人員是否確實使用個人防護具？	符合	2	\N				42c03bc8-805c-5fb2-801d-825dd8f2496f	\N	\N	\N	\N	\N
614	17	1	4	14	1		安全管理	個人防護具/應變/急救器材	是否設置適當之應變器材？是否有檢點紀錄？	符合	2	\N				8a9d4e15-4d7e-50f8-94f4-df79254391ce	\N	\N	\N	\N	\N
615	17	1	4	15	1		安全管理	個人防護具/應變/急救器材	廠區/作業區域是否設置急救箱？藥品是否過期？是否有檢點紀錄？	符合	2	\N				34d0a6ff-fc99-51ba-8295-91a741031ec3	\N	\N	\N	\N	\N
616	17	1	4	16	1		安全管理	個人防護具/應變/急救器材	使用特殊化學品之場所是否設置緊急沖淋裝置？是否有檢點紀錄？	符合	2	\N				80823d1a-593a-5aa2-9326-5bd594167ba4	\N	\N	\N	\N	\N
617	17	1	5	17	1		安全管理	緊急應變組織	是否成立緊急應變組織(人員清單定期更新、人員是否了解自己職掌)？	符合	2	\N				06fa9cc9-ea39-5c6d-adfd-fe80de8c4ff2	\N	\N	\N	\N	\N
618	17	1	5	18	1		安全管理	緊急應變組織	是否參與勞安處舉辦之訓練及演練？單位內是否擬定緊急應變計畫並依計畫辦理演練？	符合	2	\N				8f7e6061-9c03-5774-92de-556513164538	\N	\N	\N	\N	\N
619	17	1	6	19	1		安全管理	作業環境監測	是否針對所有物理性(噪音、二氧化碳、照度)及化學性(化學品及氣體)物質進行暴露採樣？	符合	2	\N				b8acc689-8a47-5467-90ab-128039ddc58c	\N	\N	\N	\N	\N
620	17	1	7	20	1		安全管理	特殊健康檢查	特殊作業人員是否完成特殊健檢？	符合	2	\N				fd2bb0e9-5cbe-5c92-95c6-05e87a5f3f16	\N	\N	\N	\N	\N
621	17	2	8	21	1		機械設備/化學品管理	電氣/機械 安全裝置	機械設備是否完成安全查核？是否張貼安全查核貼紙？	符合	2	\N				dcbe464e-9972-59ee-a9a6-b86bc707bdc7	\N	\N	\N	\N	\N
622	17	2	8	22	1		機械設備/化學品管理	電氣/機械 安全裝置	機台臨時電氣配線或移動式電線，是否依規定架空配設或設置必要之安全防護措施？	符合	2	\N				097e7ee1-f028-552b-bda2-d4580534e172	\N	\N	\N	\N	\N
623	17	2	8	23	1		機械設備/化學品管理	電氣/機械 安全裝置	機械設備是否設置緊急停止開關(EMO)？是否有測試紀錄？	符合	2	\N				8620cd7d-563f-5269-ab7c-ab090a682da9	\N	\N	\N	\N	\N
624	17	2	8	24	1		機械設備/化學品管理	電氣/機械 安全裝置	機械設備之安全防護開關(光電裝置、過溫保護裝置、安全連鎖裝置、過電流保護裝置)是否足夠？是否有測試紀錄？	符合	2	\N				f9a3b8ba-4416-5d98-bfa4-1108b6ea6d51	\N	\N	\N	\N	\N
625	17	2	9	25	1		機械設備/化學品管理	起重吊掛機具安全裝置	起重機具是否檢查合格？是否標示最大荷重？	符合	2	\N				54cb7f53-35e7-5f40-ab96-9ab486291d4f	\N	\N	\N	\N	\N
626	17	2	9	26	1		機械設備/化學品管理	起重吊掛機具安全裝置	吊鉤、舌片、鋼索、安全警報裝置是否功能正常？	符合	2	\N				6683d3a2-d73b-585b-b5d9-e1a261ca2099	\N	\N	\N	\N	\N
627	17	2	9	27	1		機械設備/化學品管理	起重吊掛機具安全裝置	起重機操作按鈕標示是否中文（東西南北）？橫行導軌底部是否對應標示東西南北？	符合	2	\N				d3ebdd68-74a0-5415-b1cc-42e8b7b935ad	\N	\N	\N	\N	\N
628	17	2	10	28	1		機械設備/化學品管理	化學品作業管理	化學品標示、內容及化學品清單、安全資料表是否正確？	符合	2	\N				c6c5ad5c-b9b9-5ee2-81ad-7f53b29d84bd	\N	\N	\N	\N	\N
629	17	2	10	29	1		機械設備/化學品管理	化學品作業管理	化學品存量(每週)是否超過安全管制量，儲存是否合乎規定？化學品儲存是否使用防溢座？	符合	2	\N				15f14b13-a3f9-5087-94da-ae151b8d9592	\N	\N	\N	\N	\N
630	17	2	10	30	1		機械設備/化學品管理	化學品作業管理	化學品存放區1.8公尺下是否無電氣插座？	符合	2	\N				ed45d80c-dcbe-56cd-a00b-3938e2d3bbee	\N	\N	\N	\N	\N
631	17	2	10	31	1		機械設備/化學品管理	化學品作業管理	化學品是否有專屬儲存區？酸、鹼與有機是否分開放置？	符合	2	\N				16744069-4e91-51b5-b87c-76545045507c	\N	\N	\N	\N	\N
632	17	2	10	32	1		機械設備/化學品管理	化學品作業管理	鋼瓶是否使用鏈條固定？未使用之鋼瓶是否蓋上鋼瓶帽？瓶身是否完整？	符合	2	\N				2564e2e6-5922-5afc-8fe2-ba83fe92605e	\N	\N	\N	\N	\N
633	17	2	10	33	1		機械設備/化學品管理	化學品作業管理	化學品操作/儲存區域，是否設置通風排氣裝置？其動作是否正常？	符合	2	\N				42d14568-e113-5b14-b56b-a33d0eef5029	\N	\N	\N	\N	\N
634	17	2	10	34	1		機械設備/化學品管理	化學品作業管理	含/擦拭過化學品之廢棄物是否妥善處理？收集至含蓋收集桶？	符合	2	\N				cb0961eb-c66c-5321-a3a9-87ee605dd9e7	\N	\N	\N	\N	\N
635	17	2	10	35	1		機械設備/化學品管理	化學品作業管理	化學品操作/儲存區域，是否有監測設備(氣體偵測器、洩漏警報裝置及監視器)？	符合	2	\N				f4d080e8-7f0b-5059-bf8c-925617df0fe4	\N	\N	\N	\N	\N
636	17	2	11	36	1		機械設備/化學品管理	安全標示	噪音、有機、特化、粉塵作業場所，是否張貼作業場所標示？	符合	2	\N				211e9980-fe61-5f79-a481-e22ef0d37e00	\N	\N	\N	\N	\N
637	17	3	12	37	1		消防設備/建築物安全	消防火警設備	作業區域是否設置適當之自動滅火系統？	符合	2	\N				740a7a65-3c5b-5dbb-a1ec-933bf64f5010	\N	\N	\N	\N	\N
638	17	3	12	38	1		消防設備/建築物安全	消防火警設備	滅火器是否放置明顯位置？是否因作業方便移動？	符合	2	\N				0933732d-d10e-5a32-9c88-f72495dcbab1	\N	\N	\N	\N	\N
639	17	3	12	39	1		消防設備/建築物安全	消防火警設備	消防栓箱周圍無堆積物品或礙緊急操作情形？	符合	2	\N				3f712fc9-28da-51c3-a9ea-e7eabc1777a2	\N	\N	\N	\N	\N
640	17	3	12	40	1		消防設備/建築物安全	消防火警設備	緊急照明燈數量是否充足？是否正常作動？	符合	2	\N				5979f582-b06b-5727-b09c-902eca0ac36d	\N	\N	\N	\N	\N
641	17	3	12	41	1		消防設備/建築物安全	消防火警設備	緊急出口指示燈、逃生方向指示燈數量是否充足？位置是否適當？	符合	2	\N				3272c4a7-466a-5a07-81cf-82961c352914	\N	\N	\N	\N	\N
642	17	3	12	42	1		消防設備/建築物安全	消防火警設備	緊急廣播喇叭是否正常？	符合	2	\N				58d12de8-d9b1-5d45-af95-845974438b40	\N	\N	\N	\N	\N
643	17	3	12	43	1		消防設備/建築物安全	消防火警設備	單位變更或重新配置時是否重新配置消防火警設備？	符合	2	\N				360020ef-e888-5960-90ed-115d78d2cec1	\N	\N	\N	\N	\N
644	17	3	12	44	1		消防設備/建築物安全	消防火警設備	區域滅火器是否足夠？	符合	2	\N				d2db699e-8bca-528f-b18a-054ad8c76151	\N	\N	\N	\N	\N
645	17	3	12	45	1		消防設備/建築物安全	消防火警設備	管路穿孔位置，是否使用防火填塞？	符合	2	\N				7d53b7a1-1126-5e98-83f6-c0a352214aac	\N	\N	\N	\N	\N
646	17	3	13	46	1		消防設備/建築物安全	作業環境及通道	逃生通道及安全門是否暢通？	符合	2	\N				0aa851d7-2579-5c0f-96b2-2bba529ac161	\N	\N	\N	\N	\N
647	17	3	13	47	1		消防設備/建築物安全	作業環境及通道	機台/機櫃等是否已固定？	符合	2	\N				581da295-6c95-5cf8-a9bb-aafa6873b720	\N	\N	\N	\N	\N
648	17	3	13	48	1		消防設備/建築物安全	作業環境及通道	是否實施5S管理？	符合	2	\N				bb5904c6-9f29-56f0-af91-5609878ce6aa	\N	\N	\N	\N	\N
649	17	3	13	49	3		消防設備/建築物安全	作業環境及通道	現場照明是否充足？	部份符合	1	\N				ee844cb1-8d5e-5aef-b9ea-3c96c7cf54c3	\N	\N	\N	\N	\N
650	17	3	13	50	4		消防設備/建築物安全	作業環境及通道	物料堆放地點是否影響作業照明、自動滅火設備或滅火器？	不適用	0	\N				35cc3852-6684-53a5-8c71-b045844e1089	\N	\N	\N	\N	\N
666	18	13	\N	312	1		消防系統	null	(1)有規律的檢查、測試及保養排程，記錄完整 (2)對缺失實施追蹤，均已改善完成	[優等](1)有規律的檢查、測試及保養排程，記錄完整 (2)對缺失實施追蹤，均已改善完成	100	\N				f1064c81-b171-5c5f-9e8a-fdb9fee951ae	10	23	\N	消防系統檢測與維護	消防泵\t
651	18	13	\N	210	1		消防系統	null	滅火器型式、數量、功能、標示均良好	[優等]滅火器型式、數量、功能、標示均良好	100	\N				0fc88094-da95-5c9f-a65f-81cc368f568d	5	8	\N	手動滅火設備	手提式滅火器
652	18	13	\N	228	1		消防系統	null	室內栓數量、功能、標示均良好	[優等]室內栓數量、功能、標示均良好	100	\N				120e3af9-7de0-5a32-9bee-9f1a6d626c79	5	11	\N	手動滅火設備	室內消火栓
653	18	13	\N	234	1		消防系統	null	車間內全面安裝自動滅火系統	[優等]車間內全面安裝自動滅火系統	100	\N				d62f6b8b-dccb-5ed3-addf-d4a326b75808	7	12	\N	自動滅火系統 	噴塗車間(噴房以外)
654	18	13	54	240	1		消防系統	噴房自動滅火	依NFPA或國標設計，具足夠滅火效能，能提供計算書圖	[優等]依NFPA或國標設計，具足夠滅火效能，能提供計算書圖	100	\N				dae2bbc8-4826-56a6-b3a7-9d4f3e1917da	7	13	\N	自動滅火系統 	噴房
655	18	13	55	246	1		消防系統	聯鎖功能	1.地區警報 2.移報至火警系統 3.切斷供粉 4.切斷噴塗 5.切斷輸送帶	[優等]1.地區警報 2.移報至火警系統 3.切斷供粉 4.切斷噴塗 5.切斷輸送帶	100	\N				40f6fe26-0aae-5fef-8695-16ba4a78c734	7	13	\N	自動滅火系統 	噴房
656	18	13	56	252	1		消防系統	噴櫃自動滅火	1.開放濕式自動系統或氣體系統，由火焰探測器啟動 2.噴房出口或易於操作處設手動啟動開關	[優等]1.開放濕式自動系統或氣體系統，由火焰探測器啟動 2.噴房出口或易於操作處設手動啟動開關	100	\N				79527c58-6f96-57b3-bfb4-5c2055b061dd	7	14	\N	自動滅火系統 	噴櫃
657	18	13	57	258	1		消防系統	聯鎖功能	1.地區警報 2.移報至火警系統 3.切斷供粉 4.切斷噴塗 5.切斷輸送帶 6.停止排氣 7.關閉隔離閥門 8.切斷噴塗系統電源	[優等]1.地區警報 2.移報至火警系統 3.切斷供粉 4.切斷噴塗 5.切斷輸送帶 6.停止排氣 7.關閉隔離閥門 8.切斷噴塗系統電源	100	\N				4901d97e-a228-54f9-a407-1eb7efcb4112	7	14	\N	自動滅火系統 	噴櫃
658	18	13	\N	264	1		消防系統	null	車間內探測器型式、數量、功能良好，訊號傳至常時有人的中控室	[優等]車間內探測器型式、數量、功能良好，訊號傳至常時有人的中控室	100	\N				49da9303-7382-51d0-a61e-4dad726dd1bc	8	15	\N	火災偵測及報警系統	火災偵測及報警系統\t
659	18	13	\N	270	1		消防系統	null	1.安裝一至數個，角度覆蓋全區 2.反應時間0.5秒	[優等]1.安裝一至數個，角度覆蓋全區 2.反應時間0.5秒	100	\N				0cb626d4-2868-5c89-bc61-57a6006cd057	8	16	\N	火災偵測及報警系統	噴櫃火焰探測器\t
660	18	13	\N	276	1		消防系統	null	依NFPA或國標進行水力計算，能提供計算書/圖紙；通過當地政府消防驗收，能提供驗收資料	[優等]依NFPA或國標進行水力計算，能提供計算書/圖紙；通過當地政府消防驗收，能提供驗收資料	100	\N				20ba4ec6-e098-5724-aef8-4ddb89e4bc27	9	17	\N	消防供水	消防水池容量\t
661	18	13	\N	282	1		消防系統	null	電動泵、柴油泵一用一備，UL/FM認證	[優等]電動泵、柴油泵一用一備，UL/FM認證	100	\N				d2168838-8262-5de6-8a43-70a69df1b626	9	18	\N	消防供水	消防泵\t
662	18	13	\N	288	1		消防系統	null	(1)有規律的檢查、測試及保養排程，記錄完整 (2)對缺失實施追蹤，均已改善完成	[優等](1)有規律的檢查、測試及保養排程，記錄完整 (2)對缺失實施追蹤，均已改善完成	100	\N				e1a1fd72-0c36-5396-9f85-b4742509cd4e	10	19	\N	消防系統檢測與維護	火警自動報警系統 \t
663	18	13	\N	294	1		消防系統	null	(1)有規律的檢查、測試及保養排程，記錄完整 (2)對缺失實施追蹤，均已改善完成	[優等](1)有規律的檢查、測試及保養排程，記錄完整 (2)對缺失實施追蹤，均已改善完成	100	\N				d226d37d-f4fb-509b-abf3-e9954cf09c6f	10	20	\N	消防系統檢測與維護	手提式滅火器\t
664	18	13	\N	300	1		消防系統	null	(1)有規律的檢查、測試及保養排程，記錄完整 (2)對缺失實施追蹤，均已改善完成	[優等](1)有規律的檢查、測試及保養排程，記錄完整 (2)對缺失實施追蹤，均已改善完成	100	\N				32471f13-b2f4-5168-b784-f7df09dd82b3	10	21	\N	消防系統檢測與維護	室內消火栓   \t
665	18	13	\N	306	1		消防系統	null	(1)有規律的檢查、測試及保養排程，記錄完整 (2)對缺失實施追蹤，均已改善完成	[優等](1)有規律的檢查、測試及保養排程，記錄完整 (2)對缺失實施追蹤，均已改善完成	100	\N				c430f192-747d-5f08-8b58-840770121d96	10	22	\N	消防系統檢測與維護	噴淋系統\t
667	19	13	\N	210	1		消防系統	null	滅火器型式、數量、功能、標示均良好	[優等]滅火器型式、數量、功能、標示均良好	100	\N	/images/P13/U1/1c15d3d6402ffe5bd43149296966f9d1.png			0be02b29-8bc7-5a6b-ada0-866102e9be87	5	8	\N	手動滅火設備	手提式滅火器
668	19	13	\N	228	1		消防系統	null	室內栓數量、功能、標示均良好	[優等]室內栓數量、功能、標示均良好	100	\N				ac6aeb80-c1c8-51cc-865c-3d91a175dbb6	5	11	\N	手動滅火設備	室內消火栓
669	19	13	\N	234	1		消防系統	null	車間內全面安裝自動滅火系統	[優等]車間內全面安裝自動滅火系統	100	\N				27218820-e11c-5300-9490-4e9dc17cdad5	7	12	\N	自動滅火系統 	噴塗車間(噴房以外)
670	19	13	54	240	1		消防系統	噴房自動滅火	依NFPA或國標設計，具足夠滅火效能，能提供計算書圖	[優等]依NFPA或國標設計，具足夠滅火效能，能提供計算書圖	100	\N				f5fbad70-6d6e-54cd-938f-1b41d17bbf15	7	13	\N	自動滅火系統 	噴房
671	19	13	55	246	1		消防系統	聯鎖功能	1.地區警報 2.移報至火警系統 3.切斷供粉 4.切斷噴塗 5.切斷輸送帶	[優等]1.地區警報 2.移報至火警系統 3.切斷供粉 4.切斷噴塗 5.切斷輸送帶	100	\N				49296d2c-41ca-5e94-bc09-3c6f11acac95	7	13	\N	自動滅火系統 	噴房
672	19	13	56	252	1		消防系統	噴櫃自動滅火	1.開放濕式自動系統或氣體系統，由火焰探測器啟動 2.噴房出口或易於操作處設手動啟動開關	[優等]1.開放濕式自動系統或氣體系統，由火焰探測器啟動 2.噴房出口或易於操作處設手動啟動開關	100	\N				a95cc3d0-ee3e-5884-8d51-99ccd6fabe03	7	14	\N	自動滅火系統 	噴櫃
673	19	13	57	258	1		消防系統	聯鎖功能	1.地區警報 2.移報至火警系統 3.切斷供粉 4.切斷噴塗 5.切斷輸送帶 6.停止排氣 7.關閉隔離閥門 8.切斷噴塗系統電源	[優等]1.地區警報 2.移報至火警系統 3.切斷供粉 4.切斷噴塗 5.切斷輸送帶 6.停止排氣 7.關閉隔離閥門 8.切斷噴塗系統電源	100	\N				4419f06e-8f70-5e3d-853d-718a2242edf8	7	14	\N	自動滅火系統 	噴櫃
674	19	13	\N	264	1		消防系統	null	車間內探測器型式、數量、功能良好，訊號傳至常時有人的中控室	[優等]車間內探測器型式、數量、功能良好，訊號傳至常時有人的中控室	100	\N				07e53c95-a0dc-574b-8ae1-4a44af6a5eb7	8	15	\N	火災偵測及報警系統	火災偵測及報警系統\t
675	19	13	\N	270	1		消防系統	null	1.安裝一至數個，角度覆蓋全區 2.反應時間0.5秒	[優等]1.安裝一至數個，角度覆蓋全區 2.反應時間0.5秒	100	\N				101fcdfc-392b-5248-9837-a2fc95b7dc59	8	16	\N	火災偵測及報警系統	噴櫃火焰探測器\t
676	19	13	\N	276	1		消防系統	null	依NFPA或國標進行水力計算，能提供計算書/圖紙；通過當地政府消防驗收，能提供驗收資料	[優等]依NFPA或國標進行水力計算，能提供計算書/圖紙；通過當地政府消防驗收，能提供驗收資料	100	\N				4b76a9f0-28c1-54fe-9be9-ef6d4b3ae7ba	9	17	\N	消防供水	消防水池容量\t
677	19	13	\N	282	1		消防系統	null	電動泵、柴油泵一用一備，UL/FM認證	[優等]電動泵、柴油泵一用一備，UL/FM認證	100	\N				5ff54567-88ad-519a-86d5-51918ebf8ead	9	18	\N	消防供水	消防泵\t
678	19	13	\N	288	1		消防系統	null	(1)有規律的檢查、測試及保養排程，記錄完整 (2)對缺失實施追蹤，均已改善完成	[優等](1)有規律的檢查、測試及保養排程，記錄完整 (2)對缺失實施追蹤，均已改善完成	100	\N				595a3f8f-521d-5b67-9c34-f7af7c5e8a8d	10	19	\N	消防系統檢測與維護	火警自動報警系統 \t
679	19	13	\N	294	1		消防系統	null	(1)有規律的檢查、測試及保養排程，記錄完整 (2)對缺失實施追蹤，均已改善完成	[優等](1)有規律的檢查、測試及保養排程，記錄完整 (2)對缺失實施追蹤，均已改善完成	100	\N				c58d880d-fb9b-5003-864e-fa439dbb5dae	10	20	\N	消防系統檢測與維護	手提式滅火器\t
680	19	13	\N	300	1		消防系統	null	(1)有規律的檢查、測試及保養排程，記錄完整 (2)對缺失實施追蹤，均已改善完成	[優等](1)有規律的檢查、測試及保養排程，記錄完整 (2)對缺失實施追蹤，均已改善完成	100	\N				b8b9468a-005f-505a-aa90-4c313646625c	10	21	\N	消防系統檢測與維護	室內消火栓   \t
681	19	13	\N	306	1		消防系統	null	(1)有規律的檢查、測試及保養排程，記錄完整 (2)對缺失實施追蹤，均已改善完成	[優等](1)有規律的檢查、測試及保養排程，記錄完整 (2)對缺失實施追蹤，均已改善完成	100	\N				7d0b7ffa-01e7-51b0-8f63-6f7afde7b194	10	22	\N	消防系統檢測與維護	噴淋系統\t
682	19	13	\N	312	1		消防系統	null	(1)有規律的檢查、測試及保養排程，記錄完整 (2)對缺失實施追蹤，均已改善完成	[優等](1)有規律的檢查、測試及保養排程，記錄完整 (2)對缺失實施追蹤，均已改善完成	100	\N				ee7a46c8-ad49-5e01-8139-eb46f11cf5a9	10	23	\N	消防系統檢測與維護	消防泵\t
\.



--
-- TOC entry 2419 (class 0 OID 16873)
-- Dependencies: 197
-- Data for Name: check_standard; Type: TABLE DATA; Schema: public; Owner: postgres
--

COPY public.check_standard (id, content, sequence, check_bank_id, check_point_id, conform_score, part_score, deleted_at, created_at, updated_at, uuid, check_category_id, check_item_id, class) FROM stdin;
101	單位內是否有工安幹事/窗口？	1	7	32	3	1	\N	2018-06-14 19:14:15	2018-06-14 19:14:15	80dfd3a8-6cac-5c59-b22c-ccceee35e838	\N	\N	\N
130	化學品存放區1.8公尺下是否無電氣插座？	3	8	41	2	1	\N	2018-06-14 19:14:15	2018-06-14 19:14:15	1894a964-6546-5a53-8ec4-539395982f28	\N	\N	\N
21	機械設備是否完成安全查核？是否張貼安全查核貼紙？	1	2	8	2	1	\N	2018-06-14 18:56:47	2018-06-14 18:56:47	1f335404-caf5-5b83-acef-01786f449239	\N	\N	\N
22	機台臨時電氣配線或移動式電線，是否依規定架空配設或設置必要之安全防護措施？	2	2	8	2	1	\N	2018-06-14 18:56:47	2018-06-14 18:56:47	8ac4d1c4-7685-58a7-a31a-1cbe4e28d639	\N	\N	\N
23	機械設備是否設置緊急停止開關(EMO)？是否有測試紀錄？	3	2	8	2	1	\N	2018-06-14 18:56:47	2018-06-14 18:56:47	8c54e0f1-c8b7-5c41-a7a7-4ffcd2a72ae6	\N	\N	\N
24	機械設備之安全防護開關(光電裝置、過溫保護裝置、安全連鎖裝置、過電流保護裝置)是否足夠？是否有測試紀錄？	4	2	8	2	1	\N	2018-06-14 18:56:47	2018-06-14 18:56:47	ac857001-2513-5e9e-9487-3d036ea67332	\N	\N	\N
25	起重機具是否檢查合格？是否標示最大荷重？	1	2	9	2	1	\N	2018-06-14 18:56:47	2018-06-14 18:56:47	8c1238bc-8e02-528a-8f0f-b15943105a97	\N	\N	\N
26	吊鉤、舌片、鋼索、安全警報裝置是否功能正常？	2	2	9	2	1	\N	2018-06-14 18:56:47	2018-06-14 18:56:47	ba151b69-a458-5c6d-997c-afe68abd1317	\N	\N	\N
27	起重機操作按鈕標示是否中文（東西南北）？橫行導軌底部是否對應標示東西南北？	3	2	9	2	1	\N	2018-06-14 18:56:47	2018-06-14 18:56:47	f8904e2b-271c-5b44-9525-54367705a86d	\N	\N	\N
28	化學品標示、內容及化學品清單、安全資料表是否正確？	1	2	10	2	1	\N	2018-06-14 18:56:47	2018-06-14 18:56:47	93e03c36-0691-5e4b-985c-0e90d4a38584	\N	\N	\N
29	化學品存量(每週)是否超過安全管制量，儲存是否合乎規定？化學品儲存是否使用防溢座？	2	2	10	2	1	\N	2018-06-14 18:56:47	2018-06-14 18:56:47	a7d4658d-c5e7-579e-9dd4-d5022e946659	\N	\N	\N
30	化學品存放區1.8公尺下是否無電氣插座？	3	2	10	2	1	\N	2018-06-14 18:56:47	2018-06-14 18:56:47	4c0e1c23-4c02-5c9c-af2d-936b02769aba	\N	\N	\N
31	化學品是否有專屬儲存區？酸、鹼與有機是否分開放置？	4	2	10	2	1	\N	2018-06-14 18:56:47	2018-06-14 18:56:47	89683a74-d5ed-50f0-a452-57f1cfa87fbb	\N	\N	\N
33	化學品操作/儲存區域，是否設置通風排氣裝置？其動作是否正常？	6	2	10	2	1	\N	2018-06-14 18:56:47	2018-06-14 18:56:47	fcbb01c8-391a-5c36-af8f-1ab7ee94de82	\N	\N	\N
34	含/擦拭過化學品之廢棄物是否妥善處理？收集至含蓋收集桶？	7	2	10	2	1	\N	2018-06-14 18:56:47	2018-06-14 18:56:47	d888e211-1572-5f13-8b23-1e78ef899c37	\N	\N	\N
35	化學品操作/儲存區域，是否有監測設備(氣體偵測器、洩漏警報裝置及監視器)？	8	2	10	2	1	\N	2018-06-14 18:56:47	2018-06-14 18:56:47	fef4b947-08a6-58d1-868a-0d92c84a974d	\N	\N	\N
36	噪音、有機、特化、粉塵作業場所，是否張貼作業場所標示？	1	2	11	2	1	\N	2018-06-14 18:56:47	2018-06-14 18:56:47	1c30510d-ab8c-5179-b5ed-65da7a94c4a7	\N	\N	\N
37	作業區域是否設置適當之自動滅火系統？	1	3	12	2	1	\N	2018-06-14 18:56:47	2018-06-14 18:56:47	5c0c9110-7f4e-5620-8743-8cb150b7e435	\N	\N	\N
38	滅火器是否放置明顯位置？是否因作業方便移動？	2	3	12	2	1	\N	2018-06-14 18:56:47	2018-06-14 18:56:47	2ac39c89-8b68-5167-b056-9a16395dd0fb	\N	\N	\N
39	消防栓箱周圍無堆積物品或礙緊急操作情形？	3	3	12	2	1	\N	2018-06-14 18:56:47	2018-06-14 18:56:47	f8eb517a-ac9b-51c7-a62c-18ba89b003ed	\N	\N	\N
40	緊急照明燈數量是否充足？是否正常作動？	4	3	12	2	1	\N	2018-06-14 18:56:47	2018-06-14 18:56:47	a933dcf3-acb0-53d6-8cfb-ab0f1cb87f0a	\N	\N	\N
42	緊急廣播喇叭是否正常？	6	3	12	2	1	\N	2018-06-14 18:56:47	2018-06-14 18:56:47	12a26892-7254-5a98-a61d-8d1f1ae7e3e0	\N	\N	\N
43	單位變更或重新配置時是否重新配置消防火警設備？	7	3	12	2	1	\N	2018-06-14 18:56:47	2018-06-14 18:56:47	da110550-a7f3-58ed-a40c-b7af468a35a1	\N	\N	\N
44	區域滅火器是否足夠？	8	3	12	2	1	\N	2018-06-14 18:56:47	2018-06-14 18:56:47	77a68bf9-a5f7-598a-ba8a-be432e8b28f9	\N	\N	\N
45	管路穿孔位置，是否使用防火填塞？	9	3	12	2	1	\N	2018-06-14 18:56:47	2018-06-14 18:56:47	07697969-1ef7-57a0-9ee0-5ecff5a2dd11	\N	\N	\N
46	逃生通道及安全門是否暢通？	1	3	13	2	1	\N	2018-06-14 18:56:47	2018-06-14 18:56:47	6515af50-6261-5531-94e2-0da756396593	\N	\N	\N
47	機台/機櫃等是否已固定？	2	3	13	2	1	\N	2018-06-14 18:56:47	2018-06-14 18:56:47	bc1f8660-1064-5c65-9b60-75e87c3505b1	\N	\N	\N
48	是否實施5S管理？	3	3	13	2	1	\N	2018-06-14 18:56:47	2018-06-14 18:56:47	d95ad10b-22ee-5405-9822-ac28c4ae566e	\N	\N	\N
49	現場照明是否充足？	4	3	13	2	1	\N	2018-06-14 18:56:47	2018-06-14 18:56:47	22a36a6f-c17c-5a56-9b3d-85f53510c1ec	\N	\N	\N
50	物料堆放地點是否影響作業照明、自動滅火設備或滅火器？	5	3	13	2	1	\N	2018-06-14 18:56:47	2018-06-14 18:56:47	f5be431e-94a5-5884-af51-15ab55adf7f9	\N	\N	\N
102	單位內工安幹事/窗口是否有效傳達安全衛生相關資訊？是否有留存紀錄？	2	7	32	2	1	\N	2018-06-14 19:14:15	2018-06-14 19:14:15	7a8a25cb-9efa-5fbc-9822-10c65c06d2c2	\N	\N	\N
52	設有總機構者：<br>\r\na. 500人以上未滿1000人者；甲種職業安全衛生業務主管及職業安全衛生管理員各一人以上。<br>\r\nb. 超過1000人者；甲種職業安全衛生業務主管、職業安全（衛生）管理師及職業安全衛生管理員各一人以上。	2	4	14	2	1	\N	2018-06-14 18:56:47	2018-06-14 18:56:47	dc1f9f84-f350-5acd-878f-8bf6a4f65b8d	\N	\N	\N
53	職業安全衛生組織是否向勞檢單位報備完成?	3	4	14	2	1	\N	2018-06-14 18:56:47	2018-06-14 18:56:47	9697d33d-5464-5507-98fd-4dba722cd039	\N	\N	\N
54	是否依據廠區規模、特性訂定職業安全衛生管理計畫？<br>\r\na. 30人以下廠區，以執行記錄或文件代替。<br>\r\nb. 30人以上(含)廠區，訂定管理計畫。<br>\r\nc. 100人以上(含)廠區，應訂定管理計畫及職業安全衛生管理規章。<br>\r\nd. 300人以上(含)廠區，計畫應包括：政策、組織設計、規劃與實施、評估、改善措施	1	4	15	2	1	\N	2018-06-14 18:56:47	2018-06-14 18:56:47	2290aca1-7340-5ecb-9675-31d601f4836e	\N	\N	\N
55	是否推動職業安全衛生管理系統？(一類200人、二類500人)	2	4	15	2	1	\N	2018-06-14 18:56:47	2018-06-14 18:56:47	33fd6afe-ba79-53b7-b378-1f491c446cd1	\N	\N	\N
56	組織成員是否含有工程技術人員、醫護人員？	1	4	16	2	1	\N	2018-06-14 18:56:47	2018-06-14 18:56:47	56f7695a-2baa-5e02-8f98-e3a12cbafa13	\N	\N	\N
57	單位內是否有工安幹事之連繫窗口？	2	4	16	2	1	\N	2018-06-14 18:56:47	2018-06-14 18:56:47	b7ef1cc4-84a3-521f-8475-954981195855	\N	\N	\N
58	廠區是否每季舉行安全衛生委員會及會議記錄公告？	3	4	16	2	1	\N	2018-06-14 18:56:47	2018-06-14 18:56:47	4632f926-b114-5ac3-887c-62939660dfc4	\N	\N	\N
59	是否設置足夠的護理人員？是否與醫護人員辦理現場訪視，資料是否留存？	1	4	17	2	1	\N	2018-06-14 18:56:47	2018-06-14 18:56:47	5a7d00e3-041f-5488-b5e6-a3d8f724d85e	\N	\N	\N
60	從事職業健康臨廠服務之醫師資格及頻率是否符合法令要求？	2	4	17	2	1	\N	2018-06-14 18:56:47	2018-06-14 18:56:47	8bc31f4c-9230-5852-8c00-59b553f20b0f	\N	\N	\N
61	安衛管理單位是否排定計畫定期進行安全巡視？巡檢紀錄是否留存？	1	5	18	2	1	\N	2018-06-14 18:56:47	2018-06-14 18:56:47	73bc5d62-021f-5a2a-92bc-c2f06ab73148	\N	\N	\N
62	是否有意外事故通報及管理流程？	1	5	19	2	1	\N	2018-06-14 18:56:47	2018-06-14 18:56:47	64c2e54d-e0f0-5294-8ef6-4db19cfad4f3	\N	\N	\N
63	職災是否依法定期申報？	2	5	19	2	1	\N	2018-06-14 18:56:47	2018-06-14 18:56:47	d0803ab1-faa6-5fc6-b27e-235c2427da7b	\N	\N	\N
86	消防每年是否依法進行檢修申報?	1	6	26	2	1	\N	2018-06-14 18:56:47	2018-07-31 18:04:13	7e6c2a9c-009a-5ddb-9163-c5200ea0c873	\N	\N	\N
64	是否有制定承攬商管理制度？承攬商入廠是否申請？是否定期召開協議組織會議？	1	5	20	2	1	\N	2018-06-14 18:56:47	2018-06-14 18:56:47	f5749717-608f-5d71-8849-ae7d0a2b993a	\N	\N	\N
65	是否有制定動火作業管21乙炔、砂輪機等產生明火設備)是否符合安全規定？	2	5	20	2	1	\N	2018-06-14 18:56:47	2018-06-14 18:56:47	f22fe94c-6a68-52c3-9540-13c561aac65d	\N	\N	\N
66	新進人員是否進行安全衛生教育訓練？訓練資料是否留存備查？	1	5	21	2	1	\N	2018-06-14 18:56:47	2018-06-14 18:56:47	dc5f0265-d80e-52f7-ac51-de352601ec67	\N	\N	\N
67	危險性機械設備及特殊作業人員等法定證照是否足夠(業務主管、有機、特化、粉塵、固定起重機、吊掛、高壓氣操作人員、堆高機、急救人員)，每班是否皆有人員？	2	5	21	2	1	\N	2018-06-14 18:56:47	2018-06-14 18:56:47	e047b8b1-5f0a-5644-8260-c51a5603e456	\N	\N	\N
68	危險性機械設備及特殊作業人員等法定證照複訓時數是否符合？	3	5	21	2	1	\N	2018-06-14 18:56:47	2018-06-14 18:56:47	9407b955-b964-5680-a976-3e2a44f6b750	\N	\N	\N
69	使用危險物、有害物是否實施危害通識教育訓練？訓練資料是否留存備查？	4	5	21	2	1	\N	2018-06-14 18:56:47	2018-06-14 18:56:47	af296e94-f397-5e86-abad-9aaad4d22953	\N	\N	\N
70	一般勞工是否實施在職安全衛生教育訓練(三年三小時)？訓練資料是否留存備查？	5	5	21	2	1	\N	2018-06-14 18:56:47	2018-06-14 18:56:47	46d5bb2d-cbef-53a9-b0b8-ad064ba33d53	\N	\N	\N
71	是否成立緊急應變組織，人員清單定期更新(人員是否了解自己為緊急應變組織成員)？	1	5	22	2	1	\N	2018-06-14 18:56:47	2018-06-14 18:56:47	2f9453bf-24b3-52fc-8922-cd93405dadf7	\N	\N	\N
72	是否針對可能+C24:D45發生之緊急狀況發展緊急應變計劃或流程，(包含以下緊急狀況：天然災害，如地震；製程損失，如火災、化學品洩漏等)？	2	5	22	2	1	\N	2018-06-14 18:56:47	2018-06-14 18:56:47	369e1021-6f52-531b-b4fd-7583d27c2282	\N	\N	\N
73	是否依計畫辦理訓練及演練？	3	5	22	2	1	\N	2018-06-14 18:56:47	2018-06-14 18:56:47	fd72fa16-37b2-506a-a96e-f7a208fa70c2	\N	\N	\N
74	緊急應變器材是否放置於易取得之地點？	4	5	22	2	1	\N	2018-06-14 18:56:47	2018-06-14 18:56:47	8597a5ca-a3aa-5b8a-97f0-f4d3dd15a2d9	\N	\N	\N
75	廠區指揮官手冊是否定期更新？	5	5	22	2	1	\N	2018-06-14 18:56:47	2018-06-14 18:56:47	4d3114af-6653-5ed4-b0da-78b0ae4f7a74	\N	\N	\N
103	單位作業環境變更時是否申請變更管理？	3	7	32	2	1	\N	2018-06-14 19:14:15	2018-06-14 19:14:15	f0f06ed4-5dc5-5df6-afef-3cd59fb5e9cf	\N	\N	\N
104	危險性機械設備或特殊作業人員證照是否足夠(有機、特化、粉塵、固定起重機、吊掛、高壓氣操作人員、堆高機)？	1	7	33	2	1	\N	2018-06-14 19:14:15	2018-06-14 19:14:15	de482ba8-3655-5fda-9026-739d850bbb35	\N	\N	\N
105	是否有足夠的合格急救人員？	2	7	33	2	1	\N	2018-06-14 19:14:15	2018-06-14 19:14:15	4001810e-d4f8-5ae9-8214-4bff7d85358c	\N	\N	\N
106	法定證照之複訓時數是否符合要求？	3	7	33	2	1	\N	2018-06-14 19:14:15	2018-06-14 19:14:15	da7eaad0-dcb1-5529-bdfd-ecc7960eb94e	\N	\N	\N
107	在職人員安全衛生教育訓練是否符合三年三小時規定？	4	7	33	2	1	\N	2018-06-14 19:14:15	2018-06-14 19:14:15	66470787-5209-5c4b-a01c-83b5b6579ad7	\N	\N	\N
32	鋼瓶是否使用鏈條固定？未使用之鋼瓶是否蓋上鋼瓶帽？瓶身是否完整？	5	2	10	2	1	\N	2018-06-14 18:56:47	2018-06-14 18:56:47	bc7e7e66-b765-5d10-9c9b-e8edc3de13b1	\N	\N	\N
41	緊急出口指示燈、逃生方向指示燈數量是否充足？位置是否適當？	5	3	12	2	1	\N	2018-06-14 18:56:47	2018-06-14 18:56:47	d192f785-ebff-526c-901f-cd1e36e67148	\N	\N	\N
51	職業安全衛生專責人員數量是否符合法定要求？<br>\r\na. 未滿30人者；丙種職業安全衛生業務主管。<br>\r\nb. 30人以上未滿100人者；乙種職業安全衛生業務主管。<br>\r\nc. 100人以上未滿300人者；甲種職業安全衛生業務主管及職業安全衛生管理員各一人。<br>\r\nd. 300人以上未滿500人者；甲種職業安全衛生業務主管一人、職業安全（衛生）管理師一人及職業安全衛生管理員一人以上。<br>\r\ne. 500人以上未滿1000人者；甲種職業安全衛生業務主管一人、職業安全（衛生）管理師一人及職業安全衛生管理員各二人以上。<br>\r\nf. 1000人以上者；甲種職業安全衛生業務主管一人、職業安全（衛生）管理師二人及職業安全衛生管理員各二人以上。	1	4	14	2	1	\N	2018-06-14 18:56:47	2018-06-14 18:56:47	53d62553-7711-5fcf-bec4-13a941c248f9	\N	\N	\N
108	各類製程操作標準、規範是否齊全？是否有訓練記錄或上崗證？	5	7	33	2	1	\N	2018-06-14 19:14:15	2018-06-14 19:14:15	12980896-7494-58f5-84ec-a359e3f5ba86	\N	\N	\N
109	是否訂定自動檢查計畫？(是否明確指出檢查項目、  時間、方法、人員、實施程序及安全注意事項)	1	7	34	2	1	\N	2018-06-14 19:14:15	2018-06-14 19:14:15	f942aafa-ab95-5d59-b20d-65b505e54b6a	\N	\N	\N
110	法定自動檢查項目是否完整納入清單？	2	7	34	2	1	\N	2018-06-14 19:14:15	2018-06-14 19:14:15	38a563f3-00b3-564b-999b-7f7c9a73312d	\N	\N	\N
111	檢查結果異常是否追蹤查核及檢討改善？記錄是否依法保存？	3	7	34	2	1	\N	2018-06-14 19:14:15	2018-06-14 19:14:15	0f2388b4-30b0-5f33-aeca-b05261db41c9	\N	\N	\N
112	是否設置適當之個人防護用具？是否有檢點紀錄？	1	7	35	2	1	\N	2018-06-14 19:14:15	2018-06-14 19:14:15	0fa7b919-8688-5d81-8934-787cf326fb8f	\N	\N	\N
113	現場人員是否確實使用個人防護具？	2	7	35	2	1	\N	2018-06-14 19:14:15	2018-06-14 19:14:15	e5325b0f-5621-55d7-9a3e-de5b7e2dd268	\N	\N	\N
114	是否設置適當之應變器材？是否有檢點紀錄？	3	7	35	2	1	\N	2018-06-14 19:14:15	2018-06-14 19:14:15	43215fdf-f1f1-5c84-ae77-032a1216f276	\N	\N	\N
115	廠區/作業區域是否設置急救箱？藥品是否過期？是否有檢點紀錄？	4	7	35	2	1	\N	2018-06-14 19:14:15	2018-06-14 19:14:15	87dbb3ae-2c70-5cd0-b3d1-58e9d7358aad	\N	\N	\N
116	使用特殊化學品之場所是否設置緊急沖淋裝置？是否有檢點紀錄？	5	7	35	2	1	\N	2018-06-14 19:14:15	2018-06-14 19:14:15	7108d82a-e462-56d0-9702-a390b331376e	\N	\N	\N
117	是否成立緊急應變組織(人員清單定期更新、人員是否了解自己職掌)？	1	7	36	2	1	\N	2018-06-14 19:14:15	2018-06-14 19:14:15	2e435668-48b6-52d2-b45f-e485bbde65c4	\N	\N	\N
118	是否參與勞安處舉辦之訓練及演練？單位內是否擬定緊急應變計畫並依計畫辦理演練？	2	7	36	2	1	\N	2018-06-14 19:14:15	2018-06-14 19:14:15	3259d88d-2d19-56c6-8c79-8c95e12802bb	\N	\N	\N
119	是否針對所有物理性(噪音、二氧化碳、照度)及化學性(化學品及氣體)物質進行暴露採樣？	1	7	37	2	1	\N	2018-06-14 19:14:15	2018-06-14 19:14:15	7c26756e-8fa6-5ee9-ab68-fb0f05065001	\N	\N	\N
120	特殊作業人員是否完成特殊健檢？	1	7	38	2	1	\N	2018-06-14 19:14:15	2018-06-14 19:14:15	7b9ecc84-c163-5a66-bd0f-bf7fb34b9943	\N	\N	\N
121	機械設備是否完成安全查核？是否張貼安全查核貼紙？	1	8	39	1	1	\N	2018-06-14 19:14:15	2018-06-14 19:14:15	22ad5a96-c612-5680-8f9b-ea2167a3cda2	\N	\N	\N
122	機台臨時電氣配線或移動式電線，是否依規定架空配設或設置必要之安全防護措施？	2	8	39	2	1	\N	2018-06-14 19:14:15	2018-06-14 19:14:15	c00a139d-53ab-59d7-a926-a523f44ef768	\N	\N	\N
123	機械設備是否設置緊急停止開關(EMO)？是否有測試紀錄？	3	8	39	2	1	\N	2018-06-14 19:14:15	2018-06-14 19:14:15	bbcf3fe1-b2ad-5800-8564-10b41f6e2848	\N	\N	\N
124	機械設備之安全防護開關(光電裝置、過溫保護裝置、安全連鎖裝置、過電流保護裝置)是否足夠？是否有測試紀錄？	4	8	39	2	1	\N	2018-06-14 19:14:15	2018-06-14 19:14:15	0dfc4d5a-6564-5735-8ec5-f840671ecb2d	\N	\N	\N
125	起重機具是否檢查合格？是否標示最大荷重？	1	8	40	2	1	\N	2018-06-14 19:14:15	2018-06-14 19:14:15	1b7fccc1-c455-5186-a077-230929274fac	\N	\N	\N
126	吊鉤、舌片、鋼索、安全警報裝置是否功能正常？	2	8	40	2	1	\N	2018-06-14 19:14:15	2018-06-14 19:14:15	f7881bd1-2618-5964-88e1-e24b51d21219	\N	\N	\N
127	起重機操作按鈕標示是否中文（東西南北）？橫行導軌底部是否對應標示東西南北？	3	8	40	2	1	\N	2018-06-14 19:14:15	2018-06-14 19:14:15	09b2dfa5-2e94-5094-a975-3703db783da1	\N	\N	\N
128	化學品標示、內容及化學品清單、安全資料表是否正確？	1	8	41	2	1	\N	2018-06-14 19:14:15	2018-06-14 19:14:15	44895227-5d0f-5151-b3ac-ebe2cc8b23e6	\N	\N	\N
129	化學品存量(每週)是否超過安全管制量，儲存是否合乎規定？化學品儲存是否使用防溢座？	2	8	41	2	1	\N	2018-06-14 19:14:15	2018-06-14 19:14:15	f0daaa67-258c-5f55-a0fd-4779bc920b57	\N	\N	\N
131	化學品是否有專屬儲存區？酸、鹼與有機是否分開放置？	4	8	41	2	1	\N	2018-06-14 19:14:15	2018-06-14 19:14:15	e311158b-3bc9-59a5-8a9f-ec78901b8c93	\N	\N	\N
132	鋼瓶是否使用鏈條固定？未使用之鋼瓶是否蓋上鋼瓶帽？瓶身是否完整？	5	8	41	2	1	\N	2018-06-14 19:14:15	2018-06-14 19:14:15	43c10b6a-37ad-513e-9ad3-5d6e55146cbe	\N	\N	\N
133	化學品操作/儲存區域，是否設置通風排氣裝置？其動作是否正常？	6	8	41	2	1	\N	2018-06-14 19:14:15	2018-06-14 19:14:15	1573210d-1b8e-502e-807f-d7a9068dc81d	\N	\N	\N
134	含/擦拭過化學品之廢棄物是否妥善處理？收集至含蓋收集桶？	7	8	41	2	1	\N	2018-06-14 19:14:15	2018-06-14 19:14:15	5ce6134a-786d-54b3-8134-9aaffb8dda81	\N	\N	\N
135	化學品操作/儲存區域，是否有監測設備(氣體偵測器、洩漏警報裝置及監視器)？	8	8	41	2	1	\N	2018-06-14 19:14:15	2018-06-14 19:14:15	4c321247-6e52-5148-ba5d-c89748578a91	\N	\N	\N
136	噪音、有機、特化、粉塵作業場所，是否張貼作業場所標示？	1	8	42	2	1	\N	2018-06-14 19:14:15	2018-06-14 19:14:15	867b7375-b376-51cc-9ab8-4ca4656c9902	\N	\N	\N
1	單位內是否有工安幹事/窗口？	1	1	1	2	1	\N	2018-06-14 18:56:47	2018-06-27 12:06:19	142397ec-3d69-5b3a-a92d-102dd2f2877f	\N	\N	\N
2	單位內工安幹事/窗口是否有效傳達安全衛生相關資訊？是否有留存紀錄？	2	1	1	2	1	\N	2018-06-14 18:56:47	2018-06-27 12:06:19	bac2c8d2-990a-5509-bd4c-785e85e6e86a	\N	\N	\N
3	單位作業環境變更時是否申請變更管理？	3	1	1	2	1	\N	2018-06-14 18:56:47	2018-06-27 12:06:19	0416cc2f-4570-5836-8df4-c8f4077e215a	\N	\N	\N
4	危險性機械設備或特殊作業人員證照是否足夠(有機、特化、粉塵、固定起重機、吊掛、高壓氣操作人員、堆高機)？	1	1	2	2	1	\N	2018-06-14 18:56:47	2018-06-27 12:06:19	bd35a882-f695-56b4-b2a1-a87e5913f08a	\N	\N	\N
5	是否有足夠的合格急救人員？	2	1	2	2	1	\N	2018-06-14 18:56:47	2018-06-27 12:06:19	9de61be0-1c4b-5cd6-acdb-7b3f5c32936c	\N	\N	\N
6	法定證照之複訓時數是否符合要求？	3	1	2	2	1	\N	2018-06-14 18:56:47	2018-06-27 12:06:19	22a87a57-27a0-5f10-99a8-b0d0aca764fc	\N	\N	\N
7	在職人員安全衛生教育訓練是否符合三年三小時規定？	4	1	2	2	1	\N	2018-06-14 18:56:47	2018-06-27 12:06:19	490edfdf-c7fe-5ef7-8d9f-510acbbb1a6d	\N	\N	\N
8	各類製程操作標準、規範是否齊全？是否有訓練記錄或上崗證？	5	1	2	2	1	\N	2018-06-14 18:56:47	2018-06-27 12:06:19	e445b092-52f2-5bff-888b-8ff9736576ab	\N	\N	\N
14	是否設置適當之應變器材？是否有檢點紀錄？	3	1	4	2	1	\N	2018-06-14 18:56:47	2018-06-27 12:06:19	43a3e619-c816-53c6-8b23-d230c79ff47c	\N	\N	\N
15	廠區/作業區域是否設置急救箱？藥品是否過期？是否有檢點紀錄？	4	1	4	2	1	\N	2018-06-14 18:56:47	2018-06-27 12:06:19	d2b3ce20-447e-5c8b-a795-420356079234	\N	\N	\N
16	使用特殊化學品之場所是否設置緊急沖淋裝置？是否有檢點紀錄？	5	1	4	2	1	\N	2018-06-14 18:56:47	2018-06-27 12:06:19	e476c82f-07a1-5edf-bf28-d6fd25f689b6	\N	\N	\N
17	是否成立緊急應變組織(人員清單定期更新、人員是否了解自己職掌)？	1	1	5	2	1	\N	2018-06-14 18:56:47	2018-06-27 12:06:19	849510d6-ccbf-522a-8883-2cd372079364	\N	\N	\N
18	是否參與勞安處舉辦之訓練及演練？單位內是否擬定緊急應變計畫並依計畫辦理演練？	2	1	5	2	1	\N	2018-06-14 18:56:47	2018-06-27 12:06:19	a8fee96c-0aba-5c41-82ab-baf045241928	\N	\N	\N
19	是否針對所有物理性(噪音、二氧化碳、照度)及化學性(化學品及氣體)物質進行暴露採樣？	1	1	6	2	1	\N	2018-06-14 18:56:47	2018-06-27 12:06:19	a521cc83-b2e5-51c6-a165-f53897a4f857	\N	\N	\N
20	特殊作業人員是否完成特殊健檢？	1	1	7	2	1	\N	2018-06-14 18:56:47	2018-06-27 12:06:19	4158b982-63e0-5e61-a2c3-54793dcbc4af	\N	\N	\N
9	是否訂定自動檢查計畫？(是否明確指出檢查項目、  時間、方法、人員、實施程序及安全注意事項)	1	1	3	2	1	\N	2018-06-14 18:56:47	2018-06-27 12:06:19	8beb1761-06e5-52dd-ae92-32d04f6b47f9	\N	\N	\N
138	室內消火栓	2	9	43	1	1	\N	2018-06-14 19:14:15	2018-07-31 11:55:37	d0ea1e09-b019-5ad4-8d14-23436b19013c	\N	\N	\N
10	法定自動檢查項目是否完整納入清單？	2	1	3	2	1	\N	2018-06-14 18:56:47	2018-06-27 12:06:19	d1e8c3dc-a111-567d-a387-a760f754f2db	\N	\N	\N
11	檢查結果異常是否追蹤查核及檢討改善？記錄是否依法保存？	3	1	3	2	1	\N	2018-06-14 18:56:47	2018-06-27 12:06:19	334465f6-d1a5-5438-b57d-2c7d0308a468	\N	\N	\N
12	是否設置適當之個人防護用具？是否有檢點紀錄？	1	1	4	2	1	\N	2018-06-14 18:56:47	2018-06-27 12:06:19	6e9d2894-a064-5a53-9d89-9d8a653587ce	\N	\N	\N
13	現場人員是否確實使用個人防護具？	2	1	4	2	1	\N	2018-06-14 18:56:47	2018-06-27 12:06:19	6f223330-5193-5c09-beeb-a48fa6facaa2	\N	\N	\N
79	電站或電氣室是否設置圍籬？門禁上鎖管制？並設警告標示？	2	6	24	2	1	\N	2018-06-14 18:56:47	2018-07-31 18:04:13	5af35f8d-8bb8-5853-8d94-dc03cedf54c9	\N	\N	\N
80	柴油發電機未依計劃定期測試並紀錄測試結果？	3	6	24	2	1	\N	2018-06-14 18:56:47	2018-07-31 18:04:13	d303bc8b-1d48-5aad-9e44-6f415b06c57f	\N	\N	\N
81	是否已有建立及執行電器設置IR Scaner檢測？	4	6	24	2	1	\N	2018-06-14 18:56:47	2018-07-31 18:04:13	ee56eddc-48d8-5ebd-b9a9-ca253d7526ad	\N	\N	\N
76	升降機是否標示額定荷重及安全說明？	1	6	23	2	1	\N	2018-06-14 18:56:47	2018-07-31 18:04:13	f2b81b56-1c57-5d95-a55f-76b4780e6a5e	\N	\N	\N
77	升降機是否檢查合格並於有效期限內？並妥善張貼合格證？	2	6	23	2	1	\N	2018-06-14 18:56:47	2018-07-31 18:04:13	f690e92d-1a8f-5ff9-bb5b-0b5a76a30abe	\N	\N	\N
78	高低壓電氣室及變電站是否納入自動檢查(檢查紀錄或委託專業機構檢修紀錄)？	1	6	24	2	1	\N	2018-06-14 18:56:47	2018-07-31 18:04:13	be15686c-2467-5bde-ba49-c2247cf2629c	\N	\N	\N
155	配電櫃內端子無接觸不良而發色或變形？	5	6	24	2	1	\N	2018-06-27 17:12:40	2018-07-31 18:04:13	17a8fdc9-4826-5de7-8bfe-142dc50cd361	\N	\N	\N
156	配電櫃內是否有隔弧片？進線孔是否密封？是否有等電位跨接？	6	6	24	2	1	\N	2018-06-27 17:12:40	2018-07-31 18:04:13	082d15f1-842f-5a60-928a-eb4e486c36f5	\N	\N	\N
157	電源設備週圍禁止放置可燃物(泡棉、紙箱、化學品等)？	7	6	24	2	1	\N	2018-06-27 17:12:40	2018-07-31 18:04:13	02bff99c-9bdc-57dc-b991-4e9ac406df9d	\N	\N	\N
158	油浸式變壓器是否定期檢測絕緣油品質？	8	6	24	2	1	\N	2018-06-27 17:14:00	2018-07-31 18:04:13	c370bc86-4b1f-5b4a-90f6-d00acdf8f368	\N	\N	\N
82	防火門是否保持常關？安全門是否上鎖？	1	6	25	2	1	\N	2018-06-14 18:56:47	2018-07-31 18:04:13	9009ca58-ebe3-5d73-9c6c-a1d37e3ef03a	\N	\N	\N
83	是否設置逃生動線圖？逃生通道是否暢通？	2	6	25	2	1	\N	2018-06-14 18:56:47	2018-07-31 18:04:13	12973b3d-6208-5218-99e9-86c7731f10d6	\N	\N	\N
84	建築物室內裝修是否依法進行申報?	3	6	25	2	1	\N	2018-06-14 18:56:47	2018-07-31 18:04:13	8258c6ee-be4a-513b-af65-a15e17786f7d	\N	\N	\N
85	是否定期進行建築物公共安全檢查及申報?	4	6	25	2	1	\N	2018-06-14 18:56:47	2018-07-31 18:04:13	41569f30-6f7d-5cd6-93b3-a7783946c1cf	\N	\N	\N
87	消防每半年是否依法進行自衛消防編組申報?	2	6	26	2	1	\N	2018-06-14 18:56:47	2018-07-31 18:04:13	794b3d04-5c89-5e4a-a655-5a3c7edd25a1	\N	\N	\N
88	防火管理員是否依規定提報及訓練?是否完成複訓？	3	6	26	2	1	\N	2018-06-14 18:56:47	2018-07-31 18:04:13	e81c3014-2f3d-5292-81df-2ad5d49dd9cd	\N	\N	\N
89	是否制定維護保養及檢查測試之項目與週期？消防Pump是否有定期測試保養？	1	6	27	2	1	\N	2018-06-14 18:56:47	2018-07-31 18:04:13	9045b203-fb0f-54d9-8164-f5ae7efc4f66	\N	\N	\N
171	消防泵	5	9	49	1	0	\N	2018-07-31 11:55:37	2018-07-31 11:55:37	2d84f8cf-e02a-5daa-83ea-97cb7f81456a	\N	\N	\N
170	噴淋系統	4	9	49	1	0	\N	2018-07-31 11:55:37	2018-07-31 11:55:37	77c00fa4-3b74-5d32-86a5-421d6509395f	\N	\N	\N
169	室內消火栓   	3	9	49	1	0	\N	2018-07-31 11:55:37	2018-07-31 11:55:37	ee4a363e-c4a8-5d5e-b777-63751ad43863	\N	\N	\N
168	手提式滅火器	2	9	49	1	0	\N	2018-07-31 11:55:37	2018-07-31 11:55:37	e58be423-986d-5344-977a-5cf0976ff1fe	\N	\N	\N
167	消防泵	2	9	48	1	0	\N	2018-07-31 11:55:37	2018-07-31 11:55:37	06ed5afa-ba3d-5d34-aa97-63155859dec6	\N	\N	\N
166	火警自動報警系統 	1	9	49	1	0	\N	2018-07-31 11:51:44	2018-07-31 11:55:37	ce29c11b-2d4c-5e33-81f2-6a250d9bb534	\N	\N	\N
165	消防水池容量	1	9	48	1	0	\N	2018-07-31 11:51:44	2018-07-31 11:55:37	d38a8aac-a830-528a-b56b-29bf4b8ea273	\N	\N	\N
164	噴櫃火焰探測器	2	9	47	1	0	\N	2018-07-31 11:51:44	2018-07-31 11:55:37	2d27f247-ec37-58d3-98e7-3cead409a786	\N	\N	\N
163	火災偵測及報警系統	1	9	47	1	0	\N	2018-07-31 11:51:44	2018-07-31 11:55:37	1cf1c77f-c4bc-5f08-b246-b661fe649988	\N	\N	\N
141	噴櫃-噴櫃自動滅火	4	9	44	1	1	\N	2018-06-14 19:14:15	2018-07-31 11:55:37	53e37e15-1c05-5a21-9373-a68d45b0f2b8	\N	\N	\N
140	噴房-噴房自動滅火	2	9	44	1	1	\N	2018-06-14 19:14:15	2018-07-31 11:55:37	16b791b7-7752-557c-9e9f-d6a339bbea53	\N	\N	\N
139	噴塗車間(噴房以外)	1	9	44	1	1	\N	2018-06-14 19:14:15	2018-07-31 11:55:37	44e78e12-b341-564d-8c93-7d7b371ddbfe	\N	\N	\N
137	手提式滅火器	1	9	43	1	1	\N	2018-06-14 19:14:15	2018-07-31 11:55:37	c38102cc-1cb1-5b55-a3dd-c7698f4f74de	\N	\N	\N
90	確認管路是否正常持壓？Pump是否設置於自動開啟狀態？	2	6	27	2	1	\N	2018-06-14 18:56:47	2018-07-31 18:04:13	f07caf53-5b13-545e-895f-3986dc8712b8	\N	\N	\N
91	是否設有有自動滅火系統？	3	6	27	2	1	\N	2018-06-14 18:56:47	2018-07-31 18:04:13	9bbfd288-41a3-507c-9288-56bc50acac06	\N	\N	\N
159	室內外消防栓啟動訊號是否與受信總機連動？	4	6	27	2	1	\N	2018-06-27 17:14:00	2018-07-31 18:04:13	3df5eb56-3c2b-52b6-90e5-5d40d35d7455	\N	\N	\N
160	消防水池是否有低水位警報裝置？	5	6	27	2	1	\N	2018-06-27 17:14:00	2018-07-31 18:04:13	e88cb38d-7269-5adf-93d2-ab9eded90362	\N	\N	\N
92	是否有室外消防栓開啟工具？水帶（兩條）是否無潮濕或破損現象？瞄子是否完整？	1	6	28	2	1	\N	2018-06-14 18:56:47	2018-07-31 18:04:13	09ea4bbc-3e59-569b-8ba7-16c059a5b41a	\N	\N	\N
93	檢視消防栓箱前是否無遮蔽物，周圍無堆積物品有礙緊急操作情形？	2	6	28	2	1	\N	2018-06-14 18:56:47	2018-07-31 18:04:13	79cc6828-592f-5699-90dd-dc9229fa0c99	\N	\N	\N
94	是否已建置消防系統中斷管理程序? 火警授信總機是否有原因不明之隔離？	1	6	29	2	1	\N	2018-06-14 18:56:47	2018-07-31 18:04:13	bc4e7270-b042-5b33-8e65-53a00cec31e4	\N	\N	\N
95	火警鈴按鈕，測試火災指示燈、地區表示燈及音響裝置是否能正常啟動？	2	6	29	2	1	\N	2018-06-14 18:56:47	2018-07-31 18:04:13	69ec02f0-5ee0-5a5b-853e-a1f61140bd79	\N	\N	\N
96	各樓層各居室內是否皆有火警探測器?	3	6	29	2	1	\N	2018-06-14 18:56:47	2018-07-31 18:04:13	4b3c21f4-a86f-5f71-9a10-973a79afca86	\N	\N	\N
97	不相容化學品是否分開儲放？	1	6	30	2	1	\N	2018-06-14 18:56:47	2018-07-31 18:04:13	2726f3cb-9c08-5b74-8487-c2828568b0a0	\N	\N	\N
98	是否設置足夠安全防護設備(換氣設備、偵測器、防液堤等)？	2	6	30	2	1	\N	2018-06-14 18:56:47	2018-07-31 18:04:13	dc0b24a3-d1c7-5704-9c9d-cc66d8cae5f3	\N	\N	\N
99	是否設置瓦斯偵測器及隔離閥，並定期測試？	1	6	31	2	1	\N	2018-06-14 18:56:47	2018-07-31 18:04:14	629d1d2b-c5f5-5e4d-b5be-9b7aac688055	\N	\N	\N
100	是否設置廚房滅火系統，並定期測試？	2	6	31	2	1	\N	2018-06-14 18:56:47	2018-07-31 18:04:14	552667c0-7131-5d27-b937-65efd71fd92c	\N	\N	\N
161	是否設置瓦斯偵測器及隔離閥，並定期測試？	1	6	46	2	1	\N	2018-06-27 17:14:29	2018-07-31 18:04:14	2198c65f-0b96-534f-bda6-4a417d17c094	\N	\N	\N
162	是否設置廚房滅火系統，並定期測試？	2	6	46	2	1	\N	2018-06-27 17:14:29	2018-07-31 18:04:14	87816658-15f1-567f-b17f-dd39c75eec92	\N	\N	\N
172	噴房-聯鎖功能	3	9	44	0.5	0	\N	2018-07-31 18:04:14	2018-07-31 18:04:14	40501bfa-e584-56fc-bfd3-d712f369c38c	\N	\N	\N
173	噴櫃-聯鎖功能	5	9	44	0.5	0	\N	2018-07-31 18:04:14	2018-07-31 18:04:14	8062c65d-4258-5a35-a593-d92a887c01d8	\N	\N	\N
174	1.1.1	1	10	\N	100	0	\N	2018-09-11 17:12:56	2018-09-11 17:12:56	ca62dc39-065c-5ac1-b240-8c44179dd740	1	1	1
175	1.1.2	2	10	\N	90	0	\N	2018-09-11 17:12:56	2018-09-11 17:12:56	1f41ebd1-02f2-5eda-ba14-6c1e5c24c28e	1	1	1
176	 	3	10	\N	75	0	\N	2018-09-11 17:12:56	2018-09-11 17:12:56	110f7351-49a2-5940-8287-824d80a3c01d	1	1	1
177	1.1.4	4	10	\N	60	0	\N	2018-09-11 17:12:56	2018-09-11 17:12:56	4d9fba39-142d-5896-863e-8e980ee4f696	1	1	1
178	 	5	10	\N	40	0	\N	2018-09-11 17:12:56	2018-09-11 17:12:56	37116e36-9514-5c1e-a31f-069b6bbf89a9	1	1	1
179	1.1.6	6	10	\N	0	0	\N	2018-09-11 17:12:56	2018-09-11 17:12:56	8100332e-f203-5363-8e29-30493dbbf014	1	1	1
180	2.1.1.1	1	10	50	100	0	\N	2018-09-11 17:12:56	2018-09-11 17:12:56	5e855fce-4d46-5048-8e16-5548324ce546	2	2	2
181	2.1.1.2	2	10	50	90	0	\N	2018-09-11 17:12:56	2018-09-11 17:12:56	992ffca7-4539-50d5-8d8c-02cc85ed7592	2	2	2
182	2.1.1.6	3	10	50	75	0	\N	2018-09-11 17:12:56	2018-09-11 17:12:56	7a585456-904d-5073-9cdb-d2817a397361	2	2	2
183	2.1.1.4	4	10	50	60	0	\N	2018-09-11 17:12:56	2018-09-11 17:12:56	77e3f98a-f711-5ef1-af22-b3194a438909	2	2	2
184	2.1.1.5	5	10	50	40	0	\N	2018-09-11 17:12:56	2018-09-11 17:12:56	bf9849e9-4b73-5fb2-bd3a-cb0ec3d31f45	2	2	2
185	 	6	10	50	0	0	\N	2018-09-11 17:12:56	2018-09-11 17:12:56	b4c25a0d-b7fb-5ace-9398-5f9899fe7f2e	2	2	2
186	1.1.1	1	11	\N	100	0	\N	2018-09-13 19:03:47	2018-09-13 19:03:47	ea9d5f86-ac4a-5803-9740-91e13726851c	3	3	1
187	1.1.2	2	11	\N	90	0	\N	2018-09-13 19:03:47	2018-09-13 19:03:47	595101a2-bddd-5ffd-9990-e0a20e60ffbe	3	3	1
188	1.1.3	3	11	\N	75	0	\N	2018-09-13 19:03:47	2018-09-13 19:03:47	81b045ce-f12e-5d38-81a7-56a2e8530563	3	3	1
189	1.1.4	4	11	\N	60	0	\N	2018-09-13 19:03:47	2018-09-13 19:03:47	47753a45-d45e-57a8-b27f-050c540f6e1a	3	3	1
190	 	5	11	\N	40	0	\N	2018-09-13 19:03:47	2018-09-13 19:03:47	32af3750-b0d3-5011-8761-bfbfe26f70e7	3	3	1
191	 	6	11	\N	0	0	\N	2018-09-13 19:03:47	2018-09-13 19:03:47	945e9d33-2b73-55b1-8fda-f65959b5031d	3	3	1
192	1.2.1.1	1	11	51	100	0	\N	2018-09-13 19:03:47	2018-09-13 19:03:47	985e1047-75ad-50b5-b305-81f48e14dd63	3	4	1
193	1.2.1.2	2	11	51	90	0	\N	2018-09-13 19:03:47	2018-09-13 19:03:47	9f9308f2-1286-584a-96cf-9b9a9b9f8dc9	3	4	1
194	 	3	11	51	75	0	\N	2018-09-13 19:03:47	2018-09-13 19:03:47	d0e7b66a-19ce-556f-8945-2b37ad744ccc	3	4	1
195	 	4	11	51	60	0	\N	2018-09-13 19:03:47	2018-09-13 19:03:47	64d7ca70-8c9a-587b-ae28-4ffe95f7bcaa	3	4	1
196	 	5	11	51	40	0	\N	2018-09-13 19:03:47	2018-09-13 19:03:47	98988bd5-9c1f-53d4-aa79-ef372c09136c	3	4	1
197	1.2.1.6	6	11	51	0	0	\N	2018-09-13 19:03:47	2018-09-13 19:03:47	a1208678-668e-5e97-a7b3-893274024ac8	3	4	1
210	滅火器型式、數量、功能、標示均良好	1	13	\N	100	0	\N	2018-09-13 19:12:24	2018-09-14 11:34:27	7ab35ab3-0e3e-5e57-b7e2-944884de7d09	5	8	1
198	1.1.1	1	12	\N	100	0	\N	2018-09-13 19:10:26	2018-09-14 09:18:50	4137f799-c476-589a-840d-57abce18e6bc	4	6	1
199	1.1.2	2	12	\N	90	0	\N	2018-09-13 19:10:26	2018-09-14 09:18:50	30c0580c-8596-5c6b-b3f4-b8a3ce6ee3a7	4	6	1
200	1.1.3	3	12	\N	75	0	\N	2018-09-13 19:10:26	2018-09-14 09:18:50	e0d6200b-bd1a-5898-899c-23ec23b39464	4	6	1
201	1.1.4	4	12	\N	60	0	\N	2018-09-13 19:10:26	2018-09-14 09:18:50	978133d2-f555-5469-9017-320e67475b9f	4	6	1
202	 	5	12	\N	40	0	\N	2018-09-13 19:10:26	2018-09-14 09:18:50	b314dc10-0170-55c3-ad69-36822b9f0110	4	6	1
203	 	6	12	\N	0	0	\N	2018-09-13 19:10:26	2018-09-14 09:18:50	1a2d7a91-5dc0-5401-9082-00b2b33773ca	4	6	1
204	1.2.1.1	1	12	52	100	0	\N	2018-09-13 19:10:26	2018-09-14 09:18:50	ca542911-a179-5f7f-9470-8c7625ab0f04	4	7	1
205	1.2.1.2	2	12	52	90	0	\N	2018-09-13 19:10:26	2018-09-14 09:18:50	1864b61a-09bb-578d-8ffe-a86fd7d64ffa	4	7	1
206	 	3	12	52	75	0	\N	2018-09-13 19:10:26	2018-09-14 09:18:50	cb97d490-aead-5e13-9e63-e787a9c7312d	4	7	1
207	 	4	12	52	60	0	\N	2018-09-13 19:10:26	2018-09-14 09:18:50	a6eb2eeb-3f2f-5e02-883c-96fc12da8d6d	4	7	1
208	 	5	12	52	40	0	\N	2018-09-13 19:10:26	2018-09-14 09:18:50	a74988d8-d3e2-5733-adb8-f1d13750350b	4	7	1
209	1.2.1.6	6	12	52	0	0	\N	2018-09-13 19:10:26	2018-09-14 09:18:50	eb846c39-a176-508f-9280-e12f497738e0	4	7	1
211	 	2	13	\N	90	0	\N	2018-09-13 19:12:24	2018-09-14 11:34:27	8c24fd41-fe3d-58d4-b3b2-6828dda40deb	5	8	1
212	 	3	13	\N	75	0	\N	2018-09-13 19:12:24	2018-09-14 11:34:27	45af7d2b-2129-5e43-801b-1af3016d1e51	5	8	1
213	滅火器未放在指定地點、受阻礙不易取得或標示不明	4	13	\N	60	0	\N	2018-09-13 19:12:24	2018-09-14 11:34:27	4c82673f-1ddc-5b79-bf6e-673cdcb755cb	5	8	1
214	瓶身腐蝕、損壞或壓力不足，明顯影響滅火功能	5	13	\N	40	0	\N	2018-09-13 19:12:24	2018-09-14 11:34:27	179d7f80-aec9-5b1b-8f05-5f56c7154283	5	8	1
215	未依規定設置滅火器	6	13	\N	0	0	\N	2018-09-13 19:12:24	2018-09-14 11:34:27	b0db4c22-fed9-5f16-b97f-2b8e592d925a	5	8	1
228	室內栓數量、功能、標示均良好	1	13	\N	100	\N	\N	2018-09-14 11:21:50	2018-09-14 11:34:27	cc706577-2e06-5851-b0de-32d42eb8fc8e	5	11	1
229	 	2	13	\N	90	\N	\N	2018-09-14 11:21:50	2018-09-14 11:34:27	658515ec-78cb-5ba9-8426-eb5eb7e1c43a	5	11	1
230	 	3	13	\N	75	\N	\N	2018-09-14 11:21:50	2018-09-14 11:34:27	3b0a4339-a0ba-5f2d-9e0c-47a994019d72	5	11	1
231	消火栓箱體損壞、標示不清、或箱內發現雜物	4	13	\N	60	\N	\N	2018-09-14 11:21:50	2018-09-14 11:34:27	28cb02d8-ffce-568c-9d48-31669f34afe8	5	11	1
232	瞄子、水帶損壞，影響正常功能	5	13	\N	40	\N	\N	2018-09-14 11:21:50	2018-09-14 11:34:27	0085184e-75b0-5ea9-859b-50543876757f	5	11	1
233	瞄子或水帶缺失、或障礙物阻擋，完全無法提供滅火功能	6	13	\N	0	\N	\N	2018-09-14 11:21:50	2018-09-14 11:34:27	24c3a987-0145-553f-8911-2778683ea887	5	11	1
216	1.2.1.1	1	13	53	100	0	2018-09-14 11:21:50	2018-09-13 19:12:24	2018-09-14 09:22:56	65918f0f-0c43-5342-9f5a-f72bb9b1d38f	5	9	1
217	1.2.1.2	2	13	53	90	0	2018-09-14 11:21:50	2018-09-13 19:12:24	2018-09-14 09:22:56	10286e62-c59f-5870-b22d-7f4489a54b42	5	9	1
218	 	3	13	53	75	0	2018-09-14 11:21:50	2018-09-13 19:12:24	2018-09-14 09:22:56	306b256b-1c48-528c-a3f4-6b8edb818fc1	5	9	1
234	車間內全面安裝自動滅火系統	1	13	\N	100	\N	\N	2018-09-14 11:21:50	2018-09-14 11:34:27	07b529c1-0968-519a-ab44-5b434907f1ca	7	12	2
235	 	2	13	\N	90	\N	\N	2018-09-14 11:21:50	2018-09-14 11:34:28	361ba595-a748-57d5-8575-db1bf3809651	7	12	2
236	 	3	13	\N	75	\N	\N	2018-09-14 11:21:50	2018-09-14 11:34:28	9267c650-90f4-5b4c-843d-0eac75ad6764	7	12	2
219	 	4	13	53	60	0	2018-09-14 11:21:50	2018-09-13 19:12:24	2018-09-14 09:22:56	465347c7-2c6f-51a4-aa32-a12d715c1c98	5	9	1
220	 	5	13	53	40	0	2018-09-14 11:21:50	2018-09-13 19:12:24	2018-09-14 09:22:56	60d29242-b23d-5eb7-8929-040afd8a8675	5	9	1
221	1.2.1.6	6	13	53	0	0	2018-09-14 11:21:50	2018-09-13 19:12:24	2018-09-14 09:22:56	dafcf31c-671b-5b0e-97a8-bca9ae2d69fa	5	9	1
222	 	1	13	\N	100	\N	2018-09-14 11:21:50	2018-09-14 09:22:56	2018-09-14 09:22:56	72330667-fa29-5e5f-88d2-906660d8d5ef	6	10	2
223	 	2	13	\N	90	\N	2018-09-14 11:21:50	2018-09-14 09:22:56	2018-09-14 09:22:56	2c0787e2-fcc4-59af-88fa-d6b747fb8ed7	6	10	2
224	 	3	13	\N	75	\N	2018-09-14 11:21:50	2018-09-14 09:22:56	2018-09-14 09:22:56	bea1c3b8-5fbf-5360-abe4-1cdcfc6a20ac	6	10	2
225	 	4	13	\N	60	\N	2018-09-14 11:21:50	2018-09-14 09:22:56	2018-09-14 09:22:56	ef4c6345-0d6d-51e1-97a1-0397e4040bef	6	10	2
226	 	5	13	\N	40	\N	2018-09-14 11:21:50	2018-09-14 09:22:56	2018-09-14 09:22:56	79153e7f-08c0-5fa5-bdb3-557a13e83714	6	10	2
227	 	6	13	\N	0	\N	2018-09-14 11:21:50	2018-09-14 09:22:56	2018-09-14 09:22:56	9ab21e37-e16a-5698-96aa-71379ec6f413	6	10	2
237	  車間內部份區域安裝自動滅火 	4	13	\N	60	\N	\N	2018-09-14 11:21:50	2018-09-14 11:34:28	248b39e4-a8bd-5981-9528-1bba6fce09a2	7	12	2
238	 	5	13	\N	40	\N	\N	2018-09-14 11:21:50	2018-09-14 11:34:28	0569eaea-58a3-5569-9786-38aae6f03529	7	12	2
239	未裝設自動滅火系統	6	13	\N	0	\N	\N	2018-09-14 11:21:50	2018-09-14 11:34:28	0722db51-9a93-584a-b1ad-50e6ddd65b2f	7	12	2
240	依NFPA或國標設計，具足夠滅火效能，能提供計算書圖	1	13	54	100	\N	\N	2018-09-14 11:34:28	2018-09-14 11:34:28	5d52ce57-be88-5962-91d8-2c59437a993b	7	13	2
241		2	13	54	90	\N	\N	2018-09-14 11:34:28	2018-09-14 11:34:28	bd69830e-71cd-5232-b2f9-16be6c872f9e	7	13	2
242		3	13	54	75	\N	\N	2018-09-14 11:34:28	2018-09-14 11:34:28	949f4ef6-0080-5f8c-b5d5-70a3de4e5f7d	7	13	2
243		4	13	54	60	\N	\N	2018-09-14 11:34:28	2018-09-14 11:34:28	7ed36513-af58-5289-87ae-e3526b2c227d	7	13	2
244	依國標設計，滅火效能不足(如：放水密度不足)或無證明資料	5	13	54	40	\N	\N	2018-09-14 11:34:28	2018-09-14 11:34:28	ece858f4-0f2b-5f98-a0b6-3a4e4ae29cb7	7	13	2
245	未裝設自動滅火系統	6	13	54	0	\N	\N	2018-09-14 11:34:28	2018-09-14 11:34:28	88431a14-95ca-5c41-a443-2965f2f116e4	7	13	2
246	1.地區警報 2.移報至火警系統 3.切斷供粉 4.切斷噴塗 5.切斷輸送帶	1	13	55	100	\N	\N	2018-09-14 11:34:28	2018-09-14 11:34:28	8bc49ce4-7c03-5f2a-a6d1-d55aa396fa6d	7	13	2
247		2	13	55	90	\N	\N	2018-09-14 11:34:28	2018-09-14 11:34:28	9cb51ca5-fcab-57a5-bb5a-3e8a4f2f1392	7	13	2
248	任一項不滿足	3	13	55	75	\N	\N	2018-09-14 11:34:28	2018-09-14 11:34:28	82d6378c-6ad4-55cd-abe2-8cd486c43856	7	13	2
249	任二項不滿足	4	13	55	60	\N	\N	2018-09-14 11:34:28	2018-09-14 11:34:28	048384fc-1ba9-5aa3-9a8b-d49a2fcce18a	7	13	2
250	任三項不滿足	5	13	55	40	\N	\N	2018-09-14 11:34:28	2018-09-14 11:34:28	c6a36083-e971-5d6a-a483-f97087f734bb	7	13	2
251		6	13	55	0	\N	\N	2018-09-14 11:34:28	2018-09-14 11:34:28	5c17a085-79ad-551f-87b7-f2cc11659287	7	13	2
252	1.開放濕式自動系統或氣體系統，由火焰探測器啟動 2.噴房出口或易於操作處設手動啟動開關	1	13	56	100	\N	\N	2018-09-14 11:34:28	2018-09-14 11:34:28	60b2b32b-a5de-50af-9ae6-9c3af642de8d	7	14	2
253	1.開放濕式自動系統或氣體系統，由火焰探測器啟動 2.無手動啟動開關或位置不易接近	2	13	56	90	\N	\N	2018-09-14 11:34:28	2018-09-14 11:34:28	bdbb8eae-cd63-5afa-aa1f-0a503986f6fc	7	14	2
254	密閉濕式自動系統，無法由火焰探測器啟動	3	13	56	75	\N	\N	2018-09-14 11:34:28	2018-09-14 11:34:28	bafa4ab4-a3da-5962-889b-7dab33cd8e2f	7	14	2
255	安裝滅火系統，採取手動啟動	4	13	56	60	\N	\N	2018-09-14 11:34:28	2018-09-14 11:34:28	a5724730-9a1e-5e98-b763-253311671852	7	14	2
256		5	13	56	40	\N	\N	2018-09-14 11:34:28	2018-09-14 11:34:28	9490d292-b212-5d29-9e65-0e1c2ece05c3	7	14	2
257	未裝設自動滅火系統	6	13	56	0	\N	\N	2018-09-14 11:34:28	2018-09-14 11:34:28	1263b25e-eab5-5745-b7ce-62820fb2ef83	7	14	2
258	1.地區警報 2.移報至火警系統 3.切斷供粉 4.切斷噴塗 5.切斷輸送帶 6.停止排氣 7.關閉隔離閥門 8.切斷噴塗系統電源	1	13	57	100	\N	\N	2018-09-14 11:34:28	2018-09-14 11:34:28	ee54d950-b959-578e-9a89-03c6209706a3	7	14	2
259		2	13	57	90	\N	\N	2018-09-14 11:34:28	2018-09-14 11:34:28	50cd3d0f-23e0-5bd0-8a1c-c13061b5a7f7	7	14	2
260		3	13	57	75	\N	\N	2018-09-14 11:34:28	2018-09-14 11:34:28	5b335176-468e-51ea-b33a-4281d086d427	7	14	2
261	任一項不滿足	4	13	57	60	\N	\N	2018-09-14 11:34:28	2018-09-14 11:34:28	801f4bb7-a63b-5a9e-876f-64a53ac25ba7	7	14	2
262	任二項不滿足	5	13	57	40	\N	\N	2018-09-14 11:34:28	2018-09-14 11:34:28	2da35ccc-7a53-5439-8e83-a9978f0483ca	7	14	2
263	任三項不滿足	6	13	57	0	\N	\N	2018-09-14 11:34:28	2018-09-14 11:34:28	55d443be-7092-551a-8466-51aab6b8216e	7	14	2
264	車間內探測器型式、數量、功能良好，訊號傳至常時有人的中控室	1	13	\N	100	\N	\N	2018-09-14 11:34:28	2018-09-14 11:34:28	874c28e5-174f-5e5a-83b4-a0ff478c4bf9	8	15	3
265	 	2	13	\N	90	\N	\N	2018-09-14 11:34:28	2018-09-14 11:34:28	cabae73a-432b-5a4b-822e-9b97f6f8599a	8	15	3
266	 	3	13	\N	75	\N	\N	2018-09-14 11:34:28	2018-09-14 11:34:28	f3178c04-d441-561c-9509-51adcd3639fb	8	15	3
267	車間內任何一處探測器故障或訊號受屏蔽	4	13	\N	60	\N	\N	2018-09-14 11:34:28	2018-09-14 11:34:28	55112168-4655-5cdb-8927-a7bad1683446	8	15	3
268	 	5	13	\N	40	\N	\N	2018-09-14 11:34:28	2018-09-14 11:34:28	c9f63a0c-e809-5434-b870-ea3169826155	8	15	3
269	探測器型式錯誤或功能受損，導致無法正常動作，或訊號未傳至中控室	6	13	\N	0	\N	\N	2018-09-14 11:34:28	2018-09-14 11:34:28	d029a48d-73cc-5588-8222-c12864a6a72e	8	15	3
270	1.安裝一至數個，角度覆蓋全區 2.反應時間0.5秒	1	13	\N	100	\N	\N	2018-09-14 11:34:28	2018-09-14 11:34:28	f78150fc-b356-5806-acb9-baba3aeb926a	8	16	3
271	 	2	13	\N	90	\N	\N	2018-09-14 11:34:28	2018-09-14 11:34:28	e560fdb4-f71e-520c-af7e-1a9aad717396	8	16	3
272	滿足1，不滿足2	3	13	\N	75	\N	\N	2018-09-14 11:34:28	2018-09-14 11:34:28	2093d90d-9521-5e6f-aefb-30e3de621e63	8	16	3
273	裝設角度無法覆蓋全區，且不滿足2項	4	13	\N	60	\N	\N	2018-09-14 11:34:28	2018-09-14 11:34:28	ed81cf2a-491a-5d87-bf3b-35f99124db77	8	16	3
274	安裝方式錯誤或未安裝火焰探測器	5	13	\N	40	\N	\N	2018-09-14 11:34:28	2018-09-14 11:34:28	203b0aa7-4421-56b7-a899-630be4b7d84f	8	16	3
275	 	6	13	\N	0	\N	\N	2018-09-14 11:34:28	2018-09-14 11:34:28	245e9548-61ec-5556-b8df-5f63254bdfc9	8	16	3
276	依NFPA或國標進行水力計算，能提供計算書/圖紙；通過當地政府消防驗收，能提供驗收資料	1	13	\N	100	\N	\N	2018-09-14 11:34:28	2018-09-14 11:34:28	65aa9dcb-0cad-548c-b6db-a2e8215b11fc	9	17	4
277	 	2	13	\N	90	\N	\N	2018-09-14 11:34:28	2018-09-14 11:34:28	c73e0e37-3d91-58c9-a9ac-8439b96e0a02	9	17	4
278	 	3	13	\N	75	\N	\N	2018-09-14 11:34:28	2018-09-14 11:34:28	5e4e6046-5675-5882-bd37-1fdba32bfcdc	9	17	4
279	 	4	13	\N	60	\N	\N	2018-09-14 11:34:28	2018-09-14 11:34:28	ee90a4d8-140a-5522-a666-d885acb02688	9	17	4
280	依國標設計，通過當地政府消防驗收，但無法提供計算書/圖紙或驗收資料	5	13	\N	40	\N	\N	2018-09-14 11:34:28	2018-09-14 11:34:28	eb0376ec-68f6-542c-9522-67aa2573b1cc	9	17	4
281	查勘時消防水池水量不足或嚴重缺失以及無消防水池	6	13	\N	0	\N	\N	2018-09-14 11:34:28	2018-09-14 11:34:28	60d99403-fdf8-5d38-aea3-b0dfb124ac37	9	17	4
282	電動泵、柴油泵一用一備，UL/FM認證	1	13	\N	100	\N	\N	2018-09-14 11:34:28	2018-09-14 11:34:28	e6ca57a0-1cac-5277-844a-8a0247a2ca87	9	18	4
283	兩台均為UL/FM認證電動泵，有緊急電源	2	13	\N	90	\N	\N	2018-09-14 11:34:28	2018-09-14 11:34:28	f6a2b450-3117-511b-ac64-73c3022e2e3b	9	18	4
284	"電動泵、柴油泵一用一備 或兩台電動泵，有緊急電源"	3	13	\N	75	\N	\N	2018-09-14 11:34:28	2018-09-14 11:34:28	1e21b698-0169-5356-aeb7-debd88f32566	9	18	4
285	兩台均為電動泵，無緊急電源	4	13	\N	60	\N	\N	2018-09-14 11:34:28	2018-09-14 11:34:28	ae01b486-d828-5d6f-b8b4-5173c3ca9032	9	18	4
286	查勘時任一消防泵故障或處於手動模式	5	13	\N	40	\N	\N	2018-09-14 11:34:28	2018-09-14 11:34:28	903202ad-15f9-53c6-ad9f-09615b9273ba	9	18	4
287	查勘時主備泵均故障或均處於手動模式	6	13	\N	0	\N	\N	2018-09-14 11:34:28	2018-09-14 11:34:28	0c328f4e-585b-5f6d-a994-5b6193fff154	9	18	4
288	(1)有規律的檢查、測試及保養排程，記錄完整 (2)對缺失實施追蹤，均已改善完成	1	13	\N	100	\N	\N	2018-09-14 11:34:28	2018-09-14 11:34:28	49d70d1f-56ee-5ea4-9bd7-2bd2a1e301ff	10	19	5
289	 	2	13	\N	90	\N	\N	2018-09-14 11:34:28	2018-09-14 11:34:28	f4b2b73e-20cf-5a64-8714-89688e211586	10	19	5
290	(1)有規律的檢查、測試及保養排程，記錄完整 (2)檢查及測試結果有缺失，尚未改善完成	3	13	\N	75	\N	\N	2018-09-14 11:34:28	2018-09-14 11:34:28	a5b2878b-0588-5090-9d64-d5b64ca2212c	10	19	5
291	(1)檢查、測試及保養項目或記錄有缺漏，或 (2)未對缺失實施追蹤改善	4	13	\N	60	\N	\N	2018-09-14 11:34:28	2018-09-14 11:34:28	4f2819e7-a5fa-523a-950f-85d9d3638780	10	19	5
292	任一處現況與記錄不符	5	13	\N	40	\N	\N	2018-09-14 11:34:28	2018-09-14 11:34:28	20a5feae-f07d-51b3-b2e5-700e2e6b8b40	10	19	5
293	無檢查、測試及保養記錄	6	13	\N	0	\N	\N	2018-09-14 11:34:28	2018-09-14 11:34:28	d1792a86-11a6-50a8-b278-10332b9245da	10	19	5
294	(1)有規律的檢查、測試及保養排程，記錄完整 (2)對缺失實施追蹤，均已改善完成	1	13	\N	100	\N	\N	2018-09-14 11:34:28	2018-09-14 11:34:28	b16c5829-7817-56d6-a6c4-7c6aa8c69889	10	20	5
295	 	2	13	\N	90	\N	\N	2018-09-14 11:34:28	2018-09-14 11:34:28	9cdb083e-891a-5883-a208-c47c8c4515d3	10	20	5
296	(1)有規律的檢查、測試及保養排程，記錄完整 (2)檢查及測試結果有缺失，尚未改善完成	3	13	\N	75	\N	\N	2018-09-14 11:34:28	2018-09-14 11:34:28	e3eaa74e-41a1-5f35-8da3-199d2282466a	10	20	5
297	(1)檢查、測試及保養項目或記錄有缺漏，或 (2)未對缺失實施追蹤改善	4	13	\N	60	\N	\N	2018-09-14 11:34:28	2018-09-14 11:34:28	0e03ee78-0a60-5986-a1e9-ace2ffb670a7	10	20	5
298	任一處現況與記錄不符	5	13	\N	40	\N	\N	2018-09-14 11:34:28	2018-09-14 11:34:28	4db8004f-35d2-55ff-8bf1-9d472e7cf3f4	10	20	5
299	無檢查、測試及保養記錄	6	13	\N	0	\N	\N	2018-09-14 11:34:28	2018-09-14 11:34:28	d2a7b9af-ce5e-59b3-a724-70857163f0c2	10	20	5
300	(1)有規律的檢查、測試及保養排程，記錄完整 (2)對缺失實施追蹤，均已改善完成	1	13	\N	100	\N	\N	2018-09-14 11:34:28	2018-09-14 11:34:28	585b5858-0c18-54b9-bef1-e1a726bf253f	10	21	5
301	 	2	13	\N	90	\N	\N	2018-09-14 11:34:28	2018-09-14 11:34:28	f33bd0e9-47da-5cf3-a598-9e5c192a2e2d	10	21	5
302	(1)有規律的檢查、測試及保養排程，記錄完整 (2)檢查及測試結果有缺失，尚未改善完成	3	13	\N	75	\N	\N	2018-09-14 11:34:28	2018-09-14 11:34:28	6ca60627-6029-5638-8127-dce5b43798d1	10	21	5
303	(1)檢查、測試及保養項目或記錄有缺漏，或 (2)未對缺失實施追蹤改善	4	13	\N	60	\N	\N	2018-09-14 11:34:28	2018-09-14 11:34:28	fb4bdea7-a95e-55c4-8842-68c8145ae647	10	21	5
304	任一處現況與記錄不符	5	13	\N	40	\N	\N	2018-09-14 11:34:28	2018-09-14 11:34:28	53c7435f-40b4-5249-91d8-4eeac9bcd7a7	10	21	5
305	無檢查、測試及保養記錄	6	13	\N	0	\N	\N	2018-09-14 11:34:28	2018-09-14 11:34:28	921b9b96-6395-5c0b-b16b-858336e4db2b	10	21	5
306	(1)有規律的檢查、測試及保養排程，記錄完整 (2)對缺失實施追蹤，均已改善完成	1	13	\N	100	\N	\N	2018-09-14 11:34:28	2018-09-14 11:34:28	8df1f214-aadf-5400-ae59-a15d98dbe577	10	22	5
307	 	2	13	\N	90	\N	\N	2018-09-14 11:34:28	2018-09-14 11:34:28	2dff27c7-05e0-544a-afc8-1ffc4c6d12d0	10	22	5
308	(1)有規律的檢查、測試及保養排程，記錄完整 (2)檢查及測試結果有缺失，尚未改善完成	3	13	\N	75	\N	\N	2018-09-14 11:34:28	2018-09-14 11:34:28	f95e6bb2-829a-5dd2-bbf3-2aec185946f9	10	22	5
309	(1)檢查、測試及保養項目或記錄有缺漏，或 (2)未對缺失實施追蹤改善 (如：噴櫃內噴頭積塵嚴重)	4	13	\N	60	\N	\N	2018-09-14 11:34:28	2018-09-14 11:34:28	5102a118-2d53-57ed-a954-3cafa6929e30	10	22	5
310	任一處現況與記錄不符	5	13	\N	40	\N	\N	2018-09-14 11:34:28	2018-09-14 11:34:28	c7864a7f-05de-58b4-89f0-8c0ecfb87406	10	22	5
311	無檢查、測試及保養記錄	6	13	\N	0	\N	\N	2018-09-14 11:34:28	2018-09-14 11:34:28	6c438bf7-d7e4-50ef-ae4f-74c3d18d2f5e	10	22	5
312	(1)有規律的檢查、測試及保養排程，記錄完整 (2)對缺失實施追蹤，均已改善完成	1	13	\N	100	\N	\N	2018-09-14 11:34:28	2018-09-14 11:34:28	dd1ad209-3c0d-501d-baeb-6b797311d4b1	10	23	5
313	 	2	13	\N	90	\N	\N	2018-09-14 11:34:28	2018-09-14 11:34:28	5b7f6566-37c6-52a5-a01a-17c75ddc4ff8	10	23	5
314	(1)有規律的檢查、測試及保養排程，記錄完整 (2)檢查及測試結果有缺失，尚未改善完成	3	13	\N	75	\N	\N	2018-09-14 11:34:28	2018-09-14 11:34:28	f86a0a6a-e8fd-53ba-87de-387b25df5ef0	10	23	5
315	(1)檢查、測試及保養項目或記錄有缺漏，或 (2)未對缺失實施追蹤改善 (如：未進行性能曲線測試)	4	13	\N	60	\N	\N	2018-09-14 11:34:28	2018-09-14 11:34:28	63aaa5b5-1d3f-545a-a06a-323fa4b918d0	10	23	5
316	任一處現況與記錄不符	5	13	\N	40	\N	\N	2018-09-14 11:34:28	2018-09-14 11:34:28	16fb9449-9d35-5749-8f87-9e3d09d37306	10	23	5
317	無檢查、測試及保養記錄	6	13	\N	0	\N	\N	2018-09-14 11:34:28	2018-09-14 11:34:28	264833c0-6e28-545d-a27b-5bc4d0afba42	10	23	5
\.



--
-- TOC entry 2421 (class 0 OID 16881)
-- Dependencies: 199
-- Data for Name: check_status; Type: TABLE DATA; Schema: public; Owner: postgres
--

COPY public.check_status (id, content) FROM stdin;
1	優等
2	滿意
3	可接受
4	不可接受
5	不滿意
6	遜色
\.



--
-- TOC entry 2423 (class 0 OID 16886)
-- Dependencies: 201
-- Data for Name: company; Type: TABLE DATA; Schema: public; Owner: postgres
--

COPY public.company (id, country_id, region_id, area_id, name, alias, remark, deleted_at, created_at, updated_at, uuid) FROM stdin;
1	1	1	1	FIT		Hu-Yao FIT	\N	2018-03-01 17:26:54	2018-03-01 17:26:54	\N
2	1	1	1	SHZBG		SHZBG 極致精密光機	\N	2018-03-01 17:27:52	2018-03-01 17:27:52	\N
3	1	1	1	科研		Technology Research	\N	2018-03-01 17:28:28	2018-03-01 17:28:28	\N
4	1	1	1	CCPBG		CCPBG	\N	2018-03-01 17:28:53	2018-03-01 17:28:53	\N
5	1	1	1	CESBG/TMC		CESBG/TMC	\N	2018-03-01 17:29:51	2018-03-01 17:29:51	\N
6	1	1	1	CESBG		CESBG	\N	2018-03-01 17:42:02	2018-03-01 17:42:02	\N
7	1	1	1	M次		M-T	\N	2018-03-01 17:42:40	2018-03-01 17:42:40	\N
8	1	1	2	NEWPCEBG		NewPCEBG	\N	2018-03-01 17:47:16	2018-03-01 17:47:16	\N
9	1	1	2	SHZBG		SHZBG	\N	2018-03-01 17:47:37	2018-03-01 17:47:37	\N
10	1	1	2	正一		Zeng 1st	\N	2018-03-01 17:51:55	2018-03-01 17:51:55	\N
11	1	1	3	CNSBG		CNSBG	\N	2018-03-01 17:53:47	2018-03-01 17:53:47	\N
12	1	1	3	FIH		FIH	\N	2018-03-01 17:57:21	2018-03-01 17:57:21	\N
13	1	1	4	SHZBG		SHZBG	\N	2018-03-01 18:00:34	2018-03-01 18:00:34	\N
14	1	1	4	FIT		FIT	\N	2018-03-01 18:01:07	2018-03-01 18:01:07	\N
15	1	1	5	GRD		GRD	\N	2018-03-01 18:03:04	2018-03-01 18:03:04	\N
16	1	1	5	GRD-G 		GRD-G 	\N	2018-03-01 18:04:44	2018-03-01 18:04:44	\N
17	1	1	5	SHZBG		SHZBG	\N	2018-03-01 18:05:10	2018-03-01 18:05:10	\N
18	1	1	5	光學技委會		光學技委會	\N	2018-03-01 18:06:26	2018-03-01 18:06:26	\N
19	1	1	5	識驊		識驊	\N	2018-03-01 18:06:45	2018-03-01 18:06:45	\N
20	1	1	5	IDSBG		iDSBG	\N	2018-03-01 18:08:37	2018-03-01 18:08:37	\N
21	1	1	5	IE技委會		IE技委會	\N	2018-03-01 18:08:59	2018-03-01 18:08:59	\N
22	1	1	5	機械人技委會		機械人技委會	\N	2018-03-01 18:10:28	2018-03-01 18:10:28	\N
23	1	1	5	FIH		FIH	\N	2018-03-01 18:10:47	2018-03-01 18:10:47	\N
24	1	1	5	SHZBG AR		SHZBG AR	\N	2018-03-01 18:11:05	2018-03-01 18:11:05	\N
25	1	1	5	SHZBG WWW		SHZBG WWW	\N	2018-03-01 18:11:35	2018-03-01 18:11:35	\N
\.



--
-- TOC entry 2425 (class 0 OID 16894)
-- Dependencies: 203
-- Data for Name: country; Type: TABLE DATA; Schema: public; Owner: postgres
--

COPY public.country (id, name, remark, deleted_at, created_at, updated_at, uuid) FROM stdin;
1	台灣	Taiwan	\N	2018-02-23 13:47:14	2018-02-23 13:47:14	\N
2	日本	Japan	\N	2018-02-23 13:47:14	2018-02-23 13:47:14	\N
3	中國	China	\N	2018-02-23 13:47:14	2018-02-23 13:47:14	\N
4	德國	Germany	\N	2018-02-23 13:47:14	2018-02-23 15:13:13	\N
\.



--
-- TOC entry 2427 (class 0 OID 16902)
-- Dependencies: 205
-- Data for Name: examine_record; Type: TABLE DATA; Schema: public; Owner: postgres
--

COPY public.examine_record (id, check_id, check_bank_id, check_point_id, check_standard_id, check_status_id, remark, check_bank_content, check_point_content, check_standard_content, check_status_content, check_status_score, image, image2, image3, examine_user_id, update_date) FROM stdin;
4	1	1	4	14	2	需設置適當之應變器材且定期安排檢點紀錄。	安全管理	個人防護具/應變/急救器材	是否設置適當之應變器材？是否有檢點紀錄？	不符合	0	\N	\N	\N	6	2017-05-19 10:36:04
2	1	1	2	4	1		安全管理	證照/教育訓練	危險性機械設備或特殊作業人員證照是否足夠(有機、特化、粉塵、固定起重機、吊掛、高壓氣操作人員、堆高機)？	符合	2	\N	\N	\N	6	2017-01-25 12:16:02
3	1	1	4	14	3	需定期安排檢點紀錄。	安全管理	個人防護具/應變/急救器材	是否設置適當之應變器材？是否有檢點紀錄？	部份符合	1	\N	\N	\N	6	2017-01-25 12:16:02
1	1	1	1	1	1		安全管理	安全衛生管理	單位內是否有工安幹事/窗口？	符合	2	\N	\N	\N	6	2017-01-25 12:16:02
7	2	2	8	23	2	機械設備需安排測試並記錄。	機械設備/化學品管理	電氣/機械 安全裝置	機械設備是否設置緊急停止開關(EMO)？是否有測試紀錄？	不符合	0	\N	\N	\N	6	2017-06-10 19:21:32
8	4	1	4	13	3	個人防護具不足，需補足。	安全管理	個人防護具/應變/急救器材	現場人員是否確實使用個人防護具？	部份符合	1	\N	\N	\N	7	2017-07-29 16:41:07
5	2	2	9	26	3	部份安全警報裝置已損壞，需立即更換。	機械設備/化學品管理	起重吊掛機具安全裝置	吊鉤、舌片、鋼索、安全警報裝置是否功能正常？	部份符合	1	\N	\N	\N	6	2017-04-06 12:38:24
9	4	2	8	21	1		機械設備/化學品管理	電氣/機械 安全裝置	機械設備是否完成安全查核？是否張貼安全查核貼紙？	符合	2	\N	\N	\N	7	2017-07-29 16:41:07
6	2	3	13	49	1		消防設備/建築物安全	作業環境及通道	現場照明是否充足？	符合	2	\N	\N	\N	6	2017-04-06 12:38:24
10	4	3	12	40	2	部份緊急照明燈數量不足，且少數能正常作動，需補足更換。	消防設備/建築物安全	消防火警設備	緊急照明燈數量是否充足？是否正常作動？	不符合	0	\N	\N	\N	7	2017-07-29 16:41:07
11	4	1	2	5	2	合格急救人員不足 。	安全管理	證照/教育訓練	是否有足夠的合格急救人員？	不符合	0	\N	\N	\N	7	2017-09-27 16:59:20
12	4	1	4	13	2	個人防護具不足，需補足。	安全管理	個人防護具/應變/急救器材	現場人員是否確實使用個人防護具？	不符合	0	\N	\N	\N	7	2017-09-27 16:59:20
13	4	3	12	40	3	部份緊急照明燈數量不足，且少數能正常作動，需補足更換。	消防設備/建築物安全	消防火警設備	緊急照明燈數量是否充足？是否正常作動？	部份符合	1	\N	\N	\N	7	2017-09-27 16:59:20
14	5	1	1	1	1		安全管理	安全衛生管理	單位內是否有工安幹事/窗口？	符合	2	\N	\N	\N	7	2017-10-23 17:07:22
15	5	2	8	21	2	機械設備尚未完成安全查核，且查核完需張貼安全查核貼紙。	機械設備/化學品管理	電氣/機械 安全裝置	機械設備是否完成安全查核？是否張貼安全查核貼紙？	不符合	0	\N	\N	\N	7	2017-10-23 17:07:22
16	5	1	1	1	1		安全管理	安全衛生管理	單位內是否有工安幹事/窗口？	符合	2	\N	\N	\N	7	2017-10-23 17:07:22
17	5	2	8	21	2	機械設備尚未完成安全查核，且查核完需張貼安全查核貼紙。	機械設備/化學品管理	電氣/機械 安全裝置	機械設備是否完成安全查核？是否張貼安全查核貼紙？	不符合	0	\N	\N	\N	7	2017-10-23 17:07:22
18	6	4	16	56	1		安全組織	職業安全衛生委員會(300人以上未滿500人者)	組織成員是否含有工程技術人員、醫護人員？	符合	2	\N	\N	\N	7	2017-11-29 10:49:37
19	6	5	21	70	2	需妥善實施在職安全衛生教育訓練，並將訓練資料留存備查。	安全管理(法人)	教育訓練規劃執行	一般勞工是否實施在職安全衛生教育訓練(三年三小時)？訓練資料是否留存備查？	不符合	0	\N	\N	\N	7	2017-11-29 10:49:37
20	6	4	16	56	3	組織成員中，醫護人員不足。	安全組織	職業安全衛生委員會(300人以上未滿500人者)	組織成員是否含有工程技術人員、醫護人員？	部份符合	1	\N	\N	\N	7	2017-12-04 13:14:25
21	7	5	18	61	1		安全管理(法人)	安全巡檢	安衛管理單位是否排定計畫定期進行安全巡視？巡檢紀錄是否留存？	符合	2	\N	\N	\N	6	2017-12-23 18:12:32
22	7	5	21	67	1		安全管理(法人)	教育訓練規劃執行	危險性機械設備及特殊作業人員等法定證照是否足夠(業務主管、有機、特化、粉塵、固定起重機、吊掛、高壓氣操作人員、堆高機、急救人員)，每班是否皆有人員？	符合	2	\N	\N	\N	6	2017-12-23 18:12:32
23	8	9	44	150	1		消防設備/建築物安全	作業環境及通道	物料堆放地點是否影響作業照明、自動滅火設備或滅火器？	符合	2				1	2018-06-14 19:16:23
24	8	8	39	121	3		機械設備/化學品管理	電氣/機械 安全裝置	機械設備是否完成安全查核？是否張貼安全查核貼紙？	部份符合	-2				1	2018-06-14 19:17:03
25	10	9	44	150	1		消防設備/建築物安全	作業環境及通道	物料堆放地點是否影響作業照明、自動滅火設備或滅火器？	符合	2	\N	\N	\N	1	2018-06-14 20:08:54
26	10	9	44	150	3	1	消防設備/建築物安全	作業環境及通道	物料堆放地點是否影響作業照明、自動滅火設備或滅火器？	部份符合	-2				1	2018-06-14 20:09:05
27	10	9	44	150	1	1	消防設備/建築物安全	作業環境及通道	物料堆放地點是否影響作業照明、自動滅火設備或滅火器？	符合	2				1	2018-06-14 20:09:22
\.



--
-- TOC entry 2429 (class 0 OID 16910)
-- Dependencies: 207
-- Data for Name: migrations; Type: TABLE DATA; Schema: public; Owner: postgres
--

COPY public.migrations (id, migration, batch) FROM stdin;
329	2014_10_12_000000_create_users_table	1
330	2014_10_12_100000_create_password_resets_table	1
331	2016_06_01_000001_create_oauth_auth_codes_table	1
332	2016_06_01_000002_create_oauth_access_tokens_table	1
333	2016_06_01_000003_create_oauth_refresh_tokens_table	1
334	2016_06_01_000004_create_oauth_clients_table	1
335	2016_06_01_000005_create_oauth_personal_access_clients_table	1
336	2017_09_21_101227_create_unit_type_table	1
337	2017_09_21_101257_create_area_table	1
338	2017_09_21_101309_create_company_table	1
339	2017_09_21_101324_create_unit_table	1
340	2017_09_21_101335_create_check_table	1
341	2017_09_21_101345_create_check_file_table	1
342	2017_09_21_101410_create_check_record_table	1
343	2017_09_21_101423_create_check_status_table	1
344	2017_09_21_101435_create_check_bank_table	1
345	2017_09_21_101445_create_check_point_table	1
346	2017_09_21_101503_create_check_standard_table	1
347	2017_10_03_145632_alter_users_table	1
348	2017_11_21_104708_create_roles_table	1
349	2017_11_24_143500_create_roles_permissions_table	1
350	2017_11_24_151111_create_permissions_table	1
351	2018_01_08_140802_create_project_table	1
352	2018_01_11_103138_create_project_record_table	1
353	2018_02_06_175854_create_work_point_table	1
354	2018_02_14_100057_create_examine_record_table	1
355	2018_02_23_100643_create_country_table	1
356	2018_02_23_100839_create_region_table	1
\.


--
-- TOC entry 2432 (class 0 OID 16921)
-- Dependencies: 210
-- Data for Name: oauth_auth_codes; Type: TABLE DATA; Schema: public; Owner: postgres
--

COPY public.oauth_auth_codes (id, user_id, client_id, scopes, revoked, expires_at) FROM stdin;
\.



--
-- TOC entry 2435 (class 0 OID 16935)
-- Dependencies: 213
-- Data for Name: oauth_personal_access_clients; Type: TABLE DATA; Schema: public; Owner: postgres
--

COPY public.oauth_personal_access_clients (id, client_id, created_at, updated_at) FROM stdin;
\.


--
-- TOC entry 2439 (class 0 OID 16949)
-- Dependencies: 217
-- Data for Name: permissions; Type: TABLE DATA; Schema: public; Owner: postgres
--

COPY public.permissions (id, name) FROM stdin;
unit_search	單位檢索
area_management	廠區管理
company_management	法人管理
unit_management	單位管理
check	單位查核
check_record	查核歷史
bank	題庫管理
staff	人員管理
permission	權限管理
accesslog	登入記錄
analysis_list	分析報告
check_project	專案查核
check_project_examine	專案審核
country_management	國家管理
evaluation	評核行程表
examine_record	審核歷史
project	主專案表
project_child	子專案表
project_start	啟動/關閉專案
region_management	區域管理
bank_project	專案題庫
\.


--
-- TOC entry 2440 (class 0 OID 16955)
-- Dependencies: 218
-- Data for Name: project; Type: TABLE DATA; Schema: public; Owner: postgres
--

COPY public.project (id, parent_id, index, name, status, bank_id, owner, start_date, end_date, remark, deleted_at, created_at, updated_at) FROM stdin;
1	0	0	主專案AC168	0	1,2,3	2,3	2017-01-01	2017-06-30	AC168 Remark	\N	2017-01-01 10:37:17	2017-01-01 10:37:17
2	0	0	主專案PU723	0	\N	\N	\N	\N	PU723 Remark	\N	2017-07-01 11:12:23	2017-09-01 10:22:33
4	2	2	子專案PU723-2	0	4,5,6	4,5	2017-09-01	2017-12-31	PU723-2 Remark	\N	2017-09-01 10:22:33	2017-09-01 10:22:33
3	2	1	子專案PU723-1	0	1,2,3	2,3	2017-07-01	2017-10-31	PU723-1 Remark	\N	2017-07-01 11:12:23	2017-07-01 11:12:23
5	0	0	主專案CK789	1	1,2,3	2,3,4,5	2018-01-01	2018-03-31	CK789 Remark	\N	2018-01-01 11:15:21	2018-01-01 11:15:21
6	0	0	主專案OV637	1	\N	\N	\N	\N	OV637 Remark	\N	2018-02-01 11:32:00	2018-03-03 17:28:29
7	6	1	子專案OV637-1	1	1,2,3	2,3	2018-02-01	2018-03-31	OV637-1 Remark	\N	2018-02-01 11:32:00	2018-02-01 11:32:00
8	6	2	子專案OV637-2	1	4,5,6	3,4	2018-03-01	2018-04-30	OV637-2 Remark	\N	2018-03-01 12:12:34	2018-03-01 12:12:34
9	6	3	子專案OV637-3	1	1,2,3	4,5	2018-04-01	2018-05-31	OV637-3 Remark	\N	2018-03-03 17:28:29	2018-03-03 17:28:29
10	0	0	0614	1	7,8,9	3,4	2018-06-13	2018-06-30		\N	2018-06-14 19:14:15	2018-06-14 19:14:15
11	0	0	TEST0801	1	9	2,3,4,5	2018-07-30	2018-08-31		\N	2018-07-31 15:55:01	2018-07-31 15:55:01
12	0	0	0914測試	1	13	2,3,4,5	2018-09-12	2018-09-30	測試用	\N	2018-09-14 11:38:09	2018-09-17 09:30:14
13	0	0	TEST20170917	1	13	3,5	2018-09-10	2018-09-30		\N	2018-09-17 09:36:29	2018-09-17 09:36:29
\.



--
-- TOC entry 2442 (class 0 OID 16963)
-- Dependencies: 220
-- Data for Name: project_record; Type: TABLE DATA; Schema: public; Owner: postgres
--

COPY public.project_record (id, p_id, unit_id, bank_id) FROM stdin;
1	1	18	1,2,3
2	1	17	1,2,3
3	1	16	1,2,3
4	3	46	1,2,3
5	3	51	1,2,3
6	4	70	4,5,6
7	4	107	4,5,6
8	5	18	1,2,3
9	5	17	1,2,3
10	5	16	1,2,3
11	7	8	1,2,3
12	7	9	1,2,3
13	8	46	4,5,6
14	8	47	4,5,6
15	9	81	1,2,3
16	9	105	1,2,3
17	10	1	7,8,9
18	10	4	7,8,9
19	10	5	7,8,9
20	10	31	7,8,9
21	10	32	7,8,9
22	10	33	7,8,9
23	10	34	7,8,9
24	10	39	7,8,9
25	11	6	9
26	11	47	9
27	11	104	9
28	11	105	9
29	12	37	13
30	13	1	13
\.



--
-- TOC entry 2444 (class 0 OID 16968)
-- Dependencies: 222
-- Data for Name: region; Type: TABLE DATA; Schema: public; Owner: postgres
--

COPY public.region (id, country_id, name, remark, deleted_at, created_at, updated_at, uuid) FROM stdin;
1	1	土城廠區	Tucheng district	\N	\N	\N	\N
2	1	內湖廠區	Neihu district	\N	\N	\N	\N
3	1	高雄廠區	Kaohsiung City	\N	\N	\N	\N
8	3	昆山	Kunshan	\N	\N	\N	\N
7	3	上海	Shanghai	\N	\N	\N	\N
9	4	柏林	Berlin	\N	\N	\N	\N
10	4	慕尼黑	Munchen	\N	\N	\N	\N
6	2	橫濱	Yokohama	\N	\N	\N	\N
5	2	大坂	Osaka	\N	\N	\N	\N
4	2	東京	Tokyo	\N	\N	\N	\N
11	4	科隆	Koln	\N	\N	\N	\N
\.



--
-- TOC entry 2446 (class 0 OID 16976)
-- Dependencies: 224
-- Data for Name: roles; Type: TABLE DATA; Schema: public; Owner: postgres
--

COPY public.roles (id, name, permission_id) FROM stdin;
manager	主管	check_record,check_project,check_project_examine,examine_record
supervisor	查核主管	check_record,check_project,check_project_examine,examine_record
checker	查核員	check_record,check_project
admin	系統管理員	unit_search,area_management,company_management,unit_management,check,check_record,bank,staff,permission,accesslog,analysis_list,check_project,check_project_examine,country_management,evaluation,examine_record,project,project_child,project_start,region_management,bank_project
\.


--
-- TOC entry 2447 (class 0 OID 16982)
-- Dependencies: 225
-- Data for Name: roles_permissions; Type: TABLE DATA; Schema: public; Owner: postgres
--

COPY public.roles_permissions (role_id, permission_id) FROM stdin;
\.


--
-- TOC entry 2448 (class 0 OID 16988)
-- Dependencies: 226
-- Data for Name: unit; Type: TABLE DATA; Schema: public; Owner: postgres
--

COPY public.unit (id, country_id, region_id, area_id, company_id, type_id, name, alias, business, floor, location, contact, bank_id, owner, remark, deleted_at, created_at, updated_at, uuid) FROM stdin;
15	1	1	1	6	3	T&A THERMAL實驗室、風洞實驗室			2F			\N	\N	虎躍廠-T&A Thermal實驗室、風洞實驗室	\N	2018-03-02 11:11:11	2018-03-02 11:11:11	\N
14	1	1	1	6	4	SIT1實驗室			2F			\N	\N	虎躍廠-SIT1實驗室	\N	2018-03-02 11:09:51	2018-03-02 11:09:51	\N
13	1	1	1	6	3	SIV實驗室			2F			\N	\N	虎躍廠-SIV實驗室	\N	2018-03-02 11:08:46	2018-03-02 11:08:46	\N
12	1	1	1	6	3	SIM實驗室			2F			\N	\N	虎躍廠-SIM實驗室	\N	2018-03-02 11:07:51	2018-03-02 11:07:51	\N
11	1	1	1	6	4	EMC實驗室			2F			\N	\N	虎躍廠-EMC實驗室	\N	2018-03-02 12:35:22	2018-03-02 12:35:22	\N
41	1	1	2	9	4	TAM3 實驗室			B棟3F			\N	\N	中山二廠-TAM3 實驗室-B棟3F	\N	2018-03-02 12:14:03	2018-03-02 12:14:03	\N
42	1	1	2	9	4	TAM3 實驗室 * 2			B棟4F			\N	\N	中山二廠-TAM3 實驗室 * 2-B棟4F	\N	2018-03-02 12:15:08	2018-03-02 12:15:08	\N
43	1	1	2	8	3	DPBU實驗室			B棟4F			\N	\N	中山二廠-DPBU實驗室-B棟4F	\N	2018-03-02 12:16:39	2018-03-02 12:16:39	\N
44	1	1	2	8	4	DTSA實驗室 * 2			B棟5F			\N	\N	中山二廠- DTSA實驗室 * 2-B棟5F	\N	2018-03-02 12:17:47	2018-03-02 12:17:47	\N
45	1	1	2	9	4	TAM3 實驗			C棟2F			\N	\N	中山二廠-TAM3 實驗-C棟2F	\N	2018-03-02 12:19:06	2018-03-02 12:19:06	\N
47	1	1	2	10	1	後碼頭庫房			B&C棟1F			\N	\N	中山二廠-後碼頭庫房-B&C棟1F	\N	2018-03-02 12:28:35	2018-03-02 12:28:35	\N
48	1	1	2	9	4	TAM3 實驗室			C棟1F			\N	\N	中山二廠-TAM3 實驗室-C棟1F	\N	2018-03-02 12:29:49	2018-03-02 12:29:49	\N
49	1	1	2	8	4	DTSA實驗室			C棟2F			\N	\N	中山二廠-DTSA實驗室-C棟2F	\N	2018-03-02 12:30:58	2018-03-02 12:30:58	\N
54	1	1	3	11	3	環境測試實驗室			1F			\N	\N	民生廠-環境測試實驗室-1F	\N	2018-03-02 13:21:14	2018-03-02 13:21:14	\N
50	1	1	3	11	4	SRD7_SQA(產品驗證)實驗室			B1地下室			\N	\N	民生廠-SRD7_SQA(產品驗證)實驗室-B1地下室	\N	2018-03-02 13:16:59	2018-03-02 13:16:59	\N
52	1	1	3	11	3	EMC LABORATORY 電磁兼容實驗室			B1地下室			\N	\N	民生廠-EMC Laboratory 電磁兼容實驗室-B1地下室	\N	2018-03-02 13:19:30	2018-03-02 13:19:30	\N
53	1	1	3	11	3	儀器校正(儀器校正實驗室)			B1地下室			\N	\N	民生廠-儀器校正(儀器校正實驗室)-1F	\N	2018-03-02 13:20:19	2018-03-02 13:20:19	\N
57	1	1	3	11	3	影音平台事業處硬體實驗室			1F			\N	\N	民生廠-影音平台事業處硬體實驗室-1F	\N	2018-03-02 13:24:03	2018-03-02 13:24:03	\N
3	1	1	1	3	3	模具維修實驗室			1F			\N	\N	虎躍廠-科研	\N	2018-03-02 10:28:44	2018-03-02 10:28:44	\N
5	1	1	1	3	2	視光學產線			1F			\N	\N	虎躍廠-視光學產線	\N	2018-03-02 10:45:22	2018-03-02 10:45:22	\N
6	1	1	1	4	1	金鹽環工廢水廠			1F			\N	\N	虎躍廠-金鹽環工廢水廠	\N	2018-03-02 10:47:24	2018-03-02 10:47:24	\N
7	1	1	1	5	4	震動實驗室			1F			\N	\N	虎躍廠-震動實驗室	\N	2018-03-02 10:48:53	2018-03-02 10:48:53	\N
8	1	1	1	5	4	失效分析實驗室			2F			\N	\N	虎躍廠-失效分析實驗室	\N	2018-03-02 11:02:08	2018-03-02 11:02:08	\N
9	1	1	1	5	4	環境實驗室			2F			\N	\N	虎躍廠-環境實驗室	\N	2018-03-02 11:03:25	2018-03-02 11:03:25	\N
10	1	1	1	6	3	S&V ACOUSTIC實驗室			2F			\N	\N	虎躍廠-S&V Acoustic實驗室	\N	2018-03-02 11:04:41	2018-03-02 11:04:41	\N
40	1	1	2	8	4	DTSA實驗室			B棟2F			\N	\N	中山二廠-DTSA實驗室	\N	2018-03-02 12:12:45	2018-03-02 12:12:45	\N
39	1	1	1	1	2	精細化學品生產區			1F			\N	\N	虎躍廠-精細化學品生產區	\N	2018-03-02 12:09:43	2018-03-02 12:09:43	\N
38	1	1	1	1	3	檢測實驗室			3F			\N	\N	虎躍廠-檢測實驗室-3F	\N	2018-03-02 12:09:07	2018-03-02 12:09:07	\N
36	1	1	1	1	3	檢測實驗室			1F			\N	\N	虎躍廠-檢測實驗室-1F	\N	2018-03-02 11:51:49	2018-03-02 11:51:49	\N
35	1	1	1	1	3	電鍍化學實驗室			1F			\N	\N	虎躍廠-電鍍化學實驗室	\N	2018-03-02 11:35:58	2018-03-02 11:35:58	\N
34	1	1	1	1	2	無塵室			1F			\N	\N	虎躍廠-無塵室	\N	2018-03-02 11:34:40	2018-03-02 11:34:40	\N
33	1	1	1	1	2	裝配區			3F			\N	\N	虎躍廠-裝配區	\N	2018-03-02 11:34:06	2018-03-02 11:34:06	\N
32	1	1	1	1	2	成型區			1F			\N	\N	虎躍廠-成型區	\N	2018-03-02 11:33:26	2018-03-02 11:33:26	\N
30	1	1	1	7	3	食品實驗室			3F			\N	\N	虎躍廠-食品實驗室	\N	2018-03-02 11:28:47	2018-03-02 11:28:47	\N
29	1	1	1	6	3	CIT實驗室			4F			\N	\N	虎躍廠-CIT實驗室	\N	2018-03-02 11:27:39	2018-03-02 11:27:39	\N
28	1	1	1	6	3	WCS實驗室			4F			\N	\N	虎躍廠-WCS實驗室	\N	2018-03-02 11:26:40	2018-03-02 11:26:40	\N
27	1	1	1	6	3	CABG實驗室			4F			\N	\N	虎躍廠- CABG實驗室	\N	2018-03-02 11:25:52	2018-03-02 11:25:52	\N
26	1	1	1	6	4	SRD(6)/SPD1實驗室			3F			\N	\N	虎躍廠-SRD(6)/SPD1實驗室	\N	2018-03-02 11:24:48	2018-03-02 11:24:48	\N
25	1	1	1	6	4	SRD(3)實驗室-BIOS LAB			2F			\N	\N	虎躍廠-SRD(3)實驗室-BIOS LAB	\N	2018-03-02 11:24:13	2018-03-02 11:24:13	\N
24	1	1	1	6	4	SRD(3)實驗室-H.W LAB			2F			\N	\N	虎躍廠-SRD(3)實驗室-H.W LAB	\N	2018-03-02 11:22:24	2018-03-02 11:22:24	\N
23	1	1	1	6	4	SRD(3)實驗室-AWS LAB			2F			\N	\N	虎躍廠-SRD(3)實驗室-AWS LAB	\N	2018-03-02 11:21:31	2018-03-02 11:21:31	\N
22	1	1	1	6	4	SRD(1)實驗室			2F			\N	\N	虎躍廠-SRD(1)實驗室	\N	2018-03-02 11:20:40	2018-03-02 11:20:40	\N
21	1	1	1	6	4	ASTL實驗室			4F			\N	\N	虎躍廠-ASTL實驗室	\N	2018-03-02 11:18:39	2018-03-02 11:18:39	\N
20	1	1	1	6	4	SIT2實驗室			4F			\N	\N	虎躍廠-SIT2實驗室	\N	2018-03-02 11:17:56	2018-03-02 11:17:56	\N
19	1	1	1	6	3	DC POWER實驗室			4F			\N	\N	虎躍廠-DC Power實驗室	\N	2018-03-02 11:16:52	2018-03-02 11:16:52	\N
82	1	1	4	14	4	3D暗波實驗室			3F			\N	\N	中山廠-3D暗波實驗室-3F	\N	2018-03-02 13:54:50	2018-03-02 13:54:50	\N
84	1	1	4	14	4	聲學實驗室			3F			\N	\N	中山廠-聲學實驗室-3F	\N	2018-03-02 13:56:47	2018-03-02 13:56:47	\N
85	1	1	4	14	2	AOC裝配生產			1F			\N	\N	中山廠-AOC裝配生產-1F	\N	2018-03-02 13:57:34	2018-03-02 13:57:34	\N
55	1	1	3	11	4	SQA實驗室			1F			\N	\N	民生廠-SQA實驗室-1F	\N	2018-03-02 13:22:01	2018-03-02 13:22:01	\N
18	1	1	1	6	3	AC POWER實驗室	AC-Power-Lab		4F			\N	\N	虎躍廠-AC Power實驗室	\N	2018-03-02 11:15:54	2018-03-02 11:15:54	\N
2	1	1	1	2	3	實驗室			1F			\N	\N	虎躍廠-SHZBG	\N	2018-03-02 10:21:00	2018-03-02 10:21:00	\N
17	1	1	1	6	4	TEC SW實驗室	TEC-SW-Lab		4F			\N	\N	虎躍廠-TEC SW實驗室	\N	2018-03-02 11:13:12	2018-03-02 11:13:12	\N
46	1	1	2	10	4	化學實驗室	Chemistry-Lab		B&C棟1F			\N	\N	中山二廠-化學實驗室-B&C棟1F	\N	2018-03-02 12:27:09	2018-03-02 12:27:09	\N
51	1	1	3	11	4	SWITCH 實驗室	Switch-Lab		B1地下室			\N	\N	民生廠-Switch 實驗室-B1地下室	\N	2018-03-02 13:18:47	2018-03-02 13:18:47	\N
56	1	1	3	11	4	NEXT GENERATION COMMUNICATION LAB實驗室			1F			\N	\N	民生廠-Next Generation Communication Lab實驗室-1F	\N	2018-03-02 13:22:55	2018-03-02 13:22:55	\N
37	1	1	1	1	3	檢測實驗室	FIT03		2F			\N	\N	虎躍廠-檢測實驗室-2F	\N	2018-03-02 12:00:59	2018-06-14 19:51:03	\N
4	1	1	1	3	2	LENS射出成型製程區	ST01		1F			\N	\N	虎躍廠-LENS射出成型製程區	\N	2018-03-02 10:42:03	2018-06-14 19:53:02	\N
58	1	1	3	11	4	SRD7_SE/ME(系統機電工程整合/機構工程) LAB			2F			\N	\N	民生廠-SRD7_SE/ME(系統機電工程整合/機構工程) Lab-2F	\N	2018-03-02 13:24:54	2018-03-02 13:24:54	\N
59	1	1	3	11	3	NSD 通訊設備實驗室			2F			\N	\N	民生廠-NSD 通訊設備實驗室-2F	\N	2018-03-02 13:25:42	2018-03-02 13:25:42	\N
60	1	1	3	11	4	SQA實驗室-3F			3F			\N	\N	民生廠-SQA實驗室-3F	\N	2018-03-02 13:26:29	2018-03-02 13:26:29	\N
61	1	1	3	11	4	CSD實驗室			3F			\N	\N	民生廠-CSD實驗室-3F	\N	2018-03-02 13:28:00	2018-03-02 13:28:00	\N
62	1	1	3	11	3	MBD 硬體開發實驗室			4F			\N	\N	民生廠-MBD 硬體開發實驗室-4F	\N	2018-03-02 13:29:26	2018-03-02 13:29:26	\N
63	1	1	3	11	4	MBD 軟體開發實驗室			4F			\N	\N	民生廠-MBD 軟體開發實驗室-4F	\N	2018-03-02 13:30:23	2018-03-02 13:30:23	\N
64	1	1	3	11	3	NSD 硬體開發實驗室			4F			\N	\N	民生廠-NSD 硬體開發實驗室-4F	\N	2018-03-02 13:31:52	2018-03-02 13:31:52	\N
65	1	1	3	11	4	CRD 軟體開發實驗室			4F			\N	\N	民生廠-CRD 軟體開發實驗室-4F	\N	2018-03-02 13:32:43	2018-03-02 13:32:43	\N
66	1	1	3	12	2	生產測試			1F			\N	\N	民生廠-生產測試-1F	\N	2018-03-02 13:35:23	2018-03-02 13:35:23	\N
67	1	1	3	12	4	軟體			1F			\N	\N	民生廠-軟體-1F	\N	2018-03-02 13:36:05	2018-03-02 13:36:05	\N
68	1	1	3	12	3	機構			1F			\N	\N	民生廠-機構-1F	\N	2018-03-02 13:36:42	2018-03-02 13:36:42	\N
69	1	1	3	12	4	可靠度			1F			\N	\N	民生廠-可靠度-1F	\N	2018-03-02 13:37:45	2018-03-02 13:37:45	\N
71	1	1	3	12	4	聲學			2F			\N	\N	民生廠-聲學-2F	\N	2018-03-02 13:40:14	2018-03-02 13:40:14	\N
72	1	1	3	12	4	3D天線無反射測試			2F			\N	\N	民生廠-3D天線無反射測試-2F	\N	2018-03-02 13:41:07	2018-03-02 13:41:07	\N
73	1	1	3	12	4	SAR測試			2F			\N	\N	民生廠-SAR測試-2F	\N	2018-03-02 13:41:44	2018-03-02 13:41:44	\N
74	1	1	3	12	3	綜合電子測試			2F			\N	\N	民生廠-綜合電子測試-2F	\N	2018-03-02 13:42:31	2018-03-02 13:42:31	\N
75	1	1	3	12	3	電波隔離測試			2F			\N	\N	民生廠-電波隔離測試-2F	\N	2018-03-02 13:45:05	2018-03-02 13:45:05	\N
86	1	1	4	14	2	成品倉			1F			\N	\N	中山廠-成品倉-1F	\N	2018-03-02 13:58:35	2018-03-02 13:58:35	\N
87	1	1	4	14	2	物料倉			1F			\N	\N	中山廠-物料倉-1F	\N	2018-03-02 13:59:04	2018-03-02 13:59:04	\N
76	1	1	3	12	3	光學測試			2F			\N	\N	民生廠-光學測試-2F	\N	2018-03-02 13:46:15	2018-03-02 13:46:15	\N
77	1	1	3	12	3	靜電測試			2F			\N	\N	民生廠-靜電測試-2F	\N	2018-03-02 13:49:05	2018-03-02 13:49:05	\N
78	1	1	3	12	3	生產測試			2F			\N	\N	民生廠-生產測試-2F	\N	2018-03-02 13:49:36	2018-03-02 13:49:36	\N
79	1	1	3	12	3	實驗室儀器測試			2F			\N	\N	民生廠-實驗室儀器測試-2F	\N	2018-03-02 13:50:21	2018-03-02 13:50:21	\N
80	1	1	4	13	4	TAM3			1F			\N	\N	中山廠-TAM3-1F	\N	2018-03-02 13:53:27	2018-03-02 13:53:27	\N
81	1	1	4	13	4	TAM3			2F			\N	\N	中山廠-TAM3-2F	\N	2018-03-02 13:54:00	2018-03-02 13:54:00	\N
105	1	1	5	22	1	4樓辦公室			2F			\N	\N	頂埔廠-4樓辦公室-2F	\N	2018-03-02 14:18:28	2018-03-02 14:18:28	\N
83	1	1	4	14	4	CMIT雲端實驗室			3F			\N	\N	中山廠-CMIT雲端實驗室-3F	\N	2018-03-02 13:56:08	2018-03-02 13:56:08	\N
88	1	1	4	14	2	電子物料倉			1F			\N	\N	中山廠-電子物料倉-1F	\N	2018-03-02 14:00:38	2018-03-02 14:00:38	\N
89	1	1	5	15	2	GRD 光學膜無塵室			1F			\N	\N	頂埔廠-GRD 光學膜無塵室-1F	\N	2018-03-02 14:01:44	2018-03-02 14:01:44	\N
90	1	1	5	16	2	GRD-G 無塵室			2F、3F			\N	\N	頂埔廠-GRD-G 無塵室-2、3F	\N	2018-03-02 14:03:35	2018-03-02 14:03:35	\N
91	1	1	5	17	2	SHZBG OLU 鍍膜			2F			\N	\N	頂埔廠-SHZBG OLU 鍍膜-2F	\N	2018-03-02 14:05:05	2018-03-02 14:05:05	\N
92	1	1	5	17	2	SHZBG OLU 精密組裝			1F			\N	\N	頂埔廠-SHZBG OLU 精密組裝-1F	\N	2018-03-02 14:05:46	2018-03-02 14:05:46	\N
93	1	1	5	17	2	SHZBG OLU 精密模具廠			1F			\N	\N	頂埔廠-SHZBG OLU 精密模具廠-1F	\N	2018-03-02 14:06:20	2018-03-02 14:06:20	\N
94	1	1	5	17	2	SHZBG OLU 精密射出成型			1F			\N	\N	頂埔廠-SHZBG OLU 精密射出成型-1F	\N	2018-03-02 14:07:31	2018-03-02 14:07:31	\N
95	1	1	5	15	4	2樓AGP實驗室			2F			\N	\N	頂埔廠-2樓AGP實驗室-2F	\N	2018-03-02 14:08:08	2018-03-02 14:08:08	\N
96	1	1	5	15	3	1樓雷射切割實驗室			1F			\N	\N	頂埔廠-1樓雷射切割實驗室-1F	\N	2018-03-02 14:09:04	2018-03-02 14:09:04	\N
97	1	1	5	17	3	1樓量測室、2樓環測室			1F、2F			\N	\N	頂埔廠-1樓量測室、2樓環測室	\N	2018-03-02 14:10:19	2018-03-02 14:10:19	\N
98	1	1	5	16	3	1.2.樓實驗室			1、2F			\N	\N	頂埔廠-1、2樓實驗室	\N	2018-03-02 14:11:14	2018-03-02 14:11:14	\N
99	1	1	5	18	4	3樓實驗室/辦公室、2樓實驗室			2、3F			\N	\N	頂埔廠-3樓實驗室/辦公室、2樓實驗室	\N	2018-03-02 14:12:23	2018-03-02 14:12:23	\N
100	1	1	5	15	1	1樓倉庫、2樓實驗室、3樓辦公室實驗室、4樓辦公室實驗室			全廠			\N	\N	頂埔廠-1樓倉庫、2樓實驗室、3樓辦公室實驗室、4樓辦公室實驗室-全廠	\N	2018-03-02 14:13:32	2018-03-02 14:13:32	\N
101	1	1	5	19	3	2樓實驗室			2F			\N	\N	頂埔廠-2樓實驗室-2F	\N	2018-03-02 14:14:10	2018-03-02 14:14:10	\N
102	1	1	5	15	3	2樓光學膜測試實驗室			2F			\N	\N	頂埔廠-2樓光學膜測試實驗室-2F	\N	2018-03-02 14:15:03	2018-03-02 14:15:03	\N
103	1	1	5	20	3	3樓辦公室/實驗室			3F			\N	\N	頂埔廠-3樓辦公室/實驗室-3F	\N	2018-03-02 14:16:03	2018-03-02 14:16:03	\N
104	1	1	5	21	1	2、4樓辦公室			2F			\N	\N	頂埔廠-2、4樓辦公室-2F	\N	2018-03-02 14:17:42	2018-03-02 14:17:42	\N
106	1	1	5	23	4	3樓辦公室/實驗室			3F			\N	\N	頂埔廠-3樓辦公室/實驗室-3F	\N	2018-03-02 14:19:11	2018-03-02 14:19:11	\N
108	1	1	5	25	3	2樓實驗室與辦公室、4樓辦公室			2、4F			\N	\N	頂埔廠-2樓實驗室與辦公室、4樓辦公室	\N	2018-03-02 14:21:28	2018-03-02 14:21:28	\N
16	1	1	1	6	3	T&A THERMAL實驗室	T&A-Thermal-Lab		4F			\N	\N	虎躍廠-T&A Thermal實驗室	\N	2018-03-02 11:12:06	2018-03-02 11:12:06	\N
70	1	1	3	12	4	震動測試	Shake-Testing		2F			\N	\N	民生廠-震動測試-2F	\N	2018-03-02 13:39:30	2018-03-02 13:39:30	\N
107	1	1	5	24	3	2樓實驗室與辦公室	2F-Lab-Office		2F			\N	\N	頂埔廠-2樓實驗室與辦公室-2F	\N	2018-03-02 14:19:52	2018-03-02 14:19:52	\N
31	1	1	1	1	2	沖壓區	FIT02		1F			\N	\N	虎躍廠-沖壓區	\N	2018-03-02 11:32:41	2018-06-14 19:50:39	\N
1	1	1	1	1	2	塗裝一線	FIT01		1F			\N	\N	虎躍廠-FIT	\N	2018-03-01 18:28:51	2018-08-27 11:37:03	\N
\.



--
-- TOC entry 2450 (class 0 OID 16996)
-- Dependencies: 228
-- Data for Name: unit_type; Type: TABLE DATA; Schema: public; Owner: postgres
--

COPY public.unit_type (id, name, autofill, deleted_at) FROM stdin;
1	法人	\N	\N
2	製程	\N	\N
3	硬體實驗室	\N	\N
4	軟體實驗室	\N	\N
\.



--
-- TOC entry 2454 (class 0 OID 17012)
-- Dependencies: 232
-- Data for Name: work_point; Type: TABLE DATA; Schema: public; Owner: postgres
--

COPY public.work_point (id, p_id, sequence, event, charge_unit, remark, created_at, updated_at) FROM stdin;
1	1	1	未來檢查結果若發生異常，需定期追蹤查核且檢討改善並記錄。	TEC-SW-Lab、T&A-Thermal-Lab	每項記錄要依法保存下來。	2018-09-17 10:31:11	2018-09-17 10:31:11
2	1	2	特殊作業人員需完成特殊健檢。	T&A-Thermal-Lab	需完成特珠健檢。	2018-09-17 10:31:11	2018-09-17 10:31:11
3	1	3	部份機械設備並無設置緊急停止開關(EMO)，需妥善設置，並定期測試紀錄。	TEC-SW-Lab、AC-Power-Lab	紀錄需妥善留存。	2018-09-17 10:31:11	2018-09-17 10:31:11
4	1	4	區域滅火器需依法規定，不同區域的大小設置相對應的數量且測試可正常運作，並定期檢查和記錄。	AC-Power-Lab	可聯絡相關人員，請求協助購買。	2018-09-17 10:31:11	2018-09-17 10:31:11
\.



--
-- TOC entry 2206 (class 2606 OID 17042)
-- Name: area area_pkey; Type: CONSTRAINT; Schema: public; Owner: postgres
--

ALTER TABLE ONLY public.area
    ADD CONSTRAINT area_pkey PRIMARY KEY (id);


--
-- TOC entry 2208 (class 2606 OID 17044)
-- Name: area area_uuid_unique; Type: CONSTRAINT; Schema: public; Owner: postgres
--

ALTER TABLE ONLY public.area
    ADD CONSTRAINT area_uuid_unique UNIQUE (uuid);


--
-- TOC entry 2214 (class 2606 OID 17046)
-- Name: check_bank check_bank_pkey; Type: CONSTRAINT; Schema: public; Owner: postgres
--

ALTER TABLE ONLY public.check_bank
    ADD CONSTRAINT check_bank_pkey PRIMARY KEY (id);


--
-- TOC entry 2216 (class 2606 OID 17048)
-- Name: check_bank check_bank_uuid_unique; Type: CONSTRAINT; Schema: public; Owner: postgres
--

ALTER TABLE ONLY public.check_bank
    ADD CONSTRAINT check_bank_uuid_unique UNIQUE (uuid);


--
-- TOC entry 2287 (class 2606 OID 17137)
-- Name: check_category check_category_pkey; Type: CONSTRAINT; Schema: public; Owner: postgres
--

ALTER TABLE ONLY public.check_category
    ADD CONSTRAINT check_category_pkey PRIMARY KEY (id);


--
-- TOC entry 2218 (class 2606 OID 17050)
-- Name: check_file check_file_pkey; Type: CONSTRAINT; Schema: public; Owner: postgres
--

ALTER TABLE ONLY public.check_file
    ADD CONSTRAINT check_file_pkey PRIMARY KEY (id);


--
-- TOC entry 2289 (class 2606 OID 17145)
-- Name: check_item check_item_pkey1; Type: CONSTRAINT; Schema: public; Owner: postgres
--

ALTER TABLE ONLY public.check_item
    ADD CONSTRAINT check_item_pkey1 PRIMARY KEY (id);


--
-- TOC entry 2210 (class 2606 OID 17052)
-- Name: check check_pkey; Type: CONSTRAINT; Schema: public; Owner: postgres
--

ALTER TABLE ONLY public."check"
    ADD CONSTRAINT check_pkey PRIMARY KEY (id);


--
-- TOC entry 2220 (class 2606 OID 17054)
-- Name: check_point check_point_pkey; Type: CONSTRAINT; Schema: public; Owner: postgres
--

ALTER TABLE ONLY public.check_point
    ADD CONSTRAINT check_point_pkey PRIMARY KEY (id);


--
-- TOC entry 2222 (class 2606 OID 17056)
-- Name: check_point check_point_uuid_unique; Type: CONSTRAINT; Schema: public; Owner: postgres
--

ALTER TABLE ONLY public.check_point
    ADD CONSTRAINT check_point_uuid_unique UNIQUE (uuid);


--
-- TOC entry 2224 (class 2606 OID 17058)
-- Name: check_record check_record_pkey; Type: CONSTRAINT; Schema: public; Owner: postgres
--

ALTER TABLE ONLY public.check_record
    ADD CONSTRAINT check_record_pkey PRIMARY KEY (id);


--
-- TOC entry 2226 (class 2606 OID 17060)
-- Name: check_record check_record_uuid_unique; Type: CONSTRAINT; Schema: public; Owner: postgres
--

ALTER TABLE ONLY public.check_record
    ADD CONSTRAINT check_record_uuid_unique UNIQUE (uuid);


--
-- TOC entry 2228 (class 2606 OID 17062)
-- Name: check_standard check_standard_pkey; Type: CONSTRAINT; Schema: public; Owner: postgres
--

ALTER TABLE ONLY public.check_standard
    ADD CONSTRAINT check_standard_pkey PRIMARY KEY (id);


--
-- TOC entry 2230 (class 2606 OID 17064)
-- Name: check_standard check_standard_uuid_unique; Type: CONSTRAINT; Schema: public; Owner: postgres
--

ALTER TABLE ONLY public.check_standard
    ADD CONSTRAINT check_standard_uuid_unique UNIQUE (uuid);


--
-- TOC entry 2232 (class 2606 OID 17066)
-- Name: check_status check_status_pkey; Type: CONSTRAINT; Schema: public; Owner: postgres
--

ALTER TABLE ONLY public.check_status
    ADD CONSTRAINT check_status_pkey PRIMARY KEY (id);


--
-- TOC entry 2212 (class 2606 OID 17068)
-- Name: check check_uuid_unique; Type: CONSTRAINT; Schema: public; Owner: postgres
--

ALTER TABLE ONLY public."check"
    ADD CONSTRAINT check_uuid_unique UNIQUE (uuid);


--
-- TOC entry 2234 (class 2606 OID 17070)
-- Name: company company_pkey; Type: CONSTRAINT; Schema: public; Owner: postgres
--

ALTER TABLE ONLY public.company
    ADD CONSTRAINT company_pkey PRIMARY KEY (id);


--
-- TOC entry 2236 (class 2606 OID 17072)
-- Name: company company_uuid_unique; Type: CONSTRAINT; Schema: public; Owner: postgres
--

ALTER TABLE ONLY public.company
    ADD CONSTRAINT company_uuid_unique UNIQUE (uuid);


--
-- TOC entry 2238 (class 2606 OID 17074)
-- Name: country country_pkey; Type: CONSTRAINT; Schema: public; Owner: postgres
--

ALTER TABLE ONLY public.country
    ADD CONSTRAINT country_pkey PRIMARY KEY (id);


--
-- TOC entry 2240 (class 2606 OID 17076)
-- Name: country country_uuid_unique; Type: CONSTRAINT; Schema: public; Owner: postgres
--

ALTER TABLE ONLY public.country
    ADD CONSTRAINT country_uuid_unique UNIQUE (uuid);


--
-- TOC entry 2242 (class 2606 OID 17078)
-- Name: examine_record examine_record_pkey; Type: CONSTRAINT; Schema: public; Owner: postgres
--

ALTER TABLE ONLY public.examine_record
    ADD CONSTRAINT examine_record_pkey PRIMARY KEY (id);


--
-- TOC entry 2244 (class 2606 OID 17080)
-- Name: migrations migrations_pkey; Type: CONSTRAINT; Schema: public; Owner: postgres
--

ALTER TABLE ONLY public.migrations
    ADD CONSTRAINT migrations_pkey PRIMARY KEY (id);


--
-- TOC entry 2249 (class 2606 OID 17084)
-- Name: oauth_auth_codes oauth_auth_codes_pkey; Type: CONSTRAINT; Schema: public; Owner: postgres
--

ALTER TABLE ONLY public.oauth_auth_codes
    ADD CONSTRAINT oauth_auth_codes_pkey PRIMARY KEY (id);


--
-- TOC entry 2255 (class 2606 OID 17088)
-- Name: oauth_personal_access_clients oauth_personal_access_clients_pkey; Type: CONSTRAINT; Schema: public; Owner: postgres
--

ALTER TABLE ONLY public.oauth_personal_access_clients
    ADD CONSTRAINT oauth_personal_access_clients_pkey PRIMARY KEY (id);


--
-- TOC entry 2261 (class 2606 OID 17092)
-- Name: permissions permissions_pkey; Type: CONSTRAINT; Schema: public; Owner: postgres
--

ALTER TABLE ONLY public.permissions
    ADD CONSTRAINT permissions_pkey PRIMARY KEY (id);


--
-- TOC entry 2263 (class 2606 OID 17094)
-- Name: project project_pkey; Type: CONSTRAINT; Schema: public; Owner: postgres
--

ALTER TABLE ONLY public.project
    ADD CONSTRAINT project_pkey PRIMARY KEY (id);


--
-- TOC entry 2265 (class 2606 OID 17096)
-- Name: project_record project_record_pkey; Type: CONSTRAINT; Schema: public; Owner: postgres
--

ALTER TABLE ONLY public.project_record
    ADD CONSTRAINT project_record_pkey PRIMARY KEY (id);


--
-- TOC entry 2267 (class 2606 OID 17098)
-- Name: region region_pkey; Type: CONSTRAINT; Schema: public; Owner: postgres
--

ALTER TABLE ONLY public.region
    ADD CONSTRAINT region_pkey PRIMARY KEY (id);


--
-- TOC entry 2269 (class 2606 OID 17100)
-- Name: region region_uuid_unique; Type: CONSTRAINT; Schema: public; Owner: postgres
--

ALTER TABLE ONLY public.region
    ADD CONSTRAINT region_uuid_unique UNIQUE (uuid);


--
-- TOC entry 2273 (class 2606 OID 17102)
-- Name: roles_permissions roles_permissions_pkey; Type: CONSTRAINT; Schema: public; Owner: postgres
--

ALTER TABLE ONLY public.roles_permissions
    ADD CONSTRAINT roles_permissions_pkey PRIMARY KEY (role_id);


--
-- TOC entry 2271 (class 2606 OID 17104)
-- Name: roles roles_pkey; Type: CONSTRAINT; Schema: public; Owner: postgres
--

ALTER TABLE ONLY public.roles
    ADD CONSTRAINT roles_pkey PRIMARY KEY (id);


--
-- TOC entry 2275 (class 2606 OID 17106)
-- Name: unit unit_pkey; Type: CONSTRAINT; Schema: public; Owner: postgres
--

ALTER TABLE ONLY public.unit
    ADD CONSTRAINT unit_pkey PRIMARY KEY (id);


--
-- TOC entry 2279 (class 2606 OID 17108)
-- Name: unit_type unit_type_pkey; Type: CONSTRAINT; Schema: public; Owner: postgres
--

ALTER TABLE ONLY public.unit_type
    ADD CONSTRAINT unit_type_pkey PRIMARY KEY (id);


--
-- TOC entry 2277 (class 2606 OID 17110)
-- Name: unit unit_uuid_unique; Type: CONSTRAINT; Schema: public; Owner: postgres
--

ALTER TABLE ONLY public.unit
    ADD CONSTRAINT unit_uuid_unique UNIQUE (uuid);


--
-- TOC entry 2285 (class 2606 OID 17116)
-- Name: work_point work_point_pkey; Type: CONSTRAINT; Schema: public; Owner: postgres
--

ALTER TABLE ONLY public.work_point
    ADD CONSTRAINT work_point_pkey PRIMARY KEY (id);


--
-- TOC entry 2253 (class 1259 OID 17119)
-- Name: oauth_personal_access_clients_client_id_index; Type: INDEX; Schema: public; Owner: postgres
--

CREATE INDEX oauth_personal_access_clients_client_id_index ON public.oauth_personal_access_clients USING btree (client_id);


-- Completed on 2018-09-17 11:25:46

--
--

